This is the mail archive of the
gcc-testresults@gcc.gnu.org
mailing list for the GCC project.
Results for 4.3.0 20070226 (experimental) [trunk revision 122327] testsuite on x86_64-unknown-linux-gnu
- From: hjl at gnu-25 dot sc dot intel dot com (H.J. Lu)
- To: gcc-testresults at gcc dot gnu dot org
- Date: Mon, 26 Feb 2007 04:09:33 -0800 (PST)
- Subject: Results for 4.3.0 20070226 (experimental) [trunk revision 122327] testsuite on x86_64-unknown-linux-gnu
LAST_UPDATED: Mon Feb 26 01:22:58 UTC 2007 (revision 122327)
Native configuration is x86_64-unknown-linux-gnu
=== gcc tests ===
Running target unix/-m32
FAIL: gcc.c-torture/execute/mayalias-2.c compilation, -O3 -g (internal compiler error)
UNRESOLVED: gcc.c-torture/execute/mayalias-2.c execution, -O3 -g
FAIL: gcc.c-torture/execute/mayalias-3.c compilation, -O3 -g (internal compiler error)
UNRESOLVED: gcc.c-torture/execute/mayalias-3.c execution, -O3 -g
FAIL: gcc.dg/tree-ssa/loadpre1.c scan-tree-dump-times Eliminated: 1 1
XPASS: gcc.dg/tree-ssa/update-threading.c scan-tree-dump-times Invalid sum 0
=== gcc Summary for unix/-m32 ===
# of expected passes 44195
# of unexpected failures 3
# of unexpected successes 1
# of expected failures 116
# of unresolved testcases 2
# of untested testcases 28
# of unsupported tests 301
Running target unix
FAIL: gcc.c-torture/execute/mayalias-2.c compilation, -O3 -g (internal compiler error)
UNRESOLVED: gcc.c-torture/execute/mayalias-2.c execution, -O3 -g
FAIL: gcc.c-torture/execute/mayalias-3.c compilation, -O3 -g (internal compiler error)
UNRESOLVED: gcc.c-torture/execute/mayalias-3.c execution, -O3 -g
WARNING: gcc.dg/torture/fp-int-convert-float128-timode.c -O0 compilation failed to produce executable
WARNING: gcc.dg/torture/fp-int-convert-float128-timode.c -O1 compilation failed to produce executable
WARNING: gcc.dg/torture/fp-int-convert-float128-timode.c -O2 compilation failed to produce executable
WARNING: gcc.dg/torture/fp-int-convert-float128-timode.c -O3 -fomit-frame-pointer compilation failed to produce executable
WARNING: gcc.dg/torture/fp-int-convert-float128-timode.c -O3 -g compilation failed to produce executable
WARNING: gcc.dg/torture/fp-int-convert-float128-timode.c -Os compilation failed to produce executable
WARNING: gcc.dg/torture/fp-int-convert-float128.c -O0 compilation failed to produce executable
WARNING: gcc.dg/torture/fp-int-convert-float128.c -O1 compilation failed to produce executable
WARNING: gcc.dg/torture/fp-int-convert-float128.c -O2 compilation failed to produce executable
WARNING: gcc.dg/torture/fp-int-convert-float128.c -O3 -fomit-frame-pointer compilation failed to produce executable
WARNING: gcc.dg/torture/fp-int-convert-float128.c -O3 -g compilation failed to produce executable
WARNING: gcc.dg/torture/fp-int-convert-float128.c -Os compilation failed to produce executable
FAIL: gcc.dg/tree-ssa/loadpre1.c scan-tree-dump-times Eliminated: 1 1
XPASS: gcc.dg/tree-ssa/update-threading.c scan-tree-dump-times Invalid sum 0
FAIL: gcc.target/i386/sse-1.c scan-assembler-not movaps
FAIL: gcc.target/i386/vecinit-1.c scan-assembler-not movaps
=== gcc Summary for unix ===
# of expected passes 44035
# of unexpected failures 5
# of unexpected successes 1
# of expected failures 127
# of unresolved testcases 2
# of untested testcases 28
# of unsupported tests 407
=== gcc Summary ===
# of expected passes 88230
# of unexpected failures 8
# of unexpected successes 2
# of expected failures 243
# of unresolved testcases 4
# of untested testcases 56
# of unsupported tests 708
/export/build/gnu/gcc-last/build-x86_64-linux/gcc/xgcc version 4.3.0 20070226 (experimental) [trunk revision 122327]
=== gfortran tests ===
Running target unix/-m32
=== gfortran Summary for unix/-m32 ===
# of expected passes 16487
# of expected failures 7
# of unsupported tests 16
Running target unix
=== gfortran Summary for unix ===
# of expected passes 16485
# of expected failures 7
# of unsupported tests 18
=== gfortran Summary ===
# of expected passes 32972
# of expected failures 14
# of unsupported tests 34
/export/build/gnu/gcc-last/build-x86_64-linux/gcc/testsuite/gfortran/../../gfortran version 4.3.0 20070226 (experimental) [trunk revision 122327]
=== g++ tests ===
Running target unix/-m32
XPASS: g++.dg/tree-ssa/ivopts-1.C scan-tree-dump-not offset: -4B
XPASS: g++.dg/tree-ssa/ivopts-1.C scan-tree-dump-not &x\\[5\\]
=== g++ Summary for unix/-m32 ===
# of expected passes 14068
# of unexpected successes 2
# of expected failures 80
# of unsupported tests 77
Running target unix
XPASS: g++.dg/tree-ssa/ivopts-1.C scan-tree-dump-not offset: -4B
XPASS: g++.dg/tree-ssa/ivopts-1.C scan-tree-dump-not &x\\[5\\]
=== g++ Summary for unix ===
# of expected passes 13983
# of unexpected successes 2
# of expected failures 80
# of unsupported tests 106
=== g++ Summary ===
# of expected passes 28051
# of unexpected successes 4
# of expected failures 160
# of unsupported tests 183
/export/build/gnu/gcc-last/build-x86_64-linux/gcc/testsuite/g++/../../g++ version 4.3.0 20070226 (experimental) [trunk revision 122327]
=== objc tests ===
Running target unix/-m32
=== objc Summary for unix/-m32 ===
# of expected passes 1796
# of expected failures 7
# of unsupported tests 24
Running target unix
=== objc Summary for unix ===
# of expected passes 1796
# of expected failures 7
# of unsupported tests 24
=== objc Summary ===
# of expected passes 3592
# of expected failures 14
# of unsupported tests 48
/export/build/gnu/gcc-last/build-x86_64-linux/gcc/xgcc version 4.3.0 20070226 (experimental) [trunk revision 122327]
=== libffi tests ===
Running target unix/-m32
FAIL: libffi.call/return_fl2.c -O0 -W -Wall execution test
FAIL: libffi.call/return_fl2.c -O2 execution test
FAIL: libffi.call/return_fl2.c -O3 execution test
FAIL: libffi.call/return_fl2.c -Os execution test
=== libffi Summary for unix/-m32 ===
# of expected passes 1092
# of unexpected failures 4
# of unsupported tests 8
Running target unix
=== libffi Summary for unix ===
# of expected passes 1096
# of unsupported tests 8
=== libffi Summary ===
# of expected passes 2188
# of unexpected failures 4
# of unsupported tests 16
=== libgomp tests ===
Running target unix/-m32
FAIL: libgomp.c/ordered-2.c (test for excess errors)
WARNING: libgomp.c/ordered-2.c compilation failed to produce executable
=== libgomp Summary for unix/-m32 ===
# of expected passes 1564
# of unexpected failures 1
Running target unix
=== libgomp Summary for unix ===
# of expected passes 1566
=== libgomp Summary ===
# of expected passes 3130
# of unexpected failures 1
=== libjava tests ===
Running target unix/-m32
FAIL: getlocalvartable run
FAIL: events output
=== libjava Summary for unix/-m32 ===
# of expected passes 2494
# of unexpected failures 2
# of untested testcases 1
Running target unix
FAIL: Divide_2 -O3 execution - source compiled test
FAIL: Divide_2 -O3 -findirect-dispatch execution - source compiled test
=== libjava Summary for unix ===
# of expected passes 2492
# of unexpected failures 2
# of untested testcases 2
=== libjava Summary ===
# of expected passes 4986
# of unexpected failures 4
# of untested testcases 3
=== libmudflap tests ===
Running target unix/-m32
FAIL: libmudflap.c++/pass41-frag.cxx execution test
FAIL: libmudflap.c++/pass41-frag.cxx (-static) execution test
FAIL: libmudflap.c++/pass41-frag.cxx ( -O) execution test
FAIL: libmudflap.c++/pass41-frag.cxx (-O2) execution test
FAIL: libmudflap.c++/pass41-frag.cxx (-O3) execution test
=== libmudflap Summary for unix/-m32 ===
# of expected passes 1821
# of unexpected failures 5
Running target unix
FAIL: libmudflap.c/fail8-frag.c (-static) output pattern test
FAIL: libmudflap.c/fail9-frag.c (-static) output pattern test
FAIL: libmudflap.c++/pass41-frag.cxx execution test
FAIL: libmudflap.c++/pass41-frag.cxx (-static) execution test
FAIL: libmudflap.c++/pass41-frag.cxx ( -O) execution test
FAIL: libmudflap.c++/pass41-frag.cxx (-O2) execution test
FAIL: libmudflap.c++/pass41-frag.cxx (-O3) execution test
FAIL: libmudflap.cth/pass59-frag.c (test for excess errors)
FAIL: libmudflap.cth/pass59-frag.c (-static -DSTATIC) (test for excess errors)
FAIL: libmudflap.cth/pass59-frag.c (-O2) (test for excess errors)
FAIL: libmudflap.cth/pass59-frag.c (-O3) (test for excess errors)
=== libmudflap Summary for unix ===
# of expected passes 1815
# of unexpected failures 11
=== libmudflap Summary ===
# of expected passes 3636
# of unexpected failures 16
=== libstdc++ tests ===
Running target unix/-m32
XPASS: 26_numerics/headers/cmath/c99_classification_macros_c.cc (test for excess errors)
=== libstdc++ Summary for unix/-m32 ===
# of expected passes 4621
# of unexpected successes 1
# of expected failures 16
Running target unix
XPASS: 26_numerics/headers/cmath/c99_classification_macros_c.cc (test for excess errors)
XPASS: 27_io/fpos/14320-1.cc execution test
=== libstdc++ Summary for unix ===
# of expected passes 4621
# of unexpected successes 2
# of expected failures 15
=== libstdc++ Summary ===
# of expected passes 9242
# of unexpected successes 3
# of expected failures 31
Compiler version: 4.3.0 20070226 (experimental) [trunk revision 122327]
Platform: x86_64-unknown-linux-gnu
configure flags: --enable-clocale=gnu --with-system-zlib --enable-decimal-float=yes --with-demangler-in-ld --enable-shared --enable-threads=posix --enable-haifa --enable-checking=assert --prefix=/usr/gcc-last --with-local-prefix=/usr/local