This is the mail archive of the gcc-testresults@gcc.gnu.org mailing list for the GCC project.


Index Nav: [Date Index] [Subject Index] [Author Index] [Thread Index]
Message Nav: [Date Prev] [Date Next] [Thread Prev] [Thread Next]
Other format: [Raw text]

Results for 4.1.2 testsuite on i686-pc-cygwin


Windows XP Pro/SP2 cygwin Pentium M processor 2.13GHz system with packages:

binutils             20060817-1     2.17.50 20060817
bison                2.3-1          2.3
cygwin               1.5.24-2
dejagnu              20021217-2     1.4.2.x
expect               20030128-1	    5.26
gcc                  3.4.4-3
gcc-ada              3.4.4-3
gcc-g++              3.4.4-3
gmp                  4.2.1-1
make                 3.81-1
mpfr                 2.2.1-1
tcltk                20060202-1     8.4
w32api               3.8-1

LAST_UPDATED: Obtained from SVN: tags/gcc_4_1_2_release revision 121944

		=== acats tests ===
FAIL:	c23003b
FAIL:	c23003g
FAIL:	c23003i
FAIL:	c96005d
FAIL:	cc3120a
FAIL:	cxg2002
FAIL:	cxg2003
FAIL:	cxg2004
FAIL:	cxg2006
FAIL:	cxg2007
FAIL:	cxg2010
FAIL:	cxg2011
FAIL:	cxg2012
FAIL:	cxg2013
FAIL:	cxg2015
FAIL:	cxg2016
FAIL:	cxg2017
FAIL:	cxg2018
FAIL:	cxg2019
FAIL:	cxg2020
FAIL:	cxg2021

		=== acats Summary ===
# of expected passes		1940
# of unexpected failures	21
# of unsupported tests		356
Native configuration is i686-pc-cygwin

=== g++ tests ===


Running target unix FAIL: g++.dg/abi/local1.C execution test FAIL: g++.dg/abi/rtti1.C scan-assembler-dem-not \\ntypeinfo for A[: \\t\\n] FAIL: g++.dg/abi/rtti3.C scan-assembler .weak[ \\t]_?_ZTSPP1A FAIL: g++.dg/ext/dllimport7.C C++ specific error (test for errors, line 24) FAIL: g++.dg/opt/complex3.C (internal compiler error) FAIL: g++.dg/opt/complex3.C (test for excess errors) FAIL: g++.dg/opt/vt1.C scan-assembler-not section[^\\n\\r]*_ZTV1S[^\\n\\r]*"[^w"\\n\\r]*" XPASS: g++.dg/tree-ssa/pr14814.C scan-tree-dump-times &this 0 FAIL: g++.dg/pch/externc-1.C -g assembly comparison FAIL: g++.dg/pch/externc-1.C -O2 -g assembly comparison FAIL: g++.dg/pch/static-1.C -g assembly comparison FAIL: g++.dg/pch/static-1.C -O2 -g assembly comparison FAIL: g++.dg/pch/system-1.C -g assembly comparison FAIL: g++.dg/pch/system-1.C -O2 -g assembly comparison FAIL: g++.dg/pch/system-2.C -g assembly comparison FAIL: g++.dg/pch/system-2.C -O2 -g assembly comparison FAIL: g++.dg/pch/uninst.C -g assembly comparison FAIL: g++.dg/pch/uninst.C -O2 -g assembly comparison FAIL: g++.dg/pch/wchar-1.C -g assembly comparison FAIL: g++.dg/pch/wchar-1.C -O2 -g assembly comparison FAIL: g++.old-deja/g++.eh/badalloc1.C execution test XPASS: g++.old-deja/g++.ext/attrib5.C execution test

=== g++ Summary ===

# of expected passes		12605
# of unexpected failures	20
# of unexpected successes	2
# of expected failures		67
# of unsupported tests		127
/usr/local/src/branch/objdir/gcc/testsuite/g++/../../g++  version 4.1.2

=== gcc tests ===


Running target unix FAIL: gcc.c-torture/compile/20001226-1.c (test for excess errors) FAIL: gcc.dg/20021014-1.c (test for excess errors) WARNING: gcc.dg/20021014-1.c compilation failed to produce executable FAIL: gcc.dg/pr17957.c (test for excess errors) FAIL: gcc.dg/pr25993.c (test for excess errors) FAIL: largefile.c (test for excess errors) FAIL: largefile.c (test for excess errors) FAIL: largefile.c (test for excess errors) FAIL: largefile.c (test for excess errors) FAIL: largefile.c (test for excess errors) FAIL: largefile.c (test for excess errors) FAIL: largefile.c (test for excess errors) FAIL: gcc.dg/tree-ssa/loop-1.c scan-assembler-times foo 5 FAIL: compiler driver --coverage option(s) (compiler options) FAIL: gcc.target/i386/pic-1.c (test for errors, line 10)

=== gcc Summary ===

# of expected passes		40576
# of unexpected failures	14
# of expected failures		100
# of untested testcases		35
# of unsupported tests		301
/usr/local/src/branch/objdir/gcc/xgcc  version 4.1.2

=== gfortran tests ===


Running target unix


=== gfortran Summary ===

# of expected passes		13518
# of expected failures		5
# of unsupported tests		72
/usr/local/src/branch/objdir/gcc/testsuite/gfortran/../../gfortran
version 4.1.2

=== obj-c++ tests ===


Running target unix FAIL: obj-c++.dg/cxx-ivars-2.mm execution test FAIL: obj-c++.dg/encode-8.mm execution test FAIL: obj-c++.dg/isa-field-1.mm (test for excess errors) FAIL: obj-c++.dg/lookup-2.mm (test for excess errors) WARNING: obj-c++.dg/lookup-2.mm compilation failed to produce executable FAIL: obj-c++.dg/try-catch-2.mm (test for excess errors) WARNING: obj-c++.dg/try-catch-2.mm compilation failed to produce executable FAIL: obj-c++.dg/try-catch-9.mm (test for excess errors) WARNING: obj-c++.dg/try-catch-9.mm compilation failed to produce executable

=== obj-c++ Summary ===

# of expected passes		423
# of unexpected failures	6
# of unsupported tests		13
/usr/local/src/branch/objdir/gcc/testsuite/obj-c++/../../g++  version 4.1.2

=== objc tests ===


Running target unix


=== objc Summary ===

# of expected passes		1786
# of unsupported tests		22
/usr/local/src/branch/objdir/gcc/xgcc  version 4.1.2

=== treelang tests ===


Running target unix ERROR: tcl error sourcing /usr/local/src/branch/gcc/gcc/testsuite/treelang/output/output.exp. ERROR: rm: cannot remove \`treelang/output-1': No such file or directory

=== treelang Summary ===

# of expected passes		50
		=== libffi tests ===


Running target unix


=== libffi Summary ===

# of expected passes		232
		=== libjava tests ===


Running target unix FAIL: PR9577 header generation FAIL: longfield header generation FAIL: shortfieldbase header generation FAIL: simple output FAIL: /usr/local/src/branch/gcc/libjava/testsuite/libjava.jar/simple.jar output - gij test FAIL: PR15133 output FAIL: PR18116 output FAIL: bytebuffer output FAIL: calls output FAIL: cxxtest output FAIL: directbuffer output FAIL: field output FAIL: final_method output FAIL: findclass output FAIL: iface output FAIL: invoke output FAIL: martin output FAIL: noclass output FAIL: overload output FAIL: pr11951 output FAIL: pr18278 output FAIL: pr23739 output FAIL: register output FAIL: simple_int output FAIL: throwit output FAIL: virtual output FAIL: PR16923.c compilation FAIL: ArrayStore output - source compiled test FAIL: ArrayStore output - gij test FAIL: ArrayStore -O3 output - source compiled test FAIL: ArrayStore output - gij test FAIL: ArrayStore2 output - gij test FAIL: ArrayStore2 output - bytecode->native test FAIL: ArrayStore2 output - gij test FAIL: ArrayStore2 -O3 output - bytecode->native test FAIL: Array_1 output - source compiled test FAIL: Array_1 output - gij test FAIL: Array_1 output - bytecode->native test FAIL: Array_1 -O3 output - source compiled test FAIL: Array_1 output - gij test FAIL: Array_1 -O3 output - bytecode->native test FAIL: Array_2 output - source compiled test FAIL: Array_2 output - gij test FAIL: Array_2 output - bytecode->native test FAIL: Array_2 -O3 output - source compiled test FAIL: Array_2 output - gij test FAIL: Array_2 -O3 output - bytecode->native test FAIL: Class_1 output - source compiled test FAIL: Class_1 output - gij test FAIL: Class_1 output - bytecode->native test FAIL: Class_1 -O3 output - source compiled test FAIL: Class_1 output - gij test FAIL: Class_1 -O3 output - bytecode->native test FAIL: CompareNaN output - source compiled test FAIL: CompareNaN output - gij test FAIL: CompareNaN output - bytecode->native test FAIL: CompareNaN -O3 output - source compiled test FAIL: CompareNaN output - gij test FAIL: CompareNaN -O3 output - bytecode->native test FAIL: Divide_1 output - source compiled test FAIL: Divide_1 output - gij test FAIL: Divide_1 output - bytecode->native test FAIL: Divide_1 -O3 output - source compiled test FAIL: Divide_1 output - gij test FAIL: Divide_1 -O3 output - bytecode->native test FAIL: EvaluationOrder output - source compiled test FAIL: EvaluationOrder output - gij test FAIL: EvaluationOrder output - bytecode->native test FAIL: EvaluationOrder -O3 output - source compiled test FAIL: EvaluationOrder output - gij test FAIL: EvaluationOrder -O3 output - bytecode->native test FAIL: ExtraClassLoader output - source compiled test FAIL: ExtraClassLoader output - gij test FAIL: ExtraClassLoader output - bytecode->native test FAIL: ExtraClassLoader -O3 output - source compiled test FAIL: ExtraClassLoader output - gij test FAIL: ExtraClassLoader -O3 output - bytecode->native test FAIL: Final output - source compiled test FAIL: Final output - gij test FAIL: Final output - bytecode->native test FAIL: Final -O3 output - source compiled test FAIL: Final output - gij test FAIL: Final -O3 output - bytecode->native test FAIL: Float_1 output - source compiled test FAIL: Float_1 output - gij test FAIL: Float_1 output - bytecode->native test FAIL: Float_1 -O3 output - source compiled test FAIL: Float_1 output - gij test FAIL: Float_1 -O3 output - bytecode->native test FAIL: G19990301_01 output - source compiled test FAIL: G19990301_01 output - gij test FAIL: G19990301_01 output - bytecode->native test FAIL: G19990301_01 -O3 output - source compiled test FAIL: G19990301_01 output - gij test FAIL: G19990301_01 -O3 output - bytecode->native test FAIL: G19990302_02 output - source compiled test FAIL: G19990302_02 output - gij test FAIL: G19990302_02 output - bytecode->native test FAIL: G19990302_02 -O3 output - source compiled test FAIL: G19990302_02 output - gij test FAIL: G19990302_02 -O3 output - bytecode->native test FAIL: G19990303_01 output - source compiled test FAIL: G19990303_01 output - gij test FAIL: G19990303_01 output - bytecode->native test FAIL: G19990303_01 -O3 output - source compiled test FAIL: G19990303_01 output - gij test FAIL: G19990303_01 -O3 output - bytecode->native test FAIL: G19990303_02 output - source compiled test FAIL: G19990303_02 output - gij test FAIL: G19990303_02 output - bytecode->native test FAIL: G19990303_02 -O3 output - source compiled test FAIL: G19990303_02 output - gij test FAIL: G19990303_02 -O3 output - bytecode->native test FAIL: G19990304_01 output - source compiled test FAIL: G19990304_01 output - gij test FAIL: G19990304_01 output - bytecode->native test FAIL: G19990304_01 -O3 output - source compiled test FAIL: G19990304_01 output - gij test FAIL: G19990304_01 -O3 output - bytecode->native test FAIL: G19990310_01 output - source compiled test FAIL: G19990310_01 output - gij test FAIL: G19990310_01 output - bytecode->native test FAIL: G19990310_01 -O3 output - source compiled test FAIL: G19990310_01 output - gij test FAIL: G19990310_01 -O3 output - bytecode->native test FAIL: II output - source compiled test FAIL: II output - gij test FAIL: II output - bytecode->native test FAIL: II -O3 output - source compiled test FAIL: II output - gij test FAIL: II -O3 output - bytecode->native test FAIL: InterfaceDispatch output - source compiled test FAIL: InterfaceDispatch output - gij test FAIL: InterfaceDispatch output - bytecode->native test FAIL: InterfaceDispatch -O3 output - source compiled test FAIL: InterfaceDispatch output - gij test FAIL: InterfaceDispatch -O3 output - bytecode->native test FAIL: InvokeInterface output - source compiled test FAIL: InvokeInterface output - gij test FAIL: InvokeInterface output - bytecode->native test FAIL: InvokeInterface -O3 output - source compiled test FAIL: InvokeInterface output - gij test FAIL: InvokeInterface -O3 output - bytecode->native test FAIL: InvokeReturn output - source compiled test FAIL: InvokeReturn output - gij test FAIL: InvokeReturn output - bytecode->native test FAIL: InvokeReturn -O3 output - source compiled test FAIL: InvokeReturn output - gij test FAIL: InvokeReturn -O3 output - bytecode->native test FAIL: Invoke_1 output - source compiled test FAIL: Invoke_1 output - gij test FAIL: Invoke_1 output - bytecode->native test FAIL: Invoke_1 -O3 output - source compiled test FAIL: Invoke_1 output - gij test FAIL: Invoke_1 -O3 output - bytecode->native test FAIL: Invoke_2 output - source compiled test FAIL: Invoke_2 output - gij test FAIL: Invoke_2 output - bytecode->native test FAIL: Invoke_2 -O3 output - source compiled test FAIL: Invoke_2 output - gij test FAIL: Invoke_2 -O3 output - bytecode->native test FAIL: KeepInline output - source compiled test FAIL: KeepInline output - gij test FAIL: KeepInline output - bytecode->native test FAIL: KeepInline -O3 output - source compiled test FAIL: KeepInline output - gij test FAIL: KeepInline -O3 output - bytecode->native test FAIL: LargeFile output - source compiled test FAIL: LargeFile output - gij test FAIL: LargeFile output - bytecode->native test FAIL: LargeFile -O3 output - source compiled test FAIL: LargeFile output - gij test FAIL: LargeFile -O3 output - bytecode->native test FAIL: Matrix4f output - source compiled test FAIL: Matrix4f output - gij test FAIL: Matrix4f output - bytecode->native test FAIL: Matrix4f -O3 output - source compiled test FAIL: Matrix4f output - gij test FAIL: Matrix4f -O3 output - bytecode->native test FAIL: N19990310_02 output - source compiled test FAIL: N19990310_02 output - gij test FAIL: N19990310_02 output - bytecode->native test FAIL: N19990310_02 -O3 output - source compiled test FAIL: N19990310_02 output - gij test FAIL: N19990310_02 -O3 output - bytecode->native test FAIL: N19990310_3 output - source compiled test FAIL: N19990310_3 output - gij test FAIL: N19990310_3 output - bytecode->native test FAIL: N19990310_3 -O3 output - source compiled test FAIL: N19990310_3 output - gij test FAIL: N19990310_3 -O3 output - bytecode->native test FAIL: N19990310_4 output - source compiled test FAIL: N19990310_4 output - gij test FAIL: N19990310_4 output - bytecode->native test FAIL: N19990310_4 -O3 output - source compiled test FAIL: N19990310_4 output - gij test FAIL: N19990310_4 -O3 output - bytecode->native test FAIL: N19990310_5 output - source compiled test FAIL: N19990310_5 output - gij test FAIL: N19990310_5 output - bytecode->native test FAIL: N19990310_5 -O3 output - source compiled test FAIL: N19990310_5 output - gij test FAIL: N19990310_5 -O3 output - bytecode->native test FAIL: PR12350 output - source compiled test FAIL: PR12350 output - gij test FAIL: PR12350 output - bytecode->native test FAIL: PR12350 -O3 output - source compiled test FAIL: PR12350 output - gij test FAIL: PR12350 -O3 output - bytecode->native test FAIL: PR12416 output - source compiled test FAIL: PR12416 output - gij test FAIL: PR12416 output - bytecode->native test FAIL: PR12416 -O3 output - source compiled test FAIL: PR12416 output - gij test FAIL: PR12416 -O3 output - bytecode->native test FAIL: PR12656 output - source compiled test FAIL: PR12656 output - gij test FAIL: PR12656 output - bytecode->native test FAIL: PR12656 -O3 output - source compiled test FAIL: PR12656 output - gij test FAIL: PR12656 -O3 output - bytecode->native test FAIL: PR12915 output - source compiled test FAIL: PR12915 output - gij test FAIL: PR12915 output - bytecode->native test FAIL: PR12915 -O3 output - source compiled test FAIL: PR12915 output - gij test FAIL: PR12915 -O3 output - bytecode->native test FAIL: PR141 output - source compiled test FAIL: PR141 output - gij test FAIL: PR141 output - bytecode->native test FAIL: PR141 -O3 output - source compiled test FAIL: PR141 output - gij test FAIL: PR141 -O3 output - bytecode->native test FAIL: PR160 output - source compiled test FAIL: PR160 output - gij test FAIL: PR160 output - bytecode->native test FAIL: PR160 -O3 output - source compiled test FAIL: PR160 output - gij test FAIL: PR160 -O3 output - bytecode->native test FAIL: PR162 output - source compiled test FAIL: PR162 output - gij test FAIL: PR162 output - bytecode->native test FAIL: PR162 -O3 output - source compiled test FAIL: PR162 output - gij test FAIL: PR162 -O3 output - bytecode->native test FAIL: PR16867 output - source compiled test FAIL: PR16867 output - gij test FAIL: PR16867 output - bytecode->native test FAIL: PR16867 -O3 output - source compiled test FAIL: PR16867 output - gij test FAIL: PR16867 -O3 output - bytecode->native test FAIL: PR19870 output - source compiled test FAIL: PR19870 output - gij test FAIL: PR19870 output - bytecode->native test FAIL: PR19870 -O3 output - source compiled test FAIL: PR19870 output - gij test FAIL: PR19870 -O3 output - bytecode->native test FAIL: PR19870_2 output - source compiled test FAIL: PR19870_2 output - gij test FAIL: PR19870_2 output - bytecode->native test FAIL: PR19870_2 -O3 output - source compiled test FAIL: PR19870_2 output - gij test FAIL: PR19870_2 -O3 output - bytecode->native test FAIL: PR20056 output - source compiled test FAIL: PR20056 output - gij test FAIL: PR20056 output - bytecode->native test FAIL: PR20056 -O3 output - source compiled test FAIL: PR20056 output - gij test FAIL: PR20056 -O3 output - bytecode->native test FAIL: PR218 output - source compiled test FAIL: PR218 output - gij test FAIL: PR218 output - bytecode->native test FAIL: PR218 -O3 output - source compiled test FAIL: PR218 output - gij test FAIL: PR218 -O3 output - bytecode->native test FAIL: PR242 output - source compiled test FAIL: PR242 output - gij test FAIL: PR242 output - bytecode->native test FAIL: PR242 -O3 output - source compiled test FAIL: PR242 output - gij test FAIL: PR242 -O3 output - bytecode->native test FAIL: PR260 output - source compiled test FAIL: PR260 output - gij test FAIL: PR260 output - bytecode->native test FAIL: PR260 -O3 output - source compiled test FAIL: PR260 output - gij test FAIL: PR260 -O3 output - bytecode->native test FAIL: PR3096 output - source compiled test FAIL: PR3096 output - gij test FAIL: PR3096 output - bytecode->native test FAIL: PR3096 -O3 output - source compiled test FAIL: PR3096 output - gij test FAIL: PR3096 -O3 output - bytecode->native test FAIL: PR3731 output - source compiled test FAIL: PR3731 output - gij test FAIL: PR3731 output - bytecode->native test FAIL: PR3731 -O3 output - source compiled test FAIL: PR3731 output - gij test FAIL: PR3731 -O3 output - bytecode->native test FAIL: PR5057 output - source compiled test FAIL: PR5057 output - gij test FAIL: PR5057 output - bytecode->native test FAIL: PR5057 -O3 output - source compiled test FAIL: PR5057 output - gij test FAIL: PR5057 -O3 output - bytecode->native test FAIL: PR5057_2 output - source compiled test FAIL: PR5057_2 output - gij test FAIL: PR5057_2 output - bytecode->native test FAIL: PR5057_2 -O3 output - source compiled test FAIL: PR5057_2 output - gij test FAIL: PR5057_2 -O3 output - bytecode->native test FAIL: PR55 output - source compiled test FAIL: PR55 output - gij test FAIL: PR55 output - bytecode->native test FAIL: PR55 -O3 output - source compiled test FAIL: PR55 output - gij test FAIL: PR55 -O3 output - bytecode->native test FAIL: PR6085 output - source compiled test FAIL: PR6085 output - gij test FAIL: PR6085 output - bytecode->native test FAIL: PR6085 -O3 output - source compiled test FAIL: PR6085 output - gij test FAIL: PR6085 -O3 output - bytecode->native test FAIL: PR6204 output - source compiled test FAIL: PR6204 output - gij test FAIL: PR6204 output - bytecode->native test FAIL: PR6204 -O3 output - source compiled test FAIL: PR6204 output - gij test FAIL: PR6204 -O3 output - bytecode->native test FAIL: PR6729 output - source compiled test FAIL: PR6729 output - gij test FAIL: PR6729 output - bytecode->native test FAIL: PR6729 -O3 output - source compiled test FAIL: PR6729 output - gij test FAIL: PR6729 -O3 output - bytecode->native test FAIL: PR6820 output - source compiled test FAIL: PR6820 output - gij test FAIL: PR6820 output - bytecode->native test FAIL: PR6820 -O3 output - source compiled test FAIL: PR6820 output - gij test FAIL: PR6820 -O3 output - bytecode->native test FAIL: Process_1 output - source compiled test FAIL: Process_1 output - gij test FAIL: Process_1 output - bytecode->native test FAIL: Process_1 -O3 output - source compiled test FAIL: Process_1 output - gij test FAIL: Process_1 -O3 output - bytecode->native test FAIL: Process_2 output - source compiled test FAIL: Process_2 output - gij test FAIL: Process_2 output - bytecode->native test FAIL: Process_2 -O3 output - source compiled test FAIL: Process_2 output - gij test FAIL: Process_2 -O3 output - bytecode->native test FAIL: Process_3 output - source compiled test FAIL: Process_3 output - gij test FAIL: Process_3 output - bytecode->native test FAIL: Process_3 -O3 output - source compiled test FAIL: Process_3 output - gij test FAIL: Process_3 -O3 output - bytecode->native test FAIL: Process_4 output - source compiled test FAIL: Process_4 output - gij test FAIL: Process_4 output - bytecode->native test FAIL: Process_4 -O3 output - source compiled test FAIL: Process_4 output - gij test FAIL: Process_4 -O3 output - bytecode->native test FAIL: Process_5 output - source compiled test FAIL: Process_5 output - gij test FAIL: Process_5 output - bytecode->native test FAIL: Process_5 -O3 output - source compiled test FAIL: Process_5 output - gij test FAIL: Process_5 -O3 output - bytecode->native test FAIL: Process_6 output - source compiled test FAIL: Process_6 output - gij test FAIL: Process_6 output - bytecode->native test FAIL: Process_6 -O3 output - source compiled test FAIL: Process_6 output - gij test FAIL: Process_6 -O3 output - bytecode->native test FAIL: Serialization output - source compiled test FAIL: Serialization output - gij test FAIL: Serialization output - bytecode->native test FAIL: Serialization -O3 output - source compiled test FAIL: Serialization output - gij test FAIL: Serialization -O3 output - bytecode->native test FAIL: Shazam output - source compiled test FAIL: Shazam output - gij test FAIL: Shazam output - bytecode->native test FAIL: Shazam -O3 output - source compiled test FAIL: Shazam output - gij test FAIL: Shazam -O3 output - bytecode->native test FAIL: StaticConstructor output - source compiled test FAIL: StaticConstructor output - gij test FAIL: StaticConstructor output - bytecode->native test FAIL: StaticConstructor -O3 output - source compiled test FAIL: StaticConstructor output - gij test FAIL: StaticConstructor -O3 output - bytecode->native test FAIL: StringBuffer_1 output - source compiled test FAIL: StringBuffer_1 output - gij test FAIL: StringBuffer_1 output - bytecode->native test FAIL: StringBuffer_1 -O3 output - source compiled test FAIL: StringBuffer_1 output - gij test FAIL: StringBuffer_1 -O3 output - bytecode->native test FAIL: StringBuffer_overflow output - source compiled test FAIL: StringBuffer_overflow output - gij test FAIL: StringBuffer_overflow output - bytecode->native test FAIL: StringBuffer_overflow -O3 output - source compiled test FAIL: StringBuffer_overflow output - gij test FAIL: StringBuffer_overflow -O3 output - bytecode->native test FAIL: String_overflow output - source compiled test FAIL: String_overflow output - gij test FAIL: String_overflow output - bytecode->native test FAIL: String_overflow -O3 output - source compiled test FAIL: String_overflow output - gij test FAIL: String_overflow -O3 output - bytecode->native test FAIL: SyncGlobal output - source compiled test FAIL: SyncGlobal output - gij test FAIL: SyncGlobal output - bytecode->native test FAIL: SyncGlobal -O3 output - source compiled test FAIL: SyncGlobal output - gij test FAIL: SyncGlobal -O3 output - bytecode->native test FAIL: SyncTest output - source compiled test FAIL: SyncTest output - gij test FAIL: SyncTest output - bytecode->native test FAIL: SyncTest -O3 output - source compiled test FAIL: SyncTest output - gij test FAIL: SyncTest -O3 output - bytecode->native test FAIL: Synch output - source compiled test FAIL: Synch output - gij test FAIL: Synch output - bytecode->native test FAIL: Synch -O3 output - source compiled test FAIL: Synch output - gij test FAIL: Synch -O3 output - bytecode->native test FAIL: TLtest output - source compiled test FAIL: TLtest output - gij test FAIL: TLtest output - bytecode->native test FAIL: TLtest -O3 output - source compiled test FAIL: TLtest output - gij test FAIL: TLtest -O3 output - bytecode->native test FAIL: TestProxy output - source compiled test FAIL: TestProxy output - gij test FAIL: TestProxy output - bytecode->native test FAIL: TestProxy -O3 output - source compiled test FAIL: TestProxy output - gij test FAIL: TestProxy -O3 output - bytecode->native test FAIL: Thread_Alive output - source compiled test FAIL: Thread_Alive output - gij test FAIL: Thread_Alive output - bytecode->native test FAIL: Thread_Alive -O3 output - source compiled test FAIL: Thread_Alive output - gij test FAIL: Thread_Alive -O3 output - bytecode->native test FAIL: Thread_HoldsLock output - source compiled test FAIL: Thread_HoldsLock output - gij test FAIL: Thread_HoldsLock output - bytecode->native test FAIL: Thread_HoldsLock -O3 output - source compiled test FAIL: Thread_HoldsLock output - gij test FAIL: Thread_HoldsLock -O3 output - bytecode->native test FAIL: Thread_Interrupt output - source compiled test FAIL: Thread_Interrupt output - gij test FAIL: Thread_Interrupt output - bytecode->native test FAIL: Thread_Interrupt -O3 output - source compiled test FAIL: Thread_Interrupt output - gij test FAIL: Thread_Interrupt -O3 output - bytecode->native test FAIL: Thread_Join output - source compiled test FAIL: Thread_Join output - gij test FAIL: Thread_Join output - bytecode->native test FAIL: Thread_Join -O3 output - source compiled test FAIL: Thread_Join output - gij test FAIL: Thread_Join -O3 output - bytecode->native test FAIL: Thread_Monitor output - source compiled test FAIL: Thread_Monitor output - gij test FAIL: Thread_Monitor output - bytecode->native test FAIL: Thread_Monitor -O3 output - source compiled test FAIL: Thread_Monitor output - gij test FAIL: Thread_Monitor -O3 output - bytecode->native test FAIL: Thread_Sleep output - source compiled test FAIL: Thread_Sleep output - gij test FAIL: Thread_Sleep output - bytecode->native test FAIL: Thread_Sleep -O3 output - source compiled test FAIL: Thread_Sleep output - gij test FAIL: Thread_Sleep -O3 output - bytecode->native test FAIL: Thread_Wait output - source compiled test FAIL: Thread_Wait output - gij test FAIL: Thread_Wait output - bytecode->native test FAIL: Thread_Wait -O3 output - source compiled test FAIL: Thread_Wait output - gij test FAIL: Thread_Wait -O3 output - bytecode->native test FAIL: Thread_Wait_2 output - source compiled test FAIL: Thread_Wait_2 output - gij test FAIL: Thread_Wait_2 output - bytecode->native test FAIL: Thread_Wait_2 -O3 output - source compiled test FAIL: Thread_Wait_2 output - gij test FAIL: Thread_Wait_2 -O3 output - bytecode->native test FAIL: Thread_Wait_Interrupt output - source compiled test FAIL: Thread_Wait_Interrupt output - gij test FAIL: Thread_Wait_Interrupt output - bytecode->native test FAIL: Thread_Wait_Interrupt -O3 output - source compiled test FAIL: Thread_Wait_Interrupt output - gij test FAIL: Thread_Wait_Interrupt -O3 output - bytecode->native test FAIL: Throw_2 output - source compiled test FAIL: Throw_2 output - gij test FAIL: Throw_2 output - bytecode->native test FAIL: Throw_2 -O3 output - source compiled test FAIL: Throw_2 output - gij test FAIL: Throw_2 -O3 output - bytecode->native test FAIL: anfi output - source compiled test FAIL: anfi output - gij test FAIL: anfi output - bytecode->native test FAIL: anfi -O3 output - source compiled test FAIL: anfi output - gij test FAIL: anfi -O3 output - bytecode->native test FAIL: anon output - source compiled test FAIL: anon output - gij test FAIL: anon output - bytecode->native test FAIL: anon -O3 output - source compiled test FAIL: anon output - gij test FAIL: anon -O3 output - bytecode->native test FAIL: anon2 output - source compiled test FAIL: anon2 output - gij test FAIL: anon2 output - bytecode->native test FAIL: anon2 -O3 output - source compiled test FAIL: anon2 output - gij test FAIL: anon2 -O3 output - bytecode->native test FAIL: anon3 output - source compiled test FAIL: anon3 output - gij test FAIL: anon3 output - bytecode->native test FAIL: anon3 -O3 output - source compiled test FAIL: anon3 output - gij test FAIL: anon3 -O3 output - bytecode->native test FAIL: anon4 output - source compiled test FAIL: anon4 output - gij test FAIL: anon4 output - bytecode->native test FAIL: anon4 -O3 output - source compiled test FAIL: anon4 output - gij test FAIL: anon4 -O3 output - bytecode->native test FAIL: anon_ctor_itf_arg output - source compiled test FAIL: anon_ctor_itf_arg output - gij test FAIL: anon_ctor_itf_arg output - bytecode->native test FAIL: anon_ctor_itf_arg -O3 output - source compiled test FAIL: anon_ctor_itf_arg output - gij test FAIL: anon_ctor_itf_arg -O3 output - bytecode->native test FAIL: anonarray output - source compiled test FAIL: anonarray output - gij test FAIL: anonarray output - bytecode->native test FAIL: anonarray -O3 output - source compiled test FAIL: anonarray output - gij test FAIL: anonarray -O3 output - bytecode->native test FAIL: anonarray2 output - source compiled test FAIL: anonarray2 output - gij test FAIL: anonarray2 output - bytecode->native test FAIL: anonarray2 -O3 output - source compiled test FAIL: anonarray2 output - gij test FAIL: anonarray2 -O3 output - bytecode->native test FAIL: anonarray3 output - source compiled test FAIL: anonarray3 output - gij test FAIL: anonarray3 output - bytecode->native test FAIL: anonarray3 -O3 output - source compiled test FAIL: anonarray3 output - gij test FAIL: anonarray3 -O3 output - bytecode->native test FAIL: assign2 output - source compiled test FAIL: assign2 output - gij test FAIL: assign2 output - bytecode->native test FAIL: assign2 -O3 output - source compiled test FAIL: assign2 output - gij test FAIL: assign2 -O3 output - bytecode->native test FAIL: bytearray output - source compiled test FAIL: bytearray output - gij test FAIL: bytearray output - bytecode->native test FAIL: bytearray -O3 output - source compiled test FAIL: bytearray output - gij test FAIL: bytearray -O3 output - bytecode->native test FAIL: direct_read output - source compiled test FAIL: direct_read output - gij test FAIL: direct_read output - bytecode->native test FAIL: direct_read -O3 output - source compiled test FAIL: direct_read output - gij test FAIL: direct_read -O3 output - bytecode->native test FAIL: direct_write output - source compiled test FAIL: direct_write output - gij test FAIL: direct_write output - bytecode->native test FAIL: direct_write -O3 output - source compiled test FAIL: direct_write output - gij test FAIL: direct_write -O3 output - bytecode->native test FAIL: emptystring output - source compiled test FAIL: emptystring output - gij test FAIL: emptystring output - bytecode->native test FAIL: emptystring -O3 output - source compiled test FAIL: emptystring output - gij test FAIL: emptystring -O3 output - bytecode->native test FAIL: err1 output - source compiled test FAIL: err1 output - gij test FAIL: err1 output - bytecode->native test FAIL: err1 -O3 output - source compiled test FAIL: err1 output - gij test FAIL: err1 -O3 output - bytecode->native test FAIL: err10 output - source compiled test FAIL: err10 output - gij test FAIL: err10 output - bytecode->native test FAIL: err10 -O3 output - source compiled test FAIL: err10 output - gij test FAIL: err10 -O3 output - bytecode->native test FAIL: err11 output - source compiled test FAIL: err11 output - gij test FAIL: err11 output - bytecode->native test FAIL: err11 -O3 output - source compiled test FAIL: err11 output - gij test FAIL: err11 -O3 output - bytecode->native test FAIL: err12 output - source compiled test FAIL: err12 output - gij test FAIL: err12 output - bytecode->native test FAIL: err12 -O3 output - source compiled test FAIL: err12 output - gij test FAIL: err12 -O3 output - bytecode->native test FAIL: err13 output - source compiled test FAIL: err13 output - gij test FAIL: err13 output - bytecode->native test FAIL: err13 -O3 output - source compiled test FAIL: err13 output - gij test FAIL: err13 -O3 output - bytecode->native test FAIL: err14 output - source compiled test FAIL: err14 output - gij test FAIL: err14 output - bytecode->native test FAIL: err14 -O3 output - source compiled test FAIL: err14 output - gij test FAIL: err14 -O3 output - bytecode->native test FAIL: err2 output - source compiled test FAIL: err2 output - gij test FAIL: err2 output - bytecode->native test FAIL: err2 -O3 output - source compiled test FAIL: err2 output - gij test FAIL: err2 -O3 output - bytecode->native test FAIL: err3 output - source compiled test FAIL: err3 output - gij test FAIL: err3 output - bytecode->native test FAIL: err3 -O3 output - source compiled test FAIL: err3 output - gij test FAIL: err3 -O3 output - bytecode->native test FAIL: err4 output - source compiled test FAIL: err4 output - gij test FAIL: err4 output - bytecode->native test FAIL: err4 -O3 output - source compiled test FAIL: err4 output - gij test FAIL: err4 -O3 output - bytecode->native test FAIL: err5 output - source compiled test FAIL: err5 output - gij test FAIL: err5 output - bytecode->native test FAIL: err5 -O3 output - source compiled test FAIL: err5 output - gij test FAIL: err5 -O3 output - bytecode->native test FAIL: err6 output - source compiled test FAIL: err6 output - gij test FAIL: err6 output - bytecode->native test FAIL: err6 -O3 output - source compiled test FAIL: err6 output - gij test FAIL: err6 -O3 output - bytecode->native test FAIL: err7 output - source compiled test FAIL: err7 output - gij test FAIL: err7 output - bytecode->native test FAIL: err7 -O3 output - source compiled test FAIL: err7 output - gij test FAIL: err7 -O3 output - bytecode->native test FAIL: err8 output - source compiled test FAIL: err8 output - gij test FAIL: err8 output - bytecode->native test FAIL: err8 -O3 output - source compiled test FAIL: err8 output - gij test FAIL: err8 -O3 output - bytecode->native test FAIL: err9 output - source compiled test FAIL: err9 output - gij test FAIL: err9 output - bytecode->native test FAIL: err9 -O3 output - source compiled test FAIL: err9 output - gij test FAIL: err9 -O3 output - bytecode->native test FAIL: final_inner output - source compiled test FAIL: final_inner output - gij test FAIL: final_inner output - bytecode->native test FAIL: final_inner -O3 output - source compiled test FAIL: final_inner output - gij test FAIL: final_inner -O3 output - bytecode->native test FAIL: final_int output - source compiled test FAIL: final_int output - gij test FAIL: final_int output - bytecode->native test FAIL: final_int -O3 output - source compiled test FAIL: final_int output - gij test FAIL: final_int -O3 output - bytecode->native test FAIL: final_static_and_friend output - source compiled test FAIL: final_static_and_friend output - gij test FAIL: final_static_and_friend output - bytecode->native test FAIL: final_static_and_friend -O3 output - source compiled test FAIL: final_static_and_friend output - gij test FAIL: final_static_and_friend -O3 output - bytecode->native test FAIL: indirect output - source compiled test FAIL: indirect output - gij test FAIL: indirect output - bytecode->native test FAIL: indirect -O3 output - source compiled test FAIL: indirect output - gij test FAIL: indirect -O3 output - bytecode->native test FAIL: indirect_read output - source compiled test FAIL: indirect_read output - gij test FAIL: indirect_read output - bytecode->native test FAIL: indirect_read -O3 output - source compiled test FAIL: indirect_read output - gij test FAIL: indirect_read -O3 output - bytecode->native test FAIL: indirect_write output - source compiled test FAIL: indirect_write output - gij test FAIL: indirect_write output - bytecode->native test FAIL: indirect_write -O3 output - source compiled test FAIL: indirect_write output - gij test FAIL: indirect_write -O3 output - bytecode->native test FAIL: initfield output - source compiled test FAIL: initfield output - gij test FAIL: initfield output - bytecode->native test FAIL: initfield -O3 output - source compiled test FAIL: initfield output - gij test FAIL: initfield -O3 output - bytecode->native test FAIL: inline output - source compiled test FAIL: inline output - gij test FAIL: inline output - bytecode->native test FAIL: inline -O3 output - source compiled test FAIL: inline output - gij test FAIL: inline -O3 output - bytecode->native test FAIL: inner1 output - source compiled test FAIL: inner1 output - gij test FAIL: inner1 output - bytecode->native test FAIL: inner1 -O3 output - source compiled test FAIL: inner1 output - gij test FAIL: inner1 -O3 output - bytecode->native test FAIL: inner2 output - source compiled test FAIL: inner2 output - gij test FAIL: inner2 output - bytecode->native test FAIL: inner2 -O3 output - source compiled test FAIL: inner2 output - gij test FAIL: inner2 -O3 output - bytecode->native test FAIL: inner3 output - source compiled test FAIL: inner3 output - gij test FAIL: inner3 output - bytecode->native test FAIL: inner3 -O3 output - source compiled test FAIL: inner3 output - gij test FAIL: inner3 -O3 output - bytecode->native test FAIL: inner4 output - source compiled test FAIL: inner4 output - gij test FAIL: inner4 output - bytecode->native test FAIL: inner4 -O3 output - source compiled test FAIL: inner4 output - gij test FAIL: inner4 -O3 output - bytecode->native test FAIL: inner_array output - source compiled test FAIL: inner_array output - gij test FAIL: inner_array output - bytecode->native test FAIL: inner_array -O3 output - source compiled test FAIL: inner_array output - gij test FAIL: inner_array -O3 output - bytecode->native test FAIL: inner_interface output - source compiled test FAIL: inner_interface output - gij test FAIL: inner_interface output - bytecode->native test FAIL: inner_interface -O3 output - source compiled test FAIL: inner_interface output - gij test FAIL: inner_interface -O3 output - bytecode->native test FAIL: instance output - source compiled test FAIL: instance output - gij test FAIL: instance output - bytecode->native test FAIL: instance -O3 output - source compiled test FAIL: instance output - gij test FAIL: instance -O3 output - bytecode->native test FAIL: instinit output - source compiled test FAIL: instinit output - gij test FAIL: instinit output - bytecode->native test FAIL: instinit -O3 output - source compiled test FAIL: instinit output - gij test FAIL: instinit -O3 output - bytecode->native test FAIL: instinit2 output - source compiled test FAIL: instinit2 output - gij test FAIL: instinit2 output - bytecode->native test FAIL: instinit2 -O3 output - source compiled test FAIL: instinit2 output - gij test FAIL: instinit2 -O3 output - bytecode->native test FAIL: invoke_from_inner output - source compiled test FAIL: invoke_from_inner output - gij test FAIL: invoke_from_inner output - bytecode->native test FAIL: invoke_from_inner -O3 output - source compiled test FAIL: invoke_from_inner output - gij test FAIL: invoke_from_inner -O3 output - bytecode->native test FAIL: invokethrow output - source compiled test FAIL: invokethrow output - gij test FAIL: invokethrow output - bytecode->native test FAIL: invokethrow -O3 output - source compiled test FAIL: invokethrow output - gij test FAIL: invokethrow -O3 output - bytecode->native test FAIL: klass output - source compiled test FAIL: klass output - gij test FAIL: klass output - bytecode->native test FAIL: klass -O3 output - source compiled test FAIL: klass output - gij test FAIL: klass -O3 output - bytecode->native test FAIL: md5test output - source compiled test FAIL: md5test output - gij test FAIL: md5test output - bytecode->native test FAIL: md5test -O3 output - source compiled test FAIL: md5test output - gij test FAIL: md5test -O3 output - bytecode->native test FAIL: multiple_finit output - source compiled test FAIL: multiple_finit output - gij test FAIL: multiple_finit output - bytecode->native test FAIL: multiple_finit -O3 output - source compiled test FAIL: multiple_finit output - gij test FAIL: multiple_finit -O3 output - bytecode->native test FAIL: negzero output - source compiled test FAIL: negzero output - gij test FAIL: negzero output - bytecode->native test FAIL: negzero -O3 output - source compiled test FAIL: negzero output - gij test FAIL: negzero -O3 output - bytecode->native test FAIL: nested_with_ctor output - source compiled test FAIL: nested_with_ctor output - gij test FAIL: nested_with_ctor output - bytecode->native test FAIL: nested_with_ctor -O3 output - source compiled test FAIL: nested_with_ctor output - gij test FAIL: nested_with_ctor -O3 output - bytecode->native test FAIL: newarray_overflow output - source compiled test FAIL: newarray_overflow output - gij test FAIL: newarray_overflow output - bytecode->native test FAIL: newarray_overflow -O3 output - source compiled test FAIL: newarray_overflow output - gij test FAIL: newarray_overflow -O3 output - bytecode->native test FAIL: override output - source compiled test FAIL: override output - gij test FAIL: override output - bytecode->native test FAIL: override -O3 output - source compiled test FAIL: override output - gij test FAIL: override -O3 output - bytecode->native test FAIL: pr109 output - source compiled test FAIL: pr109 output - gij test FAIL: pr109 output - bytecode->native test FAIL: pr109 -O3 output - source compiled test FAIL: pr109 output - gij test FAIL: pr109 -O3 output - bytecode->native test FAIL: pr13107_3 output - source compiled test FAIL: pr13107_3 output - gij test FAIL: pr13107_3 output - bytecode->native test FAIL: pr13107_3 -O3 output - source compiled test FAIL: pr13107_3 output - gij test FAIL: pr13107_3 -O3 output - bytecode->native test FAIL: pr133 output - source compiled test FAIL: pr133 output - gij test FAIL: pr133 output - bytecode->native test FAIL: pr133 -O3 output - source compiled test FAIL: pr133 output - gij test FAIL: pr133 -O3 output - bytecode->native test FAIL: pr16789 output - source compiled test FAIL: pr16789 output - gij test FAIL: pr16789 output - bytecode->native test FAIL: pr16789 -O3 output - source compiled test FAIL: pr16789 output - gij test FAIL: pr16789 -O3 output - bytecode->native test FAIL: pr17536 output - source compiled test FAIL: pr17536 output - gij test FAIL: pr17536 output - bytecode->native test FAIL: pr17536 -O3 output - source compiled test FAIL: pr17536 output - gij test FAIL: pr17536 -O3 output - bytecode->native test FAIL: pr179 output - source compiled test FAIL: pr179 output - gij test FAIL: pr179 output - bytecode->native test FAIL: pr179 -O3 output - source compiled test FAIL: pr179 output - gij test FAIL: pr179 -O3 output - bytecode->native test FAIL: pr184 output - source compiled test FAIL: pr184 output - gij test FAIL: pr184 output - bytecode->native test FAIL: pr184 -O3 output - source compiled test FAIL: pr184 output - gij test FAIL: pr184 -O3 output - bytecode->native test FAIL: pr21844 output - source compiled test FAIL: pr21844 output - gij test FAIL: pr21844 output - bytecode->native test FAIL: pr21844 -O3 output - source compiled test FAIL: pr21844 output - gij test FAIL: pr21844 -O3 output - bytecode->native test FAIL: pr27171 output - source compiled test FAIL: pr27171 output - gij test FAIL: pr27171 output - bytecode->native test FAIL: pr27171 -O3 output - source compiled test FAIL: pr27171 output - gij test FAIL: pr27171 -O3 output - bytecode->native test FAIL: pr6388 output - source compiled test FAIL: pr6388 output - gij test FAIL: pr6388 output - bytecode->native test FAIL: pr6388 -O3 output - source compiled test FAIL: pr6388 output - gij test FAIL: pr6388 -O3 output - bytecode->native test FAIL: pr83 output - source compiled test FAIL: pr83 output - gij test FAIL: pr83 output - bytecode->native test FAIL: pr83 -O3 output - source compiled test FAIL: pr83 output - gij test FAIL: pr83 -O3 output - bytecode->native test FAIL: pr8415 output - source compiled test FAIL: pr8415 output - gij test FAIL: pr8415 output - bytecode->native test FAIL: pr8415 -O3 output - source compiled test FAIL: pr8415 output - gij test FAIL: pr8415 -O3 output - bytecode->native test FAIL: pr8823 output - source compiled test FAIL: pr8823 output - gij test FAIL: pr8823 output - bytecode->native test FAIL: pr8823 -O3 output - source compiled test FAIL: pr8823 output - gij test FAIL: pr8823 -O3 output - bytecode->native test FAIL: pr8945 output - source compiled test FAIL: pr8945 output - gij test FAIL: pr8945 output - bytecode->native test FAIL: pr8945 -O3 output - source compiled test FAIL: pr8945 output - gij test FAIL: pr8945 -O3 output - bytecode->native test FAIL: private_direct_read output - source compiled test FAIL: private_direct_read output - gij test FAIL: private_direct_read output - bytecode->native test FAIL: private_direct_read -O3 output - source compiled test FAIL: private_direct_read output - gij test FAIL: private_direct_read -O3 output - bytecode->native test FAIL: search_outer output - source compiled test FAIL: search_outer output - gij test FAIL: search_outer output - bytecode->native test FAIL: search_outer -O3 output - source compiled test FAIL: search_outer output - gij test FAIL: search_outer -O3 output - bytecode->native test FAIL: shatest output - source compiled test FAIL: shatest output - gij test FAIL: shatest output - bytecode->native test FAIL: shatest -O3 output - source compiled test FAIL: shatest output - gij test FAIL: shatest -O3 output - bytecode->native test FAIL: stringconst output - gij test FAIL: stringconst output - bytecode->native test FAIL: stringconst output - gij test FAIL: stringconst -O3 output - bytecode->native test FAIL: stringconst2 output - source compiled test FAIL: stringconst2 output - gij test FAIL: stringconst2 output - bytecode->native test FAIL: stringconst2 -O3 output - source compiled test FAIL: stringconst2 output - gij test FAIL: stringconst2 -O3 output - bytecode->native test FAIL: stub output - source compiled test FAIL: stub output - gij test FAIL: stub output - bytecode->native test FAIL: stub -O3 output - source compiled test FAIL: stub output - gij test FAIL: stub -O3 output - bytecode->native test FAIL: test_long output - source compiled test FAIL: test_long output - gij test FAIL: test_long output - bytecode->native test FAIL: test_long -O3 output - source compiled test FAIL: test_long output - gij test FAIL: test_long -O3 output - bytecode->native test FAIL: tmi output - source compiled test FAIL: tmi output - gij test FAIL: tmi output - bytecode->native test FAIL: tmi -O3 output - source compiled test FAIL: tmi output - gij test FAIL: tmi -O3 output - bytecode->native test FAIL: tp output - source compiled test FAIL: tp output - gij test FAIL: tp output - bytecode->native test FAIL: tp -O3 output - source compiled test FAIL: tp output - gij test FAIL: tp -O3 output - bytecode->native test FAIL: update_outer output - source compiled test FAIL: update_outer output - gij test FAIL: update_outer output - bytecode->native test FAIL: update_outer -O3 output - source compiled test FAIL: update_outer output - gij test FAIL: update_outer -O3 output - bytecode->native test FAIL: utilTest output - source compiled test FAIL: utilTest output - gij test FAIL: utilTest output - bytecode->native test FAIL: utilTest -O3 output - source compiled test FAIL: utilTest output - gij test FAIL: utilTest -O3 output - bytecode->native test

=== libjava Summary ===

# of expected passes		3033
# of unexpected failures	975
# of expected failures		10
# of untested testcases		8
		=== libstdc++ tests ===


Running target unix FAIL: 26_numerics/cmath/c99_classification_macros_c.cc (test for excess errors) FAIL: 27_io/basic_filebuf/seekoff/char/1-io.cc execution test FAIL: 27_io/basic_filebuf/seekoff/char/1-io.cc execution test FAIL: 27_io/basic_filebuf/seekoff/char/2-io.cc execution test FAIL: 27_io/basic_filebuf/seekoff/char/2-io.cc execution test FAIL: 27_io/basic_filebuf/seekpos/char/1-io.cc execution test FAIL: 27_io/basic_filebuf/seekpos/char/1-io.cc execution test FAIL: 27_io/basic_filebuf/seekpos/char/2-io.cc execution test FAIL: 27_io/basic_filebuf/seekpos/char/2-io.cc execution test FAIL: 27_io/basic_filebuf/sgetn/char/1-in.cc execution test FAIL: 27_io/basic_filebuf/sgetn/char/1-in.cc execution test FAIL: 27_io/basic_filebuf/sgetn/char/1-in.cc execution test FAIL: 27_io/basic_filebuf/sgetn/char/1-io.cc execution test FAIL: 27_io/basic_filebuf/sgetn/char/1-io.cc execution test FAIL: 27_io/basic_filebuf/sgetn/char/1-io.cc execution test FAIL: 27_io/basic_filebuf/sgetn/char/2-in.cc execution test FAIL: 27_io/basic_filebuf/sgetn/char/2-in.cc execution test FAIL: 27_io/basic_filebuf/sgetn/char/2-in.cc execution test FAIL: 27_io/basic_filebuf/sgetn/char/2-io.cc execution test FAIL: 27_io/basic_filebuf/sgetn/char/2-io.cc execution test FAIL: 27_io/basic_filebuf/sgetn/char/2-io.cc execution test FAIL: 27_io/basic_istream/extractors_arithmetic/char/12.cc execution test FAIL: 27_io/basic_istream/extractors_arithmetic/char/12.cc execution test FAIL: 27_io/basic_istream/extractors_arithmetic/char/12.cc execution test FAIL: 27_io/basic_istream/readsome/char/6746-2.cc execution test FAIL: 27_io/basic_istream/readsome/char/6746-2.cc execution test FAIL: 27_io/basic_istream/readsome/char/6746-2.cc execution test FAIL: 27_io/objects/char/6.cc execution test FAIL: 27_io/objects/char/6.cc execution test

=== libstdc++ Summary ===

# of expected passes		5742
# of unexpected failures	29
# of expected failures		25
# of unsupported tests		445

Compiler version: 4.1.2
Platform: i686-pc-cygwin
configure flags: --enable-nls --without-included-gettext
--enable-version-specific-runtime-libs --without-x --enable-libgcj
--with-system-zlib --enable-threads=posix
--enable-languages=c,ada,c++,fortran,java,objc,obj-c++,treelang
Counting all warnings,
there are 382 warnings in stage0 of this bootstrap.

Number of warnings per file:
    67 libjava/java/lang/Class.h
    42 libjava/classpath/native/fdlibm/mprec.h
    42 include/_ansi.h
    23 libgfortran/intrinsics/c99_functions.c
    14 gcc/fixincludes/fixincl.x
     9 libtool
     9 libgfortran/intrinsics/date_and_time.c
     5 libjava/stacktrace.cc
     5 libjava/java/lang/natClass.cc
     4 include/gc_config.h
     4 include/config.h
     3 libiberty/strsignal.c
     3 gnu/java/nio/channels/natFileChannelImpl.cc
     2 adaint.h
     1 time_members.cc
     1 numeric_members.cc
     1 monetary_members.cc
     1 messages_members.cc
     1 libsupc++/vterminate.cc
     1 libsupc++/vec.cc
     1 libsupc++/tinfo2.cc
     1 libsupc++/tinfo.cc
     1 libsupc++/pure.cc
     1 libsupc++/new_opvnt.cc
     1 libsupc++/new_opv.cc
     1 libsupc++/new_opnt.cc
     1 libsupc++/new_op.cc
     1 libsupc++/new_handler.cc
     1 libsupc++/guard.cc
     1 libsupc++/eh_unex_handler.cc
     1 libsupc++/eh_type.cc
     1 libsupc++/eh_throw.cc
     1 libsupc++/eh_terminate.cc
     1 libsupc++/eh_term_handler.cc
     1 libsupc++/eh_personality.cc
     1 libsupc++/eh_globals.cc
     1 libsupc++/eh_exception.cc
     1 libsupc++/eh_catch.cc
     1 libsupc++/eh_call.cc
     1 libsupc++/eh_aux_runtime.cc
     1 libsupc++/eh_arm.cc
     1 libsupc++/eh_alloc.cc
     1 libsupc++/del_opvnt.cc
     1 libsupc++/del_opv.cc
     1 libsupc++/del_opnt.cc
     1 libsupc++/del_op.cc
     1 libstdc++-v3/src/wstring-inst.cc
     1 libstdc++-v3/src/wlocale-inst.cc
     1 libstdc++-v3/src/valarray-inst.cc
     1 libstdc++-v3/src/tree.cc
     1 libstdc++-v3/src/strstream.cc
     1 libstdc++-v3/src/string-inst.cc
     1 libstdc++-v3/src/streambuf.cc
     1 libstdc++-v3/src/streambuf-inst.cc
     1 libstdc++-v3/src/stdexcept.cc
     1 libstdc++-v3/src/sstream-inst.cc
     1 libstdc++-v3/src/pool_allocator.cc
     1 libstdc++-v3/src/ostream-inst.cc
     1 libstdc++-v3/src/mt_allocator.cc
     1 libstdc++-v3/src/misc-inst.cc
     1 libstdc++-v3/src/localename.cc
     1 libstdc++-v3/src/locale_init.cc
     1 libstdc++-v3/src/locale_facets.cc
     1 libstdc++-v3/src/locale.cc
     1 libstdc++-v3/src/locale-misc-inst.cc
     1 libstdc++-v3/src/locale-inst.cc
     1 libstdc++-v3/src/list.cc
     1 libstdc++-v3/src/limits.cc
     1 libstdc++-v3/src/istream.cc
     1 libstdc++-v3/src/istream-inst.cc
     1 libstdc++-v3/src/iostream-inst.cc
     1 libstdc++-v3/src/ios_locale.cc
     1 libstdc++-v3/src/ios_init.cc
     1 libstdc++-v3/src/ios_failure.cc
     1 libstdc++-v3/src/ios.cc
     1 libstdc++-v3/src/ios-inst.cc
     1 libstdc++-v3/src/globals_locale.cc
     1 libstdc++-v3/src/globals_io.cc
     1 libstdc++-v3/src/functexcept.cc
     1 libstdc++-v3/src/fstream-inst.cc
     1 libstdc++-v3/src/ext-inst.cc
     1 libstdc++-v3/src/debug_list.cc
     1 libstdc++-v3/src/debug.cc
     1 libstdc++-v3/src/ctype.cc
     1 libstdc++-v3/src/concept-inst.cc
     1 libstdc++-v3/src/complex_io.cc
     1 libstdc++-v3/src/compatibility.cc
     1 libstdc++-v3/src/codecvt.cc
     1 libstdc++-v3/src/bitmap_allocator.cc
     1 libstdc++-v3/src/allocator-inst.cc
     1 libssp/ssp.c
     1 libssp/ssp-local.c
     1 libobjc/thr.c
     1 libobjc/sendmsg.c
     1 libobjc/Object.m
     1 libjava/jni.cc
     1 libjava/java/lang/ref/natReference.cc
     1 libjava/interpret.cc
     1 libjava/gnu/gcj/io/shs.cc
     1 libjava/gnu/gcj/io/natSimpleSHSStream.cc
     1 libjava/boehm.cc
     1 libgfortran/runtime/error.c
     1 libgfortran/io/open.c
     1 libgfortran/generated/sum_r8.c
     1 libgfortran/generated/sum_r4.c
     1 libgfortran/generated/sum_r10.c
     1 libgfortran/generated/sum_i8.c
     1 libgfortran/generated/sum_i4.c
     1 libgfortran/generated/sum_c8.c
     1 libgfortran/generated/sum_c4.c
     1 libgfortran/generated/sum_c10.c
     1 libgfortran/generated/product_r8.c
     1 libgfortran/generated/product_r4.c
     1 libgfortran/generated/product_r10.c
     1 libgfortran/generated/product_i8.c
     1 libgfortran/generated/product_i4.c
     1 libgfortran/generated/product_c8.c
     1 libgfortran/generated/product_c4.c
     1 libgfortran/generated/product_c10.c
     1 libgfortran/generated/minval_r8.c
     1 libgfortran/generated/minval_r4.c
     1 libgfortran/generated/minval_r10.c
     1 libgfortran/generated/minval_i8.c
     1 libgfortran/generated/minval_i4.c
     1 libgfortran/generated/minloc1_8_r8.c
     1 libgfortran/generated/minloc1_8_r4.c
     1 libgfortran/generated/minloc1_8_r10.c
     1 libgfortran/generated/minloc1_8_i8.c
     1 libgfortran/generated/minloc1_8_i4.c
     1 libgfortran/generated/minloc1_4_r8.c
     1 libgfortran/generated/minloc1_4_r4.c
     1 libgfortran/generated/minloc1_4_r10.c
     1 libgfortran/generated/minloc1_4_i8.c
     1 libgfortran/generated/minloc1_4_i4.c
     1 libgfortran/generated/maxval_r8.c
     1 libgfortran/generated/maxval_r4.c
     1 libgfortran/generated/maxval_r10.c
     1 libgfortran/generated/maxval_i8.c
     1 libgfortran/generated/maxval_i4.c
     1 libgfortran/generated/maxloc1_8_r8.c
     1 libgfortran/generated/maxloc1_8_r4.c
     1 libgfortran/generated/maxloc1_8_r10.c
     1 libgfortran/generated/maxloc1_8_i8.c
     1 libgfortran/generated/maxloc1_8_i4.c
     1 libgfortran/generated/maxloc1_4_r8.c
     1 libgfortran/generated/maxloc1_4_r4.c
     1 libgfortran/generated/maxloc1_4_r10.c
     1 libgfortran/generated/maxloc1_4_i8.c
     1 libgfortran/generated/maxloc1_4_i4.c
     1 java/net/natVMNetworkInterface.cc
     1 gcc/unwind-pe.h
     1 gcc/gthr-posix.h
     1 gcc/coretypes.h
     1 gcc/boehm-gc/mark_rts.c
     1 gcc/ada/mlib-prj.adb
     1 fastjar/jartool.c
     1 fastjar/compress.c
     1 ctype_members.cc
     1 collate_members.cc
     1 codecvt_members.cc
     1 c++locale.cc
     1 basic_file.cc
     1 atomicity.cc
     1 ./runtime-info.h

Number of warning types:
    82 -ffunction-sections may affect debugging on some targets
    72 dereferencing type-punned pointer will break strict-aliasing rules
    47 this is the location of the previous definition
    46 passing argument 3 of \`???' discards qualifiers from pointer
target type
    42 \`_EXFUN' redefined
    23 no previous prototype for \`???'
    15 unused parameter \`???'
    15 string length \`???' is greater than the length \`???' ISO C89
compilers are required to support
     7 undefined symbols not allowed in i686-pc-cygwin shared libraries
     3 format \`???' expects type \`???', but argument 5 has type \`???'
     3 format \`???' expects type \`???', but argument 4 has type \`???'
     3 comparison between signed and unsigned
     2 visibility attribute not supported in this configuration; ignored
     2 format \`???' expects type \`???', but argument 6 has type \`???'
     2 \`???' is ignored for convenience libraries
     2 \`???' defined but not used
     1 its scope is only this definition or declaration, which is
probably not what you want
     1 function returns address of local variable
     1 format \`???' expects type \`???', but argument 7 has type \`???'
     1 format \`???' expects type \`???', but argument 3 has type \`???'
     1 format \`???' expects type \`???', but argument 2 has type \`???'
     1 comparison of distinct pointer types lacks a cast
     1 comparison between signed and unsigned integer expressions
     1 \`rtx' redefined
     1 \`PACKAGE_VERSION' redefined
     1 \`PACKAGE_TARNAME' redefined
     1 \`PACKAGE_STRING' redefined
     1 \`PACKAGE_NAME' redefined
     1 \`???' may be used uninitialized in this function
     1 \`???' function does return
     1 \`???' declared inside parameter list
     1 \`???' declared \`???' but never defined
Counting all warnings,
there are 25 warnings in stage3 of this bootstrap.

Number of warnings per file:
    11 gengtype-lex.c
     4 gcc/gcc.c
     3 treelang/lex.c
     3 gcc/config/i386/i386.md
     2 gcc/objc/lang-specs.h
     1 gcc/java/jvspec.c
     1 gcc/ada/tracebak.c

Number of warning types:
    11 no previous prototype for \`???'
     9 string length \`???' is greater than the length \`???' ISO C89
compilers are required to support
     3 old-style function definition
     1 operand 1 missing mode?
     1 comparison of unsigned expression < 0 is always false


Index Nav: [Date Index] [Subject Index] [Author Index] [Thread Index]
Message Nav: [Date Prev] [Date Next] [Thread Prev] [Thread Next]