This is the mail archive of the gcc-testresults@gcc.gnu.org mailing list for the GCC project.


Index Nav: [Date Index] [Subject Index] [Author Index] [Thread Index]
Message Nav: [Date Prev] [Date Next] [Thread Prev] [Thread Next]
Other format: [Raw text]

Results for 4.3.0 dataflow 20070223 (experimental) testsuite on s390-ibm-linux-gnu


LAST_UPDATED: Fri Feb 23 04:01:58 UTC 2007 (revision 122248M)

		=== acats tests ===
FAIL:	cxh1001

		=== acats Summary ===
# of expected passes		2314
# of unexpected failures	1
Native configuration is s390-ibm-linux-gnu

		=== g++ tests ===


Running target unix
FAIL: g++.dg/gomp/pr29965-2.C (internal compiler error)
FAIL: g++.dg/gomp/pr29965-2.C (test for excess errors)

		=== g++ Summary ===

# of expected passes		13971
# of unexpected failures	2
# of expected failures		80
# of unsupported tests		118
/build/BUILD/gcc/obj-s390-redhat-linux/gcc/testsuite/g++/../../g++  version 4.3.0 20070223 (experimental)

		=== gcc tests ===


Running target unix
FAIL: gcc.c-torture/execute/mayalias-2.c compilation,  -O3 -g  (internal compiler error)
UNRESOLVED: gcc.c-torture/execute/mayalias-2.c execution,  -O3 -g 
FAIL: gcc.c-torture/execute/mayalias-3.c compilation,  -O3 -g  (internal compiler error)
UNRESOLVED: gcc.c-torture/execute/mayalias-3.c execution,  -O3 -g 
XPASS: gcc.dg/cpp/cmdlne-dI-M.c scan-file (^|\\\\n)cmdlne-dI-M.*:[^\\\\n]*cmdlne-dI-M.c
XPASS: gcc.dg/cpp/cmdlne-dM-M.c scan-file (^|\\\\n)cmdlne-dM-M[^\\\\n]*:[^\\\\n]*cmdlne-dM-M.c
FAIL: gcc.dg/memcpy-1.c scan-tree-dump-times nasty_local 0
FAIL: gcc.dg/gomp/pr29965-2.c (internal compiler error)
FAIL: gcc.dg/gomp/pr29965-2.c (test for excess errors)
FAIL: gcc.dg/torture/builtin-pow-mpfr-1.c  -O0  scan-tree-dump pow
FAIL: gcc.dg/torture/builtin-pow-mpfr-1.c  -O1  scan-tree-dump pow
FAIL: gcc.dg/torture/builtin-pow-mpfr-1.c  -O2  scan-tree-dump pow
FAIL: gcc.dg/torture/builtin-pow-mpfr-1.c  -O3 -fomit-frame-pointer  scan-tree-dump pow
FAIL: gcc.dg/torture/builtin-pow-mpfr-1.c  -O3 -g  scan-tree-dump pow
FAIL: gcc.dg/torture/builtin-pow-mpfr-1.c  -Os  scan-tree-dump pow
XPASS: gcc.dg/tree-ssa/20040204-1.c scan-tree-dump-times link_error 0
FAIL: gcc.dg/tree-ssa/loadpre1.c scan-tree-dump-times Eliminated: 1 1
FAIL: gcc.dg/tree-ssa/loop-15.c scan-tree-dump-times \\+ 0
FAIL: gcc.dg/tree-ssa/loop-15.c scan-tree-dump-times n \\* n 1
FAIL: gcc.dg/tree-ssa/loop-15.c scan-tree-dump-times if  1
XPASS: gcc.dg/tree-ssa/update-threading.c scan-tree-dump-times Invalid sum 0

		=== gcc Summary ===

# of expected passes		41771
# of unexpected failures	15
# of unexpected successes	4
# of expected failures		75
# of unresolved testcases	2
# of untested testcases		28
# of unsupported tests		369
/build/BUILD/gcc/obj-s390-redhat-linux/gcc/xgcc  version 4.3.0 20070223 (experimental)

		=== gfortran tests ===


Running target unix
FAIL: gfortran.dg/c_by_val_1.f  -O0  execution test
FAIL: gfortran.dg/c_by_val_1.f  -O1  execution test
FAIL: gfortran.dg/c_by_val_1.f  -O2  execution test
FAIL: gfortran.dg/c_by_val_1.f  -O3 -fomit-frame-pointer  execution test
FAIL: gfortran.dg/c_by_val_1.f  -O3 -fomit-frame-pointer -funroll-loops  execution test
FAIL: gfortran.dg/c_by_val_1.f  -O3 -fomit-frame-pointer -funroll-all-loops -finline-functions  execution test
FAIL: gfortran.dg/c_by_val_1.f  -O3 -g  execution test
FAIL: gfortran.dg/c_by_val_1.f  -Os  execution test
FAIL: gfortran.dg/equiv_6.f90  -O2  execution test
FAIL: gfortran.dg/equiv_6.f90  -O3 -fomit-frame-pointer  execution test
FAIL: gfortran.dg/equiv_6.f90  -O3 -fomit-frame-pointer -funroll-loops  execution test
FAIL: gfortran.dg/equiv_6.f90  -O3 -fomit-frame-pointer -funroll-all-loops -finline-functions  execution test
FAIL: gfortran.dg/equiv_6.f90  -O3 -g  execution test
FAIL: gfortran.dg/equiv_6.f90  -Os  execution test
FAIL: gfortran.dg/open_errors.f90  -O0  execution test
FAIL: gfortran.dg/open_errors.f90  -O1  execution test
FAIL: gfortran.dg/open_errors.f90  -O2  execution test
FAIL: gfortran.dg/open_errors.f90  -O3 -fomit-frame-pointer  execution test
FAIL: gfortran.dg/open_errors.f90  -O3 -fomit-frame-pointer -funroll-loops  execution test
FAIL: gfortran.dg/open_errors.f90  -O3 -fomit-frame-pointer -funroll-all-loops -finline-functions  execution test
FAIL: gfortran.dg/open_errors.f90  -O3 -g  execution test
FAIL: gfortran.dg/open_errors.f90  -Os  execution test
FAIL: gfortran.dg/secnds.f  -Os  execution test
FAIL: gfortran.dg/value_4.f90  -O0  execution test
FAIL: gfortran.dg/value_4.f90  -O1  execution test
FAIL: gfortran.dg/value_4.f90  -O2  execution test
FAIL: gfortran.dg/value_4.f90  -O3 -fomit-frame-pointer  execution test
FAIL: gfortran.dg/value_4.f90  -O3 -fomit-frame-pointer -funroll-loops  execution test
FAIL: gfortran.dg/value_4.f90  -O3 -fomit-frame-pointer -funroll-all-loops -finline-functions  execution test
FAIL: gfortran.dg/value_4.f90  -O3 -g  execution test
FAIL: gfortran.dg/value_4.f90  -Os  execution test

		=== gfortran Summary ===

# of expected passes		16380
# of unexpected failures	31
# of expected failures		6
# of unsupported tests		36
/build/BUILD/gcc/obj-s390-redhat-linux/gcc/testsuite/gfortran/../../gfortran  version 4.3.0 20070223 (experimental)

		=== gnat tests ===


Running target unix
FAIL: gnat.dg/address_conversion.adb execution test

		=== gnat Summary ===

# of expected passes		121
# of unexpected failures	1
		=== obj-c++ tests ===


Running target unix
FAIL: obj-c++.dg/bitfield-1.mm (internal compiler error)
FAIL: obj-c++.dg/bitfield-1.mm (test for excess errors)
WARNING: obj-c++.dg/bitfield-1.mm compilation failed to produce executable
FAIL: obj-c++.dg/comp-types-10.mm (internal compiler error)
FAIL: obj-c++.dg/comp-types-10.mm (test for excess errors)
FAIL: obj-c++.dg/cxx-ivars-2.mm execution test
FAIL: obj-c++.dg/encode-2.mm scan-assembler {Vec<float>=ffi}
FAIL: obj-c++.dg/encode-2.mm scan-assembler {Vec<double>=ddi}
FAIL: obj-c++.dg/encode-3.mm execution test
FAIL: obj-c++.dg/encode-8.mm execution test
FAIL: obj-c++.dg/gnu-runtime-2.mm (test for excess errors)
FAIL: obj-c++.dg/isa-field-1.mm (test for excess errors)
FAIL: obj-c++.dg/lookup-2.mm (test for excess errors)
WARNING: obj-c++.dg/lookup-2.mm compilation failed to produce executable
FAIL: obj-c++.dg/qual-types-1.mm (internal compiler error)
FAIL: obj-c++.dg/qual-types-1.mm (test for excess errors)
WARNING: obj-c++.dg/qual-types-1.mm compilation failed to produce executable
FAIL: obj-c++.dg/template-1.mm (internal compiler error)
FAIL: obj-c++.dg/template-1.mm (test for excess errors)
WARNING: obj-c++.dg/template-1.mm compilation failed to produce executable
FAIL: obj-c++.dg/template-3.mm (internal compiler error)
FAIL: obj-c++.dg/template-3.mm (test for excess errors)
WARNING: obj-c++.dg/template-3.mm compilation failed to produce executable
FAIL: obj-c++.dg/template-4.mm (internal compiler error)
FAIL: obj-c++.dg/template-4.mm (test for excess errors)
WARNING: obj-c++.dg/template-4.mm compilation failed to produce executable
FAIL: obj-c++.dg/try-catch-2.mm (test for excess errors)
WARNING: obj-c++.dg/try-catch-2.mm compilation failed to produce executable
FAIL: obj-c++.dg/try-catch-9.mm (internal compiler error)
FAIL: obj-c++.dg/try-catch-9.mm (test for excess errors)
WARNING: obj-c++.dg/try-catch-9.mm compilation failed to produce executable

		=== obj-c++ Summary ===

# of expected passes		414
# of unexpected failures	23
# of unsupported tests		13
/build/BUILD/gcc/obj-s390-redhat-linux/gcc/testsuite/obj-c++/../../g++  version 4.3.0 20070223 (experimental)

		=== objc tests ===


Running target unix

		=== objc Summary ===

# of expected passes		1796
# of expected failures		7
# of unsupported tests		24
/build/BUILD/gcc/obj-s390-redhat-linux/gcc/xgcc  version 4.3.0 20070223 (experimental)

		=== libffi tests ===


Running target unix

		=== libffi Summary ===

# of expected passes		1096
# of unsupported tests		8
		=== libgomp tests ===


Running target unix

		=== libgomp Summary ===

# of expected passes		1566
		=== libjava tests ===


Running target unix
FAIL: getlocalvartable run

		=== libjava Summary ===

# of expected passes		2495
# of unexpected failures	1
# of untested testcases		1
		=== libmudflap tests ===


Running target unix
FAIL: libmudflap.c++/pass41-frag.cxx execution test
FAIL: libmudflap.c++/pass41-frag.cxx (-static) execution test
FAIL: libmudflap.c++/pass41-frag.cxx ( -O) execution test
FAIL: libmudflap.c++/pass41-frag.cxx (-O2) execution test
FAIL: libmudflap.c++/pass41-frag.cxx (-O3) execution test
FAIL: libmudflap.cth/pass39-frag.c (-O3) (rerun 10) execution test
FAIL: libmudflap.cth/pass39-frag.c (-O3) (rerun 10) output pattern test

		=== libmudflap Summary ===

# of expected passes		1819
# of unexpected failures	7
		=== libstdc++ tests ===


Running target unix
FAIL: abi_check
XPASS: 26_numerics/headers/cmath/c99_classification_macros_c.cc (test for excess errors)
FAIL: 27_io/ios_base/storage/2.cc execution test
FAIL: ext/pb_ds/regression/list_update_data_map_rand.cc (test for excess errors)
WARNING: ext/pb_ds/regression/list_update_data_map_rand.cc compilation failed to produce executable

		=== libstdc++ Summary ===

# of expected passes		3977
# of unexpected failures	3
# of unexpected successes	1
# of expected failures		16
# of unsupported tests		316

Compiler version: 4.3.0 20070223 (experimental) 
Platform: s390-ibm-linux-gnu
configure flags: --prefix=/usr --mandir=/usr/share/man --infodir=/usr/share/info --enable-shared --enable-threads=posix --enable-checking --with-system-zlib --enable-__cxa_atexit --with-long-double-128 --enable-languages=c,c++,objc,obj-c++,java,fortran,ada --host=s390-redhat-linux


Index Nav: [Date Index] [Subject Index] [Author Index] [Thread Index]
Message Nav: [Date Prev] [Date Next] [Thread Prev] [Thread Next]