This is the mail archive of the gcc-testresults@gcc.gnu.org mailing list for the GCC project.


Index Nav: [Date Index] [Subject Index] [Author Index] [Thread Index]
Message Nav: [Date Prev] [Date Next] [Thread Prev] [Thread Next]
Other format: [Raw text]

Results for 4.1.3 20070215 (prerelease) testsuite on x86_64-suse-linux-gnu


This build includes the following specific changes:

Index: gcc/gcc.c
===================================================================
--- gcc/gcc.c	(revision 121974)
+++ gcc/gcc.c	(working copy)
@@ -6136,6 +6136,8 @@
   memcpy (compilers, default_compilers, sizeof default_compilers);
   n_compilers = n_default_compilers;
 
+  init_spec ();
+
   /* Read specs from a file if there is one.  */
 
   machine_suffix = concat (spec_machine, dir_separator_str,
@@ -6146,8 +6148,6 @@
   /* Read the specs file unless it is a default one.  */
   if (specs_file != 0 && strcmp (specs_file, "specs"))
     read_specs (specs_file, TRUE);
-  else
-    init_spec ();
 
   /* We need to check standard_exec_prefix/just_machine_suffix/specs
      for any override of as, ld and libraries.  */

# Some comments about the system:

# openSUSE 10.2 (X86-64)
# VERSION = 10.2

# bash-3.1-55
# binutils-2.17.50.0.5-21
# dejagnu-1.4.4-35
# expect-5.43.0-34
# gcc-4.1.3-29
# glibc-2.5-25
# kernel-default-2.6.18.2-34
# make-3.81-23
# tcl-8.4.14-11
# texinfo-4.8-43

# Linux 2.6.18.2-34-default #1 SMP Mon Nov 27 11:46:27 UTC 2006 x86_64 x86_64 x86_64 GNU/Linux
#   9:53pm  up 48 days 23:21,  16 users,  load average: 5.68, 5.51, 5.52

# Using built-in specs.
# Target: x86_64-suse-linux
# Configured with: ../configure --enable-threads=posix --prefix=/usr --with-local-prefix=/usr/local --infodir=/usr/share/info --mandir=/usr/share/man --libdir=/usr/lib64 --libexecdir=/usr/lib64 --enable-languages=c,c++,objc,fortran,obj-c++,java,ada --enable-checking=release --with-gxx-include-dir=/usr/include/c++/4.1.2 --enable-ssp --disable-libssp --disable-libgcj --with-slibdir=/lib64 --with-system-zlib --enable-shared --enable-__cxa_atexit --enable-libstdcxx-allocator=new --program-suffix=-4.1 --enable-version-specific-runtime-libs --without-system-libunwind --with-cpu=generic --host=x86_64-suse-linux
# Thread model: posix
# gcc version 4.1.2 20061115 (prerelease) (SUSE Linux)

# GNU C Library stable release version 2.5 (20061011), by Roland McGrath et al.
# Configured for x86_64-suse-linux.
# Compiled by GNU CC version 4.1.2 20061115 (prerelease) (SUSE Linux).
# Compiled on a Linux 2.6.18 system on 2006-11-25.
# Available extensions:
# 	crypt add-on version 2.1 by Michael Glad and others
# 	GNU Libidn by Simon Josefsson
# 	GNU libio by Per Bothner
# 	NIS(YP)/NIS+ NSS modules 0.19 by Thorsten Kukuk
# 	Native POSIX Threads Library by Ulrich Drepper et al
# 	BIND-8.2.3-T5B
# Thread-local storage support included.
# For bug reporting instructions, please see:
# <http://www.gnu.org/software/libc/bugs.html>.

LAST_UPDATED: Thu Feb 15 01:59:53 UTC 2007 (revision 121974M)

Native configuration is x86_64-suse-linux-gnu

		=== gcc tests ===


Running target unix

		=== gcc Summary ===

# of expected passes		38861
# of expected failures		100
# of untested testcases		28
# of unsupported tests		359
/home/robert/stuff/gcc/build/gcc/xgcc  version 4.1.3 20070215 (prerelease)

		=== gfortran tests ===


Running target unix
XPASS: gfortran.dg/csqrt_2.f  -O0  execution test
XPASS: gfortran.dg/csqrt_2.f  -O1  execution test
XPASS: gfortran.dg/csqrt_2.f  -O2  execution test
XPASS: gfortran.dg/csqrt_2.f  -O3 -fomit-frame-pointer  execution test
XPASS: gfortran.dg/csqrt_2.f  -O3 -fomit-frame-pointer -funroll-loops  execution test
XPASS: gfortran.dg/csqrt_2.f  -O3 -fomit-frame-pointer -funroll-all-loops -finline-functions  execution test
XPASS: gfortran.dg/csqrt_2.f  -O3 -g  execution test
XPASS: gfortran.dg/csqrt_2.f  -Os  execution test
XPASS: gfortran.dg/vect/vect-5.f90  -O  scan-tree-dump-times vectorized 2 loops 1
XPASS: gfortran.dg/vect/vect-5.f90  -O  scan-tree-dump-times Alignment of access forced using peeling 1
XPASS: gfortran.dg/vect/vect-5.f90  -O  scan-tree-dump-times Vectorizing an unaligned access 2

		=== gfortran Summary ===

# of expected passes		13619
# of unexpected successes	11
# of expected failures		5
# of unsupported tests		16
/home/robert/stuff/gcc/build/gcc/testsuite/gfortran/../../gfortran  version 4.1.3 20070215 (prerelease)

		=== g++ tests ===


Running target unix
XPASS: g++.dg/tree-ssa/pr14814.C scan-tree-dump-times &this 0
XPASS: g++.old-deja/g++.other/init5.C execution test

		=== g++ Summary ===

# of expected passes		12325
# of unexpected successes	2
# of expected failures		66
# of unsupported tests		98
/home/robert/stuff/gcc/build/gcc/testsuite/g++/../../g++  version 4.1.3 20070215 (prerelease)

		=== objc tests ===


Running target unix

		=== objc Summary ===

# of expected passes		1722
# of unsupported tests		22
/home/robert/stuff/gcc/build/gcc/xgcc  version 4.1.3 20070215 (prerelease)

		=== libmudflap tests ===


Running target unix
FAIL: libmudflap.c/fail8-frag.c (-static) output pattern test
FAIL: libmudflap.c/fail9-frag.c (-static) output pattern test

		=== libmudflap Summary ===

# of expected passes		1797
# of unexpected failures	2
		=== libstdc++ tests ===


Running target unix
XPASS: 26_numerics/cmath/c99_classification_macros_c.cc (test for excess errors)
XPASS: 27_io/fpos/14320-1.cc execution test

		=== libstdc++ Summary ===

# of expected passes		4020
# of unexpected successes	2
# of expected failures		11
# of unsupported tests		13

Compiler version: 4.1.3 20070215 (prerelease) 
Platform: x86_64-suse-linux-gnu
configure flags: --enable-threads=posix --prefix=/home/robert/stuff/gcc/inst/gcc413 --libexecdir=/home/robert/stuff/gcc/inst/gcc413/lib --disable-checking --disable-libgcj --with-gxx-include-dir=/home/robert/stuff/gcc/inst/gcc413/include/g++ --with-system-zlib --enable-shared --enable-__cxa_atexit x86_64-suse-linux --enable-languages=c,c++,fortran,objc


Index Nav: [Date Index] [Subject Index] [Author Index] [Thread Index]
Message Nav: [Date Prev] [Date Next] [Thread Prev] [Thread Next]