This is the mail archive of the gcc-testresults@gcc.gnu.org mailing list for the GCC project.


Index Nav: [Date Index] [Subject Index] [Author Index] [Thread Index]
Message Nav: [Date Prev] [Date Next] [Thread Prev] [Thread Next]
Other format: [Raw text]

Results for 4.1.2 testsuite on x86_64-suse-linux-gnu


LAST_UPDATED: Wed Feb 14 06:06:33 UTC 2007 (revision 121944)

		=== acats tests ===

		=== acats Summary ===
# of expected passes		2317
# of unexpected failures	0
Native configuration is x86_64-suse-linux-gnu

		=== gcc tests ===


Running target unix

		=== gcc Summary ===

# of expected passes		38842
# of expected failures		100
# of untested testcases		28
# of unsupported tests		359
/home/eric/build/gcc-4_1-branch/native/gcc/xgcc  version 4.1.2

		=== gfortran tests ===


Running target unix
XPASS: gfortran.dg/vect/vect-5.f90  -O  scan-tree-dump-times vectorized 2 loops 1
XPASS: gfortran.dg/vect/vect-5.f90  -O  scan-tree-dump-times Alignment of access forced using peeling 1
XPASS: gfortran.dg/vect/vect-5.f90  -O  scan-tree-dump-times Vectorizing an unaligned access 2

		=== gfortran Summary ===

# of expected passes		13619
# of unexpected successes	3
# of expected failures		13
# of unsupported tests		16
/home/eric/build/gcc-4_1-branch/native/gcc/testsuite/gfortran/../../gfortran  version 4.1.2

		=== g++ tests ===


Running target unix
XPASS: g++.dg/tree-ssa/pr14814.C scan-tree-dump-times &this 0
XPASS: g++.old-deja/g++.other/init5.C execution test

		=== g++ Summary ===

# of expected passes		12323
# of unexpected successes	2
# of expected failures		66
# of unsupported tests		98
/home/eric/build/gcc-4_1-branch/native/gcc/testsuite/g++/../../g++  version 4.1.2

		=== obj-c++ tests ===


Running target unix
FAIL: obj-c++.dg/bitfield-1.mm (test for excess errors)
FAIL: obj-c++.dg/bitfield-4.mm (test for excess errors)
FAIL: obj-c++.dg/cxx-ivars-2.mm execution test
FAIL: obj-c++.dg/encode-3.mm execution test
FAIL: obj-c++.dg/encode-8.mm execution test
FAIL: obj-c++.dg/isa-field-1.mm (test for excess errors)
FAIL: obj-c++.dg/layout-1.mm (test for excess errors)
FAIL: obj-c++.dg/lookup-2.mm (test for excess errors)
WARNING: obj-c++.dg/lookup-2.mm compilation failed to produce executable
FAIL: obj-c++.dg/try-catch-2.mm (test for excess errors)
WARNING: obj-c++.dg/try-catch-2.mm compilation failed to produce executable
FAIL: obj-c++.dg/try-catch-9.mm (test for excess errors)
WARNING: obj-c++.dg/try-catch-9.mm compilation failed to produce executable

		=== obj-c++ Summary ===

# of expected passes		419
# of unexpected failures	10
# of unsupported tests		13
/home/eric/build/gcc-4_1-branch/native/gcc/testsuite/obj-c++/../../g++  version 4.1.2

		=== objc tests ===


Running target unix

		=== objc Summary ===

# of expected passes		1722
# of unsupported tests		22
/home/eric/build/gcc-4_1-branch/native/gcc/xgcc  version 4.1.2

		=== libmudflap tests ===


Running target unix

		=== libmudflap Summary ===

# of expected passes		1799
		=== libstdc++ tests ===


Running target unix
XPASS: 26_numerics/cmath/c99_classification_macros_c.cc (test for excess errors)
XPASS: 27_io/fpos/14320-1.cc execution test

		=== libstdc++ Summary ===

# of expected passes		4020
# of unexpected successes	2
# of expected failures		11
# of unsupported tests		13

Compiler version: 4.1.2 
Platform: x86_64-suse-linux-gnu
configure flags: x86_64-suse-linux --prefix=/usr/local --enable-__cxa_atexit --enable-languages=c,ada,c++,fortran,objc,obj-c++
BOOT_CFLAGS=-g -O2


Index Nav: [Date Index] [Subject Index] [Author Index] [Thread Index]
Message Nav: [Date Prev] [Date Next] [Thread Prev] [Thread Next]