This is the mail archive of the
gcc-testresults@gcc.gnu.org
mailing list for the GCC project.
Results for 4.3.0 20070213 (experimental) testsuite on alphaev67-unknown-linux-gnu
- From: Richard Henderson <rth at twiddle dot net>
- To: gcc-testresults at gcc dot gnu dot org
- Date: Tue, 13 Feb 2007 19:44:53 -0800
- Subject: Results for 4.3.0 20070213 (experimental) testsuite on alphaev67-unknown-linux-gnu
LAST_UPDATED:
Native configuration is alphaev67-unknown-linux-gnu
=== g++ tests ===
Running target unix
FAIL: g++.dg/other/unused1.C scan-assembler (string|ascii?)z?\\t"class2("|\\\\\\\\000)
FAIL: g++.dg/other/unused1.C scan-assembler (string|ascii?)z?\\t"printer("|\\\\\\\\000)
=== g++ Summary ===
# of expected passes 13909
# of unexpected failures 2
# of expected failures 80
# of unsupported tests 121
/local/rth/gcc/bld-head/gcc/testsuite/g++/../../g++ version 4.3.0 20070213 (experimental)
=== gcc tests ===
Running target unix
FAIL: gcc.c-torture/execute/mayalias-2.c compilation, -O3 -g (internal compiler error)
UNRESOLVED: gcc.c-torture/execute/mayalias-2.c execution, -O3 -g
FAIL: gcc.c-torture/execute/mayalias-3.c compilation, -O3 -g (internal compiler error)
UNRESOLVED: gcc.c-torture/execute/mayalias-3.c execution, -O3 -g
FAIL: gcc.dg/pr27095.c scan-assembler-not (?n)strlen(.*\\n)+.*strlen
FAIL: gcc.dg/pr28796-2.c execution test
FAIL: gcc.dg/torture/builtin-pow-mpfr-1.c -O0 scan-tree-dump pow
FAIL: gcc.dg/torture/builtin-pow-mpfr-1.c -O1 scan-tree-dump pow
FAIL: gcc.dg/torture/builtin-pow-mpfr-1.c -O2 scan-tree-dump pow
FAIL: gcc.dg/torture/builtin-pow-mpfr-1.c -O3 -fomit-frame-pointer scan-tree-dump pow
FAIL: gcc.dg/torture/builtin-pow-mpfr-1.c -O3 -g scan-tree-dump pow
FAIL: gcc.dg/torture/builtin-pow-mpfr-1.c -Os scan-tree-dump pow
FAIL: gcc.dg/tree-ssa/loadpre1.c scan-tree-dump-times Eliminated: 1 1
FAIL: gcc.dg/tree-ssa/loop-15.c scan-tree-dump-times \\+ 0
FAIL: gcc.dg/tree-ssa/loop-15.c scan-tree-dump-times n \\* n 1
FAIL: gcc.dg/tree-ssa/loop-15.c scan-tree-dump-times if 1
XPASS: gcc.dg/tree-ssa/update-threading.c scan-tree-dump-times Invalid sum 0
FAIL: gcc.dg/vect/pr21591.c (internal compiler error)
FAIL: gcc.dg/vect/pr21591.c (test for excess errors)
FAIL: gcc.dg/vect/pr21591.c scan-tree-dump-times vectorized 2 loops 1
FAIL: gcc.dg/vect/pr29145.c (internal compiler error)
FAIL: gcc.dg/vect/pr29145.c (test for excess errors)
UNRESOLVED: gcc.dg/vect/pr29145.c compilation failed to produce executable
FAIL: gcc.dg/vect/vect-14.c (internal compiler error)
FAIL: gcc.dg/vect/vect-14.c (test for excess errors)
UNRESOLVED: gcc.dg/vect/vect-14.c compilation failed to produce executable
FAIL: gcc.dg/vect/vect-27.c (internal compiler error)
FAIL: gcc.dg/vect/vect-27.c (test for excess errors)
UNRESOLVED: gcc.dg/vect/vect-27.c compilation failed to produce executable
FAIL: gcc.dg/vect/vect-29.c (internal compiler error)
FAIL: gcc.dg/vect/vect-29.c (test for excess errors)
UNRESOLVED: gcc.dg/vect/vect-29.c compilation failed to produce executable
FAIL: gcc.dg/vect/vect-dv-2.c (internal compiler error)
FAIL: gcc.dg/vect/vect-dv-2.c (test for excess errors)
UNRESOLVED: gcc.dg/vect/vect-dv-2.c compilation failed to produce executable
FAIL: gcc.dg/vect/vect-iv-1.c scan-tree-dump-times vectorized 1 loops 1
FAIL: gcc.dg/vect/vect-iv-10.c (internal compiler error)
FAIL: gcc.dg/vect/vect-iv-10.c (test for excess errors)
UNRESOLVED: gcc.dg/vect/vect-iv-10.c compilation failed to produce executable
FAIL: gcc.dg/vect/vect-iv-11.c scan-tree-dump-times vectorized 1 loops 1
FAIL: gcc.dg/vect/vect-iv-2.c scan-tree-dump-times vectorized 1 loops 1
FAIL: gcc.dg/vect/vect-iv-3.c scan-tree-dump-times vectorized 1 loops 1
FAIL: gcc.dg/vect/vect-iv-4.c scan-tree-dump-times vectorized 1 loops 1
FAIL: gcc.dg/vect/vect-iv-6.c scan-tree-dump-times vectorized 1 loops 1
FAIL: gcc.dg/vect/vect-iv-9.c scan-tree-dump-times vectorized 1 loops 2
FAIL: gcc.dg/vect/vect-multitypes-1.c scan-tree-dump-times vectorized 1 loops 2
FAIL: gcc.dg/vect/vect-multitypes-1.c scan-tree-dump-times Alignment of access forced using peeling 2
FAIL: gcc.dg/vect/vect-multitypes-1.c scan-tree-dump-times Vectorizing an unaligned access 4
FAIL: gcc.dg/vect/vect-multitypes-4.c scan-tree-dump-times vectorized 1 loops 2
FAIL: gcc.dg/vect/vect-multitypes-4.c scan-tree-dump-times Alignment of access forced using peeling 2
FAIL: gcc.dg/vect/vect-multitypes-4.c scan-tree-dump-times Vectorizing an unaligned access 8
XPASS: gcc.dg/vect/vect-reduc-1char.c scan-tree-dump-times vectorized 3 loops 1
XPASS: gcc.dg/vect/vect-reduc-1short.c scan-tree-dump-times vectorized 3 loops 1
FAIL: gcc.dg/vect/vect-reduc-dot-u16b.c scan-tree-dump-times vectorized 1 loops 1
FAIL: gcc.dg/vect/vect-widen-mult-u16.c scan-tree-dump-times vectorized 1 loops 1
XPASS: gcc.dg/vect/wrapv-vect-reduc-2char.c scan-tree-dump-times vectorized 3 loops 1
XPASS: gcc.dg/vect/wrapv-vect-reduc-2short.c scan-tree-dump-times vectorized 3 loops 1
FAIL: gcc.dg/vect/no-section-anchors-vect-69.c scan-tree-dump-times Alignment of access forced using peeling 3
FAIL: gcc.dg/vect/no-tree-scev-cprop-vect-iv-1.c scan-tree-dump-times vectorized 1 loops 1
=== gcc Summary ===
# of expected passes 41995
# of unexpected failures 46
# of unexpected successes 5
# of expected failures 107
# of unresolved testcases 8
# of untested testcases 28
# of unsupported tests 457
/local/rth/gcc/bld-head/gcc/xgcc version 4.3.0 20070213 (experimental)
=== gfortran tests ===
Running target unix
FAIL: gfortran.dg/c_by_val_1.f -O0 execution test
FAIL: gfortran.dg/c_by_val_1.f -O1 execution test
FAIL: gfortran.dg/c_by_val_1.f -O2 execution test
FAIL: gfortran.dg/c_by_val_1.f -O3 -fomit-frame-pointer execution test
FAIL: gfortran.dg/c_by_val_1.f -O3 -fomit-frame-pointer -funroll-loops execution test
FAIL: gfortran.dg/c_by_val_1.f -O3 -fomit-frame-pointer -funroll-all-loops -finline-functions execution test
FAIL: gfortran.dg/c_by_val_1.f -O3 -g execution test
FAIL: gfortran.dg/c_by_val_1.f -Os execution test
FAIL: gfortran.dg/csqrt_2.f -O0 execution test
FAIL: gfortran.dg/csqrt_2.f -O1 execution test
FAIL: gfortran.dg/csqrt_2.f -O2 execution test
FAIL: gfortran.dg/csqrt_2.f -O3 -fomit-frame-pointer execution test
FAIL: gfortran.dg/csqrt_2.f -O3 -fomit-frame-pointer -funroll-loops execution test
FAIL: gfortran.dg/csqrt_2.f -O3 -fomit-frame-pointer -funroll-all-loops -finline-functions execution test
FAIL: gfortran.dg/csqrt_2.f -O3 -g execution test
FAIL: gfortran.dg/csqrt_2.f -Os execution test
FAIL: gfortran.dg/nearest_1.f90 -O0 execution test
FAIL: gfortran.dg/nearest_1.f90 -O1 execution test
FAIL: gfortran.dg/nearest_1.f90 -O2 execution test
FAIL: gfortran.dg/nearest_1.f90 -O3 -fomit-frame-pointer execution test
FAIL: gfortran.dg/nearest_1.f90 -O3 -fomit-frame-pointer -funroll-loops execution test
FAIL: gfortran.dg/nearest_1.f90 -O3 -fomit-frame-pointer -funroll-all-loops -finline-functions execution test
FAIL: gfortran.dg/nearest_1.f90 -O3 -g execution test
FAIL: gfortran.dg/nearest_1.f90 -Os execution test
FAIL: gfortran.dg/value_4.f90 -O0 execution test
FAIL: gfortran.dg/value_4.f90 -O1 execution test
FAIL: gfortran.dg/value_4.f90 -O2 execution test
FAIL: gfortran.dg/value_4.f90 -O3 -fomit-frame-pointer execution test
FAIL: gfortran.dg/value_4.f90 -O3 -fomit-frame-pointer -funroll-loops execution test
FAIL: gfortran.dg/value_4.f90 -O3 -fomit-frame-pointer -funroll-all-loops -finline-functions execution test
FAIL: gfortran.dg/value_4.f90 -O3 -g execution test
FAIL: gfortran.dg/value_4.f90 -Os execution test
FAIL: gfortran.fortran-torture/execute/intrinsic_len.f90 execution, -O2
FAIL: gfortran.fortran-torture/execute/intrinsic_len.f90 execution, -O3 -fomit-frame-pointer
FAIL: gfortran.fortran-torture/execute/intrinsic_len.f90 execution, -O3 -fomit-frame-pointer -funroll-loops
FAIL: gfortran.fortran-torture/execute/intrinsic_len.f90 execution, -O3 -fomit-frame-pointer -funroll-all-loops -finline-functions
FAIL: gfortran.fortran-torture/execute/intrinsic_len.f90 execution, -O3 -g
FAIL: gfortran.fortran-torture/execute/intrinsic_len.f90 execution, -Os
=== gfortran Summary ===
# of expected passes 16139
# of unexpected failures 38
# of expected failures 6
# of unsupported tests 81
/local/rth/gcc/bld-head/gcc/testsuite/gfortran/../../gfortran version 4.3.0 20070213 (experimental)
Compiler version: 4.3.0 20070213 (experimental)
Platform: alphaev67-unknown-linux-gnu
configure flags: --disable-bootstrap --enable-languages=c,c++,fortran