This is the mail archive of the gcc-testresults@gcc.gnu.org mailing list for the GCC project.


Index Nav: [Date Index] [Subject Index] [Author Index] [Thread Index]
Message Nav: [Date Prev] [Date Next] [Thread Prev] [Thread Next]
Other format: [Raw text]

Results for 4.0.4 testsuite on i686-sle10-linux-gnu


Compiler version: 4.0.4 
Platform:	  i686-sle10-linux-gnu

Sources:	  Official 4.0.4 tarball
LAST_UPDATED:	  Obtained from SVN: tags/gcc_4_0_4_release revision 121416
Patches:	  None.

Environment:	  - SUSE Linux Enterprise 10 + recommended updates as of today
		  - Linux version 2.6.16.27-0.6-smp (geeko@buildhost) (gcc version 4.1.0 (SUSE Linux)) #1 SMP Wed Dec 13 09:34:50 UTC 2006
		  - binutils-2.16.1 (FSF release)
		  - dejagnu-1.4.4-16.2 (SLE 10)
		  - expect-5.43.0-16.2 (SLE 10)
		  - glibc-2.4-31.5 (SLE 10)

Remarks:	  None.


configure flags:  --host=i686-sle10-linux-gnu --target=i686-sle10-linux-gnu --build=i686-sle10-linux-gnu --srcdir=../gcc-4.0.4 --prefix=/opt/gnu --with-gnu-as --with-gnu-ld --enable-__cxa_atexit --enable-checking=release --enable-clocale=gnu --enable-interpreter --enable-shared --enable-threads=posix --with-system-zlib --with-local-prefix=/opt/gnu --disable-nls --verbose --enable-languages=c,ada,c++,f95,java,objc
BOOT_CC:	  gcc version 4.0.3
BOOT_CFLAGS:      -O2
CFLAGS:           -O2
CXXFLAGS:         -O2 -g
GCJFLAGS:         -O2 -g


Results for 4.0.4 testsuite on i686-sle10-linux-gnu


Native configuration is i686-sle10-linux-gnu

		=== acats tests ===

		=== acats Summary ===

# of expected passes		2320
# of unexpected failures	0

		=== g++ tests ===

Running target unix
XPASS: g++.old-deja/g++.other/init5.C execution test

		=== g++ Summary ===

# of expected passes		11642
# of unexpected successes	1
# of expected failures		69
# of unsupported tests		56
/home/gnu/work/GNU/gcc-4.0.4-i686-sle10-linux-gnu/gcc/testsuite/g++/../../g++  version 4.0.4

		=== gcc tests ===

Running target unix
FAIL: gcc.dg/cleanup-10.c execution test
FAIL: gcc.dg/cleanup-11.c execution test
FAIL: gcc.dg/cleanup-8.c execution test
FAIL: gcc.dg/cleanup-9.c execution test
FAIL: gcc.dg/vect/pr20122.c scan-tree-dump-times vectorized 1 loops 2
XPASS: gcc.dg/vect/vect-22.c scan-tree-dump-times vectorized 3 loops 1

		=== gcc Summary ===

# of expected passes		35736
# of unexpected failures	5
# of unexpected successes	1
# of expected failures		94
# of untested testcases		28
# of unsupported tests		328
/home/gnu/work/GNU/gcc-4.0.4-i686-sle10-linux-gnu/gcc/xgcc  version 4.0.4

		=== gfortran tests ===

Running target unix

		=== gfortran Summary ===

# of expected passes		8858
# of expected failures		1
/home/gnu/work/GNU/gcc-4.0.4-i686-sle10-linux-gnu/gcc/testsuite/gfortran/../../gfortran  version 4.0.4

		=== objc tests ===

Running target unix

		=== objc Summary ===

# of expected passes		1554
# of unsupported tests		10
/home/gnu/work/GNU/gcc-4.0.4-i686-sle10-linux-gnu/gcc/xgcc  version 4.0.4

		=== libffi tests ===

Running target unix

		=== libffi Summary ===

# of expected passes		219
# of unsupported tests		2

		=== libjava tests ===

Running target unix

		=== libjava Summary ===

# of expected passes		3899
# of expected failures		10
# of untested testcases		8

		=== libmudflap tests ===

Running target unix
FAIL: libmudflap.cth/pass40-frag.c execution test
FAIL: libmudflap.cth/pass40-frag.c output pattern test
FAIL: libmudflap.cth/pass40-frag.c (-O2) execution test
FAIL: libmudflap.cth/pass40-frag.c (-O2) output pattern test
FAIL: libmudflap.cth/pass40-frag.c (-O3) execution test
FAIL: libmudflap.cth/pass40-frag.c (-O3) output pattern test

		=== libmudflap Summary ===

# of expected passes		1282
# of unexpected failures	6

		=== libstdc++ tests ===

Running target unix
XPASS: 22_locale/locale/cons/12658_thread-1.cc execution test
FAIL: 22_locale/messages/members/char/1.cc execution test
FAIL: 22_locale/messages/members/char/2.cc execution test
FAIL: 22_locale/messages/members/char/wrapped_env.cc execution test
FAIL: 22_locale/messages/members/char/wrapped_locale.cc execution test
FAIL: 22_locale/messages_byname/named_equivalence.cc execution test
XPASS: 26_numerics/cmath/c99_classification_macros_c.cc (test for excess errors)

		=== libstdc++ Summary ===

# of expected passes		3708
# of unexpected failures	5
# of unexpected successes	2
# of expected failures		12


Counting all warnings,
there are 57 warnings in stage3 of this bootstrap.

Number of warnings per file:
     22 ./auto-host.h
     11 gcc/tsystem.h
     11 gcc/defaults.h
      3 gengtype-lex.c
      3 gcc/gcc.c
      2 gcc/objc/lang-specs.h
      1 insn-conditions.c
      1 gcc/java/jvspec.c
      1 gcc/cp/parser.c
      1 gcc/config/i386/i386.md
      1 gcc/ada/tracebak.c

Number of warning types:
     22 this is the location of the previous definition
     11 `HAVE_DECL_GETOPT' redefined
     11 `DEFAULT_USE_CXA_ATEXIT' redefined
      7 string length `???' is greater than the length `???' ISO C89 compilers are required to support
      3 old-style function definition
      1 operand 1 missing mode?
      1 comparison of unsigned expression < 0 is always false
      1 `???' may be used uninitialized in this function


Index Nav: [Date Index] [Subject Index] [Author Index] [Thread Index]
Message Nav: [Date Prev] [Date Next] [Thread Prev] [Thread Next]