This is the mail archive of the gcc-testresults@gcc.gnu.org mailing list for the GCC project.


Index Nav: [Date Index] [Subject Index] [Author Index] [Thread Index]
Message Nav: [Date Prev] [Date Next] [Thread Prev] [Thread Next]
Other format: [Raw text]

Results for 4.2.0 20070212 (prerelease) testsuite on x86_64-unknown-linux-gnu


This is a Red Hat Enterprise (GNU/)Linux WS release 3 system
(yes, horribly old) running on a dual 2.19 GHz AMD Opteron machine.

boot compiler: gcc 3.2.3 (Red Hat 3.2.3-52)

kernel: 2.4.21-32.EL (from Red Hat)
glibc: 2.3.2-95.33 (from Red Hat)
binutils: 2.17 (FSF release)
MPFR: 2.2.1

Only C, C++, ObjC, and Fortran are tested (no Java).
LAST_UPDATED: Mon Feb 12 08:42:34 UTC 2007 (revision 121842)

Native configuration is x86_64-unknown-linux-gnu

		=== g++ tests ===


Running target unix
XPASS: g++.dg/tree-ssa/ivopts-1.C scan-tree-dump-not offset: -4B
XPASS: g++.dg/tree-ssa/ivopts-1.C scan-tree-dump-not &x\\[5\\]

		=== g++ Summary ===

# of expected passes		13273
# of unexpected successes	2
# of expected failures		67
# of unsupported tests		103
/var/tmp/gccbuild/4_2_branch/gcc/testsuite/g++/../../g++  version 4.2.0 20070212 (prerelease)

		=== gcc tests ===


Running target unix
FAIL: gcc.c-torture/execute/mayalias-2.c compilation,  -O3 -g  (internal compiler error)
UNRESOLVED: gcc.c-torture/execute/mayalias-2.c execution,  -O3 -g 
WARNING: gcc.dg/torture/fp-int-convert-float128-timode.c compilation failed to produce executable
WARNING: gcc.dg/torture/fp-int-convert-float128-timode.c compilation failed to produce executable
WARNING: gcc.dg/torture/fp-int-convert-float128-timode.c compilation failed to produce executable
WARNING: gcc.dg/torture/fp-int-convert-float128-timode.c compilation failed to produce executable
WARNING: gcc.dg/torture/fp-int-convert-float128-timode.c compilation failed to produce executable
WARNING: gcc.dg/torture/fp-int-convert-float128-timode.c compilation failed to produce executable
WARNING: gcc.dg/torture/fp-int-convert-float128.c compilation failed to produce executable
WARNING: gcc.dg/torture/fp-int-convert-float128.c compilation failed to produce executable
WARNING: gcc.dg/torture/fp-int-convert-float128.c compilation failed to produce executable
WARNING: gcc.dg/torture/fp-int-convert-float128.c compilation failed to produce executable
WARNING: gcc.dg/torture/fp-int-convert-float128.c compilation failed to produce executable
WARNING: gcc.dg/torture/fp-int-convert-float128.c compilation failed to produce executable
FAIL: gcc.dg/tree-ssa/loadpre1.c scan-tree-dump-times Eliminated: 1 1
FAIL: gcc.dg/tree-ssa/loadpre14.c scan-tree-dump-times Eliminated: 1 1
FAIL: gcc.dg/tree-ssa/loadpre15.c scan-tree-dump-times Eliminated: 1 1
FAIL: gcc.target/i386/vectorize1.c (internal compiler error)
FAIL: gcc.target/i386/vectorize1.c (test for excess errors)

		=== gcc Summary ===

# of expected passes		41590
# of unexpected failures	6
# of expected failures		123
# of unresolved testcases	1
# of untested testcases		28
# of unsupported tests		399
/var/tmp/gccbuild/4_2_branch/gcc/xgcc  version 4.2.0 20070212 (prerelease)

		=== gfortran tests ===


Running target unix

		=== gfortran Summary ===

# of expected passes		15620
# of expected failures		15
# of unsupported tests		17
/var/tmp/gccbuild/4_2_branch/gcc/testsuite/gfortran/../../gfortran  version 4.2.0 20070212 (prerelease)

		=== objc tests ===


Running target unix

		=== objc Summary ===

# of expected passes		1790
# of expected failures		7
# of unsupported tests		24
/var/tmp/gccbuild/4_2_branch/gcc/xgcc  version 4.2.0 20070212 (prerelease)

		=== libgomp tests ===


Running target unix

		=== libgomp Summary ===

# of expected passes		1566
		=== libmudflap tests ===


Running target unix

		=== libmudflap Summary ===

# of expected passes		1814
		=== libstdc++ tests ===


Running target unix
XPASS: 26_numerics/cmath/c99_classification_macros_c.cc (test for excess errors)
XPASS: 27_io/fpos/14320-1.cc execution test

		=== libstdc++ Summary ===

# of expected passes		1739
# of unexpected successes	2
# of expected failures		7

Compiler version: 4.2.0 20070212 (prerelease) 
Platform: x86_64-unknown-linux-gnu
configure flags: --prefix=/u/jbuck/cvs.x86_64/4_2_branch --with-gnu-as --with-as=/u/jbuck/gnu.amd64/bin/as --with-gnu-ld --with-ld=/u/jbuck/gnu.amd64/bin/ld --with-mpfr=/u/jbuck/gnu.amd64 --enable-languages=c,c++,fortran,objc


Index Nav: [Date Index] [Subject Index] [Author Index] [Thread Index]
Message Nav: [Date Prev] [Date Next] [Thread Prev] [Thread Next]