This is the mail archive of the
gcc-testresults@gcc.gnu.org
mailing list for the GCC project.
Results for 4.1.220070209(prerelease) testsuite on x86_64-unknown-linux-gnu
- From: Laurent GUERBY <laurent at guerby dot net>
- To: gcc-test <gcc-testresults at gcc dot gnu dot org>
- Date: Sat, 10 Feb 2007 12:48:22 +0100
- Subject: Results for 4.1.220070209(prerelease) testsuite on x86_64-unknown-linux-gnu
Ubuntu Feisty Herd 3 up to date 20070210
Base compiler provided by OS: gcc version 4.1.2 20070129 (prerelease) (Ubuntu 4.1.1-31ubuntu2)
LAST_UPDATED: Obtained from SVN: branches/gcc-4_1-branch revision 121738
=== acats tests ===
=== acats Summary ===
# of expected passes 2317
# of unexpected failures 0
Native configuration is x86_64-unknown-linux-gnu
=== gcc tests ===
Running target unix
=== gcc Summary ===
# of expected passes 38842
# of expected failures 100
# of untested testcases 28
# of unsupported tests 359
/home/guerby/work/build/gcc/xgcc version 4.1.2 20070209 (prerelease)
=== gfortran tests ===
Running target unix
XPASS: gfortran.dg/csqrt_2.f -O0 execution test
XPASS: gfortran.dg/csqrt_2.f -O1 execution test
XPASS: gfortran.dg/csqrt_2.f -O2 execution test
XPASS: gfortran.dg/csqrt_2.f -O3 -fomit-frame-pointer execution test
XPASS: gfortran.dg/csqrt_2.f -O3 -fomit-frame-pointer -funroll-loops execution test
XPASS: gfortran.dg/csqrt_2.f -O3 -fomit-frame-pointer -funroll-all-loops -finline-functions execution test
XPASS: gfortran.dg/csqrt_2.f -O3 -g execution test
XPASS: gfortran.dg/csqrt_2.f -Os execution test
XPASS: gfortran.dg/vect/vect-5.f90 -O scan-tree-dump-times vectorized 2 loops 1
XPASS: gfortran.dg/vect/vect-5.f90 -O scan-tree-dump-times Alignment of access forced using peeling 1
XPASS: gfortran.dg/vect/vect-5.f90 -O scan-tree-dump-times Vectorizing an unaligned access 2
=== gfortran Summary ===
# of expected passes 13603
# of unexpected successes 11
# of expected failures 5
# of unsupported tests 16
/home/guerby/work/build/gcc/testsuite/gfortran/../../gfortran version 4.1.2 20070209 (prerelease)
=== g++ tests ===
Running target unix
XPASS: g++.dg/tree-ssa/pr14814.C scan-tree-dump-times &this 0
XPASS: g++.old-deja/g++.other/init5.C execution test
=== g++ Summary ===
# of expected passes 12350
# of unexpected successes 2
# of expected failures 66
# of unsupported tests 98
/home/guerby/work/build/gcc/testsuite/g++/../../g++ version 4.1.2 20070209 (prerelease)
=== objc tests ===
Running target unix
=== objc Summary ===
# of expected passes 1722
# of unsupported tests 22
/home/guerby/work/build/gcc/xgcc version 4.1.2 20070209 (prerelease)
=== libffi tests ===
Running target unix
=== libffi Summary ===
# of expected passes 228
# of unsupported tests 2
=== libjava tests ===
Running target unix
=== libjava Summary ===
# of expected passes 4060
# of expected failures 10
# of untested testcases 8
=== libmudflap tests ===
Running target unix
FAIL: libmudflap.c/fail8-frag.c (-static) output pattern test
FAIL: libmudflap.c/fail9-frag.c (-static) output pattern test
=== libmudflap Summary ===
# of expected passes 1797
# of unexpected failures 2
=== libstdc++ tests ===
Running target unix
FAIL: abi_check
XPASS: 26_numerics/cmath/c99_classification_macros_c.cc (test for excess errors)
XPASS: 27_io/fpos/14320-1.cc execution test
=== libstdc++ Summary ===
# of expected passes 3397
# of unexpected failures 1
# of unexpected successes 2
# of expected failures 11
# of unsupported tests 324
Compiler version: 4.1.220070209(prerelease)
Platform: x86_64-unknown-linux-gnu
configure flags: --enable-__cxa_atexit --disable-nls --enable-threads=posix --disable-multilib --prefix=/home/guerby/tmp/install --enable-languages=c,ada,c++,fortran,java,objc