This is the mail archive of the
gcc-testresults@gcc.gnu.org
mailing list for the GCC project.
Results for 4.3.0 20070208 (experimental) gcc testsuite on mips-unknown-elf
- From: mstein at phenix dot rootshell dot be (mstein)
- To: gcc-testresults at gcc dot gnu dot org
- Date: Fri, 9 Feb 2007 07:01:41 +0100 (CET)
- Subject: Results for 4.3.0 20070208 (experimental) gcc testsuite on mips-unknown-elf
Ubuntu 5 on pentium3-smp
cross tool versions:
GNU assembler 2.17.50 20061203
GNU gdb 6.6.50.20061203-cvs
GNU ld version 2.17.50 20061203
GNU Make 3.80
expect version 5.42.1
host gcc version: gcc (GCC) 4.3.0 20070207 (experimental)
LAST_UPDATED: Thu Feb 8 01:21:50 UTC 2007 (revision 121707)
Target is mips-unknown-elf
Host is i686-pc-linux-gnu
=== gcc tests ===
Running target mips-sim
FAIL: gcc.c-torture/compile/990625-1.c -O0 (test for excess errors)
FAIL: gcc.c-torture/compile/990625-1.c -O1 (test for excess errors)
FAIL: gcc.c-torture/compile/990625-1.c -O2 (test for excess errors)
FAIL: gcc.c-torture/compile/990625-1.c -O3 -fomit-frame-pointer (test for excess errors)
FAIL: gcc.c-torture/compile/990625-1.c -O3 -fomit-frame-pointer -funroll-loops (test for excess errors)
FAIL: gcc.c-torture/compile/990625-1.c -O3 -fomit-frame-pointer -funroll-all-loops -finline-functions (test for excess errors)
FAIL: gcc.c-torture/compile/990625-1.c -O3 -g (test for excess errors)
FAIL: gcc.c-torture/compile/990625-1.c -Os (test for excess errors)
FAIL: gcc.c-torture/execute/builtins/fprintf.c compilation, -O0
UNRESOLVED: gcc.c-torture/execute/builtins/fprintf.c execution, -O0
FAIL: gcc.c-torture/execute/builtins/fprintf.c compilation, -O1
UNRESOLVED: gcc.c-torture/execute/builtins/fprintf.c execution, -O1
FAIL: gcc.c-torture/execute/builtins/fprintf.c compilation, -O2
UNRESOLVED: gcc.c-torture/execute/builtins/fprintf.c execution, -O2
FAIL: gcc.c-torture/execute/builtins/fprintf.c compilation, -O3 -fomit-frame-pointer
UNRESOLVED: gcc.c-torture/execute/builtins/fprintf.c execution, -O3 -fomit-frame-pointer
FAIL: gcc.c-torture/execute/builtins/fprintf.c compilation, -O3 -g
UNRESOLVED: gcc.c-torture/execute/builtins/fprintf.c execution, -O3 -g
FAIL: gcc.c-torture/execute/builtins/fprintf.c compilation, -Os
UNRESOLVED: gcc.c-torture/execute/builtins/fprintf.c execution, -Os
FAIL: gcc.c-torture/execute/builtins/fputs.c compilation, -O0
UNRESOLVED: gcc.c-torture/execute/builtins/fputs.c execution, -O0
FAIL: gcc.c-torture/execute/builtins/fputs.c compilation, -O1
UNRESOLVED: gcc.c-torture/execute/builtins/fputs.c execution, -O1
FAIL: gcc.c-torture/execute/builtins/fputs.c compilation, -O2
UNRESOLVED: gcc.c-torture/execute/builtins/fputs.c execution, -O2
FAIL: gcc.c-torture/execute/builtins/fputs.c compilation, -O3 -fomit-frame-pointer
UNRESOLVED: gcc.c-torture/execute/builtins/fputs.c execution, -O3 -fomit-frame-pointer
FAIL: gcc.c-torture/execute/builtins/fputs.c compilation, -O3 -g
UNRESOLVED: gcc.c-torture/execute/builtins/fputs.c execution, -O3 -g
FAIL: gcc.c-torture/execute/builtins/fputs.c compilation, -Os
UNRESOLVED: gcc.c-torture/execute/builtins/fputs.c execution, -Os
FAIL: gcc.c-torture/execute/builtins/printf.c compilation, -O0
UNRESOLVED: gcc.c-torture/execute/builtins/printf.c execution, -O0
FAIL: gcc.c-torture/execute/builtins/printf.c compilation, -O1
UNRESOLVED: gcc.c-torture/execute/builtins/printf.c execution, -O1
FAIL: gcc.c-torture/execute/builtins/printf.c compilation, -O2
UNRESOLVED: gcc.c-torture/execute/builtins/printf.c execution, -O2
FAIL: gcc.c-torture/execute/builtins/printf.c compilation, -O3 -fomit-frame-pointer
UNRESOLVED: gcc.c-torture/execute/builtins/printf.c execution, -O3 -fomit-frame-pointer
FAIL: gcc.c-torture/execute/builtins/printf.c compilation, -O3 -g
UNRESOLVED: gcc.c-torture/execute/builtins/printf.c execution, -O3 -g
FAIL: gcc.c-torture/execute/builtins/printf.c compilation, -Os
UNRESOLVED: gcc.c-torture/execute/builtins/printf.c execution, -Os
FAIL: gcc.c-torture/execute/builtins/sprintf.c compilation, -O0
UNRESOLVED: gcc.c-torture/execute/builtins/sprintf.c execution, -O0
FAIL: gcc.c-torture/execute/builtins/sprintf.c compilation, -O1
UNRESOLVED: gcc.c-torture/execute/builtins/sprintf.c execution, -O1
FAIL: gcc.c-torture/execute/builtins/sprintf.c compilation, -O2
UNRESOLVED: gcc.c-torture/execute/builtins/sprintf.c execution, -O2
FAIL: gcc.c-torture/execute/builtins/sprintf.c compilation, -O3 -fomit-frame-pointer
UNRESOLVED: gcc.c-torture/execute/builtins/sprintf.c execution, -O3 -fomit-frame-pointer
FAIL: gcc.c-torture/execute/builtins/sprintf.c compilation, -O3 -g
UNRESOLVED: gcc.c-torture/execute/builtins/sprintf.c execution, -O3 -g
FAIL: gcc.c-torture/execute/builtins/sprintf.c compilation, -Os
UNRESOLVED: gcc.c-torture/execute/builtins/sprintf.c execution, -Os
FAIL: gcc.c-torture/execute/20000112-1.c compilation, -O0
UNRESOLVED: gcc.c-torture/execute/20000112-1.c execution, -O0
FAIL: gcc.c-torture/execute/20000112-1.c compilation, -O1
UNRESOLVED: gcc.c-torture/execute/20000112-1.c execution, -O1
FAIL: gcc.c-torture/execute/20000112-1.c compilation, -O2
UNRESOLVED: gcc.c-torture/execute/20000112-1.c execution, -O2
FAIL: gcc.c-torture/execute/20000112-1.c compilation, -O3 -fomit-frame-pointer
UNRESOLVED: gcc.c-torture/execute/20000112-1.c execution, -O3 -fomit-frame-pointer
FAIL: gcc.c-torture/execute/20000112-1.c compilation, -O3 -fomit-frame-pointer -funroll-loops
UNRESOLVED: gcc.c-torture/execute/20000112-1.c execution, -O3 -fomit-frame-pointer -funroll-loops
FAIL: gcc.c-torture/execute/20000112-1.c compilation, -O3 -fomit-frame-pointer -funroll-all-loops -finline-functions
UNRESOLVED: gcc.c-torture/execute/20000112-1.c execution, -O3 -fomit-frame-pointer -funroll-all-loops -finline-functions
FAIL: gcc.c-torture/execute/20000112-1.c compilation, -O3 -g
UNRESOLVED: gcc.c-torture/execute/20000112-1.c execution, -O3 -g
FAIL: gcc.c-torture/execute/20000112-1.c compilation, -Os
UNRESOLVED: gcc.c-torture/execute/20000112-1.c execution, -Os
FAIL: gcc.c-torture/execute/20000402-1.c compilation, -O0
UNRESOLVED: gcc.c-torture/execute/20000402-1.c execution, -O0
FAIL: gcc.c-torture/execute/20000402-1.c compilation, -O1
UNRESOLVED: gcc.c-torture/execute/20000402-1.c execution, -O1
FAIL: gcc.c-torture/execute/20000402-1.c compilation, -O2
UNRESOLVED: gcc.c-torture/execute/20000402-1.c execution, -O2
FAIL: gcc.c-torture/execute/20000402-1.c compilation, -O3 -fomit-frame-pointer
UNRESOLVED: gcc.c-torture/execute/20000402-1.c execution, -O3 -fomit-frame-pointer
FAIL: gcc.c-torture/execute/20000402-1.c compilation, -O3 -g
UNRESOLVED: gcc.c-torture/execute/20000402-1.c execution, -O3 -g
FAIL: gcc.c-torture/execute/20000402-1.c compilation, -Os
UNRESOLVED: gcc.c-torture/execute/20000402-1.c execution, -Os
FAIL: gcc.c-torture/execute/20000910-1.c compilation, -O0
UNRESOLVED: gcc.c-torture/execute/20000910-1.c execution, -O0
FAIL: gcc.c-torture/execute/20000910-1.c compilation, -O1
UNRESOLVED: gcc.c-torture/execute/20000910-1.c execution, -O1
FAIL: gcc.c-torture/execute/20000910-1.c compilation, -O2
UNRESOLVED: gcc.c-torture/execute/20000910-1.c execution, -O2
FAIL: gcc.c-torture/execute/20000910-1.c compilation, -O3 -fomit-frame-pointer
UNRESOLVED: gcc.c-torture/execute/20000910-1.c execution, -O3 -fomit-frame-pointer
FAIL: gcc.c-torture/execute/20000910-1.c compilation, -O3 -fomit-frame-pointer -funroll-loops
UNRESOLVED: gcc.c-torture/execute/20000910-1.c execution, -O3 -fomit-frame-pointer -funroll-loops
FAIL: gcc.c-torture/execute/20000910-1.c compilation, -O3 -fomit-frame-pointer -funroll-all-loops -finline-functions
UNRESOLVED: gcc.c-torture/execute/20000910-1.c execution, -O3 -fomit-frame-pointer -funroll-all-loops -finline-functions
FAIL: gcc.c-torture/execute/20000910-1.c compilation, -O3 -g
UNRESOLVED: gcc.c-torture/execute/20000910-1.c execution, -O3 -g
FAIL: gcc.c-torture/execute/20000910-1.c compilation, -Os
UNRESOLVED: gcc.c-torture/execute/20000910-1.c execution, -Os
FAIL: gcc.c-torture/execute/20000910-2.c compilation, -O0
UNRESOLVED: gcc.c-torture/execute/20000910-2.c execution, -O0
FAIL: gcc.c-torture/execute/20000910-2.c compilation, -O1
UNRESOLVED: gcc.c-torture/execute/20000910-2.c execution, -O1
FAIL: gcc.c-torture/execute/20000910-2.c compilation, -O2
UNRESOLVED: gcc.c-torture/execute/20000910-2.c execution, -O2
FAIL: gcc.c-torture/execute/20000910-2.c compilation, -O3 -fomit-frame-pointer
UNRESOLVED: gcc.c-torture/execute/20000910-2.c execution, -O3 -fomit-frame-pointer
FAIL: gcc.c-torture/execute/20000910-2.c compilation, -O3 -fomit-frame-pointer -funroll-loops
UNRESOLVED: gcc.c-torture/execute/20000910-2.c execution, -O3 -fomit-frame-pointer -funroll-loops
FAIL: gcc.c-torture/execute/20000910-2.c compilation, -O3 -fomit-frame-pointer -funroll-all-loops -finline-functions
UNRESOLVED: gcc.c-torture/execute/20000910-2.c execution, -O3 -fomit-frame-pointer -funroll-all-loops -finline-functions
FAIL: gcc.c-torture/execute/20000910-2.c compilation, -O3 -g
UNRESOLVED: gcc.c-torture/execute/20000910-2.c execution, -O3 -g
FAIL: gcc.c-torture/execute/20000910-2.c compilation, -Os
UNRESOLVED: gcc.c-torture/execute/20000910-2.c execution, -Os
FAIL: gcc.c-torture/execute/20021010-2.c compilation, -O0
UNRESOLVED: gcc.c-torture/execute/20021010-2.c execution, -O0
FAIL: gcc.c-torture/execute/20021010-2.c compilation, -O1
UNRESOLVED: gcc.c-torture/execute/20021010-2.c execution, -O1
FAIL: gcc.c-torture/execute/20021010-2.c compilation, -O2
UNRESOLVED: gcc.c-torture/execute/20021010-2.c execution, -O2
FAIL: gcc.c-torture/execute/20021010-2.c compilation, -O3 -fomit-frame-pointer
UNRESOLVED: gcc.c-torture/execute/20021010-2.c execution, -O3 -fomit-frame-pointer
FAIL: gcc.c-torture/execute/20021010-2.c compilation, -O3 -g
UNRESOLVED: gcc.c-torture/execute/20021010-2.c execution, -O3 -g
FAIL: gcc.c-torture/execute/20021010-2.c compilation, -Os
UNRESOLVED: gcc.c-torture/execute/20021010-2.c execution, -Os
FAIL: gcc.c-torture/execute/20031204-1.c compilation, -O0
UNRESOLVED: gcc.c-torture/execute/20031204-1.c execution, -O0
FAIL: gcc.c-torture/execute/20031204-1.c compilation, -O1
UNRESOLVED: gcc.c-torture/execute/20031204-1.c execution, -O1
FAIL: gcc.c-torture/execute/20031204-1.c compilation, -O2
UNRESOLVED: gcc.c-torture/execute/20031204-1.c execution, -O2
FAIL: gcc.c-torture/execute/20031204-1.c compilation, -O3 -fomit-frame-pointer
UNRESOLVED: gcc.c-torture/execute/20031204-1.c execution, -O3 -fomit-frame-pointer
FAIL: gcc.c-torture/execute/20031204-1.c compilation, -O3 -fomit-frame-pointer -funroll-loops
UNRESOLVED: gcc.c-torture/execute/20031204-1.c execution, -O3 -fomit-frame-pointer -funroll-loops
FAIL: gcc.c-torture/execute/20031204-1.c compilation, -O3 -fomit-frame-pointer -funroll-all-loops -finline-functions
UNRESOLVED: gcc.c-torture/execute/20031204-1.c execution, -O3 -fomit-frame-pointer -funroll-all-loops -finline-functions
FAIL: gcc.c-torture/execute/20031204-1.c compilation, -O3 -g
UNRESOLVED: gcc.c-torture/execute/20031204-1.c execution, -O3 -g
FAIL: gcc.c-torture/execute/20031204-1.c compilation, -Os
UNRESOLVED: gcc.c-torture/execute/20031204-1.c execution, -Os
FAIL: gcc.c-torture/execute/20040223-1.c compilation, -O0
UNRESOLVED: gcc.c-torture/execute/20040223-1.c execution, -O0
FAIL: gcc.c-torture/execute/20040223-1.c compilation, -O1
UNRESOLVED: gcc.c-torture/execute/20040223-1.c execution, -O1
FAIL: gcc.c-torture/execute/20040223-1.c compilation, -O2
UNRESOLVED: gcc.c-torture/execute/20040223-1.c execution, -O2
FAIL: gcc.c-torture/execute/20040223-1.c compilation, -O3 -fomit-frame-pointer
UNRESOLVED: gcc.c-torture/execute/20040223-1.c execution, -O3 -fomit-frame-pointer
FAIL: gcc.c-torture/execute/20040223-1.c compilation, -O3 -g
UNRESOLVED: gcc.c-torture/execute/20040223-1.c execution, -O3 -g
FAIL: gcc.c-torture/execute/20040223-1.c compilation, -Os
UNRESOLVED: gcc.c-torture/execute/20040223-1.c execution, -Os
FAIL: gcc.c-torture/execute/20040823-1.c compilation, -O0
UNRESOLVED: gcc.c-torture/execute/20040823-1.c execution, -O0
FAIL: gcc.c-torture/execute/20040823-1.c compilation, -O1
UNRESOLVED: gcc.c-torture/execute/20040823-1.c execution, -O1
FAIL: gcc.c-torture/execute/20040823-1.c compilation, -O2
UNRESOLVED: gcc.c-torture/execute/20040823-1.c execution, -O2
FAIL: gcc.c-torture/execute/20040823-1.c compilation, -O3 -fomit-frame-pointer
UNRESOLVED: gcc.c-torture/execute/20040823-1.c execution, -O3 -fomit-frame-pointer
FAIL: gcc.c-torture/execute/20040823-1.c compilation, -O3 -g
UNRESOLVED: gcc.c-torture/execute/20040823-1.c execution, -O3 -g
FAIL: gcc.c-torture/execute/20040823-1.c compilation, -Os
UNRESOLVED: gcc.c-torture/execute/20040823-1.c execution, -Os
FAIL: gcc.c-torture/execute/20050125-1.c compilation, -O0
UNRESOLVED: gcc.c-torture/execute/20050125-1.c execution, -O0
FAIL: gcc.c-torture/execute/20050125-1.c compilation, -O1
UNRESOLVED: gcc.c-torture/execute/20050125-1.c execution, -O1
FAIL: gcc.c-torture/execute/20050125-1.c compilation, -O2
UNRESOLVED: gcc.c-torture/execute/20050125-1.c execution, -O2
FAIL: gcc.c-torture/execute/20050125-1.c compilation, -O3 -fomit-frame-pointer
UNRESOLVED: gcc.c-torture/execute/20050125-1.c execution, -O3 -fomit-frame-pointer
FAIL: gcc.c-torture/execute/20050125-1.c compilation, -O3 -g
UNRESOLVED: gcc.c-torture/execute/20050125-1.c execution, -O3 -g
FAIL: gcc.c-torture/execute/20050125-1.c compilation, -Os
UNRESOLVED: gcc.c-torture/execute/20050125-1.c execution, -Os
FAIL: gcc.c-torture/execute/20050131-1.c compilation, -O0
UNRESOLVED: gcc.c-torture/execute/20050131-1.c execution, -O0
FAIL: gcc.c-torture/execute/20050131-1.c compilation, -O1
UNRESOLVED: gcc.c-torture/execute/20050131-1.c execution, -O1
FAIL: gcc.c-torture/execute/20050131-1.c compilation, -O2
UNRESOLVED: gcc.c-torture/execute/20050131-1.c execution, -O2
FAIL: gcc.c-torture/execute/20050131-1.c compilation, -O3 -fomit-frame-pointer
UNRESOLVED: gcc.c-torture/execute/20050131-1.c execution, -O3 -fomit-frame-pointer
FAIL: gcc.c-torture/execute/20050131-1.c compilation, -O3 -g
UNRESOLVED: gcc.c-torture/execute/20050131-1.c execution, -O3 -g
FAIL: gcc.c-torture/execute/20050131-1.c compilation, -Os
UNRESOLVED: gcc.c-torture/execute/20050131-1.c execution, -Os
FAIL: gcc.c-torture/execute/20050203-1.c compilation, -O0
UNRESOLVED: gcc.c-torture/execute/20050203-1.c execution, -O0
FAIL: gcc.c-torture/execute/20050203-1.c compilation, -O1
UNRESOLVED: gcc.c-torture/execute/20050203-1.c execution, -O1
FAIL: gcc.c-torture/execute/20050203-1.c compilation, -O2
UNRESOLVED: gcc.c-torture/execute/20050203-1.c execution, -O2
FAIL: gcc.c-torture/execute/20050203-1.c compilation, -O3 -fomit-frame-pointer
UNRESOLVED: gcc.c-torture/execute/20050203-1.c execution, -O3 -fomit-frame-pointer
FAIL: gcc.c-torture/execute/20050203-1.c compilation, -O3 -g
UNRESOLVED: gcc.c-torture/execute/20050203-1.c execution, -O3 -g
FAIL: gcc.c-torture/execute/20050203-1.c compilation, -Os
UNRESOLVED: gcc.c-torture/execute/20050203-1.c execution, -Os
FAIL: gcc.c-torture/execute/920501-6.c compilation, -O0
UNRESOLVED: gcc.c-torture/execute/920501-6.c execution, -O0
FAIL: gcc.c-torture/execute/920501-6.c compilation, -O1
UNRESOLVED: gcc.c-torture/execute/920501-6.c execution, -O1
FAIL: gcc.c-torture/execute/920501-6.c compilation, -O2
UNRESOLVED: gcc.c-torture/execute/920501-6.c execution, -O2
FAIL: gcc.c-torture/execute/920501-6.c compilation, -O3 -fomit-frame-pointer
UNRESOLVED: gcc.c-torture/execute/920501-6.c execution, -O3 -fomit-frame-pointer
FAIL: gcc.c-torture/execute/920501-6.c compilation, -O3 -fomit-frame-pointer -funroll-loops
UNRESOLVED: gcc.c-torture/execute/920501-6.c execution, -O3 -fomit-frame-pointer -funroll-loops
FAIL: gcc.c-torture/execute/920501-6.c compilation, -O3 -fomit-frame-pointer -funroll-all-loops -finline-functions
UNRESOLVED: gcc.c-torture/execute/920501-6.c execution, -O3 -fomit-frame-pointer -funroll-all-loops -finline-functions
FAIL: gcc.c-torture/execute/920501-6.c compilation, -O3 -g
UNRESOLVED: gcc.c-torture/execute/920501-6.c execution, -O3 -g
FAIL: gcc.c-torture/execute/920501-6.c compilation, -Os
UNRESOLVED: gcc.c-torture/execute/920501-6.c execution, -Os
FAIL: gcc.c-torture/execute/920501-8.c compilation, -O0
UNRESOLVED: gcc.c-torture/execute/920501-8.c execution, -O0
FAIL: gcc.c-torture/execute/920501-8.c compilation, -O1
UNRESOLVED: gcc.c-torture/execute/920501-8.c execution, -O1
FAIL: gcc.c-torture/execute/920501-8.c compilation, -O2
UNRESOLVED: gcc.c-torture/execute/920501-8.c execution, -O2
FAIL: gcc.c-torture/execute/920501-8.c compilation, -O3 -fomit-frame-pointer
UNRESOLVED: gcc.c-torture/execute/920501-8.c execution, -O3 -fomit-frame-pointer
FAIL: gcc.c-torture/execute/920501-8.c compilation, -O3 -g
UNRESOLVED: gcc.c-torture/execute/920501-8.c execution, -O3 -g
FAIL: gcc.c-torture/execute/920501-8.c compilation, -Os
UNRESOLVED: gcc.c-torture/execute/920501-8.c execution, -Os
FAIL: gcc.c-torture/execute/920501-9.c compilation, -O0
UNRESOLVED: gcc.c-torture/execute/920501-9.c execution, -O0
FAIL: gcc.c-torture/execute/920501-9.c compilation, -O1
UNRESOLVED: gcc.c-torture/execute/920501-9.c execution, -O1
FAIL: gcc.c-torture/execute/920501-9.c compilation, -O2
UNRESOLVED: gcc.c-torture/execute/920501-9.c execution, -O2
FAIL: gcc.c-torture/execute/920501-9.c compilation, -O3 -fomit-frame-pointer
UNRESOLVED: gcc.c-torture/execute/920501-9.c execution, -O3 -fomit-frame-pointer
FAIL: gcc.c-torture/execute/920501-9.c compilation, -O3 -g
UNRESOLVED: gcc.c-torture/execute/920501-9.c execution, -O3 -g
FAIL: gcc.c-torture/execute/920501-9.c compilation, -Os
UNRESOLVED: gcc.c-torture/execute/920501-9.c execution, -Os
FAIL: gcc.c-torture/execute/920726-1.c compilation, -O0
UNRESOLVED: gcc.c-torture/execute/920726-1.c execution, -O0
FAIL: gcc.c-torture/execute/920726-1.c compilation, -O1
UNRESOLVED: gcc.c-torture/execute/920726-1.c execution, -O1
FAIL: gcc.c-torture/execute/920726-1.c compilation, -O2
UNRESOLVED: gcc.c-torture/execute/920726-1.c execution, -O2
FAIL: gcc.c-torture/execute/920726-1.c compilation, -O3 -fomit-frame-pointer
UNRESOLVED: gcc.c-torture/execute/920726-1.c execution, -O3 -fomit-frame-pointer
FAIL: gcc.c-torture/execute/920726-1.c compilation, -O3 -fomit-frame-pointer -funroll-loops
UNRESOLVED: gcc.c-torture/execute/920726-1.c execution, -O3 -fomit-frame-pointer -funroll-loops
FAIL: gcc.c-torture/execute/920726-1.c compilation, -O3 -fomit-frame-pointer -funroll-all-loops -finline-functions
UNRESOLVED: gcc.c-torture/execute/920726-1.c execution, -O3 -fomit-frame-pointer -funroll-all-loops -finline-functions
FAIL: gcc.c-torture/execute/920726-1.c compilation, -O3 -g
UNRESOLVED: gcc.c-torture/execute/920726-1.c execution, -O3 -g
FAIL: gcc.c-torture/execute/920726-1.c compilation, -Os
UNRESOLVED: gcc.c-torture/execute/920726-1.c execution, -Os
FAIL: gcc.c-torture/execute/920810-1.c compilation, -O0
UNRESOLVED: gcc.c-torture/execute/920810-1.c execution, -O0
FAIL: gcc.c-torture/execute/920810-1.c compilation, -O1
UNRESOLVED: gcc.c-torture/execute/920810-1.c execution, -O1
FAIL: gcc.c-torture/execute/920810-1.c compilation, -O2
UNRESOLVED: gcc.c-torture/execute/920810-1.c execution, -O2
FAIL: gcc.c-torture/execute/920810-1.c compilation, -O3 -fomit-frame-pointer
UNRESOLVED: gcc.c-torture/execute/920810-1.c execution, -O3 -fomit-frame-pointer
FAIL: gcc.c-torture/execute/920810-1.c compilation, -O3 -g
UNRESOLVED: gcc.c-torture/execute/920810-1.c execution, -O3 -g
FAIL: gcc.c-torture/execute/920810-1.c compilation, -Os
UNRESOLVED: gcc.c-torture/execute/920810-1.c execution, -Os
FAIL: gcc.c-torture/execute/930513-1.c compilation, -O0
UNRESOLVED: gcc.c-torture/execute/930513-1.c execution, -O0
FAIL: gcc.c-torture/execute/930513-1.c compilation, -O1
UNRESOLVED: gcc.c-torture/execute/930513-1.c execution, -O1
FAIL: gcc.c-torture/execute/930513-1.c compilation, -O2
UNRESOLVED: gcc.c-torture/execute/930513-1.c execution, -O2
FAIL: gcc.c-torture/execute/930513-1.c compilation, -O3 -fomit-frame-pointer
UNRESOLVED: gcc.c-torture/execute/930513-1.c execution, -O3 -fomit-frame-pointer
FAIL: gcc.c-torture/execute/930513-1.c compilation, -O3 -g
UNRESOLVED: gcc.c-torture/execute/930513-1.c execution, -O3 -g
FAIL: gcc.c-torture/execute/930513-1.c compilation, -Os
UNRESOLVED: gcc.c-torture/execute/930513-1.c execution, -Os
FAIL: gcc.c-torture/execute/930921-1.c compilation, -O3 -fomit-frame-pointer -funroll-loops (internal compiler error)
UNRESOLVED: gcc.c-torture/execute/930921-1.c execution, -O3 -fomit-frame-pointer -funroll-loops
FAIL: gcc.c-torture/execute/930921-1.c compilation, -O3 -fomit-frame-pointer -funroll-all-loops -finline-functions (internal compiler error)
UNRESOLVED: gcc.c-torture/execute/930921-1.c execution, -O3 -fomit-frame-pointer -funroll-all-loops -finline-functions
FAIL: gcc.c-torture/execute/941014-2.c compilation, -O0
UNRESOLVED: gcc.c-torture/execute/941014-2.c execution, -O0
FAIL: gcc.c-torture/execute/941014-2.c compilation, -O1
UNRESOLVED: gcc.c-torture/execute/941014-2.c execution, -O1
FAIL: gcc.c-torture/execute/941014-2.c compilation, -O2
UNRESOLVED: gcc.c-torture/execute/941014-2.c execution, -O2
FAIL: gcc.c-torture/execute/941014-2.c compilation, -O3 -fomit-frame-pointer
UNRESOLVED: gcc.c-torture/execute/941014-2.c execution, -O3 -fomit-frame-pointer
FAIL: gcc.c-torture/execute/941014-2.c compilation, -O3 -g
UNRESOLVED: gcc.c-torture/execute/941014-2.c execution, -O3 -g
FAIL: gcc.c-torture/execute/941014-2.c compilation, -Os
UNRESOLVED: gcc.c-torture/execute/941014-2.c execution, -Os
FAIL: gcc.c-torture/execute/960311-1.c compilation, -O0
UNRESOLVED: gcc.c-torture/execute/960311-1.c execution, -O0
FAIL: gcc.c-torture/execute/960311-1.c compilation, -O1
UNRESOLVED: gcc.c-torture/execute/960311-1.c execution, -O1
FAIL: gcc.c-torture/execute/960311-1.c compilation, -O2
UNRESOLVED: gcc.c-torture/execute/960311-1.c execution, -O2
FAIL: gcc.c-torture/execute/960311-1.c compilation, -O3 -fomit-frame-pointer
UNRESOLVED: gcc.c-torture/execute/960311-1.c execution, -O3 -fomit-frame-pointer
FAIL: gcc.c-torture/execute/960311-1.c compilation, -O3 -g
UNRESOLVED: gcc.c-torture/execute/960311-1.c execution, -O3 -g
FAIL: gcc.c-torture/execute/960311-1.c compilation, -Os
UNRESOLVED: gcc.c-torture/execute/960311-1.c execution, -Os
FAIL: gcc.c-torture/execute/960311-2.c compilation, -O0
UNRESOLVED: gcc.c-torture/execute/960311-2.c execution, -O0
FAIL: gcc.c-torture/execute/960311-2.c compilation, -O1
UNRESOLVED: gcc.c-torture/execute/960311-2.c execution, -O1
FAIL: gcc.c-torture/execute/960311-2.c compilation, -O2
UNRESOLVED: gcc.c-torture/execute/960311-2.c execution, -O2
FAIL: gcc.c-torture/execute/960311-2.c compilation, -O3 -fomit-frame-pointer
UNRESOLVED: gcc.c-torture/execute/960311-2.c execution, -O3 -fomit-frame-pointer
FAIL: gcc.c-torture/execute/960311-2.c compilation, -O3 -g
UNRESOLVED: gcc.c-torture/execute/960311-2.c execution, -O3 -g
FAIL: gcc.c-torture/execute/960311-2.c compilation, -Os
UNRESOLVED: gcc.c-torture/execute/960311-2.c execution, -Os
FAIL: gcc.c-torture/execute/960311-3.c compilation, -O0
UNRESOLVED: gcc.c-torture/execute/960311-3.c execution, -O0
FAIL: gcc.c-torture/execute/960311-3.c compilation, -O1
UNRESOLVED: gcc.c-torture/execute/960311-3.c execution, -O1
FAIL: gcc.c-torture/execute/960311-3.c compilation, -O2
UNRESOLVED: gcc.c-torture/execute/960311-3.c execution, -O2
FAIL: gcc.c-torture/execute/960311-3.c compilation, -O3 -fomit-frame-pointer
UNRESOLVED: gcc.c-torture/execute/960311-3.c execution, -O3 -fomit-frame-pointer
FAIL: gcc.c-torture/execute/960311-3.c compilation, -O3 -g
UNRESOLVED: gcc.c-torture/execute/960311-3.c execution, -O3 -g
FAIL: gcc.c-torture/execute/960311-3.c compilation, -Os
UNRESOLVED: gcc.c-torture/execute/960311-3.c execution, -Os
FAIL: gcc.c-torture/execute/960327-1.c compilation, -O0
UNRESOLVED: gcc.c-torture/execute/960327-1.c execution, -O0
FAIL: gcc.c-torture/execute/960327-1.c compilation, -O1
UNRESOLVED: gcc.c-torture/execute/960327-1.c execution, -O1
FAIL: gcc.c-torture/execute/960327-1.c compilation, -O2
UNRESOLVED: gcc.c-torture/execute/960327-1.c execution, -O2
FAIL: gcc.c-torture/execute/960327-1.c compilation, -O3 -fomit-frame-pointer
UNRESOLVED: gcc.c-torture/execute/960327-1.c execution, -O3 -fomit-frame-pointer
FAIL: gcc.c-torture/execute/960327-1.c compilation, -O3 -fomit-frame-pointer -funroll-loops
UNRESOLVED: gcc.c-torture/execute/960327-1.c execution, -O3 -fomit-frame-pointer -funroll-loops
FAIL: gcc.c-torture/execute/960327-1.c compilation, -O3 -fomit-frame-pointer -funroll-all-loops -finline-functions
UNRESOLVED: gcc.c-torture/execute/960327-1.c execution, -O3 -fomit-frame-pointer -funroll-all-loops -finline-functions
FAIL: gcc.c-torture/execute/960327-1.c compilation, -O3 -g
UNRESOLVED: gcc.c-torture/execute/960327-1.c execution, -O3 -g
FAIL: gcc.c-torture/execute/960327-1.c compilation, -Os
UNRESOLVED: gcc.c-torture/execute/960327-1.c execution, -Os
FAIL: gcc.c-torture/execute/960521-1.c compilation, -O0
UNRESOLVED: gcc.c-torture/execute/960521-1.c execution, -O0
FAIL: gcc.c-torture/execute/960521-1.c compilation, -O1
UNRESOLVED: gcc.c-torture/execute/960521-1.c execution, -O1
FAIL: gcc.c-torture/execute/960521-1.c compilation, -O2
UNRESOLVED: gcc.c-torture/execute/960521-1.c execution, -O2
FAIL: gcc.c-torture/execute/960521-1.c compilation, -O3 -fomit-frame-pointer
UNRESOLVED: gcc.c-torture/execute/960521-1.c execution, -O3 -fomit-frame-pointer
FAIL: gcc.c-torture/execute/960521-1.c compilation, -O3 -fomit-frame-pointer -funroll-loops
UNRESOLVED: gcc.c-torture/execute/960521-1.c execution, -O3 -fomit-frame-pointer -funroll-loops
FAIL: gcc.c-torture/execute/960521-1.c compilation, -O3 -fomit-frame-pointer -funroll-all-loops -finline-functions
UNRESOLVED: gcc.c-torture/execute/960521-1.c execution, -O3 -fomit-frame-pointer -funroll-all-loops -finline-functions
FAIL: gcc.c-torture/execute/960521-1.c compilation, -O3 -g
UNRESOLVED: gcc.c-torture/execute/960521-1.c execution, -O3 -g
FAIL: gcc.c-torture/execute/960521-1.c compilation, -Os
UNRESOLVED: gcc.c-torture/execute/960521-1.c execution, -Os
FAIL: gcc.c-torture/execute/980605-1.c compilation, -O0
UNRESOLVED: gcc.c-torture/execute/980605-1.c execution, -O0
FAIL: gcc.c-torture/execute/980605-1.c compilation, -O1
UNRESOLVED: gcc.c-torture/execute/980605-1.c execution, -O1
FAIL: gcc.c-torture/execute/980605-1.c compilation, -O2
UNRESOLVED: gcc.c-torture/execute/980605-1.c execution, -O2
FAIL: gcc.c-torture/execute/980605-1.c compilation, -O3 -fomit-frame-pointer
UNRESOLVED: gcc.c-torture/execute/980605-1.c execution, -O3 -fomit-frame-pointer
FAIL: gcc.c-torture/execute/980605-1.c compilation, -O3 -g
UNRESOLVED: gcc.c-torture/execute/980605-1.c execution, -O3 -g
FAIL: gcc.c-torture/execute/980605-1.c compilation, -Os
UNRESOLVED: gcc.c-torture/execute/980605-1.c execution, -Os
FAIL: gcc.c-torture/execute/980707-1.c compilation, -O0
UNRESOLVED: gcc.c-torture/execute/980707-1.c execution, -O0
FAIL: gcc.c-torture/execute/980707-1.c compilation, -O1
UNRESOLVED: gcc.c-torture/execute/980707-1.c execution, -O1
FAIL: gcc.c-torture/execute/980707-1.c compilation, -O2
UNRESOLVED: gcc.c-torture/execute/980707-1.c execution, -O2
FAIL: gcc.c-torture/execute/980707-1.c compilation, -O3 -fomit-frame-pointer
UNRESOLVED: gcc.c-torture/execute/980707-1.c execution, -O3 -fomit-frame-pointer
FAIL: gcc.c-torture/execute/980707-1.c compilation, -O3 -fomit-frame-pointer -funroll-loops
UNRESOLVED: gcc.c-torture/execute/980707-1.c execution, -O3 -fomit-frame-pointer -funroll-loops
FAIL: gcc.c-torture/execute/980707-1.c compilation, -O3 -fomit-frame-pointer -funroll-all-loops -finline-functions
UNRESOLVED: gcc.c-torture/execute/980707-1.c execution, -O3 -fomit-frame-pointer -funroll-all-loops -finline-functions
FAIL: gcc.c-torture/execute/980707-1.c compilation, -O3 -g
UNRESOLVED: gcc.c-torture/execute/980707-1.c execution, -O3 -g
FAIL: gcc.c-torture/execute/980707-1.c compilation, -Os
UNRESOLVED: gcc.c-torture/execute/980707-1.c execution, -Os
FAIL: gcc.c-torture/execute/980709-1.c compilation, -O0
UNRESOLVED: gcc.c-torture/execute/980709-1.c execution, -O0
FAIL: gcc.c-torture/execute/980709-1.c compilation, -O1
UNRESOLVED: gcc.c-torture/execute/980709-1.c execution, -O1
FAIL: gcc.c-torture/execute/980709-1.c compilation, -O2
UNRESOLVED: gcc.c-torture/execute/980709-1.c execution, -O2
FAIL: gcc.c-torture/execute/980709-1.c compilation, -O3 -fomit-frame-pointer
UNRESOLVED: gcc.c-torture/execute/980709-1.c execution, -O3 -fomit-frame-pointer
FAIL: gcc.c-torture/execute/980709-1.c compilation, -O3 -g
UNRESOLVED: gcc.c-torture/execute/980709-1.c execution, -O3 -g
FAIL: gcc.c-torture/execute/980709-1.c compilation, -Os
UNRESOLVED: gcc.c-torture/execute/980709-1.c execution, -Os
FAIL: gcc.c-torture/execute/990513-1.c compilation, -O0
UNRESOLVED: gcc.c-torture/execute/990513-1.c execution, -O0
FAIL: gcc.c-torture/execute/990513-1.c compilation, -O1
UNRESOLVED: gcc.c-torture/execute/990513-1.c execution, -O1
FAIL: gcc.c-torture/execute/990513-1.c compilation, -O2
UNRESOLVED: gcc.c-torture/execute/990513-1.c execution, -O2
FAIL: gcc.c-torture/execute/990513-1.c compilation, -O3 -fomit-frame-pointer
UNRESOLVED: gcc.c-torture/execute/990513-1.c execution, -O3 -fomit-frame-pointer
FAIL: gcc.c-torture/execute/990513-1.c compilation, -O3 -fomit-frame-pointer -funroll-loops
UNRESOLVED: gcc.c-torture/execute/990513-1.c execution, -O3 -fomit-frame-pointer -funroll-loops
FAIL: gcc.c-torture/execute/990513-1.c compilation, -O3 -fomit-frame-pointer -funroll-all-loops -finline-functions
UNRESOLVED: gcc.c-torture/execute/990513-1.c execution, -O3 -fomit-frame-pointer -funroll-all-loops -finline-functions
FAIL: gcc.c-torture/execute/990513-1.c compilation, -O3 -g
UNRESOLVED: gcc.c-torture/execute/990513-1.c execution, -O3 -g
FAIL: gcc.c-torture/execute/990513-1.c compilation, -Os
UNRESOLVED: gcc.c-torture/execute/990513-1.c execution, -Os
FAIL: gcc.c-torture/execute/990628-1.c compilation, -O0
UNRESOLVED: gcc.c-torture/execute/990628-1.c execution, -O0
FAIL: gcc.c-torture/execute/990628-1.c compilation, -O1
UNRESOLVED: gcc.c-torture/execute/990628-1.c execution, -O1
FAIL: gcc.c-torture/execute/990628-1.c compilation, -O2
UNRESOLVED: gcc.c-torture/execute/990628-1.c execution, -O2
FAIL: gcc.c-torture/execute/990628-1.c compilation, -O3 -fomit-frame-pointer
UNRESOLVED: gcc.c-torture/execute/990628-1.c execution, -O3 -fomit-frame-pointer
FAIL: gcc.c-torture/execute/990628-1.c compilation, -O3 -fomit-frame-pointer -funroll-loops
UNRESOLVED: gcc.c-torture/execute/990628-1.c execution, -O3 -fomit-frame-pointer -funroll-loops
FAIL: gcc.c-torture/execute/990628-1.c compilation, -O3 -fomit-frame-pointer -funroll-all-loops -finline-functions
UNRESOLVED: gcc.c-torture/execute/990628-1.c execution, -O3 -fomit-frame-pointer -funroll-all-loops -finline-functions
FAIL: gcc.c-torture/execute/990628-1.c compilation, -O3 -g
UNRESOLVED: gcc.c-torture/execute/990628-1.c execution, -O3 -g
FAIL: gcc.c-torture/execute/990628-1.c compilation, -Os
UNRESOLVED: gcc.c-torture/execute/990628-1.c execution, -Os
FAIL: gcc.c-torture/execute/990826-0.c compilation, -O0
UNRESOLVED: gcc.c-torture/execute/990826-0.c execution, -O0
FAIL: gcc.c-torture/execute/990826-0.c compilation, -O1
UNRESOLVED: gcc.c-torture/execute/990826-0.c execution, -O1
FAIL: gcc.c-torture/execute/990826-0.c compilation, -O2
UNRESOLVED: gcc.c-torture/execute/990826-0.c execution, -O2
FAIL: gcc.c-torture/execute/990826-0.c compilation, -O3 -fomit-frame-pointer
UNRESOLVED: gcc.c-torture/execute/990826-0.c execution, -O3 -fomit-frame-pointer
FAIL: gcc.c-torture/execute/990826-0.c compilation, -O3 -fomit-frame-pointer -funroll-loops
UNRESOLVED: gcc.c-torture/execute/990826-0.c execution, -O3 -fomit-frame-pointer -funroll-loops
FAIL: gcc.c-torture/execute/990826-0.c compilation, -O3 -fomit-frame-pointer -funroll-all-loops -finline-functions
UNRESOLVED: gcc.c-torture/execute/990826-0.c execution, -O3 -fomit-frame-pointer -funroll-all-loops -finline-functions
FAIL: gcc.c-torture/execute/990826-0.c compilation, -O3 -g
UNRESOLVED: gcc.c-torture/execute/990826-0.c execution, -O3 -g
FAIL: gcc.c-torture/execute/990826-0.c compilation, -Os
UNRESOLVED: gcc.c-torture/execute/990826-0.c execution, -Os
FAIL: gcc.c-torture/execute/builtin-bitops-1.c compilation, -O0
UNRESOLVED: gcc.c-torture/execute/builtin-bitops-1.c execution, -O0
FAIL: gcc.c-torture/execute/builtin-bitops-1.c compilation, -O1
UNRESOLVED: gcc.c-torture/execute/builtin-bitops-1.c execution, -O1
FAIL: gcc.c-torture/execute/builtin-bitops-1.c compilation, -O2
UNRESOLVED: gcc.c-torture/execute/builtin-bitops-1.c execution, -O2
FAIL: gcc.c-torture/execute/builtin-bitops-1.c compilation, -O3 -fomit-frame-pointer
UNRESOLVED: gcc.c-torture/execute/builtin-bitops-1.c execution, -O3 -fomit-frame-pointer
FAIL: gcc.c-torture/execute/builtin-bitops-1.c compilation, -O3 -fomit-frame-pointer -funroll-loops
UNRESOLVED: gcc.c-torture/execute/builtin-bitops-1.c execution, -O3 -fomit-frame-pointer -funroll-loops
FAIL: gcc.c-torture/execute/builtin-bitops-1.c compilation, -O3 -fomit-frame-pointer -funroll-all-loops -finline-functions
UNRESOLVED: gcc.c-torture/execute/builtin-bitops-1.c execution, -O3 -fomit-frame-pointer -funroll-all-loops -finline-functions
FAIL: gcc.c-torture/execute/builtin-bitops-1.c compilation, -O3 -g
UNRESOLVED: gcc.c-torture/execute/builtin-bitops-1.c execution, -O3 -g
FAIL: gcc.c-torture/execute/builtin-bitops-1.c compilation, -Os
UNRESOLVED: gcc.c-torture/execute/builtin-bitops-1.c execution, -Os
FAIL: gcc.c-torture/execute/comp-goto-1.c compilation, -O0
UNRESOLVED: gcc.c-torture/execute/comp-goto-1.c execution, -O0
FAIL: gcc.c-torture/execute/comp-goto-1.c compilation, -O1
UNRESOLVED: gcc.c-torture/execute/comp-goto-1.c execution, -O1
FAIL: gcc.c-torture/execute/comp-goto-1.c compilation, -O2
UNRESOLVED: gcc.c-torture/execute/comp-goto-1.c execution, -O2
FAIL: gcc.c-torture/execute/comp-goto-1.c compilation, -O3 -fomit-frame-pointer
UNRESOLVED: gcc.c-torture/execute/comp-goto-1.c execution, -O3 -fomit-frame-pointer
FAIL: gcc.c-torture/execute/comp-goto-1.c compilation, -O3 -fomit-frame-pointer -funroll-loops
UNRESOLVED: gcc.c-torture/execute/comp-goto-1.c execution, -O3 -fomit-frame-pointer -funroll-loops
FAIL: gcc.c-torture/execute/comp-goto-1.c compilation, -O3 -fomit-frame-pointer -funroll-all-loops -finline-functions
UNRESOLVED: gcc.c-torture/execute/comp-goto-1.c execution, -O3 -fomit-frame-pointer -funroll-all-loops -finline-functions
FAIL: gcc.c-torture/execute/comp-goto-1.c compilation, -O3 -g
UNRESOLVED: gcc.c-torture/execute/comp-goto-1.c execution, -O3 -g
FAIL: gcc.c-torture/execute/comp-goto-1.c compilation, -Os
UNRESOLVED: gcc.c-torture/execute/comp-goto-1.c execution, -Os
FAIL: gcc.c-torture/execute/complex-6.c compilation, -O0
UNRESOLVED: gcc.c-torture/execute/complex-6.c execution, -O0
FAIL: gcc.c-torture/execute/complex-6.c compilation, -O1
UNRESOLVED: gcc.c-torture/execute/complex-6.c execution, -O1
FAIL: gcc.c-torture/execute/complex-6.c compilation, -O2
UNRESOLVED: gcc.c-torture/execute/complex-6.c execution, -O2
FAIL: gcc.c-torture/execute/complex-6.c compilation, -O3 -fomit-frame-pointer
UNRESOLVED: gcc.c-torture/execute/complex-6.c execution, -O3 -fomit-frame-pointer
FAIL: gcc.c-torture/execute/complex-6.c compilation, -O3 -g
UNRESOLVED: gcc.c-torture/execute/complex-6.c execution, -O3 -g
FAIL: gcc.c-torture/execute/complex-6.c compilation, -Os
UNRESOLVED: gcc.c-torture/execute/complex-6.c execution, -Os
FAIL: gcc.c-torture/execute/const-addr-expr-1.c compilation, -O0
UNRESOLVED: gcc.c-torture/execute/const-addr-expr-1.c execution, -O0
FAIL: gcc.c-torture/execute/const-addr-expr-1.c compilation, -O1
UNRESOLVED: gcc.c-torture/execute/const-addr-expr-1.c execution, -O1
FAIL: gcc.c-torture/execute/const-addr-expr-1.c compilation, -O2
UNRESOLVED: gcc.c-torture/execute/const-addr-expr-1.c execution, -O2
FAIL: gcc.c-torture/execute/const-addr-expr-1.c compilation, -O3 -fomit-frame-pointer
UNRESOLVED: gcc.c-torture/execute/const-addr-expr-1.c execution, -O3 -fomit-frame-pointer
FAIL: gcc.c-torture/execute/const-addr-expr-1.c compilation, -O3 -g
UNRESOLVED: gcc.c-torture/execute/const-addr-expr-1.c execution, -O3 -g
FAIL: gcc.c-torture/execute/const-addr-expr-1.c compilation, -Os
UNRESOLVED: gcc.c-torture/execute/const-addr-expr-1.c execution, -Os
FAIL: gcc.c-torture/execute/enum-3.c compilation, -O0
UNRESOLVED: gcc.c-torture/execute/enum-3.c execution, -O0
FAIL: gcc.c-torture/execute/enum-3.c compilation, -O1
UNRESOLVED: gcc.c-torture/execute/enum-3.c execution, -O1
FAIL: gcc.c-torture/execute/enum-3.c compilation, -O2
UNRESOLVED: gcc.c-torture/execute/enum-3.c execution, -O2
FAIL: gcc.c-torture/execute/enum-3.c compilation, -O3 -fomit-frame-pointer
UNRESOLVED: gcc.c-torture/execute/enum-3.c execution, -O3 -fomit-frame-pointer
FAIL: gcc.c-torture/execute/enum-3.c compilation, -O3 -g
UNRESOLVED: gcc.c-torture/execute/enum-3.c execution, -O3 -g
FAIL: gcc.c-torture/execute/enum-3.c compilation, -Os
UNRESOLVED: gcc.c-torture/execute/enum-3.c execution, -Os
FAIL: gcc.c-torture/execute/fprintf-1.c compilation, -O0
UNRESOLVED: gcc.c-torture/execute/fprintf-1.c execution, -O0
FAIL: gcc.c-torture/execute/fprintf-1.c compilation, -O1
UNRESOLVED: gcc.c-torture/execute/fprintf-1.c execution, -O1
FAIL: gcc.c-torture/execute/fprintf-1.c compilation, -O2
UNRESOLVED: gcc.c-torture/execute/fprintf-1.c execution, -O2
FAIL: gcc.c-torture/execute/fprintf-1.c compilation, -O3 -fomit-frame-pointer
UNRESOLVED: gcc.c-torture/execute/fprintf-1.c execution, -O3 -fomit-frame-pointer
FAIL: gcc.c-torture/execute/fprintf-1.c compilation, -O3 -g
UNRESOLVED: gcc.c-torture/execute/fprintf-1.c execution, -O3 -g
FAIL: gcc.c-torture/execute/fprintf-1.c compilation, -Os
UNRESOLVED: gcc.c-torture/execute/fprintf-1.c execution, -Os
FAIL: gcc.c-torture/execute/fprintf-chk-1.c compilation, -O0
UNRESOLVED: gcc.c-torture/execute/fprintf-chk-1.c execution, -O0
FAIL: gcc.c-torture/execute/fprintf-chk-1.c compilation, -O1
UNRESOLVED: gcc.c-torture/execute/fprintf-chk-1.c execution, -O1
FAIL: gcc.c-torture/execute/fprintf-chk-1.c compilation, -O2
UNRESOLVED: gcc.c-torture/execute/fprintf-chk-1.c execution, -O2
FAIL: gcc.c-torture/execute/fprintf-chk-1.c compilation, -O3 -fomit-frame-pointer
UNRESOLVED: gcc.c-torture/execute/fprintf-chk-1.c execution, -O3 -fomit-frame-pointer
FAIL: gcc.c-torture/execute/fprintf-chk-1.c compilation, -O3 -g
UNRESOLVED: gcc.c-torture/execute/fprintf-chk-1.c execution, -O3 -g
FAIL: gcc.c-torture/execute/fprintf-chk-1.c compilation, -Os
UNRESOLVED: gcc.c-torture/execute/fprintf-chk-1.c execution, -Os
FAIL: gcc.c-torture/execute/gofast.c compilation, -O0
UNRESOLVED: gcc.c-torture/execute/gofast.c execution, -O0
FAIL: gcc.c-torture/execute/gofast.c compilation, -O1
UNRESOLVED: gcc.c-torture/execute/gofast.c execution, -O1
FAIL: gcc.c-torture/execute/gofast.c compilation, -O2
UNRESOLVED: gcc.c-torture/execute/gofast.c execution, -O2
FAIL: gcc.c-torture/execute/gofast.c compilation, -O3 -fomit-frame-pointer
UNRESOLVED: gcc.c-torture/execute/gofast.c execution, -O3 -fomit-frame-pointer
FAIL: gcc.c-torture/execute/gofast.c compilation, -O3 -g
UNRESOLVED: gcc.c-torture/execute/gofast.c execution, -O3 -g
FAIL: gcc.c-torture/execute/gofast.c compilation, -Os
UNRESOLVED: gcc.c-torture/execute/gofast.c execution, -Os
FAIL: gcc.c-torture/execute/mayalias-2.c compilation, -O3 -g (internal compiler error)
UNRESOLVED: gcc.c-torture/execute/mayalias-2.c execution, -O3 -g
FAIL: gcc.c-torture/execute/mayalias-3.c compilation, -O3 -g (internal compiler error)
UNRESOLVED: gcc.c-torture/execute/mayalias-3.c execution, -O3 -g
FAIL: gcc.c-torture/execute/memcpy-1.c compilation, -O0
UNRESOLVED: gcc.c-torture/execute/memcpy-1.c execution, -O0
FAIL: gcc.c-torture/execute/memcpy-1.c compilation, -O1
UNRESOLVED: gcc.c-torture/execute/memcpy-1.c execution, -O1
FAIL: gcc.c-torture/execute/memcpy-1.c compilation, -O2
UNRESOLVED: gcc.c-torture/execute/memcpy-1.c execution, -O2
FAIL: gcc.c-torture/execute/memcpy-1.c compilation, -O3 -fomit-frame-pointer
UNRESOLVED: gcc.c-torture/execute/memcpy-1.c execution, -O3 -fomit-frame-pointer
FAIL: gcc.c-torture/execute/memcpy-1.c compilation, -O3 -fomit-frame-pointer -funroll-loops
UNRESOLVED: gcc.c-torture/execute/memcpy-1.c execution, -O3 -fomit-frame-pointer -funroll-loops
FAIL: gcc.c-torture/execute/memcpy-1.c compilation, -O3 -fomit-frame-pointer -funroll-all-loops -finline-functions
UNRESOLVED: gcc.c-torture/execute/memcpy-1.c execution, -O3 -fomit-frame-pointer -funroll-all-loops -finline-functions
FAIL: gcc.c-torture/execute/memcpy-1.c compilation, -O3 -g
UNRESOLVED: gcc.c-torture/execute/memcpy-1.c execution, -O3 -g
FAIL: gcc.c-torture/execute/memcpy-1.c compilation, -Os
UNRESOLVED: gcc.c-torture/execute/memcpy-1.c execution, -Os
FAIL: gcc.c-torture/execute/memcpy-2.c compilation, -O0
UNRESOLVED: gcc.c-torture/execute/memcpy-2.c execution, -O0
FAIL: gcc.c-torture/execute/memcpy-2.c compilation, -O1
UNRESOLVED: gcc.c-torture/execute/memcpy-2.c execution, -O1
FAIL: gcc.c-torture/execute/memcpy-2.c compilation, -O2
UNRESOLVED: gcc.c-torture/execute/memcpy-2.c execution, -O2
FAIL: gcc.c-torture/execute/memcpy-2.c compilation, -O3 -fomit-frame-pointer
UNRESOLVED: gcc.c-torture/execute/memcpy-2.c execution, -O3 -fomit-frame-pointer
FAIL: gcc.c-torture/execute/memcpy-2.c compilation, -O3 -fomit-frame-pointer -funroll-loops
UNRESOLVED: gcc.c-torture/execute/memcpy-2.c execution, -O3 -fomit-frame-pointer -funroll-loops
FAIL: gcc.c-torture/execute/memcpy-2.c compilation, -O3 -fomit-frame-pointer -funroll-all-loops -finline-functions
UNRESOLVED: gcc.c-torture/execute/memcpy-2.c execution, -O3 -fomit-frame-pointer -funroll-all-loops -finline-functions
FAIL: gcc.c-torture/execute/memcpy-2.c compilation, -O3 -g
UNRESOLVED: gcc.c-torture/execute/memcpy-2.c execution, -O3 -g
FAIL: gcc.c-torture/execute/memcpy-2.c compilation, -Os
UNRESOLVED: gcc.c-torture/execute/memcpy-2.c execution, -Os
FAIL: gcc.c-torture/execute/memset-1.c compilation, -O0
UNRESOLVED: gcc.c-torture/execute/memset-1.c execution, -O0
FAIL: gcc.c-torture/execute/memset-1.c compilation, -O1
UNRESOLVED: gcc.c-torture/execute/memset-1.c execution, -O1
FAIL: gcc.c-torture/execute/memset-1.c compilation, -O2
UNRESOLVED: gcc.c-torture/execute/memset-1.c execution, -O2
FAIL: gcc.c-torture/execute/memset-1.c compilation, -O3 -fomit-frame-pointer
UNRESOLVED: gcc.c-torture/execute/memset-1.c execution, -O3 -fomit-frame-pointer
FAIL: gcc.c-torture/execute/memset-1.c compilation, -O3 -fomit-frame-pointer -funroll-loops
UNRESOLVED: gcc.c-torture/execute/memset-1.c execution, -O3 -fomit-frame-pointer -funroll-loops
FAIL: gcc.c-torture/execute/memset-1.c compilation, -O3 -fomit-frame-pointer -funroll-all-loops -finline-functions
UNRESOLVED: gcc.c-torture/execute/memset-1.c execution, -O3 -fomit-frame-pointer -funroll-all-loops -finline-functions
FAIL: gcc.c-torture/execute/memset-1.c compilation, -O3 -g
UNRESOLVED: gcc.c-torture/execute/memset-1.c execution, -O3 -g
FAIL: gcc.c-torture/execute/memset-1.c compilation, -Os
UNRESOLVED: gcc.c-torture/execute/memset-1.c execution, -Os
FAIL: gcc.c-torture/execute/p18298.c compilation, -O0
UNRESOLVED: gcc.c-torture/execute/p18298.c execution, -O0
FAIL: gcc.c-torture/execute/p18298.c compilation, -O1
UNRESOLVED: gcc.c-torture/execute/p18298.c execution, -O1
FAIL: gcc.c-torture/execute/p18298.c compilation, -O2
UNRESOLVED: gcc.c-torture/execute/p18298.c execution, -O2
FAIL: gcc.c-torture/execute/p18298.c compilation, -O3 -fomit-frame-pointer
UNRESOLVED: gcc.c-torture/execute/p18298.c execution, -O3 -fomit-frame-pointer
FAIL: gcc.c-torture/execute/p18298.c compilation, -O3 -fomit-frame-pointer -funroll-loops
UNRESOLVED: gcc.c-torture/execute/p18298.c execution, -O3 -fomit-frame-pointer -funroll-loops
FAIL: gcc.c-torture/execute/p18298.c compilation, -O3 -fomit-frame-pointer -funroll-all-loops -finline-functions
UNRESOLVED: gcc.c-torture/execute/p18298.c execution, -O3 -fomit-frame-pointer -funroll-all-loops -finline-functions
FAIL: gcc.c-torture/execute/p18298.c compilation, -O3 -g
UNRESOLVED: gcc.c-torture/execute/p18298.c execution, -O3 -g
FAIL: gcc.c-torture/execute/p18298.c compilation, -Os
UNRESOLVED: gcc.c-torture/execute/p18298.c execution, -Os
FAIL: gcc.c-torture/execute/printf-1.c compilation, -O0
UNRESOLVED: gcc.c-torture/execute/printf-1.c execution, -O0
FAIL: gcc.c-torture/execute/printf-1.c compilation, -O1
UNRESOLVED: gcc.c-torture/execute/printf-1.c execution, -O1
FAIL: gcc.c-torture/execute/printf-1.c compilation, -O2
UNRESOLVED: gcc.c-torture/execute/printf-1.c execution, -O2
FAIL: gcc.c-torture/execute/printf-1.c compilation, -O3 -fomit-frame-pointer
UNRESOLVED: gcc.c-torture/execute/printf-1.c execution, -O3 -fomit-frame-pointer
FAIL: gcc.c-torture/execute/printf-1.c compilation, -O3 -g
UNRESOLVED: gcc.c-torture/execute/printf-1.c execution, -O3 -g
FAIL: gcc.c-torture/execute/printf-1.c compilation, -Os
UNRESOLVED: gcc.c-torture/execute/printf-1.c execution, -Os
FAIL: gcc.c-torture/execute/printf-chk-1.c compilation, -O0
UNRESOLVED: gcc.c-torture/execute/printf-chk-1.c execution, -O0
FAIL: gcc.c-torture/execute/printf-chk-1.c compilation, -O1
UNRESOLVED: gcc.c-torture/execute/printf-chk-1.c execution, -O1
FAIL: gcc.c-torture/execute/printf-chk-1.c compilation, -O2
UNRESOLVED: gcc.c-torture/execute/printf-chk-1.c execution, -O2
FAIL: gcc.c-torture/execute/printf-chk-1.c compilation, -O3 -fomit-frame-pointer
UNRESOLVED: gcc.c-torture/execute/printf-chk-1.c execution, -O3 -fomit-frame-pointer
FAIL: gcc.c-torture/execute/printf-chk-1.c compilation, -O3 -g
UNRESOLVED: gcc.c-torture/execute/printf-chk-1.c execution, -O3 -g
FAIL: gcc.c-torture/execute/printf-chk-1.c compilation, -Os
UNRESOLVED: gcc.c-torture/execute/printf-chk-1.c execution, -Os
FAIL: gcc.c-torture/execute/strcmp-1.c compilation, -O0
UNRESOLVED: gcc.c-torture/execute/strcmp-1.c execution, -O0
FAIL: gcc.c-torture/execute/strcmp-1.c compilation, -O1
UNRESOLVED: gcc.c-torture/execute/strcmp-1.c execution, -O1
FAIL: gcc.c-torture/execute/strcmp-1.c compilation, -O2
UNRESOLVED: gcc.c-torture/execute/strcmp-1.c execution, -O2
FAIL: gcc.c-torture/execute/strcmp-1.c compilation, -O3 -fomit-frame-pointer
UNRESOLVED: gcc.c-torture/execute/strcmp-1.c execution, -O3 -fomit-frame-pointer
FAIL: gcc.c-torture/execute/strcmp-1.c compilation, -O3 -fomit-frame-pointer -funroll-loops
UNRESOLVED: gcc.c-torture/execute/strcmp-1.c execution, -O3 -fomit-frame-pointer -funroll-loops
FAIL: gcc.c-torture/execute/strcmp-1.c compilation, -O3 -fomit-frame-pointer -funroll-all-loops -finline-functions
UNRESOLVED: gcc.c-torture/execute/strcmp-1.c execution, -O3 -fomit-frame-pointer -funroll-all-loops -finline-functions
FAIL: gcc.c-torture/execute/strcmp-1.c compilation, -O3 -g
UNRESOLVED: gcc.c-torture/execute/strcmp-1.c execution, -O3 -g
FAIL: gcc.c-torture/execute/strcmp-1.c compilation, -Os
UNRESOLVED: gcc.c-torture/execute/strcmp-1.c execution, -Os
FAIL: gcc.c-torture/execute/strcpy-1.c compilation, -O0
UNRESOLVED: gcc.c-torture/execute/strcpy-1.c execution, -O0
FAIL: gcc.c-torture/execute/strcpy-1.c compilation, -O1
UNRESOLVED: gcc.c-torture/execute/strcpy-1.c execution, -O1
FAIL: gcc.c-torture/execute/strcpy-1.c compilation, -O2
UNRESOLVED: gcc.c-torture/execute/strcpy-1.c execution, -O2
FAIL: gcc.c-torture/execute/strcpy-1.c compilation, -O3 -fomit-frame-pointer
UNRESOLVED: gcc.c-torture/execute/strcpy-1.c execution, -O3 -fomit-frame-pointer
FAIL: gcc.c-torture/execute/strcpy-1.c compilation, -O3 -fomit-frame-pointer -funroll-loops
UNRESOLVED: gcc.c-torture/execute/strcpy-1.c execution, -O3 -fomit-frame-pointer -funroll-loops
FAIL: gcc.c-torture/execute/strcpy-1.c compilation, -O3 -fomit-frame-pointer -funroll-all-loops -finline-functions
UNRESOLVED: gcc.c-torture/execute/strcpy-1.c execution, -O3 -fomit-frame-pointer -funroll-all-loops -finline-functions
FAIL: gcc.c-torture/execute/strcpy-1.c compilation, -O3 -g
UNRESOLVED: gcc.c-torture/execute/strcpy-1.c execution, -O3 -g
FAIL: gcc.c-torture/execute/strcpy-1.c compilation, -Os
UNRESOLVED: gcc.c-torture/execute/strcpy-1.c execution, -Os
FAIL: gcc.c-torture/execute/strlen-1.c compilation, -O0
UNRESOLVED: gcc.c-torture/execute/strlen-1.c execution, -O0
FAIL: gcc.c-torture/execute/strlen-1.c compilation, -O1
UNRESOLVED: gcc.c-torture/execute/strlen-1.c execution, -O1
FAIL: gcc.c-torture/execute/strlen-1.c compilation, -O2
UNRESOLVED: gcc.c-torture/execute/strlen-1.c execution, -O2
FAIL: gcc.c-torture/execute/strlen-1.c compilation, -O3 -fomit-frame-pointer
UNRESOLVED: gcc.c-torture/execute/strlen-1.c execution, -O3 -fomit-frame-pointer
FAIL: gcc.c-torture/execute/strlen-1.c compilation, -O3 -fomit-frame-pointer -funroll-loops
UNRESOLVED: gcc.c-torture/execute/strlen-1.c execution, -O3 -fomit-frame-pointer -funroll-loops
FAIL: gcc.c-torture/execute/strlen-1.c compilation, -O3 -fomit-frame-pointer -funroll-all-loops -finline-functions
UNRESOLVED: gcc.c-torture/execute/strlen-1.c execution, -O3 -fomit-frame-pointer -funroll-all-loops -finline-functions
FAIL: gcc.c-torture/execute/strlen-1.c compilation, -O3 -g
UNRESOLVED: gcc.c-torture/execute/strlen-1.c execution, -O3 -g
FAIL: gcc.c-torture/execute/strlen-1.c compilation, -Os
UNRESOLVED: gcc.c-torture/execute/strlen-1.c execution, -Os
FAIL: gcc.c-torture/execute/strncmp-1.c compilation, -O0
UNRESOLVED: gcc.c-torture/execute/strncmp-1.c execution, -O0
FAIL: gcc.c-torture/execute/strncmp-1.c compilation, -O1
UNRESOLVED: gcc.c-torture/execute/strncmp-1.c execution, -O1
FAIL: gcc.c-torture/execute/strncmp-1.c compilation, -O2
UNRESOLVED: gcc.c-torture/execute/strncmp-1.c execution, -O2
FAIL: gcc.c-torture/execute/strncmp-1.c compilation, -O3 -fomit-frame-pointer
UNRESOLVED: gcc.c-torture/execute/strncmp-1.c execution, -O3 -fomit-frame-pointer
FAIL: gcc.c-torture/execute/strncmp-1.c compilation, -O3 -fomit-frame-pointer -funroll-loops
UNRESOLVED: gcc.c-torture/execute/strncmp-1.c execution, -O3 -fomit-frame-pointer -funroll-loops
FAIL: gcc.c-torture/execute/strncmp-1.c compilation, -O3 -fomit-frame-pointer -funroll-all-loops -finline-functions
UNRESOLVED: gcc.c-torture/execute/strncmp-1.c execution, -O3 -fomit-frame-pointer -funroll-all-loops -finline-functions
FAIL: gcc.c-torture/execute/strncmp-1.c compilation, -O3 -g
UNRESOLVED: gcc.c-torture/execute/strncmp-1.c execution, -O3 -g
FAIL: gcc.c-torture/execute/strncmp-1.c compilation, -Os
UNRESOLVED: gcc.c-torture/execute/strncmp-1.c execution, -Os
FAIL: gcc.c-torture/execute/struct-ret-1.c compilation, -O0
UNRESOLVED: gcc.c-torture/execute/struct-ret-1.c execution, -O0
FAIL: gcc.c-torture/execute/struct-ret-1.c compilation, -O1
UNRESOLVED: gcc.c-torture/execute/struct-ret-1.c execution, -O1
FAIL: gcc.c-torture/execute/struct-ret-1.c compilation, -O2
UNRESOLVED: gcc.c-torture/execute/struct-ret-1.c execution, -O2
FAIL: gcc.c-torture/execute/struct-ret-1.c compilation, -O3 -fomit-frame-pointer
UNRESOLVED: gcc.c-torture/execute/struct-ret-1.c execution, -O3 -fomit-frame-pointer
FAIL: gcc.c-torture/execute/struct-ret-1.c compilation, -O3 -g
UNRESOLVED: gcc.c-torture/execute/struct-ret-1.c execution, -O3 -g
FAIL: gcc.c-torture/execute/struct-ret-1.c compilation, -Os
UNRESOLVED: gcc.c-torture/execute/struct-ret-1.c execution, -Os
FAIL: gcc.c-torture/execute/va-arg-21.c compilation, -O0
UNRESOLVED: gcc.c-torture/execute/va-arg-21.c execution, -O0
FAIL: gcc.c-torture/execute/va-arg-21.c compilation, -O1
UNRESOLVED: gcc.c-torture/execute/va-arg-21.c execution, -O1
FAIL: gcc.c-torture/execute/va-arg-21.c compilation, -O2
UNRESOLVED: gcc.c-torture/execute/va-arg-21.c execution, -O2
FAIL: gcc.c-torture/execute/va-arg-21.c compilation, -O3 -fomit-frame-pointer
UNRESOLVED: gcc.c-torture/execute/va-arg-21.c execution, -O3 -fomit-frame-pointer
FAIL: gcc.c-torture/execute/va-arg-21.c compilation, -O3 -fomit-frame-pointer -funroll-loops
UNRESOLVED: gcc.c-torture/execute/va-arg-21.c execution, -O3 -fomit-frame-pointer -funroll-loops
FAIL: gcc.c-torture/execute/va-arg-21.c compilation, -O3 -fomit-frame-pointer -funroll-all-loops -finline-functions
UNRESOLVED: gcc.c-torture/execute/va-arg-21.c execution, -O3 -fomit-frame-pointer -funroll-all-loops -finline-functions
FAIL: gcc.c-torture/execute/va-arg-21.c compilation, -O3 -g
UNRESOLVED: gcc.c-torture/execute/va-arg-21.c execution, -O3 -g
FAIL: gcc.c-torture/execute/va-arg-21.c compilation, -Os
UNRESOLVED: gcc.c-torture/execute/va-arg-21.c execution, -Os
FAIL: gcc.c-torture/execute/va-arg-24.c compilation, -O0
UNRESOLVED: gcc.c-torture/execute/va-arg-24.c execution, -O0
FAIL: gcc.c-torture/execute/va-arg-24.c compilation, -O1
UNRESOLVED: gcc.c-torture/execute/va-arg-24.c execution, -O1
FAIL: gcc.c-torture/execute/va-arg-24.c compilation, -O2
UNRESOLVED: gcc.c-torture/execute/va-arg-24.c execution, -O2
FAIL: gcc.c-torture/execute/va-arg-24.c compilation, -O3 -fomit-frame-pointer
UNRESOLVED: gcc.c-torture/execute/va-arg-24.c execution, -O3 -fomit-frame-pointer
FAIL: gcc.c-torture/execute/va-arg-24.c compilation, -O3 -fomit-frame-pointer -funroll-loops
UNRESOLVED: gcc.c-torture/execute/va-arg-24.c execution, -O3 -fomit-frame-pointer -funroll-loops
FAIL: gcc.c-torture/execute/va-arg-24.c compilation, -O3 -fomit-frame-pointer -funroll-all-loops -finline-functions
UNRESOLVED: gcc.c-torture/execute/va-arg-24.c execution, -O3 -fomit-frame-pointer -funroll-all-loops -finline-functions
FAIL: gcc.c-torture/execute/va-arg-24.c compilation, -O3 -g
UNRESOLVED: gcc.c-torture/execute/va-arg-24.c execution, -O3 -g
FAIL: gcc.c-torture/execute/va-arg-24.c compilation, -Os
UNRESOLVED: gcc.c-torture/execute/va-arg-24.c execution, -Os
FAIL: gcc.c-torture/execute/vfprintf-1.c compilation, -O0
UNRESOLVED: gcc.c-torture/execute/vfprintf-1.c execution, -O0
FAIL: gcc.c-torture/execute/vfprintf-1.c compilation, -O1
UNRESOLVED: gcc.c-torture/execute/vfprintf-1.c execution, -O1
FAIL: gcc.c-torture/execute/vfprintf-1.c compilation, -O2
UNRESOLVED: gcc.c-torture/execute/vfprintf-1.c execution, -O2
FAIL: gcc.c-torture/execute/vfprintf-1.c compilation, -O3 -fomit-frame-pointer
UNRESOLVED: gcc.c-torture/execute/vfprintf-1.c execution, -O3 -fomit-frame-pointer
FAIL: gcc.c-torture/execute/vfprintf-1.c compilation, -O3 -g
UNRESOLVED: gcc.c-torture/execute/vfprintf-1.c execution, -O3 -g
FAIL: gcc.c-torture/execute/vfprintf-1.c compilation, -Os
UNRESOLVED: gcc.c-torture/execute/vfprintf-1.c execution, -Os
FAIL: gcc.c-torture/execute/vfprintf-chk-1.c compilation, -O0
UNRESOLVED: gcc.c-torture/execute/vfprintf-chk-1.c execution, -O0
FAIL: gcc.c-torture/execute/vfprintf-chk-1.c compilation, -O1
UNRESOLVED: gcc.c-torture/execute/vfprintf-chk-1.c execution, -O1
FAIL: gcc.c-torture/execute/vfprintf-chk-1.c compilation, -O2
UNRESOLVED: gcc.c-torture/execute/vfprintf-chk-1.c execution, -O2
FAIL: gcc.c-torture/execute/vfprintf-chk-1.c compilation, -O3 -fomit-frame-pointer
UNRESOLVED: gcc.c-torture/execute/vfprintf-chk-1.c execution, -O3 -fomit-frame-pointer
FAIL: gcc.c-torture/execute/vfprintf-chk-1.c compilation, -O3 -g
UNRESOLVED: gcc.c-torture/execute/vfprintf-chk-1.c execution, -O3 -g
FAIL: gcc.c-torture/execute/vfprintf-chk-1.c compilation, -Os
UNRESOLVED: gcc.c-torture/execute/vfprintf-chk-1.c execution, -Os
FAIL: gcc.c-torture/execute/vprintf-1.c compilation, -O0
UNRESOLVED: gcc.c-torture/execute/vprintf-1.c execution, -O0
FAIL: gcc.c-torture/execute/vprintf-1.c compilation, -O1
UNRESOLVED: gcc.c-torture/execute/vprintf-1.c execution, -O1
FAIL: gcc.c-torture/execute/vprintf-1.c compilation, -O2
UNRESOLVED: gcc.c-torture/execute/vprintf-1.c execution, -O2
FAIL: gcc.c-torture/execute/vprintf-1.c compilation, -O3 -fomit-frame-pointer
UNRESOLVED: gcc.c-torture/execute/vprintf-1.c execution, -O3 -fomit-frame-pointer
FAIL: gcc.c-torture/execute/vprintf-1.c compilation, -O3 -g
UNRESOLVED: gcc.c-torture/execute/vprintf-1.c execution, -O3 -g
FAIL: gcc.c-torture/execute/vprintf-1.c compilation, -Os
UNRESOLVED: gcc.c-torture/execute/vprintf-1.c execution, -Os
FAIL: gcc.c-torture/execute/vprintf-chk-1.c compilation, -O0
UNRESOLVED: gcc.c-torture/execute/vprintf-chk-1.c execution, -O0
FAIL: gcc.c-torture/execute/vprintf-chk-1.c compilation, -O1
UNRESOLVED: gcc.c-torture/execute/vprintf-chk-1.c execution, -O1
FAIL: gcc.c-torture/execute/vprintf-chk-1.c compilation, -O2
UNRESOLVED: gcc.c-torture/execute/vprintf-chk-1.c execution, -O2
FAIL: gcc.c-torture/execute/vprintf-chk-1.c compilation, -O3 -fomit-frame-pointer
UNRESOLVED: gcc.c-torture/execute/vprintf-chk-1.c execution, -O3 -fomit-frame-pointer
FAIL: gcc.c-torture/execute/vprintf-chk-1.c compilation, -O3 -g
UNRESOLVED: gcc.c-torture/execute/vprintf-chk-1.c execution, -O3 -g
FAIL: gcc.c-torture/execute/vprintf-chk-1.c compilation, -Os
UNRESOLVED: gcc.c-torture/execute/vprintf-chk-1.c execution, -Os
FAIL: gcc.c-torture/execute/ieee/920810-1.c compilation, -O0
UNRESOLVED: gcc.c-torture/execute/ieee/920810-1.c execution, -O0
FAIL: gcc.c-torture/execute/ieee/920810-1.c compilation, -O1
UNRESOLVED: gcc.c-torture/execute/ieee/920810-1.c execution, -O1
FAIL: gcc.c-torture/execute/ieee/920810-1.c compilation, -O2
UNRESOLVED: gcc.c-torture/execute/ieee/920810-1.c execution, -O2
FAIL: gcc.c-torture/execute/ieee/920810-1.c compilation, -O3 -fomit-frame-pointer
UNRESOLVED: gcc.c-torture/execute/ieee/920810-1.c execution, -O3 -fomit-frame-pointer
FAIL: gcc.c-torture/execute/ieee/920810-1.c compilation, -O3 -g
UNRESOLVED: gcc.c-torture/execute/ieee/920810-1.c execution, -O3 -g
FAIL: gcc.c-torture/execute/ieee/920810-1.c compilation, -Os
UNRESOLVED: gcc.c-torture/execute/ieee/920810-1.c execution, -Os
FAIL: gcc.c-torture/execute/ieee/copysign1.c compilation, -O0
UNRESOLVED: gcc.c-torture/execute/ieee/copysign1.c execution, -O0
FAIL: gcc.c-torture/execute/ieee/copysign1.c compilation, -O1
UNRESOLVED: gcc.c-torture/execute/ieee/copysign1.c execution, -O1
FAIL: gcc.c-torture/execute/ieee/copysign1.c compilation, -O2
UNRESOLVED: gcc.c-torture/execute/ieee/copysign1.c execution, -O2
FAIL: gcc.c-torture/execute/ieee/copysign1.c compilation, -O3 -fomit-frame-pointer
UNRESOLVED: gcc.c-torture/execute/ieee/copysign1.c execution, -O3 -fomit-frame-pointer
FAIL: gcc.c-torture/execute/ieee/copysign1.c compilation, -O3 -fomit-frame-pointer -funroll-loops
UNRESOLVED: gcc.c-torture/execute/ieee/copysign1.c execution, -O3 -fomit-frame-pointer -funroll-loops
FAIL: gcc.c-torture/execute/ieee/copysign1.c compilation, -O3 -fomit-frame-pointer -funroll-all-loops -finline-functions
UNRESOLVED: gcc.c-torture/execute/ieee/copysign1.c execution, -O3 -fomit-frame-pointer -funroll-all-loops -finline-functions
FAIL: gcc.c-torture/execute/ieee/copysign1.c compilation, -O3 -g
UNRESOLVED: gcc.c-torture/execute/ieee/copysign1.c execution, -O3 -g
FAIL: gcc.c-torture/execute/ieee/copysign1.c compilation, -Os
UNRESOLVED: gcc.c-torture/execute/ieee/copysign1.c execution, -Os
FAIL: gcc.c-torture/execute/ieee/copysign2.c compilation, -O0
UNRESOLVED: gcc.c-torture/execute/ieee/copysign2.c execution, -O0
FAIL: gcc.c-torture/execute/ieee/copysign2.c compilation, -O1
UNRESOLVED: gcc.c-torture/execute/ieee/copysign2.c execution, -O1
FAIL: gcc.c-torture/execute/ieee/copysign2.c compilation, -O2
UNRESOLVED: gcc.c-torture/execute/ieee/copysign2.c execution, -O2
FAIL: gcc.c-torture/execute/ieee/copysign2.c compilation, -O3 -fomit-frame-pointer
UNRESOLVED: gcc.c-torture/execute/ieee/copysign2.c execution, -O3 -fomit-frame-pointer
FAIL: gcc.c-torture/execute/ieee/copysign2.c compilation, -O3 -fomit-frame-pointer -funroll-loops
UNRESOLVED: gcc.c-torture/execute/ieee/copysign2.c execution, -O3 -fomit-frame-pointer -funroll-loops
FAIL: gcc.c-torture/execute/ieee/copysign2.c compilation, -O3 -fomit-frame-pointer -funroll-all-loops -finline-functions
UNRESOLVED: gcc.c-torture/execute/ieee/copysign2.c execution, -O3 -fomit-frame-pointer -funroll-all-loops -finline-functions
FAIL: gcc.c-torture/execute/ieee/copysign2.c compilation, -O3 -g
UNRESOLVED: gcc.c-torture/execute/ieee/copysign2.c execution, -O3 -g
FAIL: gcc.c-torture/execute/ieee/copysign2.c compilation, -Os
UNRESOLVED: gcc.c-torture/execute/ieee/copysign2.c execution, -Os
FAIL: gcc.c-torture/execute/ieee/fp-cmp-1.c compilation, -O0
UNRESOLVED: gcc.c-torture/execute/ieee/fp-cmp-1.c execution, -O0
FAIL: gcc.c-torture/execute/ieee/fp-cmp-1.c compilation, -O1
UNRESOLVED: gcc.c-torture/execute/ieee/fp-cmp-1.c execution, -O1
FAIL: gcc.c-torture/execute/ieee/fp-cmp-1.c compilation, -O2
UNRESOLVED: gcc.c-torture/execute/ieee/fp-cmp-1.c execution, -O2
FAIL: gcc.c-torture/execute/ieee/fp-cmp-1.c compilation, -O3 -fomit-frame-pointer
UNRESOLVED: gcc.c-torture/execute/ieee/fp-cmp-1.c execution, -O3 -fomit-frame-pointer
FAIL: gcc.c-torture/execute/ieee/fp-cmp-1.c compilation, -O3 -fomit-frame-pointer -funroll-loops
UNRESOLVED: gcc.c-torture/execute/ieee/fp-cmp-1.c execution, -O3 -fomit-frame-pointer -funroll-loops
FAIL: gcc.c-torture/execute/ieee/fp-cmp-1.c compilation, -O3 -fomit-frame-pointer -funroll-all-loops -finline-functions
UNRESOLVED: gcc.c-torture/execute/ieee/fp-cmp-1.c execution, -O3 -fomit-frame-pointer -funroll-all-loops -finline-functions
FAIL: gcc.c-torture/execute/ieee/fp-cmp-1.c compilation, -O3 -g
UNRESOLVED: gcc.c-torture/execute/ieee/fp-cmp-1.c execution, -O3 -g
FAIL: gcc.c-torture/execute/ieee/fp-cmp-1.c compilation, -Os
UNRESOLVED: gcc.c-torture/execute/ieee/fp-cmp-1.c execution, -Os
FAIL: gcc.c-torture/execute/ieee/fp-cmp-2.c compilation, -O0
UNRESOLVED: gcc.c-torture/execute/ieee/fp-cmp-2.c execution, -O0
FAIL: gcc.c-torture/execute/ieee/fp-cmp-2.c compilation, -O1
UNRESOLVED: gcc.c-torture/execute/ieee/fp-cmp-2.c execution, -O1
FAIL: gcc.c-torture/execute/ieee/fp-cmp-2.c compilation, -O2
UNRESOLVED: gcc.c-torture/execute/ieee/fp-cmp-2.c execution, -O2
FAIL: gcc.c-torture/execute/ieee/fp-cmp-2.c compilation, -O3 -fomit-frame-pointer
UNRESOLVED: gcc.c-torture/execute/ieee/fp-cmp-2.c execution, -O3 -fomit-frame-pointer
FAIL: gcc.c-torture/execute/ieee/fp-cmp-2.c compilation, -O3 -fomit-frame-pointer -funroll-loops
UNRESOLVED: gcc.c-torture/execute/ieee/fp-cmp-2.c execution, -O3 -fomit-frame-pointer -funroll-loops
FAIL: gcc.c-torture/execute/ieee/fp-cmp-2.c compilation, -O3 -fomit-frame-pointer -funroll-all-loops -finline-functions
UNRESOLVED: gcc.c-torture/execute/ieee/fp-cmp-2.c execution, -O3 -fomit-frame-pointer -funroll-all-loops -finline-functions
FAIL: gcc.c-torture/execute/ieee/fp-cmp-2.c compilation, -O3 -g
UNRESOLVED: gcc.c-torture/execute/ieee/fp-cmp-2.c execution, -O3 -g
FAIL: gcc.c-torture/execute/ieee/fp-cmp-2.c compilation, -Os
UNRESOLVED: gcc.c-torture/execute/ieee/fp-cmp-2.c execution, -Os
FAIL: gcc.c-torture/execute/ieee/fp-cmp-3.c compilation, -O0
UNRESOLVED: gcc.c-torture/execute/ieee/fp-cmp-3.c execution, -O0
FAIL: gcc.c-torture/execute/ieee/fp-cmp-3.c compilation, -O1
UNRESOLVED: gcc.c-torture/execute/ieee/fp-cmp-3.c execution, -O1
FAIL: gcc.c-torture/execute/ieee/fp-cmp-3.c compilation, -O2
UNRESOLVED: gcc.c-torture/execute/ieee/fp-cmp-3.c execution, -O2
FAIL: gcc.c-torture/execute/ieee/fp-cmp-3.c compilation, -O3 -fomit-frame-pointer
UNRESOLVED: gcc.c-torture/execute/ieee/fp-cmp-3.c execution, -O3 -fomit-frame-pointer
FAIL: gcc.c-torture/execute/ieee/fp-cmp-3.c compilation, -O3 -fomit-frame-pointer -funroll-loops
UNRESOLVED: gcc.c-torture/execute/ieee/fp-cmp-3.c execution, -O3 -fomit-frame-pointer -funroll-loops
FAIL: gcc.c-torture/execute/ieee/fp-cmp-3.c compilation, -O3 -fomit-frame-pointer -funroll-all-loops -finline-functions
UNRESOLVED: gcc.c-torture/execute/ieee/fp-cmp-3.c execution, -O3 -fomit-frame-pointer -funroll-all-loops -finline-functions
FAIL: gcc.c-torture/execute/ieee/fp-cmp-3.c compilation, -O3 -g
UNRESOLVED: gcc.c-torture/execute/ieee/fp-cmp-3.c execution, -O3 -g
FAIL: gcc.c-torture/execute/ieee/fp-cmp-3.c compilation, -Os
UNRESOLVED: gcc.c-torture/execute/ieee/fp-cmp-3.c execution, -Os
FAIL: gcc.c-torture/execute/ieee/hugeval.c compilation, -O0
UNRESOLVED: gcc.c-torture/execute/ieee/hugeval.c execution, -O0
FAIL: gcc.c-torture/execute/ieee/hugeval.c compilation, -O1
UNRESOLVED: gcc.c-torture/execute/ieee/hugeval.c execution, -O1
FAIL: gcc.c-torture/execute/ieee/hugeval.c compilation, -O2
UNRESOLVED: gcc.c-torture/execute/ieee/hugeval.c execution, -O2
FAIL: gcc.c-torture/execute/ieee/hugeval.c compilation, -O3 -fomit-frame-pointer
UNRESOLVED: gcc.c-torture/execute/ieee/hugeval.c execution, -O3 -fomit-frame-pointer
FAIL: gcc.c-torture/execute/ieee/hugeval.c compilation, -O3 -g
UNRESOLVED: gcc.c-torture/execute/ieee/hugeval.c execution, -O3 -g
FAIL: gcc.c-torture/execute/ieee/hugeval.c compilation, -Os
UNRESOLVED: gcc.c-torture/execute/ieee/hugeval.c execution, -Os
FAIL: gcc.dg/compat/struct-layout-1 c_compat_main_tst.o compile
FAIL: gcc.dg/compat/struct-layout-1 c_compat_x_tst.o compile
FAIL: gcc.dg/compat/struct-layout-1 c_compat_y_tst.o compile
UNRESOLVED: gcc.dg/compat/struct-layout-1 c_compat_x_tst.o-c_compat_y_tst.o link
UNRESOLVED: gcc.dg/compat/struct-layout-1 c_compat_x_tst.o-c_compat_y_tst.o execute
WARNING: Could not compile gcc.dg/compat/struct-layout-1 generator
FAIL: gcc.dg/cpp/19990407-1.c (test for excess errors)
WARNING: gcc.dg/cpp/19990407-1.c compilation failed to produce executable
FAIL: gcc.dg/cpp/paste12.c (test for excess errors)
FAIL: gcc.dg/cpp/paste9.c (test for excess errors)
WARNING: gcc.dg/cpp/paste9.c compilation failed to produce executable
FAIL: gcc.dg/cpp/pragma-2.c (test for excess errors)
FAIL: gcc.dg/cpp/strp1.c (test for excess errors)
WARNING: gcc.dg/cpp/strp1.c compilation failed to produce executable
FAIL: gcc.dg/cpp/strp2.c (test for excess errors)
WARNING: gcc.dg/cpp/strp2.c compilation failed to produce executable
FAIL: gcc.dg/cpp/syshdr.c (test for excess errors)
FAIL: gcc.dg/cpp/trigraphs.c (test for excess errors)
WARNING: gcc.dg/cpp/trigraphs.c compilation failed to produce executable
FAIL: gcc.dg/cpp/ucnid-2.c (test for excess errors)
WARNING: gcc.dg/cpp/ucnid-2.c compilation failed to produce executable
FAIL: gcc.dg/cpp/vararg1.c (test for excess errors)
WARNING: gcc.dg/cpp/vararg1.c compilation failed to produce executable
FAIL: gcc.dg/cpp/very-long-comment.c (test for excess errors)
FAIL: gcc.dg/cpp/trad/include.c (test for bogus messages, line 9)
FAIL: gcc.dg/20050603-2.c (test for excess errors)
WARNING: gcc.dg/20050603-2.c compilation failed to produce executable
FAIL: gcc.dg/20050922-1.c (test for excess errors)
WARNING: gcc.dg/20050922-1.c compilation failed to produce executable
FAIL: gcc.dg/20050922-2.c (test for excess errors)
WARNING: gcc.dg/20050922-2.c compilation failed to produce executable
FAIL: gcc.dg/alias-11.c (test for excess errors)
WARNING: gcc.dg/alias-11.c compilation failed to produce executable
FAIL: gcc.dg/attr-weakref-1.c (test for excess errors)
WARNING: gcc.dg/attr-weakref-1.c compilation failed to produce executable
FAIL: gcc.dg/bitfld-4.c (test for excess errors)
WARNING: gcc.dg/bitfld-4.c compilation failed to produce executable
FAIL: gcc.dg/builtins-18.c (test for excess errors)
FAIL: gcc.dg/builtins-20.c (test for excess errors)
FAIL: gcc.dg/builtins-53.c (test for excess errors)
FAIL: gcc.dg/builtins-55.c (test for excess errors)
FAIL: gcc.dg/builtins-57.c (test for excess errors)
FAIL: gcc.dg/builtins-58.c (test for excess errors)
ERROR: gcc.dg/builtins-58.c: error executing dg-final: couldn't open "builtins-58.s": no such file or directory
UNRESOLVED: gcc.dg/builtins-58.c: error executing dg-final: couldn't open "builtins-58.s": no such file or directory
FAIL: gcc.dg/builtins-59.c scan-tree-dump __builtin_cexpi
FAIL: gcc.dg/builtins-59.c scan-tree-dump-not sincos
FAIL: gcc.dg/builtins-61.c scan-tree-dump cexpi
FAIL: gcc.dg/builtins-61.c scan-tree-dump sin
FAIL: gcc.dg/builtins-61.c scan-tree-dump cos
FAIL: gcc.dg/builtins-61.c scan-tree-dump return 0.0
FAIL: gcc.dg/builtins-62.c scan-tree-dump-times cexpi 3
FAIL: gcc.dg/cleanup-5.c (test for excess errors)
WARNING: gcc.dg/cleanup-5.c compilation failed to produce executable
FAIL: gcc.dg/enum1.c (test for excess errors)
WARNING: gcc.dg/enum1.c compilation failed to produce executable
FAIL: gcc.dg/intmax_t-1.c (test for excess errors)
FAIL: gcc.dg/memcpy-1.c scan-tree-dump-times nasty_local 0
FAIL: gcc.dg/pthread-init-1.c (test for excess errors)
FAIL: gcc.dg/pthread-init-2.c (test for excess errors)
FAIL: gcc.dg/range-test-1.c (test for excess errors)
WARNING: gcc.dg/range-test-1.c compilation failed to produce executable
FAIL: gcc.dg/setjmp-1.c (test for excess errors)
FAIL: gcc.dg/setjmp-3.c (test for excess errors)
WARNING: gcc.dg/setjmp-3.c compilation failed to produce executable
FAIL: gcc.dg/setjmp-4.c (test for excess errors)
WARNING: gcc.dg/setjmp-4.c compilation failed to produce executable
FAIL: gcc.dg/single-precision-constant.c (test for excess errors)
WARNING: gcc.dg/single-precision-constant.c compilation failed to produce executable
FAIL: gcc.dg/struct-ret-libc.c (test for excess errors)
WARNING: gcc.dg/struct-ret-libc.c compilation failed to produce executable
FAIL: gcc.dg/wchar_t-1.c (test for excess errors)
FAIL: gcc.dg/wint_t-1.c (test for excess errors)
FAIL: gcc.dg/ipa/ipa-1.c (test for excess errors)
ERROR: gcc.dg/ipa/ipa-1.c: error executing dg-final: no files matched glob pattern "ipa-1.c.[0-9][0-9][0-9]i.cp"
UNRESOLVED: gcc.dg/ipa/ipa-1.c: error executing dg-final: no files matched glob pattern "ipa-1.c.[0-9][0-9][0-9]i.cp"
FAIL: gcc.dg/ipa/ipa-2.c (test for excess errors)
ERROR: gcc.dg/ipa/ipa-2.c: error executing dg-final: no files matched glob pattern "ipa-2.c.[0-9][0-9][0-9]i.cp"
UNRESOLVED: gcc.dg/ipa/ipa-2.c: error executing dg-final: no files matched glob pattern "ipa-2.c.[0-9][0-9][0-9]i.cp"
FAIL: gcc.dg/ipa/ipa-3.c (test for excess errors)
ERROR: gcc.dg/ipa/ipa-3.c: error executing dg-final: no files matched glob pattern "ipa-3.c.[0-9][0-9][0-9]i.cp"
UNRESOLVED: gcc.dg/ipa/ipa-3.c: error executing dg-final: no files matched glob pattern "ipa-3.c.[0-9][0-9][0-9]i.cp"
FAIL: gcc.dg/ipa/ipa-4.c (test for excess errors)
ERROR: gcc.dg/ipa/ipa-4.c: error executing dg-final: no files matched glob pattern "ipa-4.c.[0-9][0-9][0-9]i.cp"
UNRESOLVED: gcc.dg/ipa/ipa-4.c: error executing dg-final: no files matched glob pattern "ipa-4.c.[0-9][0-9][0-9]i.cp"
FAIL: gcc.dg/ipa/ipa-5.c (test for excess errors)
ERROR: gcc.dg/ipa/ipa-5.c: error executing dg-final: no files matched glob pattern "ipa-5.c.[0-9][0-9][0-9]i.cp"
UNRESOLVED: gcc.dg/ipa/ipa-5.c: error executing dg-final: no files matched glob pattern "ipa-5.c.[0-9][0-9][0-9]i.cp"
FAIL: gcc.dg/ipa/ipa-7.c (test for excess errors)
ERROR: gcc.dg/ipa/ipa-7.c: error executing dg-final: no files matched glob pattern "ipa-7.c.[0-9][0-9][0-9]i.cp"
UNRESOLVED: gcc.dg/ipa/ipa-7.c: error executing dg-final: no files matched glob pattern "ipa-7.c.[0-9][0-9][0-9]i.cp"
FAIL: ./system-1.h -O0 -g (test for excess errors)
FAIL: ./system-1.h -O0 (test for excess errors)
FAIL: ./system-1.h -O1 (test for excess errors)
FAIL: ./system-1.h -O2 (test for excess errors)
FAIL: ./system-1.h -O3 -fomit-frame-pointer (test for excess errors)
FAIL: ./system-1.h -O3 -g (test for excess errors)
FAIL: ./system-1.h -Os (test for excess errors)
FAIL: gcc.dg/special/alias-1.c (test for excess errors)
FAIL: gcc.dg/special/gcsec-1.c (test for excess errors)
WARNING: gcc.dg/special/gcsec-1.c compilation failed to produce executable
FAIL: gcc.dg/special/weak-1.c (test for excess errors)
WARNING: gcc.dg/special/weak-1.c compilation failed to produce executable
FAIL: gcc.dg/special/weak-2.c (test for excess errors)
WARNING: gcc.dg/special/weak-2.c compilation failed to produce executable
FAIL: gcc.dg/special/wkali-1.c (test for excess errors)
FAIL: gcc.dg/special/wkali-2.c (test for excess errors)
WARNING: gcc.dg/special/wkali-2.c compilation failed to produce executable
FAIL: gcc.dg/torture/builtin-convert-1.c -O0 (test for excess errors)
FAIL: gcc.dg/torture/builtin-convert-1.c -O1 (test for excess errors)
FAIL: gcc.dg/torture/builtin-convert-1.c -O2 (test for excess errors)
FAIL: gcc.dg/torture/builtin-convert-1.c -O3 -fomit-frame-pointer (test for excess errors)
FAIL: gcc.dg/torture/builtin-convert-1.c -O3 -g (test for excess errors)
FAIL: gcc.dg/torture/builtin-convert-1.c -Os (test for excess errors)
FAIL: gcc.dg/torture/builtin-convert-2.c -O0 (test for excess errors)
FAIL: gcc.dg/torture/builtin-convert-2.c -O1 (test for excess errors)
FAIL: gcc.dg/torture/builtin-convert-2.c -O2 (test for excess errors)
FAIL: gcc.dg/torture/builtin-convert-2.c -O3 -fomit-frame-pointer (test for excess errors)
FAIL: gcc.dg/torture/builtin-convert-2.c -O3 -g (test for excess errors)
FAIL: gcc.dg/torture/builtin-convert-2.c -Os (test for excess errors)
FAIL: gcc.dg/torture/builtin-convert-3.c -O0 (test for excess errors)
FAIL: gcc.dg/torture/builtin-convert-3.c -O1 (test for excess errors)
FAIL: gcc.dg/torture/builtin-convert-3.c -O2 (test for excess errors)
FAIL: gcc.dg/torture/builtin-convert-3.c -O3 -fomit-frame-pointer (test for excess errors)
FAIL: gcc.dg/torture/builtin-convert-3.c -O3 -g (test for excess errors)
FAIL: gcc.dg/torture/builtin-convert-3.c -Os (test for excess errors)
FAIL: gcc.dg/torture/builtin-pow-mpfr-1.c -O0 scan-tree-dump pow
FAIL: gcc.dg/torture/builtin-pow-mpfr-1.c -O1 scan-tree-dump pow
FAIL: gcc.dg/torture/builtin-pow-mpfr-1.c -O2 scan-tree-dump pow
FAIL: gcc.dg/torture/builtin-pow-mpfr-1.c -O3 -fomit-frame-pointer scan-tree-dump pow
FAIL: gcc.dg/torture/builtin-pow-mpfr-1.c -O3 -g scan-tree-dump pow
FAIL: gcc.dg/torture/builtin-pow-mpfr-1.c -Os scan-tree-dump pow
FAIL: gcc.dg/torture/builtin-power-1.c -O0 (test for excess errors)
FAIL: gcc.dg/torture/builtin-power-1.c -O1 (test for excess errors)
FAIL: gcc.dg/torture/builtin-power-1.c -O2 (test for excess errors)
FAIL: gcc.dg/torture/builtin-power-1.c -O3 -fomit-frame-pointer (test for excess errors)
FAIL: gcc.dg/torture/builtin-power-1.c -O3 -g (test for excess errors)
FAIL: gcc.dg/torture/builtin-power-1.c -Os (test for excess errors)
XPASS: gcc.dg/tree-ssa/20040204-1.c scan-tree-dump-times link_error 0
FAIL: gcc.dg/tree-ssa/gen-vect-11.c (test for excess errors)
WARNING: gcc.dg/tree-ssa/gen-vect-11.c compilation failed to produce executable
ERROR: gcc.dg/tree-ssa/gen-vect-11.c: error executing dg-final: no files matched glob pattern "gen-vect-11.c.[0-9][0-9][0-9]t.vect"
UNRESOLVED: gcc.dg/tree-ssa/gen-vect-11.c: error executing dg-final: no files matched glob pattern "gen-vect-11.c.[0-9][0-9][0-9]t.vect"
FAIL: gcc.dg/tree-ssa/gen-vect-11a.c (test for excess errors)
WARNING: gcc.dg/tree-ssa/gen-vect-11a.c compilation failed to produce executable
ERROR: gcc.dg/tree-ssa/gen-vect-11a.c: error executing dg-final: no files matched glob pattern "gen-vect-11a.c.[0-9][0-9][0-9]t.vect"
UNRESOLVED: gcc.dg/tree-ssa/gen-vect-11a.c: error executing dg-final: no files matched glob pattern "gen-vect-11a.c.[0-9][0-9][0-9]t.vect"
FAIL: gcc.dg/tree-ssa/gen-vect-11b.c (test for excess errors)
WARNING: gcc.dg/tree-ssa/gen-vect-11b.c compilation failed to produce executable
ERROR: gcc.dg/tree-ssa/gen-vect-11b.c: error executing dg-final: no files matched glob pattern "gen-vect-11b.c.[0-9][0-9][0-9]t.vect"
UNRESOLVED: gcc.dg/tree-ssa/gen-vect-11b.c: error executing dg-final: no files matched glob pattern "gen-vect-11b.c.[0-9][0-9][0-9]t.vect"
FAIL: gcc.dg/tree-ssa/gen-vect-11c.c (test for excess errors)
WARNING: gcc.dg/tree-ssa/gen-vect-11c.c compilation failed to produce executable
ERROR: gcc.dg/tree-ssa/gen-vect-11c.c: error executing dg-final: no files matched glob pattern "gen-vect-11c.c.[0-9][0-9][0-9]t.vect"
UNRESOLVED: gcc.dg/tree-ssa/gen-vect-11c.c: error executing dg-final: no files matched glob pattern "gen-vect-11c.c.[0-9][0-9][0-9]t.vect"
FAIL: gcc.dg/tree-ssa/gen-vect-2.c (test for excess errors)
WARNING: gcc.dg/tree-ssa/gen-vect-2.c compilation failed to produce executable
ERROR: gcc.dg/tree-ssa/gen-vect-2.c: error executing dg-final: no files matched glob pattern "gen-vect-2.c.[0-9][0-9][0-9]t.vect"
UNRESOLVED: gcc.dg/tree-ssa/gen-vect-2.c: error executing dg-final: no files matched glob pattern "gen-vect-2.c.[0-9][0-9][0-9]t.vect"
FAIL: gcc.dg/tree-ssa/gen-vect-25.c (test for excess errors)
WARNING: gcc.dg/tree-ssa/gen-vect-25.c compilation failed to produce executable
ERROR: gcc.dg/tree-ssa/gen-vect-25.c: error executing dg-final: no files matched glob pattern "gen-vect-25.c.[0-9][0-9][0-9]t.vect"
UNRESOLVED: gcc.dg/tree-ssa/gen-vect-25.c: error executing dg-final: no files matched glob pattern "gen-vect-25.c.[0-9][0-9][0-9]t.vect"
FAIL: gcc.dg/tree-ssa/gen-vect-26.c (test for excess errors)
WARNING: gcc.dg/tree-ssa/gen-vect-26.c compilation failed to produce executable
ERROR: gcc.dg/tree-ssa/gen-vect-26.c: error executing dg-final: no files matched glob pattern "gen-vect-26.c.[0-9][0-9][0-9]t.vect"
UNRESOLVED: gcc.dg/tree-ssa/gen-vect-26.c: error executing dg-final: no files matched glob pattern "gen-vect-26.c.[0-9][0-9][0-9]t.vect"
FAIL: gcc.dg/tree-ssa/gen-vect-28.c (test for excess errors)
WARNING: gcc.dg/tree-ssa/gen-vect-28.c compilation failed to produce executable
ERROR: gcc.dg/tree-ssa/gen-vect-28.c: error executing dg-final: no files matched glob pattern "gen-vect-28.c.[0-9][0-9][0-9]t.vect"
UNRESOLVED: gcc.dg/tree-ssa/gen-vect-28.c: error executing dg-final: no files matched glob pattern "gen-vect-28.c.[0-9][0-9][0-9]t.vect"
FAIL: gcc.dg/tree-ssa/gen-vect-32.c (test for excess errors)
WARNING: gcc.dg/tree-ssa/gen-vect-32.c compilation failed to produce executable
ERROR: gcc.dg/tree-ssa/gen-vect-32.c: error executing dg-final: no files matched glob pattern "gen-vect-32.c.[0-9][0-9][0-9]t.vect"
UNRESOLVED: gcc.dg/tree-ssa/gen-vect-32.c: error executing dg-final: no files matched glob pattern "gen-vect-32.c.[0-9][0-9][0-9]t.vect"
FAIL: gcc.dg/tree-ssa/ifc-20040816-1.c (test for excess errors)
ERROR: gcc.dg/tree-ssa/ifc-20040816-1.c: error executing dg-final: no files matched glob pattern "ifc-20040816-1.c.[0-9][0-9][0-9]t.ifcvt"
UNRESOLVED: gcc.dg/tree-ssa/ifc-20040816-1.c: error executing dg-final: no files matched glob pattern "ifc-20040816-1.c.[0-9][0-9][0-9]t.ifcvt"
FAIL: gcc.dg/tree-ssa/loadpre1.c scan-tree-dump-times Eliminated: 1 1
XPASS: gcc.dg/tree-ssa/update-threading.c scan-tree-dump-times Invalid sum 0
FAIL: gcc.dg/weak/weak-14.c (test for excess errors)
WARNING: gcc.dg/weak/weak-14.c compilation failed to produce executable
FAIL: gcc.target/mips/memcpy-1.c (test for excess errors)
ERROR: gcc.target/mips/memcpy-1.c: error executing dg-final: couldn't open "memcpy-1.s": no such file or directory
UNRESOLVED: gcc.target/mips/memcpy-1.c: error executing dg-final: couldn't open "memcpy-1.s": no such file or directory
FAIL: gcc.target/mips/mips32-dsp.c (test for excess errors)
ERROR: gcc.target/mips/mips32-dsp.c: error executing dg-final: couldn't open "mips32-dsp.s": no such file or directory
UNRESOLVED: gcc.target/mips/mips32-dsp.c: error executing dg-final: couldn't open "mips32-dsp.s": no such file or directory
=== gcc Summary ===
# of expected passes 39836
# of unexpected failures 571
# of unexpected successes 2
# of expected failures 72
# of unresolved testcases 473
# of untested testcases 42
# of unsupported tests 391
/home/mstein/sim/mips-elf/build/gcc/xgcc version 4.3.0 20070208 (experimental)
Compiler version: 4.3.0 20070208 (experimental) gcc
Platform: mips-unknown-elf
configure flags: --target=mips-elf --prefix=/n/07/mstein/cross-local/mips-elf --disable-nls --disable-build-warnings --with-ld=/n/07/mstein/cross-local/mips-elf/bin/mips-elf-ld --with-as=/n/07/mstein/cross-local/mips-elf/bin/mips-elf-as --disable-libssp --with-gmp=/n/07/mstein/gmp-stuff --enable-languages=c