This is the mail archive of the gcc-testresults@gcc.gnu.org mailing list for the GCC project.


Index Nav: [Date Index] [Subject Index] [Author Index] [Thread Index]
Message Nav: [Date Prev] [Date Next] [Thread Prev] [Thread Next]
Other format: [Raw text]

Results for 4.3.0 20070201 (experimental) testsuite on powerpc-apple-darwin8.5.0


This build run by an automatic regression tester.
See <http://gcc.gnu.org/regtest/HEAD/> for more information.

Date: 2007-02-01T08:31:41Z
Revision: 121458
URL: svn://gcc.gnu.org/svn/gcc/trunk
Status: regress-7
Prev-Endtime: 2007-02-01T08:28:32Z

LAST_UPDATED: 
Native configuration is powerpc-apple-darwin8.5.0

		=== g++ tests ===


Running target unix
WARNING: Could not compile g++.dg/compat/struct-layout-1 generator
FAIL: g++.dg/ext/alignof2.C execution test
FAIL: g++.dg/other/unused1.C scan-assembler (string|ascii?)z?\\t"class2("|\\\\\\\\000)
FAIL: g++.dg/other/unused1.C scan-assembler (string|ascii?)z?\\t"printer("|\\\\\\\\000)
FAIL: g++.dg/warn/weak1.C (test for excess errors)
WARNING: g++.dg/warn/weak1.C compilation failed to produce executable
FAIL: g++.dg/gomp/pr29965-2.C (internal compiler error)
FAIL: g++.dg/gomp/pr29965-2.C (test for excess errors)
FAIL: g++.dg/special/conpr-3.C execution test

		=== g++ Summary ===

# of expected passes		13700
# of unexpected failures	7
# of expected failures		79
# of unsupported tests		131
/Users/regress/tbox/native/build/gcc/testsuite/g++/../../g++  version 4.3.0 20070201 (experimental)

		=== gcc tests ===


Running target unix
WARNING: Could not compile gcc.dg/compat/struct-layout-1 generator
XPASS: gcc.dg/20020103-1.c scan-assembler-not LC[0-9]
FAIL: gcc.dg/builtins-1.c (internal compiler error)
FAIL: gcc.dg/builtins-1.c (test for excess errors)
ERROR: gcc.dg/builtins-1.c: error executing dg-final: couldn't open "builtins-1.s": no such file or directory
UNRESOLVED: gcc.dg/builtins-1.c: error executing dg-final: couldn't open "builtins-1.s": no such file or directory
FAIL: gcc.dg/builtins-57.c (test for excess errors)
FAIL: gcc.dg/builtins-58.c (test for excess errors)
ERROR: gcc.dg/builtins-58.c: error executing dg-final: couldn't open "builtins-58.s": no such file or directory
UNRESOLVED: gcc.dg/builtins-58.c: error executing dg-final: couldn't open "builtins-58.s": no such file or directory
FAIL: gcc.dg/builtins-59.c (internal compiler error)
FAIL: gcc.dg/builtins-59.c (test for excess errors)
FAIL: gcc.dg/builtins-61.c (internal compiler error)
FAIL: gcc.dg/builtins-61.c (test for excess errors)
FAIL: gcc.dg/builtins-61.c scan-tree-dump sin
FAIL: gcc.dg/builtins-61.c scan-tree-dump cos
FAIL: gcc.dg/builtins-62.c scan-tree-dump-times cexpi 3
FAIL: gcc.dg/memcpy-1.c scan-tree-dump-times nasty_local 0
FAIL: gcc.dg/setjmp-3.c (test for excess errors)
FAIL: gcc.dg/setjmp-4.c (test for excess errors)
FAIL: gcc.dg/gomp/pr29965-2.c (internal compiler error)
FAIL: gcc.dg/gomp/pr29965-2.c (test for excess errors)
FAIL: gcc.dg/torture/builtin-pow-mpfr-1.c  -O0  scan-tree-dump pow
FAIL: gcc.dg/torture/builtin-pow-mpfr-1.c  -O1  scan-tree-dump pow
FAIL: gcc.dg/torture/builtin-pow-mpfr-1.c  -O2  scan-tree-dump pow
FAIL: gcc.dg/torture/builtin-pow-mpfr-1.c  -O3 -fomit-frame-pointer  scan-tree-dump pow
FAIL: gcc.dg/torture/builtin-pow-mpfr-1.c  -O3 -g  scan-tree-dump pow
FAIL: gcc.dg/torture/builtin-pow-mpfr-1.c  -Os  scan-tree-dump pow
FAIL: gcc.dg/torture/builtin-sin-mpfr-1.c  -O0  (test for excess errors)
FAIL: gcc.dg/torture/builtin-sin-mpfr-1.c  -O1  (test for excess errors)
FAIL: gcc.dg/torture/builtin-sin-mpfr-1.c  -O2  (test for excess errors)
FAIL: gcc.dg/torture/builtin-sin-mpfr-1.c  -O3 -fomit-frame-pointer  (test for excess errors)
FAIL: gcc.dg/torture/builtin-sin-mpfr-1.c  -O3 -fomit-frame-pointer -funroll-loops  (test for excess errors)
FAIL: gcc.dg/torture/builtin-sin-mpfr-1.c  -O3 -fomit-frame-pointer -funroll-all-loops -finline-functions  (test for excess errors)
FAIL: gcc.dg/torture/builtin-sin-mpfr-1.c  -O3 -g  (test for excess errors)
FAIL: gcc.dg/torture/builtin-sin-mpfr-1.c  -Os  (test for excess errors)
FAIL: gcc.dg/tree-ssa/loadpre1.c scan-tree-dump-times Eliminated: 1 1
FAIL: gcc.dg/tree-ssa/loop-19.c scan-tree-dump-times MEM.(base: &|symbol: )a, 2
FAIL: gcc.dg/tree-ssa/loop-19.c scan-tree-dump-times MEM.(base: &|symbol: )c, 2
FAIL: gcc.dg/vect/section-anchors-pr27770.c (test for excess errors)
FAIL: gcc.dg/vect/section-anchors-vect-69.c (test for excess errors)
FAIL: gcc.dg/vect/section-anchors-vect-69.c scan-tree-dump-times Alignment of access forced using peeling 4
FAIL: gcc.target/powerpc/stabs-attrib-vect-darwin.c scan-assembler .stabs.*vi:\\\\(0,16\\\\)=@V

		=== gcc Summary ===

# of expected passes		43277
# of unexpected failures	37
# of unexpected successes	1
# of expected failures		112
# of unresolved testcases	2
# of untested testcases		28
# of unsupported tests		460
/Users/regress/tbox/native/build/gcc/xgcc  version 4.3.0 20070201 (experimental)

		=== gfortran tests ===


Running target unix
FAIL: gfortran.dg/large_real_kind_2.F90  -O0  execution test
FAIL: gfortran.dg/large_real_kind_2.F90  -O1  execution test
FAIL: gfortran.dg/large_real_kind_2.F90  -O2  execution test
FAIL: gfortran.dg/large_real_kind_2.F90  -O3 -fomit-frame-pointer  execution test
FAIL: gfortran.dg/large_real_kind_2.F90  -O3 -fomit-frame-pointer -funroll-loops  execution test
FAIL: gfortran.dg/large_real_kind_2.F90  -O3 -fomit-frame-pointer -funroll-all-loops -finline-functions  execution test
FAIL: gfortran.dg/large_real_kind_2.F90  -O3 -g  execution test
FAIL: gfortran.dg/large_real_kind_2.F90  -Os  execution test
FAIL: gfortran.dg/large_real_kind_form_io_2.f90  -O0  execution test
FAIL: gfortran.dg/large_real_kind_form_io_2.f90  -O1  execution test
FAIL: gfortran.dg/large_real_kind_form_io_2.f90  -O2  execution test
FAIL: gfortran.dg/large_real_kind_form_io_2.f90  -O3 -fomit-frame-pointer  execution test
FAIL: gfortran.dg/large_real_kind_form_io_2.f90  -O3 -fomit-frame-pointer -funroll-loops  execution test
FAIL: gfortran.dg/large_real_kind_form_io_2.f90  -O3 -fomit-frame-pointer -funroll-all-loops -finline-functions  execution test
FAIL: gfortran.dg/large_real_kind_form_io_2.f90  -O3 -g  execution test
FAIL: gfortran.dg/large_real_kind_form_io_2.f90  -Os  execution test

		=== gfortran Summary ===

# of expected passes		16001
# of unexpected failures	16
# of expected failures		7
# of unsupported tests		57
/Users/regress/tbox/native/build/gcc/testsuite/gfortran/../../gfortran  version 4.3.0 20070201 (experimental)

		=== objc tests ===


Running target unix
WARNING: Could not compile objc.dg/gnu-encoding/struct-layout-encoding-1 generator

		=== objc Summary ===

# of expected passes		2976
# of unsupported tests		1
/Users/regress/tbox/native/build/gcc/xgcc  version 4.3.0 20070201 (experimental)

		=== libffi tests ===


Running target unix

		=== libffi Summary ===

# of expected passes		1096
# of unsupported tests		8
		=== libgomp tests ===


Running target unix
FAIL: libgomp.c++/ctor-1.C  -O0  (test for excess errors)
FAIL: libgomp.c++/ctor-1.C  -O1  (test for excess errors)
FAIL: libgomp.c++/ctor-1.C  -O2  (test for excess errors)
FAIL: libgomp.c++/ctor-1.C  -O3 -fomit-frame-pointer  (test for excess errors)
FAIL: libgomp.c++/ctor-1.C  -O3 -fomit-frame-pointer -funroll-loops  (test for excess errors)
FAIL: libgomp.c++/ctor-1.C  -O3 -fomit-frame-pointer -funroll-all-loops -finline-functions  (test for excess errors)
FAIL: libgomp.c++/ctor-1.C  -O3 -g  (test for excess errors)
FAIL: libgomp.c++/ctor-1.C  -Os  (test for excess errors)
FAIL: libgomp.c++/ctor-2.C  -O0  (test for excess errors)
FAIL: libgomp.c++/ctor-2.C  -O1  (test for excess errors)
FAIL: libgomp.c++/ctor-2.C  -O2  (test for excess errors)
FAIL: libgomp.c++/ctor-2.C  -O3 -fomit-frame-pointer  (test for excess errors)
FAIL: libgomp.c++/ctor-2.C  -O3 -fomit-frame-pointer -funroll-loops  (test for excess errors)
FAIL: libgomp.c++/ctor-2.C  -O3 -fomit-frame-pointer -funroll-all-loops -finline-functions  (test for excess errors)
FAIL: libgomp.c++/ctor-2.C  -O3 -g  (test for excess errors)
FAIL: libgomp.c++/ctor-2.C  -Os  (test for excess errors)
FAIL: libgomp.c++/ctor-3.C  -O0  (test for excess errors)
FAIL: libgomp.c++/ctor-3.C  -O1  (test for excess errors)
FAIL: libgomp.c++/ctor-3.C  -O2  (test for excess errors)
FAIL: libgomp.c++/ctor-3.C  -O3 -fomit-frame-pointer  (test for excess errors)
FAIL: libgomp.c++/ctor-3.C  -O3 -fomit-frame-pointer -funroll-loops  (test for excess errors)
FAIL: libgomp.c++/ctor-3.C  -O3 -fomit-frame-pointer -funroll-all-loops -finline-functions  (test for excess errors)
FAIL: libgomp.c++/ctor-3.C  -O3 -g  (test for excess errors)
FAIL: libgomp.c++/ctor-3.C  -Os  (test for excess errors)
FAIL: libgomp.c++/ctor-4.C  -O0  (test for excess errors)
FAIL: libgomp.c++/ctor-4.C  -O1  (test for excess errors)
FAIL: libgomp.c++/ctor-4.C  -O2  (test for excess errors)
FAIL: libgomp.c++/ctor-4.C  -O3 -fomit-frame-pointer  (test for excess errors)
FAIL: libgomp.c++/ctor-4.C  -O3 -fomit-frame-pointer -funroll-loops  (test for excess errors)
FAIL: libgomp.c++/ctor-4.C  -O3 -fomit-frame-pointer -funroll-all-loops -finline-functions  (test for excess errors)
FAIL: libgomp.c++/ctor-4.C  -O3 -g  (test for excess errors)
FAIL: libgomp.c++/ctor-4.C  -Os  (test for excess errors)
FAIL: libgomp.c++/ctor-6.C  -O0  (test for excess errors)
FAIL: libgomp.c++/ctor-6.C  -O1  (test for excess errors)
FAIL: libgomp.c++/ctor-6.C  -O2  (test for excess errors)
FAIL: libgomp.c++/ctor-6.C  -O3 -fomit-frame-pointer  (test for excess errors)
FAIL: libgomp.c++/ctor-6.C  -O3 -fomit-frame-pointer -funroll-loops  (test for excess errors)
FAIL: libgomp.c++/ctor-6.C  -O3 -fomit-frame-pointer -funroll-all-loops -finline-functions  (test for excess errors)
FAIL: libgomp.c++/ctor-6.C  -O3 -g  (test for excess errors)
FAIL: libgomp.c++/ctor-6.C  -Os  (test for excess errors)
FAIL: libgomp.c++/ctor-7.C  -O0  (test for excess errors)
FAIL: libgomp.c++/ctor-7.C  -O1  (test for excess errors)
FAIL: libgomp.c++/ctor-7.C  -O2  (test for excess errors)
FAIL: libgomp.c++/ctor-7.C  -O3 -fomit-frame-pointer  (test for excess errors)
FAIL: libgomp.c++/ctor-7.C  -O3 -fomit-frame-pointer -funroll-loops  (test for excess errors)
FAIL: libgomp.c++/ctor-7.C  -O3 -fomit-frame-pointer -funroll-all-loops -finline-functions  (test for excess errors)
FAIL: libgomp.c++/ctor-7.C  -O3 -g  (test for excess errors)
FAIL: libgomp.c++/ctor-7.C  -Os  (test for excess errors)
FAIL: libgomp.c++/loop-1.C  -O  (test for excess errors)
FAIL: libgomp.c++/loop-2.C  -O  (test for excess errors)
FAIL: libgomp.c++/loop-3.C  -O  (test for excess errors)
FAIL: libgomp.c++/loop-4.C  -O  (test for excess errors)
FAIL: libgomp.c++/loop-5.C  -O  (test for excess errors)
FAIL: libgomp.c++/loop-6.C  -O0  (test for excess errors)
FAIL: libgomp.c++/loop-6.C  -O1  (test for excess errors)
FAIL: libgomp.c++/loop-6.C  -O2  (test for excess errors)
FAIL: libgomp.c++/loop-6.C  -O3 -fomit-frame-pointer  (test for excess errors)
FAIL: libgomp.c++/loop-6.C  -O3 -fomit-frame-pointer -funroll-loops  (test for excess errors)
FAIL: libgomp.c++/loop-6.C  -O3 -fomit-frame-pointer -funroll-all-loops -finline-functions  (test for excess errors)
FAIL: libgomp.c++/loop-6.C  -O3 -g  (test for excess errors)
FAIL: libgomp.c++/loop-6.C  -Os  (test for excess errors)
FAIL: libgomp.c++/loop-7.C  -O0  (test for excess errors)
FAIL: libgomp.c++/loop-7.C  -O1  (test for excess errors)
FAIL: libgomp.c++/loop-7.C  -O2  (test for excess errors)
FAIL: libgomp.c++/loop-7.C  -O3 -fomit-frame-pointer  (test for excess errors)
FAIL: libgomp.c++/loop-7.C  -O3 -fomit-frame-pointer -funroll-loops  (test for excess errors)
FAIL: libgomp.c++/loop-7.C  -O3 -fomit-frame-pointer -funroll-all-loops -finline-functions  (test for excess errors)
FAIL: libgomp.c++/loop-7.C  -O3 -g  (test for excess errors)
FAIL: libgomp.c++/loop-7.C  -Os  (test for excess errors)
FAIL: libgomp.c++/master-1.C  -O0  (test for excess errors)
FAIL: libgomp.c++/master-1.C  -O1  (test for excess errors)
FAIL: libgomp.c++/master-1.C  -O2  (test for excess errors)
FAIL: libgomp.c++/master-1.C  -O3 -fomit-frame-pointer  (test for excess errors)
FAIL: libgomp.c++/master-1.C  -O3 -fomit-frame-pointer -funroll-loops  (test for excess errors)
FAIL: libgomp.c++/master-1.C  -O3 -fomit-frame-pointer -funroll-all-loops -finline-functions  (test for excess errors)
FAIL: libgomp.c++/master-1.C  -O3 -g  (test for excess errors)
FAIL: libgomp.c++/master-1.C  -Os  (test for excess errors)
FAIL: libgomp.c++/nested-1.C  -O0  (test for excess errors)
FAIL: libgomp.c++/nested-1.C  -O1  (test for excess errors)
FAIL: libgomp.c++/nested-1.C  -O2  (test for excess errors)
FAIL: libgomp.c++/nested-1.C  -O3 -fomit-frame-pointer  (test for excess errors)
FAIL: libgomp.c++/nested-1.C  -O3 -fomit-frame-pointer -funroll-loops  (test for excess errors)
FAIL: libgomp.c++/nested-1.C  -O3 -fomit-frame-pointer -funroll-all-loops -finline-functions  (test for excess errors)
FAIL: libgomp.c++/nested-1.C  -O3 -g  (test for excess errors)
FAIL: libgomp.c++/nested-1.C  -Os  (test for excess errors)
FAIL: libgomp.c++/parallel-1.C  -O  (test for excess errors)
FAIL: libgomp.c++/pr26691.C  -O  (test for excess errors)
WARNING: libgomp.c++/pr26691.C  -O  compilation failed to produce executable
FAIL: libgomp.c++/pr26943.C  -O0  (test for excess errors)
FAIL: libgomp.c++/pr26943.C  -O1  (test for excess errors)
FAIL: libgomp.c++/pr26943.C  -O2  (test for excess errors)
FAIL: libgomp.c++/pr26943.C  -O3 -fomit-frame-pointer  (test for excess errors)
FAIL: libgomp.c++/pr26943.C  -O3 -fomit-frame-pointer -funroll-loops  (test for excess errors)
FAIL: libgomp.c++/pr26943.C  -O3 -fomit-frame-pointer -funroll-all-loops -finline-functions  (test for excess errors)
FAIL: libgomp.c++/pr26943.C  -O3 -g  (test for excess errors)
FAIL: libgomp.c++/pr26943.C  -Os  (test for excess errors)
FAIL: libgomp.c++/pr27337.C  -O0  (test for excess errors)
FAIL: libgomp.c++/pr27337.C  -O1  (test for excess errors)
FAIL: libgomp.c++/pr27337.C  -O2  (test for excess errors)
FAIL: libgomp.c++/pr27337.C  -O3 -fomit-frame-pointer  (test for excess errors)
FAIL: libgomp.c++/pr27337.C  -O3 -fomit-frame-pointer -funroll-loops  (test for excess errors)
FAIL: libgomp.c++/pr27337.C  -O3 -fomit-frame-pointer -funroll-all-loops -finline-functions  (test for excess errors)
FAIL: libgomp.c++/pr27337.C  -O3 -g  (test for excess errors)
FAIL: libgomp.c++/pr27337.C  -Os  (test for excess errors)
FAIL: libgomp.c++/reduction-1.C  -O  (test for excess errors)
FAIL: libgomp.c++/reduction-2.C  -O  (test for excess errors)
FAIL: libgomp.c++/reduction-3.C  -O  (test for excess errors)
FAIL: libgomp.c++/sections-1.C  -O  (test for excess errors)
FAIL: libgomp.c++/shared-1.C  -O  (test for excess errors)
FAIL: libgomp.c++/shared-2.C  -O  (test for excess errors)
FAIL: libgomp.c++/single-1.C  -O  (test for excess errors)
FAIL: libgomp.c++/single-2.C  -O  (test for excess errors)
FAIL: libgomp.c++/single-3.C  -O  (test for excess errors)

		=== libgomp Summary ===

# of expected passes		1217
# of unexpected failures	112
# of unsupported tests		111
		=== libjava tests ===


Running target unix
FAIL: PR27908 -findirect-dispatch execution - source compiled test
FAIL: PR27908 -O3 execution - source compiled test
FAIL: Thread_Sleep_2 -O3 output - source compiled test

		=== libjava Summary ===

# of expected passes		2470
# of unexpected failures	3
# of untested testcases		2
		=== libstdc++ tests ===


Running target unix
XPASS: 21_strings/basic_string/element_access/char/21674.cc execution test
XPASS: 21_strings/basic_string/element_access/wchar_t/21674.cc execution test
FAIL: 22_locale/locale/cons/unicode.cc (test for excess errors)
WARNING: 22_locale/locale/cons/unicode.cc compilation failed to produce executable
XPASS: 26_numerics/cmath/c99_classification_macros_c.cc (test for excess errors)
FAIL: ext/codecvt/1.cc (test for excess errors)
WARNING: ext/codecvt/1.cc compilation failed to produce executable
FAIL: ext/codecvt/char-1.cc (test for excess errors)
WARNING: ext/codecvt/char-1.cc compilation failed to produce executable
FAIL: ext/codecvt/char-2.cc (test for excess errors)
WARNING: ext/codecvt/char-2.cc compilation failed to produce executable
FAIL: ext/codecvt/wchar_t.cc (test for excess errors)
WARNING: ext/codecvt/wchar_t.cc compilation failed to produce executable
FAIL: ext/enc_filebuf/char/13189.cc (test for excess errors)
WARNING: ext/enc_filebuf/char/13189.cc compilation failed to produce executable
FAIL: ext/enc_filebuf/char/13598.cc (test for excess errors)
WARNING: ext/enc_filebuf/char/13598.cc compilation failed to produce executable
FAIL: ext/enc_filebuf/wchar_t/13189.cc (test for excess errors)
WARNING: ext/enc_filebuf/wchar_t/13189.cc compilation failed to produce executable
FAIL: ext/mt_allocator/deallocate_local_thread-5.cc execution test
FAIL: ext/mt_allocator/deallocate_local_thread-7.cc execution test
FAIL: ext/pb_ds/example/priority_queue_dijkstra.cc execution test

		=== libstdc++ Summary ===

# of expected passes		3824
# of unexpected failures	11
# of unexpected successes	3
# of expected failures		13
# of unsupported tests		318

Compiler version: 4.3.0 20070201 (experimental) 
Platform: powerpc-apple-darwin8.5.0
configure flags: --prefix=/Users/regress/tbox/objs --target=powerpc-apple-darwin8.5.0 --enable-languages=c,c++,fortran,java,objc


Index Nav: [Date Index] [Subject Index] [Author Index] [Thread Index]
Message Nav: [Date Prev] [Date Next] [Thread Prev] [Thread Next]