This is the mail archive of the gcc-testresults@gcc.gnu.org mailing list for the GCC project.


Index Nav: [Date Index] [Subject Index] [Author Index] [Thread Index]
Message Nav: [Date Prev] [Date Next] [Thread Prev] [Thread Next]
Other format: [Raw text]

Results for 4.0.4 testsuite on hppa2.0w-hp-hpux11.11


LAST_UPDATED: Thu Feb  1 01:37:54 UTC 2007 (revision 121453)

		=== acats tests ===
FAIL:	c393a06
FAIL:	c52104k
FAIL:	cc3120a
FAIL:	cxa4034
FAIL:	cxaca01
Native configuration is hppa2.0w-hp-hpux11.11

		=== g++ tests ===


Running target unix

		=== g++ Summary ===

# of expected passes		11246
# of expected failures		70
# of unsupported tests		131
/mnt/gnu/gcc/objdir/gcc/testsuite/g++/../../g++  version 4.0.4

		=== gcc tests ===


Running target unix
XPASS: gcc.dg/cpp/cmdlne-dI-M.c scan-file (^|\\\\n)cmdlne-dI-M.*:[^\\\\n]*cmdlne-dI-M.c
XPASS: gcc.dg/cpp/cmdlne-dM-M.c scan-file (^|\\\\n)cmdlne-dM-M[^\\\\n]*:[^\\\\n]*cmdlne-dM-M.c
XPASS: gcc.dg/const-elim-1.c scan-assembler-not L\\\\\$?C[^A-Z]
FAIL: gcc.dg/special/weak-1.c execution test

		=== gcc Summary ===

# of expected passes		34314
# of unexpected failures	1
# of unexpected successes	3
# of expected failures		67
# of untested testcases		28
# of unsupported tests		584
/mnt/gnu/gcc/objdir/gcc/xgcc  version 4.0.4

		=== gfortran tests ===


Running target unix

		=== gfortran Summary ===

# of expected passes		8821
# of expected failures		1
# of unsupported tests		17
/mnt/gnu/gcc/objdir/gcc/testsuite/gfortran/../../gfortran  version 4.0.4

		=== objc tests ===


Running target unix

		=== objc Summary ===

# of expected passes		1552
# of unsupported tests		11
/mnt/gnu/gcc/objdir/gcc/xgcc  version 4.0.4

		=== libstdc++ tests ===


Running target unix

		=== libstdc++ Summary ===

# of expected passes		3676
# of expected failures		12
# of unsupported tests		19

Compiler version: 4.0.4 
Platform: hppa2.0w-hp-hpux11.11
configure flags: --with-gnu-as --with-as=/opt/gnu/bin/as --enable-shared --with-local-prefix=/opt/gnu --prefix=/opt/gnu/gcc/gcc-4.0.4 --with-gmp=/opt/gnu/gcc/gcc-4.0.4 --enable-threads=posix --enable-debug=no --disable-nls --disable-checking --enable-languages=c,ada,c++,f95,java,objc


Index Nav: [Date Index] [Subject Index] [Author Index] [Thread Index]
Message Nav: [Date Prev] [Date Next] [Thread Prev] [Thread Next]