This is the mail archive of the gcc-testresults@gcc.gnu.org mailing list for the GCC project.


Index Nav: [Date Index] [Subject Index] [Author Index] [Thread Index]
Message Nav: [Date Prev] [Date Next] [Thread Prev] [Thread Next]
Other format: [Raw text]

Results for 4.0.4 testsuite on ia64-suse-linux-gnu


LAST_UPDATED: Thu Feb  1 09:01:03 UTC 2007 (revision 121458M)

		=== acats tests ===
FAIL:	c36204d
FAIL:	c9a009a
FAIL:	c9a009c
FAIL:	c9a009h
FAIL:	c9a010a
FAIL:	cb4009a

		=== acats Summary ===
# of expected passes		2314
# of unexpected failures	6
Native configuration is ia64-suse-linux-gnu

		=== g++ tests ===


Running target unix
XPASS: g++.old-deja/g++.other/init5.C execution test

		=== g++ Summary ===

# of expected passes		11113
# of unexpected successes	1
# of expected failures		69
# of unsupported tests		93
/tmp/cvs/gcc-20070201/Build/gcc/testsuite/g++/../../g++  version 4.0.4

		=== gcc tests ===


Running target unix
FAIL: gcc.dg/builtin-apply4.c execution test
FAIL: gcc.dg/sibcall-7.c execution test
XPASS: gcc.dg/tree-ssa/loop-1.c scan-assembler-times foo 5
XPASS: gcc.dg/vect/vect-22.c scan-tree-dump-times vectorized 3 loops 1
XPASS: gcc.dg/vect/vect-44.c scan-tree-dump-times Alignment of access forced using peeling 1
XPASS: gcc.dg/vect/vect-50.c scan-tree-dump-times Alignment of access forced using peeling 1
XPASS: gcc.dg/vect/vect-54.c scan-tree-dump-times Alignment of access forced using peeling 1
XPASS: gcc.dg/vect/vect-58.c scan-tree-dump-times Alignment of access forced using peeling 1

		=== gcc Summary ===

# of expected passes		34687
# of unexpected failures	2
# of unexpected successes	6
# of expected failures		125
# of untested testcases		28
# of unsupported tests		485
/tmp/cvs/gcc-20070201/Build/gcc/xgcc  version 4.0.4

		=== gfortran tests ===


Running target unix

		=== gfortran Summary ===

# of expected passes		8821
# of expected failures		1
# of unsupported tests		17
/tmp/cvs/gcc-20070201/Build/gcc/testsuite/gfortran/../../gfortran  version 4.0.4

		=== objc tests ===


Running target unix

		=== objc Summary ===

# of expected passes		1552
# of unsupported tests		11
/tmp/cvs/gcc-20070201/Build/gcc/xgcc  version 4.0.4

		=== libffi tests ===


Running target unix

		=== libffi Summary ===

# of expected passes		219
# of unsupported tests		2
		=== libjava tests ===


Running target unix
FAIL: Thread_Wait_Interrupt execution - gij test

		=== libjava Summary ===

# of expected passes		3897
# of unexpected failures	1
# of expected failures		10
# of untested testcases		9
		=== libmudflap tests ===


Running target unix

		=== libmudflap Summary ===

# of expected passes		1288
		=== libstdc++ tests ===


Running target unix
XPASS: 22_locale/locale/cons/12658_thread-1.cc execution test
XPASS: 26_numerics/cmath/c99_classification_macros_c.cc (test for excess errors)
XPASS: 27_io/fpos/14320-1.cc execution test

		=== libstdc++ Summary ===

# of expected passes		3713
# of unexpected successes	3
# of expected failures		11

Compiler version: 4.0.4 
Platform: ia64-suse-linux-gnu
configure flags: --prefix=/tmp/cvs/gcc-20070201/Build/root --host=ia64-suse-linux --enable-shared --enable-threads --enable-__cxa_atexit --with-system-zlib --with-system-libunwind --enable-languages=c,ada,c++,f95,java,objc


Index Nav: [Date Index] [Subject Index] [Author Index] [Thread Index]
Message Nav: [Date Prev] [Date Next] [Thread Prev] [Thread Next]