This is the mail archive of the gcc-testresults@gcc.gnu.org mailing list for the GCC project.


Index Nav: [Date Index] [Subject Index] [Author Index] [Thread Index]
Message Nav: [Date Prev] [Date Next] [Thread Prev] [Thread Next]
Other format: [Raw text]

Results for 4.2.0 20070127 (prerelease) gcc testsuite on avr-unknown-none


Ubuntu 5 on pentium3-smp
cross tool versions:
GNU assembler 2.17.50 20070121
GNU gdb 6.6.50.20070121-cvs
GNU ld version 2.17.50 20070121

GNU Make 3.80
expect version 5.42.1
host gcc version: gcc (GCC) 4.3.0 20070126 (experimental)
simulavr version 0.1.2.2
LAST_UPDATED: Sat Jan 27 01:24:45 UTC 2007 (revision 121226)

Target is avr-unknown-none
Host   is i686-pc-linux-gnu

		=== gcc tests ===


Running target atmega128-sim
FAIL: gcc.c-torture/compile/20010226-1.c  -O0  (internal compiler error)
FAIL: gcc.c-torture/compile/20010226-1.c  -O0  (test for excess errors)
FAIL: gcc.c-torture/compile/20010226-1.c  -O1  (internal compiler error)
FAIL: gcc.c-torture/compile/20010226-1.c  -O1  (test for excess errors)
FAIL: gcc.c-torture/compile/20010226-1.c  -O2  (internal compiler error)
FAIL: gcc.c-torture/compile/20010226-1.c  -O2  (test for excess errors)
FAIL: gcc.c-torture/compile/20010226-1.c  -O3 -fomit-frame-pointer  (internal compiler error)
FAIL: gcc.c-torture/compile/20010226-1.c  -O3 -fomit-frame-pointer  (test for excess errors)
FAIL: gcc.c-torture/compile/20010226-1.c  -O3 -g  (internal compiler error)
FAIL: gcc.c-torture/compile/20010226-1.c  -O3 -g  (test for excess errors)
FAIL: gcc.c-torture/compile/20010226-1.c  -Os  (internal compiler error)
FAIL: gcc.c-torture/compile/20010226-1.c  -Os  (test for excess errors)
FAIL: gcc.c-torture/compile/20010327-1.c  -O0  (test for excess errors)
FAIL: gcc.c-torture/compile/20010327-1.c  -O1  (test for excess errors)
FAIL: gcc.c-torture/compile/20010327-1.c  -O2  (test for excess errors)
FAIL: gcc.c-torture/compile/20010327-1.c  -O3 -fomit-frame-pointer  (test for excess errors)
FAIL: gcc.c-torture/compile/20010327-1.c  -O3 -g  (test for excess errors)
FAIL: gcc.c-torture/compile/20010327-1.c  -Os  (test for excess errors)
FAIL: gcc.c-torture/compile/20020604-1.c  -O0  (test for excess errors)
FAIL: gcc.c-torture/compile/20020604-1.c  -O1  (test for excess errors)
FAIL: gcc.c-torture/compile/20020604-1.c  -O2  (test for excess errors)
FAIL: gcc.c-torture/compile/20020604-1.c  -O3 -fomit-frame-pointer  (test for excess errors)
FAIL: gcc.c-torture/compile/20020604-1.c  -O3 -fomit-frame-pointer -funroll-loops  (test for excess errors)
FAIL: gcc.c-torture/compile/20020604-1.c  -O3 -fomit-frame-pointer -funroll-all-loops -finline-functions  (test for excess errors)
FAIL: gcc.c-torture/compile/20020604-1.c  -O3 -g  (test for excess errors)
FAIL: gcc.c-torture/compile/20020604-1.c  -Os  (test for excess errors)
FAIL: gcc.c-torture/compile/20050122-2.c  -O0  (internal compiler error)
FAIL: gcc.c-torture/compile/20050122-2.c  -O0  (test for excess errors)
FAIL: gcc.c-torture/compile/20050122-2.c  -O1  (internal compiler error)
FAIL: gcc.c-torture/compile/20050122-2.c  -O1  (test for excess errors)
FAIL: gcc.c-torture/compile/20050122-2.c  -O2  (internal compiler error)
FAIL: gcc.c-torture/compile/20050122-2.c  -O2  (test for excess errors)
FAIL: gcc.c-torture/compile/20050122-2.c  -O3 -fomit-frame-pointer  (internal compiler error)
FAIL: gcc.c-torture/compile/20050122-2.c  -O3 -fomit-frame-pointer  (test for excess errors)
FAIL: gcc.c-torture/compile/20050122-2.c  -O3 -g  (internal compiler error)
FAIL: gcc.c-torture/compile/20050122-2.c  -O3 -g  (test for excess errors)
FAIL: gcc.c-torture/compile/20050122-2.c  -Os  (internal compiler error)
FAIL: gcc.c-torture/compile/20050122-2.c  -Os  (test for excess errors)
FAIL: gcc.c-torture/compile/nested-1.c  -O0  (internal compiler error)
FAIL: gcc.c-torture/compile/nested-1.c  -O0  (test for excess errors)
FAIL: gcc.c-torture/compile/nested-1.c  -O1  (internal compiler error)
FAIL: gcc.c-torture/compile/nested-1.c  -O1  (test for excess errors)
FAIL: gcc.c-torture/compile/nested-1.c  -O2  (internal compiler error)
FAIL: gcc.c-torture/compile/nested-1.c  -O2  (test for excess errors)
FAIL: gcc.c-torture/compile/nested-1.c  -O3 -fomit-frame-pointer  (internal compiler error)
FAIL: gcc.c-torture/compile/nested-1.c  -O3 -fomit-frame-pointer  (test for excess errors)
FAIL: gcc.c-torture/compile/nested-1.c  -O3 -g  (internal compiler error)
FAIL: gcc.c-torture/compile/nested-1.c  -O3 -g  (test for excess errors)
FAIL: gcc.c-torture/compile/nested-1.c  -Os  (internal compiler error)
FAIL: gcc.c-torture/compile/nested-1.c  -Os  (test for excess errors)
FAIL: gcc.c-torture/compile/pr27889.c  -O0  (internal compiler error)
FAIL: gcc.c-torture/compile/pr27889.c  -O0  (test for excess errors)
FAIL: gcc.c-torture/compile/pr27889.c  -O1  (internal compiler error)
FAIL: gcc.c-torture/compile/pr27889.c  -O1  (test for excess errors)
FAIL: gcc.c-torture/compile/pr27889.c  -O2  (internal compiler error)
FAIL: gcc.c-torture/compile/pr27889.c  -O2  (test for excess errors)
FAIL: gcc.c-torture/compile/pr27889.c  -O3 -fomit-frame-pointer  (internal compiler error)
FAIL: gcc.c-torture/compile/pr27889.c  -O3 -fomit-frame-pointer  (test for excess errors)
FAIL: gcc.c-torture/compile/pr27889.c  -O3 -g  (internal compiler error)
FAIL: gcc.c-torture/compile/pr27889.c  -O3 -g  (test for excess errors)
FAIL: gcc.c-torture/compile/pr27889.c  -Os  (internal compiler error)
FAIL: gcc.c-torture/compile/pr27889.c  -Os  (test for excess errors)
FAIL: gcc.c-torture/execute/builtins/strspn.c compilation,  -O0 
UNRESOLVED: gcc.c-torture/execute/builtins/strspn.c execution,  -O0 
FAIL: gcc.c-torture/execute/20010122-1.c execution,  -O1 
FAIL: gcc.c-torture/execute/20010122-1.c execution,  -O2 
FAIL: gcc.c-torture/execute/20010122-1.c execution,  -O3 -g 
FAIL: gcc.c-torture/execute/20010122-1.c execution,  -Os 
FAIL: gcc.c-torture/execute/20060102-1.c execution,  -O1 
FAIL: gcc.c-torture/execute/20060102-1.c execution,  -O2 
FAIL: gcc.c-torture/execute/20060102-1.c execution,  -O3 -fomit-frame-pointer 
FAIL: gcc.c-torture/execute/20060102-1.c execution,  -O3 -g 
FAIL: gcc.c-torture/execute/20060102-1.c execution,  -Os 
FAIL: gcc.c-torture/execute/20061101-1.c execution,  -O0 
FAIL: gcc.c-torture/execute/20061101-1.c execution,  -O1 
FAIL: gcc.c-torture/execute/20061101-1.c execution,  -O2 
FAIL: gcc.c-torture/execute/20061101-1.c execution,  -O3 -fomit-frame-pointer 
FAIL: gcc.c-torture/execute/20061101-1.c execution,  -O3 -fomit-frame-pointer -funroll-loops 
FAIL: gcc.c-torture/execute/20061101-1.c execution,  -O3 -fomit-frame-pointer -funroll-all-loops -finline-functions 
FAIL: gcc.c-torture/execute/20061101-1.c execution,  -O3 -g 
FAIL: gcc.c-torture/execute/20061101-1.c execution,  -Os 
FAIL: gcc.c-torture/execute/960405-1.c execution,  -O0 
FAIL: gcc.c-torture/execute/960405-1.c execution,  -O1 
FAIL: gcc.c-torture/execute/960405-1.c execution,  -O2 
FAIL: gcc.c-torture/execute/960405-1.c execution,  -O3 -fomit-frame-pointer 
FAIL: gcc.c-torture/execute/960405-1.c execution,  -O3 -g 
FAIL: gcc.c-torture/execute/960405-1.c execution,  -Os 
FAIL: gcc.c-torture/execute/builtin-bitops-1.c compilation,  -O0 
UNRESOLVED: gcc.c-torture/execute/builtin-bitops-1.c execution,  -O0 
FAIL: gcc.c-torture/execute/builtin-bitops-1.c compilation,  -O1 
UNRESOLVED: gcc.c-torture/execute/builtin-bitops-1.c execution,  -O1 
FAIL: gcc.c-torture/execute/builtin-bitops-1.c compilation,  -O2 
UNRESOLVED: gcc.c-torture/execute/builtin-bitops-1.c execution,  -O2 
FAIL: gcc.c-torture/execute/builtin-bitops-1.c compilation,  -O3 -fomit-frame-pointer 
UNRESOLVED: gcc.c-torture/execute/builtin-bitops-1.c execution,  -O3 -fomit-frame-pointer 
FAIL: gcc.c-torture/execute/builtin-bitops-1.c compilation,  -O3 -fomit-frame-pointer -funroll-loops 
UNRESOLVED: gcc.c-torture/execute/builtin-bitops-1.c execution,  -O3 -fomit-frame-pointer -funroll-loops 
FAIL: gcc.c-torture/execute/builtin-bitops-1.c compilation,  -O3 -fomit-frame-pointer -funroll-all-loops -finline-functions 
UNRESOLVED: gcc.c-torture/execute/builtin-bitops-1.c execution,  -O3 -fomit-frame-pointer -funroll-all-loops -finline-functions 
FAIL: gcc.c-torture/execute/builtin-bitops-1.c compilation,  -O3 -g 
UNRESOLVED: gcc.c-torture/execute/builtin-bitops-1.c execution,  -O3 -g 
FAIL: gcc.c-torture/execute/builtin-bitops-1.c compilation,  -Os 
UNRESOLVED: gcc.c-torture/execute/builtin-bitops-1.c execution,  -Os 
FAIL: gcc.c-torture/execute/float-floor.c execution,  -O0 
FAIL: gcc.c-torture/execute/float-floor.c execution,  -O1 
FAIL: gcc.c-torture/execute/float-floor.c execution,  -O2 
FAIL: gcc.c-torture/execute/float-floor.c execution,  -O3 -fomit-frame-pointer 
FAIL: gcc.c-torture/execute/float-floor.c execution,  -O3 -g 
FAIL: gcc.c-torture/execute/float-floor.c execution,  -Os 
FAIL: gcc.c-torture/execute/multi-ix.c compilation,  -O0 
UNRESOLVED: gcc.c-torture/execute/multi-ix.c execution,  -O0 
FAIL: gcc.c-torture/execute/pr17377.c execution,  -O0 
FAIL: gcc.c-torture/execute/pr22493-1.c execution,  -O1 
FAIL: gcc.c-torture/execute/pr22493-1.c execution,  -O2 
FAIL: gcc.c-torture/execute/pr22493-1.c execution,  -Os 
FAIL: gcc.c-torture/execute/pr23135.c execution,  -O0 
FAIL: gcc.c-torture/execute/pr23135.c execution,  -O1 
FAIL: gcc.c-torture/execute/pr23135.c execution,  -O2 
FAIL: gcc.c-torture/execute/pr23135.c execution,  -O3 -fomit-frame-pointer 
FAIL: gcc.c-torture/execute/pr23135.c execution,  -O3 -g 
FAIL: gcc.c-torture/execute/pr23135.c execution,  -Os 
FAIL: gcc.c-torture/execute/pr28651.c execution,  -O0 
FAIL: gcc.c-torture/execute/pr28651.c execution,  -O1 
FAIL: gcc.c-torture/execute/pr28651.c execution,  -O2 
FAIL: gcc.c-torture/execute/pr28651.c execution,  -O3 -fomit-frame-pointer 
FAIL: gcc.c-torture/execute/pr28651.c execution,  -O3 -g 
FAIL: gcc.c-torture/execute/pr28651.c execution,  -Os 
FAIL: gcc.c-torture/execute/pr29797-1.c execution,  -O0 
FAIL: gcc.c-torture/execute/pr29797-1.c execution,  -O1 
FAIL: gcc.c-torture/execute/pr29797-1.c execution,  -O2 
FAIL: gcc.c-torture/execute/pr29797-1.c execution,  -O3 -fomit-frame-pointer 
FAIL: gcc.c-torture/execute/pr29797-1.c execution,  -O3 -g 
FAIL: gcc.c-torture/execute/pr29797-1.c execution,  -Os 
FAIL: gcc.c-torture/execute/simd-1.c execution,  -O0 
FAIL: gcc.c-torture/execute/simd-1.c execution,  -O1 
FAIL: gcc.c-torture/execute/simd-1.c execution,  -O2 
FAIL: gcc.c-torture/execute/simd-1.c execution,  -O3 -fomit-frame-pointer 
FAIL: gcc.c-torture/execute/simd-1.c execution,  -O3 -g 
FAIL: gcc.c-torture/execute/simd-1.c execution,  -Os 
FAIL: gcc.c-torture/execute/ieee/920810-1.c execution,  -O0 
FAIL: gcc.c-torture/execute/ieee/920810-1.c execution,  -O1 
FAIL: gcc.c-torture/execute/ieee/920810-1.c execution,  -O2 
FAIL: gcc.c-torture/execute/ieee/compare-fp-1.c execution,  -O0 
FAIL: gcc.c-torture/execute/ieee/compare-fp-1.c execution,  -O1 
FAIL: gcc.c-torture/execute/ieee/compare-fp-1.c execution,  -O2 
FAIL: gcc.c-torture/execute/ieee/compare-fp-1.c execution,  -O3 -fomit-frame-pointer 
FAIL: gcc.c-torture/execute/ieee/compare-fp-1.c execution,  -O3 -g 
FAIL: gcc.c-torture/execute/ieee/compare-fp-1.c execution,  -Os 
FAIL: gcc.c-torture/execute/ieee/compare-fp-4.c execution,  -O0 
FAIL: gcc.c-torture/execute/ieee/compare-fp-4.c execution,  -O1 
FAIL: gcc.c-torture/execute/ieee/compare-fp-4.c execution,  -O2 
FAIL: gcc.c-torture/execute/ieee/compare-fp-4.c execution,  -Os 
FAIL: gcc.c-torture/execute/ieee/fp-cmp-1.c compilation,  -O0 
UNRESOLVED: gcc.c-torture/execute/ieee/fp-cmp-1.c execution,  -O0 
FAIL: gcc.c-torture/execute/ieee/fp-cmp-1.c compilation,  -O1 
UNRESOLVED: gcc.c-torture/execute/ieee/fp-cmp-1.c execution,  -O1 
FAIL: gcc.c-torture/execute/ieee/fp-cmp-1.c compilation,  -O2 
UNRESOLVED: gcc.c-torture/execute/ieee/fp-cmp-1.c execution,  -O2 
FAIL: gcc.c-torture/execute/ieee/fp-cmp-1.c compilation,  -O3 -fomit-frame-pointer 
UNRESOLVED: gcc.c-torture/execute/ieee/fp-cmp-1.c execution,  -O3 -fomit-frame-pointer 
FAIL: gcc.c-torture/execute/ieee/fp-cmp-1.c compilation,  -O3 -fomit-frame-pointer -funroll-loops 
UNRESOLVED: gcc.c-torture/execute/ieee/fp-cmp-1.c execution,  -O3 -fomit-frame-pointer -funroll-loops 
FAIL: gcc.c-torture/execute/ieee/fp-cmp-1.c compilation,  -O3 -fomit-frame-pointer -funroll-all-loops -finline-functions 
UNRESOLVED: gcc.c-torture/execute/ieee/fp-cmp-1.c execution,  -O3 -fomit-frame-pointer -funroll-all-loops -finline-functions 
FAIL: gcc.c-torture/execute/ieee/fp-cmp-1.c compilation,  -O3 -g 
UNRESOLVED: gcc.c-torture/execute/ieee/fp-cmp-1.c execution,  -O3 -g 
FAIL: gcc.c-torture/execute/ieee/fp-cmp-1.c compilation,  -Os 
UNRESOLVED: gcc.c-torture/execute/ieee/fp-cmp-1.c execution,  -Os 
FAIL: gcc.c-torture/execute/ieee/fp-cmp-2.c compilation,  -O0 
UNRESOLVED: gcc.c-torture/execute/ieee/fp-cmp-2.c execution,  -O0 
FAIL: gcc.c-torture/execute/ieee/fp-cmp-2.c compilation,  -O1 
UNRESOLVED: gcc.c-torture/execute/ieee/fp-cmp-2.c execution,  -O1 
FAIL: gcc.c-torture/execute/ieee/fp-cmp-2.c compilation,  -O2 
UNRESOLVED: gcc.c-torture/execute/ieee/fp-cmp-2.c execution,  -O2 
FAIL: gcc.c-torture/execute/ieee/fp-cmp-2.c compilation,  -O3 -fomit-frame-pointer 
UNRESOLVED: gcc.c-torture/execute/ieee/fp-cmp-2.c execution,  -O3 -fomit-frame-pointer 
FAIL: gcc.c-torture/execute/ieee/fp-cmp-2.c compilation,  -O3 -fomit-frame-pointer -funroll-loops 
UNRESOLVED: gcc.c-torture/execute/ieee/fp-cmp-2.c execution,  -O3 -fomit-frame-pointer -funroll-loops 
FAIL: gcc.c-torture/execute/ieee/fp-cmp-2.c compilation,  -O3 -fomit-frame-pointer -funroll-all-loops -finline-functions 
UNRESOLVED: gcc.c-torture/execute/ieee/fp-cmp-2.c execution,  -O3 -fomit-frame-pointer -funroll-all-loops -finline-functions 
FAIL: gcc.c-torture/execute/ieee/fp-cmp-2.c compilation,  -O3 -g 
UNRESOLVED: gcc.c-torture/execute/ieee/fp-cmp-2.c execution,  -O3 -g 
FAIL: gcc.c-torture/execute/ieee/fp-cmp-2.c compilation,  -Os 
UNRESOLVED: gcc.c-torture/execute/ieee/fp-cmp-2.c execution,  -Os 
FAIL: gcc.c-torture/execute/ieee/fp-cmp-3.c compilation,  -O0 
UNRESOLVED: gcc.c-torture/execute/ieee/fp-cmp-3.c execution,  -O0 
FAIL: gcc.c-torture/execute/ieee/fp-cmp-3.c compilation,  -O1 
UNRESOLVED: gcc.c-torture/execute/ieee/fp-cmp-3.c execution,  -O1 
FAIL: gcc.c-torture/execute/ieee/fp-cmp-3.c compilation,  -O2 
UNRESOLVED: gcc.c-torture/execute/ieee/fp-cmp-3.c execution,  -O2 
FAIL: gcc.c-torture/execute/ieee/fp-cmp-3.c compilation,  -O3 -fomit-frame-pointer 
UNRESOLVED: gcc.c-torture/execute/ieee/fp-cmp-3.c execution,  -O3 -fomit-frame-pointer 
FAIL: gcc.c-torture/execute/ieee/fp-cmp-3.c compilation,  -O3 -fomit-frame-pointer -funroll-loops 
UNRESOLVED: gcc.c-torture/execute/ieee/fp-cmp-3.c execution,  -O3 -fomit-frame-pointer -funroll-loops 
FAIL: gcc.c-torture/execute/ieee/fp-cmp-3.c compilation,  -O3 -fomit-frame-pointer -funroll-all-loops -finline-functions 
UNRESOLVED: gcc.c-torture/execute/ieee/fp-cmp-3.c execution,  -O3 -fomit-frame-pointer -funroll-all-loops -finline-functions 
FAIL: gcc.c-torture/execute/ieee/fp-cmp-3.c compilation,  -O3 -g 
UNRESOLVED: gcc.c-torture/execute/ieee/fp-cmp-3.c execution,  -O3 -g 
FAIL: gcc.c-torture/execute/ieee/fp-cmp-3.c compilation,  -Os 
UNRESOLVED: gcc.c-torture/execute/ieee/fp-cmp-3.c execution,  -Os 
FAIL: gcc.c-torture/execute/ieee/fp-cmp-8.c execution,  -O0 
FAIL: gcc.c-torture/execute/ieee/fp-cmp-8.c execution,  -O1 
FAIL: gcc.c-torture/execute/ieee/fp-cmp-8.c execution,  -O2 
FAIL: gcc.c-torture/execute/ieee/fp-cmp-8.c execution,  -O3 -fomit-frame-pointer 
FAIL: gcc.c-torture/execute/ieee/fp-cmp-8.c execution,  -O3 -fomit-frame-pointer -funroll-loops 
FAIL: gcc.c-torture/execute/ieee/fp-cmp-8.c execution,  -O3 -fomit-frame-pointer -funroll-all-loops -finline-functions 
FAIL: gcc.c-torture/execute/ieee/fp-cmp-8.c execution,  -O3 -g 
FAIL: gcc.c-torture/execute/ieee/fp-cmp-8.c execution,  -Os 
FAIL: gcc.c-torture/execute/ieee/fp-cmp-8f.c execution,  -O0 
FAIL: gcc.c-torture/execute/ieee/fp-cmp-8f.c execution,  -O1 
FAIL: gcc.c-torture/execute/ieee/fp-cmp-8f.c execution,  -O2 
FAIL: gcc.c-torture/execute/ieee/fp-cmp-8f.c execution,  -O3 -fomit-frame-pointer 
FAIL: gcc.c-torture/execute/ieee/fp-cmp-8f.c execution,  -O3 -g 
FAIL: gcc.c-torture/execute/ieee/fp-cmp-8f.c execution,  -Os 
FAIL: gcc.c-torture/execute/ieee/fp-cmp-8l.c execution,  -O0 
FAIL: gcc.c-torture/execute/ieee/fp-cmp-8l.c execution,  -O1 
FAIL: gcc.c-torture/execute/ieee/fp-cmp-8l.c execution,  -O2 
FAIL: gcc.c-torture/execute/ieee/fp-cmp-8l.c execution,  -O3 -fomit-frame-pointer 
FAIL: gcc.c-torture/execute/ieee/fp-cmp-8l.c execution,  -O3 -g 
FAIL: gcc.c-torture/execute/ieee/fp-cmp-8l.c execution,  -Os 
FAIL: gcc.c-torture/execute/ieee/hugeval.c execution,  -O0 
FAIL: gcc.c-torture/execute/ieee/hugeval.c execution,  -O1 
FAIL: gcc.c-torture/execute/ieee/hugeval.c execution,  -O2 
FAIL: gcc.c-torture/execute/ieee/hugeval.c execution,  -O3 -fomit-frame-pointer 
FAIL: gcc.c-torture/execute/ieee/hugeval.c execution,  -O3 -g 
FAIL: gcc.c-torture/execute/ieee/hugeval.c execution,  -Os 
FAIL: gcc.c-torture/execute/ieee/inf-1.c execution,  -O0 
FAIL: gcc.c-torture/execute/ieee/inf-2.c execution,  -O0 
FAIL: gcc.c-torture/execute/ieee/inf-2.c execution,  -O1 
FAIL: gcc.c-torture/execute/ieee/inf-2.c execution,  -O2 
FAIL: gcc.c-torture/execute/ieee/inf-2.c execution,  -O3 -fomit-frame-pointer 
FAIL: gcc.c-torture/execute/ieee/inf-2.c execution,  -O3 -g 
FAIL: gcc.c-torture/execute/ieee/inf-2.c execution,  -Os 
FAIL: gcc.c-torture/execute/ieee/minuszero.c execution,  -O0 
FAIL: gcc.c-torture/execute/ieee/mzero2.c execution,  -O0 
FAIL: gcc.c-torture/execute/ieee/mzero2.c execution,  -O1 
FAIL: gcc.c-torture/execute/ieee/mzero2.c execution,  -O2 
FAIL: gcc.c-torture/execute/ieee/mzero2.c execution,  -O3 -fomit-frame-pointer 
FAIL: gcc.c-torture/execute/ieee/mzero2.c execution,  -O3 -g 
FAIL: gcc.c-torture/execute/ieee/mzero2.c execution,  -Os 
FAIL: gcc.c-torture/execute/ieee/mzero6.c execution,  -O0 
FAIL: gcc.c-torture/execute/ieee/mzero6.c execution,  -O1 
FAIL: gcc.c-torture/execute/ieee/mzero6.c execution,  -O2 
FAIL: gcc.c-torture/execute/ieee/mzero6.c execution,  -O3 -fomit-frame-pointer 
FAIL: gcc.c-torture/execute/ieee/mzero6.c execution,  -O3 -fomit-frame-pointer -funroll-loops 
FAIL: gcc.c-torture/execute/ieee/mzero6.c execution,  -O3 -fomit-frame-pointer -funroll-all-loops -finline-functions 
FAIL: gcc.c-torture/execute/ieee/mzero6.c execution,  -O3 -g 
FAIL: gcc.c-torture/execute/ieee/mzero6.c execution,  -Os 
FAIL: gcc.c-torture/execute/ieee/unsafe-fp-assoc-1.c execution,  -O0 
FAIL: gcc.c-torture/execute/ieee/unsafe-fp-assoc-1.c execution,  -O1 
FAIL: gcc.c-torture/execute/ieee/unsafe-fp-assoc-1.c execution,  -O2 
FAIL: gcc.c-torture/execute/ieee/unsafe-fp-assoc-1.c execution,  -O3 -fomit-frame-pointer 
FAIL: gcc.c-torture/execute/ieee/unsafe-fp-assoc-1.c execution,  -O3 -g 
FAIL: gcc.c-torture/execute/ieee/unsafe-fp-assoc-1.c execution,  -Os 
FAIL: gcc.c-torture/unsorted/dump-noaddr.c.001t.tu,  -O1  comparison
FAIL: gcc.c-torture/unsorted/dump-noaddr.c.001t.tu,  -O2  comparison
FAIL: gcc.c-torture/unsorted/dump-noaddr.c.001t.tu,  -O3 -fomit-frame-pointer  comparison
FAIL: gcc.c-torture/unsorted/dump-noaddr.c.001t.tu,  -O3 -fomit-frame-pointer -funroll-loops  comparison
FAIL: gcc.c-torture/unsorted/dump-noaddr.c.001t.tu,  -O3 -fomit-frame-pointer -funroll-all-loops -finline-functions  comparison
FAIL: gcc.c-torture/unsorted/dump-noaddr.c.001t.tu,  -O3 -g  comparison
FAIL: gcc.c-torture/unsorted/dump-noaddr.c.001t.tu,  -Os  comparison
FAIL: gcc.dg/compat/scalar-by-value-1 c_compat_x_tst.o-c_compat_y_tst.o execute 
UNRESOLVED: gcc.dg/compat/scalar-by-value-3 c_compat_x_tst.o-c_compat_y_tst.o execute 
FAIL: gcc.dg/compat/scalar-by-value-5 c_compat_x_tst.o-c_compat_y_tst.o execute 
FAIL: gcc.dg/compat/scalar-return-1 c_compat_x_tst.o-c_compat_y_tst.o execute 
FAIL: gcc.dg/compat/scalar-return-3 c_compat_x_tst.o-c_compat_y_tst.o execute 
UNRESOLVED: gcc.dg/compat/struct-by-value-10 c_compat_x_tst.o-c_compat_y_tst.o execute 
UNRESOLVED: gcc.dg/compat/struct-by-value-11 c_compat_x_tst.o-c_compat_y_tst.o execute 
UNRESOLVED: gcc.dg/compat/struct-by-value-12 c_compat_x_tst.o-c_compat_y_tst.o execute 
UNRESOLVED: gcc.dg/compat/struct-by-value-13 c_compat_x_tst.o-c_compat_y_tst.o execute 
UNRESOLVED: gcc.dg/compat/struct-by-value-14 c_compat_x_tst.o-c_compat_y_tst.o execute 
UNRESOLVED: gcc.dg/compat/struct-by-value-15 c_compat_x_tst.o-c_compat_y_tst.o execute 
UNRESOLVED: gcc.dg/compat/struct-by-value-16 c_compat_x_tst.o-c_compat_y_tst.o execute 
UNRESOLVED: gcc.dg/compat/struct-by-value-17 c_compat_x_tst.o-c_compat_y_tst.o execute 
UNRESOLVED: gcc.dg/compat/struct-by-value-18 c_compat_x_tst.o-c_compat_y_tst.o execute 
UNRESOLVED: gcc.dg/compat/struct-by-value-19 c_compat_x_tst.o-c_compat_y_tst.o execute 
UNRESOLVED: gcc.dg/compat/struct-by-value-2 c_compat_x_tst.o-c_compat_y_tst.o execute 
UNRESOLVED: gcc.dg/compat/struct-by-value-3 c_compat_x_tst.o-c_compat_y_tst.o execute 
UNRESOLVED: gcc.dg/compat/struct-by-value-4 c_compat_x_tst.o-c_compat_y_tst.o execute 
UNRESOLVED: gcc.dg/compat/struct-by-value-5a c_compat_x_tst.o-c_compat_y_tst.o execute 
UNRESOLVED: gcc.dg/compat/struct-by-value-5b c_compat_x_tst.o-c_compat_y_tst.o execute 
UNRESOLVED: gcc.dg/compat/struct-by-value-6a c_compat_x_tst.o-c_compat_y_tst.o execute 
UNRESOLVED: gcc.dg/compat/struct-by-value-6b c_compat_x_tst.o-c_compat_y_tst.o execute 
UNRESOLVED: gcc.dg/compat/struct-by-value-7a c_compat_x_tst.o-c_compat_y_tst.o execute 
UNRESOLVED: gcc.dg/compat/struct-by-value-7b c_compat_x_tst.o-c_compat_y_tst.o execute 
UNRESOLVED: gcc.dg/compat/struct-by-value-8 c_compat_x_tst.o-c_compat_y_tst.o execute 
UNRESOLVED: gcc.dg/compat/struct-by-value-9 c_compat_x_tst.o-c_compat_y_tst.o execute 
FAIL: gcc.dg/compat/struct-layout-1 c_compat_main_tst.o compile
FAIL: gcc.dg/compat/struct-layout-1 c_compat_x_tst.o compile
FAIL: gcc.dg/compat/struct-layout-1 c_compat_y_tst.o compile
UNRESOLVED: gcc.dg/compat/struct-layout-1 c_compat_x_tst.o-c_compat_y_tst.o link 
UNRESOLVED: gcc.dg/compat/struct-layout-1 c_compat_x_tst.o-c_compat_y_tst.o execute 
UNRESOLVED: gcc.dg/compat/struct-return-2 c_compat_x_tst.o-c_compat_y_tst.o execute 
UNRESOLVED: gcc.dg/compat/union-by-value-1 c_compat_x_tst.o-c_compat_y_tst.o execute 
FAIL: gcc.dg/compat/vector-1 c_compat_x_tst.o compile
FAIL: gcc.dg/compat/vector-1 c_compat_y_tst.o compile
UNRESOLVED: gcc.dg/compat/vector-1 c_compat_x_tst.o-c_compat_y_tst.o link 
UNRESOLVED: gcc.dg/compat/vector-1 c_compat_x_tst.o-c_compat_y_tst.o execute 
FAIL: gcc.dg/compat/vector-2 c_compat_x_tst.o compile
FAIL: gcc.dg/compat/vector-2 c_compat_y_tst.o compile
UNRESOLVED: gcc.dg/compat/vector-2 c_compat_x_tst.o-c_compat_y_tst.o link 
UNRESOLVED: gcc.dg/compat/vector-2 c_compat_x_tst.o-c_compat_y_tst.o execute 
FAIL: tmpdir-gcc.dg-struct-layout-1/t001 c_compat_main_tst.o compile
FAIL: tmpdir-gcc.dg-struct-layout-1/t001 c_compat_x_tst.o compile
FAIL: tmpdir-gcc.dg-struct-layout-1/t001 c_compat_y_tst.o compile
UNRESOLVED: tmpdir-gcc.dg-struct-layout-1/t001 c_compat_x_tst.o-c_compat_y_tst.o link 
UNRESOLVED: tmpdir-gcc.dg-struct-layout-1/t001 c_compat_x_tst.o-c_compat_y_tst.o execute 
FAIL: tmpdir-gcc.dg-struct-layout-1/t002 c_compat_main_tst.o compile
FAIL: tmpdir-gcc.dg-struct-layout-1/t002 c_compat_x_tst.o compile
FAIL: tmpdir-gcc.dg-struct-layout-1/t002 c_compat_y_tst.o compile
UNRESOLVED: tmpdir-gcc.dg-struct-layout-1/t002 c_compat_x_tst.o-c_compat_y_tst.o link 
UNRESOLVED: tmpdir-gcc.dg-struct-layout-1/t002 c_compat_x_tst.o-c_compat_y_tst.o execute 
FAIL: tmpdir-gcc.dg-struct-layout-1/t003 c_compat_main_tst.o compile
FAIL: tmpdir-gcc.dg-struct-layout-1/t003 c_compat_x_tst.o compile
FAIL: tmpdir-gcc.dg-struct-layout-1/t003 c_compat_y_tst.o compile
UNRESOLVED: tmpdir-gcc.dg-struct-layout-1/t003 c_compat_x_tst.o-c_compat_y_tst.o link 
UNRESOLVED: tmpdir-gcc.dg-struct-layout-1/t003 c_compat_x_tst.o-c_compat_y_tst.o execute 
FAIL: tmpdir-gcc.dg-struct-layout-1/t004 c_compat_main_tst.o compile
FAIL: tmpdir-gcc.dg-struct-layout-1/t004 c_compat_x_tst.o compile
FAIL: tmpdir-gcc.dg-struct-layout-1/t004 c_compat_y_tst.o compile
UNRESOLVED: tmpdir-gcc.dg-struct-layout-1/t004 c_compat_x_tst.o-c_compat_y_tst.o link 
UNRESOLVED: tmpdir-gcc.dg-struct-layout-1/t004 c_compat_x_tst.o-c_compat_y_tst.o execute 
FAIL: tmpdir-gcc.dg-struct-layout-1/t005 c_compat_main_tst.o compile
FAIL: tmpdir-gcc.dg-struct-layout-1/t005 c_compat_x_tst.o compile
FAIL: tmpdir-gcc.dg-struct-layout-1/t005 c_compat_y_tst.o compile
UNRESOLVED: tmpdir-gcc.dg-struct-layout-1/t005 c_compat_x_tst.o-c_compat_y_tst.o link 
UNRESOLVED: tmpdir-gcc.dg-struct-layout-1/t005 c_compat_x_tst.o-c_compat_y_tst.o execute 
FAIL: tmpdir-gcc.dg-struct-layout-1/t006 c_compat_main_tst.o compile
FAIL: tmpdir-gcc.dg-struct-layout-1/t006 c_compat_x_tst.o compile
FAIL: tmpdir-gcc.dg-struct-layout-1/t006 c_compat_y_tst.o compile
UNRESOLVED: tmpdir-gcc.dg-struct-layout-1/t006 c_compat_x_tst.o-c_compat_y_tst.o link 
UNRESOLVED: tmpdir-gcc.dg-struct-layout-1/t006 c_compat_x_tst.o-c_compat_y_tst.o execute 
FAIL: tmpdir-gcc.dg-struct-layout-1/t007 c_compat_main_tst.o compile
FAIL: tmpdir-gcc.dg-struct-layout-1/t007 c_compat_x_tst.o compile
FAIL: tmpdir-gcc.dg-struct-layout-1/t007 c_compat_y_tst.o compile
UNRESOLVED: tmpdir-gcc.dg-struct-layout-1/t007 c_compat_x_tst.o-c_compat_y_tst.o link 
UNRESOLVED: tmpdir-gcc.dg-struct-layout-1/t007 c_compat_x_tst.o-c_compat_y_tst.o execute 
FAIL: tmpdir-gcc.dg-struct-layout-1/t008 c_compat_main_tst.o compile
FAIL: tmpdir-gcc.dg-struct-layout-1/t008 c_compat_x_tst.o compile
FAIL: tmpdir-gcc.dg-struct-layout-1/t008 c_compat_y_tst.o compile
UNRESOLVED: tmpdir-gcc.dg-struct-layout-1/t008 c_compat_x_tst.o-c_compat_y_tst.o link 
UNRESOLVED: tmpdir-gcc.dg-struct-layout-1/t008 c_compat_x_tst.o-c_compat_y_tst.o execute 
FAIL: tmpdir-gcc.dg-struct-layout-1/t009 c_compat_main_tst.o compile
FAIL: tmpdir-gcc.dg-struct-layout-1/t009 c_compat_x_tst.o compile
FAIL: tmpdir-gcc.dg-struct-layout-1/t009 c_compat_y_tst.o compile
UNRESOLVED: tmpdir-gcc.dg-struct-layout-1/t009 c_compat_x_tst.o-c_compat_y_tst.o link 
UNRESOLVED: tmpdir-gcc.dg-struct-layout-1/t009 c_compat_x_tst.o-c_compat_y_tst.o execute 
FAIL: tmpdir-gcc.dg-struct-layout-1/t010 c_compat_main_tst.o compile
FAIL: tmpdir-gcc.dg-struct-layout-1/t010 c_compat_x_tst.o compile
FAIL: tmpdir-gcc.dg-struct-layout-1/t010 c_compat_y_tst.o compile
UNRESOLVED: tmpdir-gcc.dg-struct-layout-1/t010 c_compat_x_tst.o-c_compat_y_tst.o link 
UNRESOLVED: tmpdir-gcc.dg-struct-layout-1/t010 c_compat_x_tst.o-c_compat_y_tst.o execute 
FAIL: tmpdir-gcc.dg-struct-layout-1/t011 c_compat_main_tst.o compile
FAIL: tmpdir-gcc.dg-struct-layout-1/t011 c_compat_x_tst.o compile
FAIL: tmpdir-gcc.dg-struct-layout-1/t011 c_compat_y_tst.o compile
UNRESOLVED: tmpdir-gcc.dg-struct-layout-1/t011 c_compat_x_tst.o-c_compat_y_tst.o link 
UNRESOLVED: tmpdir-gcc.dg-struct-layout-1/t011 c_compat_x_tst.o-c_compat_y_tst.o execute 
FAIL: tmpdir-gcc.dg-struct-layout-1/t012 c_compat_main_tst.o compile
FAIL: tmpdir-gcc.dg-struct-layout-1/t012 c_compat_x_tst.o compile
FAIL: tmpdir-gcc.dg-struct-layout-1/t012 c_compat_y_tst.o compile
UNRESOLVED: tmpdir-gcc.dg-struct-layout-1/t012 c_compat_x_tst.o-c_compat_y_tst.o link 
UNRESOLVED: tmpdir-gcc.dg-struct-layout-1/t012 c_compat_x_tst.o-c_compat_y_tst.o execute 
FAIL: tmpdir-gcc.dg-struct-layout-1/t013 c_compat_main_tst.o compile
FAIL: tmpdir-gcc.dg-struct-layout-1/t013 c_compat_x_tst.o compile
FAIL: tmpdir-gcc.dg-struct-layout-1/t013 c_compat_y_tst.o compile
UNRESOLVED: tmpdir-gcc.dg-struct-layout-1/t013 c_compat_x_tst.o-c_compat_y_tst.o link 
UNRESOLVED: tmpdir-gcc.dg-struct-layout-1/t013 c_compat_x_tst.o-c_compat_y_tst.o execute 
FAIL: tmpdir-gcc.dg-struct-layout-1/t014 c_compat_main_tst.o compile
FAIL: tmpdir-gcc.dg-struct-layout-1/t014 c_compat_x_tst.o compile
FAIL: tmpdir-gcc.dg-struct-layout-1/t014 c_compat_y_tst.o compile
UNRESOLVED: tmpdir-gcc.dg-struct-layout-1/t014 c_compat_x_tst.o-c_compat_y_tst.o link 
UNRESOLVED: tmpdir-gcc.dg-struct-layout-1/t014 c_compat_x_tst.o-c_compat_y_tst.o execute 
FAIL: tmpdir-gcc.dg-struct-layout-1/t015 c_compat_main_tst.o compile
FAIL: tmpdir-gcc.dg-struct-layout-1/t015 c_compat_x_tst.o compile
FAIL: tmpdir-gcc.dg-struct-layout-1/t015 c_compat_y_tst.o compile
UNRESOLVED: tmpdir-gcc.dg-struct-layout-1/t015 c_compat_x_tst.o-c_compat_y_tst.o link 
UNRESOLVED: tmpdir-gcc.dg-struct-layout-1/t015 c_compat_x_tst.o-c_compat_y_tst.o execute 
FAIL: tmpdir-gcc.dg-struct-layout-1/t016 c_compat_main_tst.o compile
FAIL: tmpdir-gcc.dg-struct-layout-1/t016 c_compat_x_tst.o compile
FAIL: tmpdir-gcc.dg-struct-layout-1/t016 c_compat_y_tst.o compile
UNRESOLVED: tmpdir-gcc.dg-struct-layout-1/t016 c_compat_x_tst.o-c_compat_y_tst.o link 
UNRESOLVED: tmpdir-gcc.dg-struct-layout-1/t016 c_compat_x_tst.o-c_compat_y_tst.o execute 
FAIL: tmpdir-gcc.dg-struct-layout-1/t017 c_compat_main_tst.o compile
FAIL: tmpdir-gcc.dg-struct-layout-1/t017 c_compat_x_tst.o compile
FAIL: tmpdir-gcc.dg-struct-layout-1/t017 c_compat_y_tst.o compile
UNRESOLVED: tmpdir-gcc.dg-struct-layout-1/t017 c_compat_x_tst.o-c_compat_y_tst.o link 
UNRESOLVED: tmpdir-gcc.dg-struct-layout-1/t017 c_compat_x_tst.o-c_compat_y_tst.o execute 
FAIL: tmpdir-gcc.dg-struct-layout-1/t018 c_compat_main_tst.o compile
FAIL: tmpdir-gcc.dg-struct-layout-1/t018 c_compat_x_tst.o compile
FAIL: tmpdir-gcc.dg-struct-layout-1/t018 c_compat_y_tst.o compile
UNRESOLVED: tmpdir-gcc.dg-struct-layout-1/t018 c_compat_x_tst.o-c_compat_y_tst.o link 
UNRESOLVED: tmpdir-gcc.dg-struct-layout-1/t018 c_compat_x_tst.o-c_compat_y_tst.o execute 
FAIL: tmpdir-gcc.dg-struct-layout-1/t019 c_compat_main_tst.o compile
FAIL: tmpdir-gcc.dg-struct-layout-1/t019 c_compat_x_tst.o compile
FAIL: tmpdir-gcc.dg-struct-layout-1/t019 c_compat_y_tst.o compile
UNRESOLVED: tmpdir-gcc.dg-struct-layout-1/t019 c_compat_x_tst.o-c_compat_y_tst.o link 
UNRESOLVED: tmpdir-gcc.dg-struct-layout-1/t019 c_compat_x_tst.o-c_compat_y_tst.o execute 
FAIL: tmpdir-gcc.dg-struct-layout-1/t020 c_compat_main_tst.o compile
FAIL: tmpdir-gcc.dg-struct-layout-1/t020 c_compat_x_tst.o compile
FAIL: tmpdir-gcc.dg-struct-layout-1/t020 c_compat_y_tst.o compile
UNRESOLVED: tmpdir-gcc.dg-struct-layout-1/t020 c_compat_x_tst.o-c_compat_y_tst.o link 
UNRESOLVED: tmpdir-gcc.dg-struct-layout-1/t020 c_compat_x_tst.o-c_compat_y_tst.o execute 
FAIL: tmpdir-gcc.dg-struct-layout-1/t021 c_compat_main_tst.o compile
FAIL: tmpdir-gcc.dg-struct-layout-1/t021 c_compat_x_tst.o compile
FAIL: tmpdir-gcc.dg-struct-layout-1/t021 c_compat_y_tst.o compile
UNRESOLVED: tmpdir-gcc.dg-struct-layout-1/t021 c_compat_x_tst.o-c_compat_y_tst.o link 
UNRESOLVED: tmpdir-gcc.dg-struct-layout-1/t021 c_compat_x_tst.o-c_compat_y_tst.o execute 
FAIL: tmpdir-gcc.dg-struct-layout-1/t022 c_compat_main_tst.o compile
FAIL: tmpdir-gcc.dg-struct-layout-1/t022 c_compat_x_tst.o compile
FAIL: tmpdir-gcc.dg-struct-layout-1/t022 c_compat_y_tst.o compile
UNRESOLVED: tmpdir-gcc.dg-struct-layout-1/t022 c_compat_x_tst.o-c_compat_y_tst.o link 
UNRESOLVED: tmpdir-gcc.dg-struct-layout-1/t022 c_compat_x_tst.o-c_compat_y_tst.o execute 
FAIL: tmpdir-gcc.dg-struct-layout-1/t023 c_compat_main_tst.o compile
FAIL: tmpdir-gcc.dg-struct-layout-1/t023 c_compat_x_tst.o compile
FAIL: tmpdir-gcc.dg-struct-layout-1/t023 c_compat_y_tst.o compile
UNRESOLVED: tmpdir-gcc.dg-struct-layout-1/t023 c_compat_x_tst.o-c_compat_y_tst.o link 
UNRESOLVED: tmpdir-gcc.dg-struct-layout-1/t023 c_compat_x_tst.o-c_compat_y_tst.o execute 
FAIL: tmpdir-gcc.dg-struct-layout-1/t024 c_compat_main_tst.o compile
FAIL: tmpdir-gcc.dg-struct-layout-1/t024 c_compat_x_tst.o compile
FAIL: tmpdir-gcc.dg-struct-layout-1/t024 c_compat_y_tst.o compile
UNRESOLVED: tmpdir-gcc.dg-struct-layout-1/t024 c_compat_x_tst.o-c_compat_y_tst.o link 
UNRESOLVED: tmpdir-gcc.dg-struct-layout-1/t024 c_compat_x_tst.o-c_compat_y_tst.o execute 
FAIL: tmpdir-gcc.dg-struct-layout-1/t025 c_compat_main_tst.o compile
FAIL: tmpdir-gcc.dg-struct-layout-1/t025 c_compat_x_tst.o compile
FAIL: tmpdir-gcc.dg-struct-layout-1/t025 c_compat_y_tst.o compile
UNRESOLVED: tmpdir-gcc.dg-struct-layout-1/t025 c_compat_x_tst.o-c_compat_y_tst.o link 
UNRESOLVED: tmpdir-gcc.dg-struct-layout-1/t025 c_compat_x_tst.o-c_compat_y_tst.o execute 
FAIL: tmpdir-gcc.dg-struct-layout-1/t026 c_compat_main_tst.o compile
FAIL: tmpdir-gcc.dg-struct-layout-1/t026 c_compat_x_tst.o compile
FAIL: tmpdir-gcc.dg-struct-layout-1/t026 c_compat_y_tst.o compile
UNRESOLVED: tmpdir-gcc.dg-struct-layout-1/t026 c_compat_x_tst.o-c_compat_y_tst.o link 
UNRESOLVED: tmpdir-gcc.dg-struct-layout-1/t026 c_compat_x_tst.o-c_compat_y_tst.o execute 
FAIL: tmpdir-gcc.dg-struct-layout-1/t027 c_compat_main_tst.o compile
FAIL: tmpdir-gcc.dg-struct-layout-1/t027 c_compat_x_tst.o compile
FAIL: tmpdir-gcc.dg-struct-layout-1/t027 c_compat_y_tst.o compile
UNRESOLVED: tmpdir-gcc.dg-struct-layout-1/t027 c_compat_x_tst.o-c_compat_y_tst.o link 
UNRESOLVED: tmpdir-gcc.dg-struct-layout-1/t027 c_compat_x_tst.o-c_compat_y_tst.o execute 
FAIL: tmpdir-gcc.dg-struct-layout-1/t028 c_compat_main_tst.o compile
FAIL: tmpdir-gcc.dg-struct-layout-1/t028 c_compat_x_tst.o compile
FAIL: tmpdir-gcc.dg-struct-layout-1/t028 c_compat_y_tst.o compile
UNRESOLVED: tmpdir-gcc.dg-struct-layout-1/t028 c_compat_x_tst.o-c_compat_y_tst.o link 
UNRESOLVED: tmpdir-gcc.dg-struct-layout-1/t028 c_compat_x_tst.o-c_compat_y_tst.o execute 
FAIL: gcc.dg/debug/const-1.c -gdwarf-21 (test for excess errors)
FAIL: gcc.dg/debug/const-1.c -gdwarf-2 (test for excess errors)
FAIL: gcc.dg/debug/const-1.c -gdwarf-23 (test for excess errors)
FAIL: gcc.dg/debug/const-1.c -gstabs1 (test for excess errors)
FAIL: gcc.dg/debug/const-1.c -gstabs (test for excess errors)
FAIL: gcc.dg/debug/const-1.c -gstabs3 (test for excess errors)
FAIL: gcc.dg/debug/const-1.c -gstabs+1 (test for excess errors)
FAIL: gcc.dg/debug/const-1.c -gstabs+ (test for excess errors)
FAIL: gcc.dg/debug/const-1.c -gstabs+3 (test for excess errors)
FAIL: gcc.dg/debug/debug-3.c -gdwarf-21 (internal compiler error)
FAIL: gcc.dg/debug/debug-3.c -gdwarf-21 (test for excess errors)
FAIL: gcc.dg/debug/debug-3.c -gdwarf-21 -O (internal compiler error)
FAIL: gcc.dg/debug/debug-3.c -gdwarf-21 -O (test for excess errors)
FAIL: gcc.dg/debug/debug-3.c -gdwarf-21 -O3 (internal compiler error)
FAIL: gcc.dg/debug/debug-3.c -gdwarf-21 -O3 (test for excess errors)
FAIL: gcc.dg/debug/debug-3.c -gdwarf-2 (internal compiler error)
FAIL: gcc.dg/debug/debug-3.c -gdwarf-2 (test for excess errors)
FAIL: gcc.dg/debug/debug-3.c -gdwarf-2 -O (internal compiler error)
FAIL: gcc.dg/debug/debug-3.c -gdwarf-2 -O (test for excess errors)
FAIL: gcc.dg/debug/debug-3.c -gdwarf-2 -O3 (internal compiler error)
FAIL: gcc.dg/debug/debug-3.c -gdwarf-2 -O3 (test for excess errors)
FAIL: gcc.dg/debug/debug-3.c -gdwarf-23 (internal compiler error)
FAIL: gcc.dg/debug/debug-3.c -gdwarf-23 (test for excess errors)
FAIL: gcc.dg/debug/debug-3.c -gdwarf-23 -O (internal compiler error)
FAIL: gcc.dg/debug/debug-3.c -gdwarf-23 -O (test for excess errors)
FAIL: gcc.dg/debug/debug-3.c -gdwarf-23 -O3 (internal compiler error)
FAIL: gcc.dg/debug/debug-3.c -gdwarf-23 -O3 (test for excess errors)
FAIL: gcc.dg/debug/debug-3.c -gstabs1 (internal compiler error)
FAIL: gcc.dg/debug/debug-3.c -gstabs1 (test for excess errors)
FAIL: gcc.dg/debug/debug-3.c -gstabs1 -O (internal compiler error)
FAIL: gcc.dg/debug/debug-3.c -gstabs1 -O (test for excess errors)
FAIL: gcc.dg/debug/debug-3.c -gstabs1 -O3 (internal compiler error)
FAIL: gcc.dg/debug/debug-3.c -gstabs1 -O3 (test for excess errors)
FAIL: gcc.dg/debug/debug-3.c -gstabs (internal compiler error)
FAIL: gcc.dg/debug/debug-3.c -gstabs (test for excess errors)
FAIL: gcc.dg/debug/debug-3.c -gstabs -O (internal compiler error)
FAIL: gcc.dg/debug/debug-3.c -gstabs -O (test for excess errors)
FAIL: gcc.dg/debug/debug-3.c -gstabs -O3 (internal compiler error)
FAIL: gcc.dg/debug/debug-3.c -gstabs -O3 (test for excess errors)
FAIL: gcc.dg/debug/debug-3.c -gstabs3 (internal compiler error)
FAIL: gcc.dg/debug/debug-3.c -gstabs3 (test for excess errors)
FAIL: gcc.dg/debug/debug-3.c -gstabs3 -O (internal compiler error)
FAIL: gcc.dg/debug/debug-3.c -gstabs3 -O (test for excess errors)
FAIL: gcc.dg/debug/debug-3.c -gstabs3 -O3 (internal compiler error)
FAIL: gcc.dg/debug/debug-3.c -gstabs3 -O3 (test for excess errors)
FAIL: gcc.dg/debug/debug-3.c -gstabs+1 (internal compiler error)
FAIL: gcc.dg/debug/debug-3.c -gstabs+1 (test for excess errors)
FAIL: gcc.dg/debug/debug-3.c -gstabs+1 -O (internal compiler error)
FAIL: gcc.dg/debug/debug-3.c -gstabs+1 -O (test for excess errors)
FAIL: gcc.dg/debug/debug-3.c -gstabs+1 -O3 (internal compiler error)
FAIL: gcc.dg/debug/debug-3.c -gstabs+1 -O3 (test for excess errors)
FAIL: gcc.dg/debug/debug-3.c -gstabs+ (internal compiler error)
FAIL: gcc.dg/debug/debug-3.c -gstabs+ (test for excess errors)
FAIL: gcc.dg/debug/debug-3.c -gstabs+ -O (internal compiler error)
FAIL: gcc.dg/debug/debug-3.c -gstabs+ -O (test for excess errors)
FAIL: gcc.dg/debug/debug-3.c -gstabs+ -O3 (internal compiler error)
FAIL: gcc.dg/debug/debug-3.c -gstabs+ -O3 (test for excess errors)
FAIL: gcc.dg/debug/debug-3.c -gstabs+3 (internal compiler error)
FAIL: gcc.dg/debug/debug-3.c -gstabs+3 (test for excess errors)
FAIL: gcc.dg/debug/debug-3.c -gstabs+3 -O (internal compiler error)
FAIL: gcc.dg/debug/debug-3.c -gstabs+3 -O (test for excess errors)
FAIL: gcc.dg/debug/debug-3.c -gstabs+3 -O3 (internal compiler error)
FAIL: gcc.dg/debug/debug-3.c -gstabs+3 -O3 (test for excess errors)
FAIL: gcc.dg/debug/debug-5.c -gdwarf-21 (internal compiler error)
FAIL: gcc.dg/debug/debug-5.c -gdwarf-21 (test for excess errors)
FAIL: gcc.dg/debug/debug-5.c -gdwarf-21 -O (internal compiler error)
FAIL: gcc.dg/debug/debug-5.c -gdwarf-21 -O (test for excess errors)
FAIL: gcc.dg/debug/debug-5.c -gdwarf-21 -O3 (internal compiler error)
FAIL: gcc.dg/debug/debug-5.c -gdwarf-21 -O3 (test for excess errors)
FAIL: gcc.dg/debug/debug-5.c -gdwarf-2 (internal compiler error)
FAIL: gcc.dg/debug/debug-5.c -gdwarf-2 (test for excess errors)
FAIL: gcc.dg/debug/debug-5.c -gdwarf-2 -O (internal compiler error)
FAIL: gcc.dg/debug/debug-5.c -gdwarf-2 -O (test for excess errors)
FAIL: gcc.dg/debug/debug-5.c -gdwarf-2 -O3 (internal compiler error)
FAIL: gcc.dg/debug/debug-5.c -gdwarf-2 -O3 (test for excess errors)
FAIL: gcc.dg/debug/debug-5.c -gdwarf-23 (internal compiler error)
FAIL: gcc.dg/debug/debug-5.c -gdwarf-23 (test for excess errors)
FAIL: gcc.dg/debug/debug-5.c -gdwarf-23 -O (internal compiler error)
FAIL: gcc.dg/debug/debug-5.c -gdwarf-23 -O (test for excess errors)
FAIL: gcc.dg/debug/debug-5.c -gdwarf-23 -O3 (internal compiler error)
FAIL: gcc.dg/debug/debug-5.c -gdwarf-23 -O3 (test for excess errors)
FAIL: gcc.dg/debug/debug-5.c -gstabs1 (internal compiler error)
FAIL: gcc.dg/debug/debug-5.c -gstabs1 (test for excess errors)
FAIL: gcc.dg/debug/debug-5.c -gstabs1 -O (internal compiler error)
FAIL: gcc.dg/debug/debug-5.c -gstabs1 -O (test for excess errors)
FAIL: gcc.dg/debug/debug-5.c -gstabs1 -O3 (internal compiler error)
FAIL: gcc.dg/debug/debug-5.c -gstabs1 -O3 (test for excess errors)
FAIL: gcc.dg/debug/debug-5.c -gstabs (internal compiler error)
FAIL: gcc.dg/debug/debug-5.c -gstabs (test for excess errors)
FAIL: gcc.dg/debug/debug-5.c -gstabs -O (internal compiler error)
FAIL: gcc.dg/debug/debug-5.c -gstabs -O (test for excess errors)
FAIL: gcc.dg/debug/debug-5.c -gstabs -O3 (internal compiler error)
FAIL: gcc.dg/debug/debug-5.c -gstabs -O3 (test for excess errors)
FAIL: gcc.dg/debug/debug-5.c -gstabs3 (internal compiler error)
FAIL: gcc.dg/debug/debug-5.c -gstabs3 (test for excess errors)
FAIL: gcc.dg/debug/debug-5.c -gstabs3 -O (internal compiler error)
FAIL: gcc.dg/debug/debug-5.c -gstabs3 -O (test for excess errors)
FAIL: gcc.dg/debug/debug-5.c -gstabs3 -O3 (internal compiler error)
FAIL: gcc.dg/debug/debug-5.c -gstabs3 -O3 (test for excess errors)
FAIL: gcc.dg/debug/debug-5.c -gstabs+1 (internal compiler error)
FAIL: gcc.dg/debug/debug-5.c -gstabs+1 (test for excess errors)
FAIL: gcc.dg/debug/debug-5.c -gstabs+1 -O (internal compiler error)
FAIL: gcc.dg/debug/debug-5.c -gstabs+1 -O (test for excess errors)
FAIL: gcc.dg/debug/debug-5.c -gstabs+1 -O3 (internal compiler error)
FAIL: gcc.dg/debug/debug-5.c -gstabs+1 -O3 (test for excess errors)
FAIL: gcc.dg/debug/debug-5.c -gstabs+ (internal compiler error)
FAIL: gcc.dg/debug/debug-5.c -gstabs+ (test for excess errors)
FAIL: gcc.dg/debug/debug-5.c -gstabs+ -O (internal compiler error)
FAIL: gcc.dg/debug/debug-5.c -gstabs+ -O (test for excess errors)
FAIL: gcc.dg/debug/debug-5.c -gstabs+ -O3 (internal compiler error)
FAIL: gcc.dg/debug/debug-5.c -gstabs+ -O3 (test for excess errors)
FAIL: gcc.dg/debug/debug-5.c -gstabs+3 (internal compiler error)
FAIL: gcc.dg/debug/debug-5.c -gstabs+3 (test for excess errors)
FAIL: gcc.dg/debug/debug-5.c -gstabs+3 -O (internal compiler error)
FAIL: gcc.dg/debug/debug-5.c -gstabs+3 -O (test for excess errors)
FAIL: gcc.dg/debug/debug-5.c -gstabs+3 -O3 (internal compiler error)
FAIL: gcc.dg/debug/debug-5.c -gstabs+3 -O3 (test for excess errors)
FAIL: gcc.dg/20050607-1.c (internal compiler error)
FAIL: gcc.dg/20050607-1.c (test for excess errors)
FAIL: gcc.dg/array-quals-1.c scan-assembler-not \\\\.data(?!\\\\.rel\\\\.ro)
FAIL: gcc.dg/builtin-apply2.c execution test
FAIL: gcc.dg/builtins-1.c (internal compiler error)
FAIL: gcc.dg/builtins-1.c (test for excess errors)
ERROR: gcc.dg/builtins-1.c: error executing dg-final: couldn't open "builtins-1.s": no such file or directory
UNRESOLVED: gcc.dg/builtins-1.c: error executing dg-final: couldn't open "builtins-1.s": no such file or directory
FAIL: gcc.dg/builtins-18.c (test for excess errors)
FAIL: gcc.dg/builtins-20.c (test for excess errors)
FAIL: gcc.dg/builtins-32.c (internal compiler error)
FAIL: gcc.dg/builtins-32.c (test for excess errors)
WARNING: gcc.dg/builtins-32.c compilation failed to produce executable
FAIL: gcc.dg/builtins-53.c (test for excess errors)
FAIL: gcc.dg/builtins-55.c (test for excess errors)
FAIL: gcc.dg/cleanup-5.c execution test
FAIL: gcc.dg/fold-eqandshift-1.c (test for excess errors)
FAIL: gcc.dg/fold-eqandshift-1.c scan-tree-dump-times e < 0 1
FAIL: gcc.dg/fold-eqandshift-1.c scan-tree-dump-times if \\(0\\) 1
FAIL: gcc.dg/fold-eqandshift-3.c scan-tree-dump-times \\(a & 1073741824\\) != 0 1
FAIL: gcc.dg/fold-eqandshift-3.c scan-tree-dump-times \\(b & 1073741824\\) != 0 1
FAIL: gcc.dg/fold-overflow-1.c scan-assembler-times 2139095040 2
FAIL: gcc.dg/ftrapv-1.c (test for excess errors)
WARNING: gcc.dg/ftrapv-1.c compilation failed to produce executable
FAIL: gcc.dg/ftrapv-2.c (test for excess errors)
WARNING: gcc.dg/ftrapv-2.c compilation failed to produce executable
FAIL: gcc.dg/max-1.c (test for excess errors)
FAIL: gcc.dg/nested-func-4.c (test for excess errors)
WARNING: gcc.dg/nested-func-4.c compilation failed to produce executable
FAIL: gcc.dg/nested-func-5.c (internal compiler error)
FAIL: gcc.dg/nested-func-5.c (test for excess errors)
FAIL: gcc.dg/pr17055-1.c (test for excess errors)
FAIL: gcc.dg/pr17957.c (test for excess errors)
FAIL: gcc.dg/pr19340.c (test for excess errors)
FAIL: gcc.dg/pr27639.c (test for excess errors)
FAIL: gcc.dg/pr27959.c (test for excess errors)
FAIL: gcc.dg/pr27959.c execution test
FAIL: gcc.dg/pr29091.c (test for excess errors)
FAIL: gcc.dg/pr29637.c (test for excess errors)
FAIL: gcc.dg/pragma-pack-4.c  (test for warnings, line 4)
FAIL: gcc.dg/pragma-pack-4.c  (test for warnings, line 5)
FAIL: gcc.dg/pragma-pack-4.c  (test for warnings, line 6)
FAIL: gcc.dg/pragma-pack-4.c (test for excess errors)
FAIL: gcc.dg/pthread-init-1.c (test for excess errors)
FAIL: gcc.dg/pthread-init-2.c (test for excess errors)
FAIL: gcc.dg/section1.c scan-assembler-not .bss
FAIL: gcc.dg/simd-3.c (test for excess errors)
FAIL: gcc.dg/single-precision-constant.c (test for excess errors)
WARNING: gcc.dg/single-precision-constant.c compilation failed to produce executable
FAIL: gcc.dg/trampoline-1.c (internal compiler error)
FAIL: gcc.dg/trampoline-1.c (test for excess errors)
WARNING: gcc.dg/trampoline-1.c compilation failed to produce executable
FAIL: gcc.dg/typeof-1.c scan-assembler-not foo
FAIL: gcc.dg/ucnid-5.c (test for excess errors)
WARNING: gcc.dg/ucnid-5.c compilation failed to produce executable
FAIL: gcc.dg/wchar_t-1.c (test for excess errors)
FAIL: gcc.dg/wint_t-1.c (test for excess errors)
FAIL: gcc.dg/wtr-conversion-1.c (test for excess errors)
FAIL: gcc.dg/pch/save-temps-1.c -O0 -g assembly comparison
FAIL: gcc.dg/pch/save-temps-1.c  -O0  assembly comparison
FAIL: gcc.dg/pch/static-1.c -O0 -g assembly comparison
FAIL: gcc.dg/pch/static-1.c  -O0  assembly comparison
FAIL: gcc.dg/pch/static-2.c -O0 -g assembly comparison
FAIL: gcc.dg/pch/static-2.c  -O0  assembly comparison
FAIL: gcc.dg/pch/static-3.c -O0 -g assembly comparison
FAIL: gcc.dg/pch/static-3.c  -O0  assembly comparison
FAIL: gcc.dg/torture/builtin-convert-1.c  -O0  (test for excess errors)
FAIL: gcc.dg/torture/builtin-convert-1.c  -O1  (test for excess errors)
FAIL: gcc.dg/torture/builtin-convert-1.c  -O2  (test for excess errors)
FAIL: gcc.dg/torture/builtin-convert-1.c  -O3 -fomit-frame-pointer  (test for excess errors)
FAIL: gcc.dg/torture/builtin-convert-1.c  -O3 -g  (test for excess errors)
FAIL: gcc.dg/torture/builtin-convert-1.c  -Os  (test for excess errors)
FAIL: gcc.dg/torture/builtin-convert-2.c  -O0  (test for excess errors)
FAIL: gcc.dg/torture/builtin-convert-2.c  -O1  (test for excess errors)
FAIL: gcc.dg/torture/builtin-convert-2.c  -O2  (test for excess errors)
FAIL: gcc.dg/torture/builtin-convert-2.c  -O3 -fomit-frame-pointer  (test for excess errors)
FAIL: gcc.dg/torture/builtin-convert-2.c  -O3 -g  (test for excess errors)
FAIL: gcc.dg/torture/builtin-convert-2.c  -Os  (test for excess errors)
FAIL: gcc.dg/torture/builtin-convert-3.c  -O0  (test for excess errors)
FAIL: gcc.dg/torture/builtin-convert-3.c  -O1  (test for excess errors)
FAIL: gcc.dg/torture/builtin-convert-3.c  -O2  (test for excess errors)
FAIL: gcc.dg/torture/builtin-convert-3.c  -O3 -fomit-frame-pointer  (test for excess errors)
FAIL: gcc.dg/torture/builtin-convert-3.c  -O3 -g  (test for excess errors)
FAIL: gcc.dg/torture/builtin-convert-3.c  -Os  (test for excess errors)
FAIL: gcc.dg/torture/builtin-power-1.c  -O0  (test for excess errors)
FAIL: gcc.dg/torture/builtin-power-1.c  -O1  (test for excess errors)
FAIL: gcc.dg/torture/builtin-power-1.c  -O2  (test for excess errors)
FAIL: gcc.dg/torture/builtin-power-1.c  -O3 -fomit-frame-pointer  (test for excess errors)
FAIL: gcc.dg/torture/builtin-power-1.c  -O3 -g  (test for excess errors)
FAIL: gcc.dg/torture/builtin-power-1.c  -Os  (test for excess errors)
FAIL: gcc.dg/torture/fp-int-convert-double.c  -O0  execution test
FAIL: gcc.dg/torture/fp-int-convert-double.c  -O1  execution test
FAIL: gcc.dg/torture/fp-int-convert-double.c  -O2  execution test
FAIL: gcc.dg/torture/fp-int-convert-double.c  -O3 -fomit-frame-pointer  execution test
FAIL: gcc.dg/torture/fp-int-convert-double.c  -O3 -g  execution test
FAIL: gcc.dg/torture/fp-int-convert-double.c  -Os  execution test
FAIL: gcc.dg/torture/fp-int-convert-float.c  -O0  execution test
FAIL: gcc.dg/torture/fp-int-convert-float.c  -O1  execution test
FAIL: gcc.dg/torture/fp-int-convert-float.c  -O2  execution test
FAIL: gcc.dg/torture/fp-int-convert-float.c  -O3 -fomit-frame-pointer  execution test
FAIL: gcc.dg/torture/fp-int-convert-float.c  -O3 -g  execution test
FAIL: gcc.dg/torture/fp-int-convert-float.c  -Os  execution test
FAIL: gcc.dg/torture/fp-int-convert-long-double.c  -O0  execution test
FAIL: gcc.dg/torture/fp-int-convert-long-double.c  -O1  execution test
FAIL: gcc.dg/torture/fp-int-convert-long-double.c  -O2  execution test
FAIL: gcc.dg/torture/fp-int-convert-long-double.c  -O3 -fomit-frame-pointer  execution test
FAIL: gcc.dg/torture/fp-int-convert-long-double.c  -O3 -g  execution test
FAIL: gcc.dg/torture/fp-int-convert-long-double.c  -Os  execution test
FAIL: gcc.dg/torture/nested-fn-1.c  -O0  (internal compiler error)
FAIL: gcc.dg/torture/nested-fn-1.c  -O0  (test for excess errors)
ERROR: gcc.dg/torture/nested-fn-1.c  -O0 : error executing dg-final: couldn't open "nested-fn-1.s": no such file or directory
UNRESOLVED: gcc.dg/torture/nested-fn-1.c  -O0 : error executing dg-final: couldn't open "nested-fn-1.s": no such file or directory
FAIL: gcc.dg/torture/nested-fn-1.c  -O1  (internal compiler error)
FAIL: gcc.dg/torture/nested-fn-1.c  -O1  (test for excess errors)
ERROR: gcc.dg/torture/nested-fn-1.c  -O1 : error executing dg-final: couldn't open "nested-fn-1.s": no such file or directory
UNRESOLVED: gcc.dg/torture/nested-fn-1.c  -O1 : error executing dg-final: couldn't open "nested-fn-1.s": no such file or directory
FAIL: gcc.dg/torture/nested-fn-1.c  -O2  (internal compiler error)
FAIL: gcc.dg/torture/nested-fn-1.c  -O2  (test for excess errors)
ERROR: gcc.dg/torture/nested-fn-1.c  -O2 : error executing dg-final: couldn't open "nested-fn-1.s": no such file or directory
UNRESOLVED: gcc.dg/torture/nested-fn-1.c  -O2 : error executing dg-final: couldn't open "nested-fn-1.s": no such file or directory
FAIL: gcc.dg/torture/nested-fn-1.c  -O3 -fomit-frame-pointer  (internal compiler error)
FAIL: gcc.dg/torture/nested-fn-1.c  -O3 -fomit-frame-pointer  (test for excess errors)
ERROR: gcc.dg/torture/nested-fn-1.c  -O3 -fomit-frame-pointer : error executing dg-final: couldn't open "nested-fn-1.s": no such file or directory
UNRESOLVED: gcc.dg/torture/nested-fn-1.c  -O3 -fomit-frame-pointer : error executing dg-final: couldn't open "nested-fn-1.s": no such file or directory
FAIL: gcc.dg/torture/nested-fn-1.c  -O3 -g  (internal compiler error)
FAIL: gcc.dg/torture/nested-fn-1.c  -O3 -g  (test for excess errors)
ERROR: gcc.dg/torture/nested-fn-1.c  -O3 -g : error executing dg-final: couldn't open "nested-fn-1.s": no such file or directory
UNRESOLVED: gcc.dg/torture/nested-fn-1.c  -O3 -g : error executing dg-final: couldn't open "nested-fn-1.s": no such file or directory
FAIL: gcc.dg/torture/nested-fn-1.c  -Os  (internal compiler error)
FAIL: gcc.dg/torture/nested-fn-1.c  -Os  (test for excess errors)
ERROR: gcc.dg/torture/nested-fn-1.c  -Os : error executing dg-final: couldn't open "nested-fn-1.s": no such file or directory
UNRESOLVED: gcc.dg/torture/nested-fn-1.c  -Os : error executing dg-final: couldn't open "nested-fn-1.s": no such file or directory
FAIL: gcc.dg/torture/pr21817-1.c  -O0  (test for excess errors)
FAIL: gcc.dg/torture/pr21817-1.c  -O1  (test for excess errors)
FAIL: gcc.dg/torture/pr21817-1.c  -O2  (test for excess errors)
FAIL: gcc.dg/torture/pr21817-1.c  -O3 -fomit-frame-pointer  (test for excess errors)
FAIL: gcc.dg/torture/pr21817-1.c  -O3 -fomit-frame-pointer -funroll-loops  (test for excess errors)
FAIL: gcc.dg/torture/pr21817-1.c  -O3 -fomit-frame-pointer -funroll-all-loops -finline-functions  (test for excess errors)
FAIL: gcc.dg/torture/pr21817-1.c  -O3 -g  (test for excess errors)
FAIL: gcc.dg/torture/pr21817-1.c  -Os  (test for excess errors)
FAIL: gcc.dg/torture/pr26565.c  -O0  (test for excess errors)
FAIL: gcc.dg/torture/pr26565.c  -O1  (test for excess errors)
FAIL: gcc.dg/torture/pr26565.c  -O2  (test for excess errors)
FAIL: gcc.dg/torture/pr26565.c  -O3 -fomit-frame-pointer  (test for excess errors)
FAIL: gcc.dg/torture/pr26565.c  -O3 -g  (test for excess errors)
FAIL: gcc.dg/torture/pr26565.c  -Os  (test for excess errors)
FAIL: gcc.dg/torture/pr27743.c  -O0  (test for excess errors)
FAIL: gcc.dg/torture/pr27743.c  -O0  execution test
FAIL: gcc.dg/torture/pr27743.c  -O1  (test for excess errors)
FAIL: gcc.dg/torture/pr27743.c  -O1  execution test
FAIL: gcc.dg/torture/pr27743.c  -O2  (test for excess errors)
FAIL: gcc.dg/torture/pr27743.c  -O2  execution test
FAIL: gcc.dg/torture/pr27743.c  -O3 -fomit-frame-pointer  (test for excess errors)
FAIL: gcc.dg/torture/pr27743.c  -O3 -fomit-frame-pointer  execution test
FAIL: gcc.dg/torture/pr27743.c  -O3 -g  (test for excess errors)
FAIL: gcc.dg/torture/pr27743.c  -O3 -g  execution test
FAIL: gcc.dg/torture/pr27743.c  -Os  (test for excess errors)
FAIL: gcc.dg/torture/pr27743.c  -Os  execution test
FAIL: gcc.dg/torture/pr28268.c  -O0  (test for excess errors)
FAIL: gcc.dg/torture/pr28268.c  -O1  (test for excess errors)
FAIL: gcc.dg/torture/pr28268.c  -O2  (test for excess errors)
FAIL: gcc.dg/torture/pr28268.c  -O3 -fomit-frame-pointer  (test for excess errors)
FAIL: gcc.dg/torture/pr28268.c  -O3 -g  (test for excess errors)
FAIL: gcc.dg/torture/pr28268.c  -Os  (test for excess errors)
FAIL: gcc.dg/torture/pr28814.c  -O0  (test for excess errors)
FAIL: gcc.dg/torture/pr28814.c  -O1  (test for excess errors)
FAIL: gcc.dg/torture/pr28814.c  -O2  (test for excess errors)
FAIL: gcc.dg/torture/pr28814.c  -O3 -fomit-frame-pointer  (test for excess errors)
FAIL: gcc.dg/torture/pr28814.c  -O3 -g  (test for excess errors)
FAIL: gcc.dg/torture/pr28814.c  -Os  (test for excess errors)
FAIL: gcc.dg/torture/pr29584.c  -O0  (test for excess errors)
FAIL: gcc.dg/torture/pr29584.c  -O1  (test for excess errors)
FAIL: gcc.dg/torture/pr29584.c  -O2  (test for excess errors)
FAIL: gcc.dg/torture/pr29584.c  -O3 -fomit-frame-pointer  (test for excess errors)
FAIL: gcc.dg/torture/pr29584.c  -O3 -fomit-frame-pointer -funroll-loops  (test for excess errors)
FAIL: gcc.dg/torture/pr29584.c  -O3 -fomit-frame-pointer -funroll-all-loops -finline-functions  (test for excess errors)
FAIL: gcc.dg/torture/pr29584.c  -O3 -g  (test for excess errors)
FAIL: gcc.dg/torture/pr29584.c  -Os  (test for excess errors)
FAIL: gcc.dg/tree-prof/inliner-1.c compilation,  -fprofile-generate
UNRESOLVED: gcc.dg/tree-prof/inliner-1.c execution,    -fprofile-generate
UNRESOLVED: gcc.dg/tree-prof/inliner-1.c compilation,  -fprofile-use
UNRESOLVED: gcc.dg/tree-prof/inliner-1.c execution,    -fprofile-use
FAIL: gcc.dg/tree-prof/update-cunroll-2.c execution: file update-cunroll-2.gcda does not exist,  -fprofile-generate
UNRESOLVED: gcc.dg/tree-prof/update-cunroll-2.c compilation,  -fprofile-use
UNRESOLVED: gcc.dg/tree-prof/update-cunroll-2.c execution,    -fprofile-use
FAIL: gcc.dg/tree-prof/update-loopch.c execution: file update-loopch.gcda does not exist,  -fprofile-generate
UNRESOLVED: gcc.dg/tree-prof/update-loopch.c compilation,  -fprofile-use
UNRESOLVED: gcc.dg/tree-prof/update-loopch.c execution,    -fprofile-use
FAIL: gcc.dg/tree-prof/update-tailcall.c execution: file update-tailcall.gcda does not exist,  -fprofile-generate
UNRESOLVED: gcc.dg/tree-prof/update-tailcall.c compilation,  -fprofile-use
UNRESOLVED: gcc.dg/tree-prof/update-tailcall.c execution,    -fprofile-use
FAIL: gcc.dg/tree-prof/val-prof-1.c compilation,  -fprofile-generate
UNRESOLVED: gcc.dg/tree-prof/val-prof-1.c execution,    -fprofile-generate
UNRESOLVED: gcc.dg/tree-prof/val-prof-1.c compilation,  -fprofile-use
UNRESOLVED: gcc.dg/tree-prof/val-prof-1.c execution,    -fprofile-use
FAIL: gcc.dg/tree-prof/val-prof-2.c compilation,  -fprofile-generate
UNRESOLVED: gcc.dg/tree-prof/val-prof-2.c execution,    -fprofile-generate
UNRESOLVED: gcc.dg/tree-prof/val-prof-2.c compilation,  -fprofile-use
UNRESOLVED: gcc.dg/tree-prof/val-prof-2.c execution,    -fprofile-use
FAIL: gcc.dg/tree-prof/val-prof-3.c compilation,  -fprofile-generate
UNRESOLVED: gcc.dg/tree-prof/val-prof-3.c execution,    -fprofile-generate
UNRESOLVED: gcc.dg/tree-prof/val-prof-3.c compilation,  -fprofile-use
UNRESOLVED: gcc.dg/tree-prof/val-prof-3.c execution,    -fprofile-use
FAIL: gcc.dg/tree-prof/val-prof-4.c compilation,  -fprofile-generate
UNRESOLVED: gcc.dg/tree-prof/val-prof-4.c execution,    -fprofile-generate
UNRESOLVED: gcc.dg/tree-prof/val-prof-4.c compilation,  -fprofile-use
UNRESOLVED: gcc.dg/tree-prof/val-prof-4.c execution,    -fprofile-use
FAIL: gcc.dg/tree-prof/val-prof-5.c compilation,  -fprofile-generate
UNRESOLVED: gcc.dg/tree-prof/val-prof-5.c execution,    -fprofile-generate
UNRESOLVED: gcc.dg/tree-prof/val-prof-5.c compilation,  -fprofile-use
UNRESOLVED: gcc.dg/tree-prof/val-prof-5.c execution,    -fprofile-use
XPASS: gcc.dg/tree-ssa/20040204-1.c scan-tree-dump-times link_error 0
FAIL: gcc.dg/tree-ssa/foldaddr-1.c (test for excess errors)
FAIL: gcc.dg/tree-ssa/gen-vect-11.c scan-tree-dump-times vectorized 1 loops 1
FAIL: gcc.dg/tree-ssa/gen-vect-11a.c scan-tree-dump-times vectorized 1 loops 1
FAIL: gcc.dg/tree-ssa/gen-vect-2.c scan-tree-dump-times vectorized 1 loops 1
FAIL: gcc.dg/tree-ssa/gen-vect-25.c scan-tree-dump-times vectorized 2 loops 1
FAIL: gcc.dg/tree-ssa/gen-vect-26.c scan-tree-dump-times vectorized 1 loops 1
FAIL: gcc.dg/tree-ssa/gen-vect-26.c scan-tree-dump-times Alignment of access forced using peeling 1
FAIL: gcc.dg/tree-ssa/gen-vect-28.c scan-tree-dump-times vectorized 1 loops 1
FAIL: gcc.dg/tree-ssa/gen-vect-28.c scan-tree-dump-times Alignment of access forced using peeling 1
FAIL: gcc.dg/tree-ssa/gen-vect-32.c scan-tree-dump-times vectorized 1 loops 1
FAIL: gcc.dg/tree-ssa/ifc-20040816-1.c (test for excess errors)
ERROR: gcc.dg/tree-ssa/ifc-20040816-1.c: error executing dg-final: no files matched glob pattern "ifc-20040816-1.c.[0-9][0-9][0-9]t.ifcvt"
UNRESOLVED: gcc.dg/tree-ssa/ifc-20040816-1.c: error executing dg-final: no files matched glob pattern "ifc-20040816-1.c.[0-9][0-9][0-9]t.ifcvt"
FAIL: gcc.dg/tree-ssa/ifc-20040816-2.c (test for excess errors)
FAIL: gcc.dg/tree-ssa/ifc-20040816-2.c scan-tree-dump-times Applying if-conversion 1
FAIL: gcc.dg/tree-ssa/loadpre1.c scan-tree-dump-times Eliminated: 1 1
FAIL: gcc.dg/tree-ssa/loadpre14.c scan-tree-dump-times Eliminated: 1 1
FAIL: gcc.dg/tree-ssa/loadpre15.c scan-tree-dump-times Eliminated: 1 1
FAIL: gcc.dg/tree-ssa/loadpre6.c (test for excess errors)
FAIL: gcc.dg/tree-ssa/loadpre8.c scan-tree-dump-times Eliminated: 1 1
FAIL: gcc.dg/tree-ssa/vrp29.c (test for excess errors)
UNRESOLVED: gcc.misc-tests/bprob-1.c execution,    -fprofile-arcs
UNRESOLVED: gcc.misc-tests/bprob-1.c compilation,  -fbranch-probabilities
UNRESOLVED: gcc.misc-tests/bprob-1.c execution,    -fbranch-probabilities
UNRESOLVED: gcc.misc-tests/bprob-2.c compilation,  -fbranch-probabilities
UNRESOLVED: gcc.misc-tests/bprob-2.c execution,    -fbranch-probabilities
FAIL: compiler driver --coverage option(s) (linker options)

		=== gcc Summary ===

# of expected passes		37921
# of unexpected failures	625
# of unexpected successes	1
# of expected failures		83
# of unresolved testcases	157
# of untested testcases		118
# of unsupported tests		1265
/home/mstein/avr-obj/gcc/xgcc  version 4.2.0 20070127 (prerelease)


Compiler version: 4.2.0 20070127 (prerelease) gcc 
Platform: avr-unknown-none
configure flags: --target=avr --disable-nls --prefix=/home/mstein/install --with-ld=/home/mstein/cross-local/avr/bin/avr-ld --with-as=/home/mstein/cross-local/avr/bin/avr-as --disable-libssp --with-gmp=/n/07/mstein/gmp-stuff --enable-languages=c


Index Nav: [Date Index] [Subject Index] [Author Index] [Thread Index]
Message Nav: [Date Prev] [Date Next] [Thread Prev] [Thread Next]