This is the mail archive of the
gcc-testresults@gcc.gnu.org
mailing list for the GCC project.
Results for 4.3.0 20070119 (experimental) testsuite on i686-pc-cygwin
- From: "Timothy C Prince" <tprince at myrealbox dot com>
- To: gcc-testresults at gcc dot gnu dot org
- Date: Tue, 23 Jan 2007 00:17:15 +0000
- Subject: Results for 4.3.0 20070119 (experimental) testsuite on i686-pc-cygwin
- Reply-to: tprince at nospamcomputer dot org
Native configuration is i686-pc-cygwin
=== g++ tests ===
Running target unix
FAIL: g++.dg/abi/local1.C execution test
FAIL: g++.dg/abi/rtti1.C scan-assembler-dem-not \\ntypeinfo for A[: \\t\\n]
FAIL: g++.dg/abi/rtti3.C scan-assembler .weak[ \\t]_?_ZTSPP1A
FAIL: g++.dg/abi/thunk4.C scan-assembler .weak[ \\t]_?_ZThn._N7Derived3FooEv
FAIL: g++.dg/ext/dllimport7.C C++ specific error (test for errors, line 24)
FAIL: g++.dg/opt/complex3.C (internal compiler error)
FAIL: g++.dg/opt/complex3.C (test for excess errors)
FAIL: g++.dg/opt/vt1.C scan-assembler-not section[^\\n\\r]*_ZTV1S[^\\n\\r]*"[^w"\\n\\r]*"
FAIL: g++.dg/other/unused1.C scan-assembler (string|ascii?)z?\\t"class2("|\\\\\\\\000)
FAIL: g++.dg/other/unused1.C scan-assembler (string|ascii?)z?\\t"printer("|\\\\\\\\000)
XPASS: g++.dg/tree-ssa/ivopts-1.C scan-tree-dump-not offset: -4B
XPASS: g++.dg/tree-ssa/ivopts-1.C scan-tree-dump-not &x\\[5\\]
FAIL: g++.dg/pch/externc-1.C -g assembly comparison
FAIL: g++.dg/pch/externc-1.C -O2 -g assembly comparison
FAIL: g++.dg/pch/static-1.C -g assembly comparison
FAIL: g++.dg/pch/static-1.C -O2 -g assembly comparison
FAIL: g++.dg/pch/system-1.C -g assembly comparison
FAIL: g++.dg/pch/system-1.C -O2 -g assembly comparison
FAIL: g++.dg/pch/system-2.C -g assembly comparison
FAIL: g++.dg/pch/system-2.C -O2 -g assembly comparison
FAIL: g++.dg/pch/uninst.C -g assembly comparison
FAIL: g++.dg/pch/uninst.C -O2 -g assembly comparison
FAIL: g++.dg/pch/wchar-1.C -g assembly comparison
FAIL: g++.dg/pch/wchar-1.C -O2 -g assembly comparison
FAIL: g++.old-deja/g++.eh/badalloc1.C execution test
XPASS: g++.old-deja/g++.ext/attrib5.C execution test
FAIL: g++.old-deja/g++.other/init18.C execution test
FAIL: g++.old-deja/g++.other/init19.C execution test
FAIL: g++.old-deja/g++.other/init5.C execution test
=== g++ Summary ===
# of expected passes 14093
# of unexpected failures 26
# of unexpected successes 3
# of expected failures 79
# of unsupported tests 168
/cygdrive/c/gnu/gcc-4.3-20070112/xp/gcc/testsuite/g++/../../g++ version 4.3.0 20070119 (experimental)
=== gcc tests ===
Running target unix
FAIL: gcc.c-torture/execute/920501-1.c compilation, -O3 -g
UNRESOLVED: gcc.c-torture/execute/920501-1.c execution, -O3 -g
FAIL: gcc.dg/builtins-1.c (internal compiler error)
FAIL: gcc.dg/builtins-1.c (test for excess errors)
ERROR: gcc.dg/builtins-1.c: error executing dg-final: couldn't open "builtins-1.s": no such file or directory
UNRESOLVED: gcc.dg/builtins-1.c: error executing dg-final: couldn't open "builtins-1.s": no such file or directory
FAIL: gcc.dg/builtins-57.c scan-tree-dump trunc
FAIL: gcc.dg/builtins-59.c (internal compiler error)
FAIL: gcc.dg/builtins-59.c (test for excess errors)
FAIL: gcc.dg/pr25993.c (test for excess errors)
FAIL: gcc.dg/setjmp-3.c (test for excess errors)
WARNING: gcc.dg/setjmp-3.c compilation failed to produce executable
FAIL: gcc.dg/setjmp-4.c (test for excess errors)
WARNING: gcc.dg/setjmp-4.c compilation failed to produce executable
FAIL: gcc.dg/ipa/ipa-1.c (internal compiler error)
FAIL: gcc.dg/ipa/ipa-1.c (test for excess errors)
FAIL: gcc.dg/ipa/ipa-1.c scan-ipa-dump-times versioned function 2
FAIL: gcc.dg/ipa/ipa-1.c scan-ipa-dump-times propagating const 2
FAIL: gcc.dg/ipa/ipa-2.c (internal compiler error)
FAIL: gcc.dg/ipa/ipa-2.c (test for excess errors)
FAIL: gcc.dg/ipa/ipa-3.c (internal compiler error)
FAIL: gcc.dg/ipa/ipa-3.c (test for excess errors)
FAIL: gcc.dg/ipa/ipa-3.c scan-ipa-dump-times propagating const 3
FAIL: gcc.dg/ipa/ipa-4.c (internal compiler error)
FAIL: gcc.dg/ipa/ipa-4.c (test for excess errors)
FAIL: gcc.dg/ipa/ipa-5.c (internal compiler error)
FAIL: gcc.dg/ipa/ipa-5.c (test for excess errors)
FAIL: gcc.dg/ipa/ipa-6.c (internal compiler error)
FAIL: gcc.dg/ipa/ipa-6.c (test for excess errors)
FAIL: largefile.c (test for excess errors)
FAIL: largefile.c (test for excess errors)
FAIL: largefile.c (test for excess errors)
FAIL: largefile.c (test for excess errors)
FAIL: largefile.c (test for excess errors)
FAIL: largefile.c (test for excess errors)
FAIL: largefile.c (test for excess errors)
FAIL: gcc.dg/tree-ssa/flatten-2.c scan-assembler cycle[123][: \\t\\n]
FAIL: gcc.dg/tree-ssa/loadpre1.c scan-tree-dump-times Eliminated: 1 1
FAIL: gcc.dg/tree-ssa/loop-1.c scan-assembler-times foo 5
XPASS: gcc.dg/vect/vect-57.c scan-tree-dump-times vectorized 1 loops 1
XPASS: gcc.dg/vect/vect-61.c scan-tree-dump-times vectorized 1 loops 1
FAIL: compiler driver --coverage option(s) (compiler options)
FAIL: gcc.target/i386/pic-1.c (test for errors, line 10)
FAIL: gcc.target/i386/math-torture/lceil.c (internal compiler error)
FAIL: gcc.target/i386/math-torture/lceil.c (test for excess errors)
FAIL: gcc.target/i386/math-torture/lceil.c (internal compiler error)
FAIL: gcc.target/i386/math-torture/lceil.c (test for excess errors)
FAIL: gcc.target/i386/math-torture/lceil.c (internal compiler error)
FAIL: gcc.target/i386/math-torture/lceil.c (test for excess errors)
FAIL: gcc.target/i386/math-torture/lceil.c (internal compiler error)
FAIL: gcc.target/i386/math-torture/lceil.c (test for excess errors)
FAIL: gcc.target/i386/math-torture/lceil.c (internal compiler error)
FAIL: gcc.target/i386/math-torture/lceil.c (test for excess errors)
FAIL: gcc.target/i386/math-torture/lceil.c (internal compiler error)
FAIL: gcc.target/i386/math-torture/lceil.c (test for excess errors)
FAIL: gcc.target/i386/math-torture/lfloor.c (internal compiler error)
FAIL: gcc.target/i386/math-torture/lfloor.c (test for excess errors)
FAIL: gcc.target/i386/math-torture/lfloor.c (internal compiler error)
FAIL: gcc.target/i386/math-torture/lfloor.c (test for excess errors)
FAIL: gcc.target/i386/math-torture/lfloor.c (internal compiler error)
FAIL: gcc.target/i386/math-torture/lfloor.c (test for excess errors)
FAIL: gcc.target/i386/math-torture/lfloor.c (internal compiler error)
FAIL: gcc.target/i386/math-torture/lfloor.c (test for excess errors)
FAIL: gcc.target/i386/math-torture/lfloor.c (internal compiler error)
FAIL: gcc.target/i386/math-torture/lfloor.c (test for excess errors)
FAIL: gcc.target/i386/math-torture/lfloor.c (internal compiler error)
FAIL: gcc.target/i386/math-torture/lfloor.c (test for excess errors)
FAIL: gcc.target/i386/math-torture/lceil.c (internal compiler error)
FAIL: gcc.target/i386/math-torture/lceil.c (test for excess errors)
FAIL: gcc.target/i386/math-torture/lceil.c (internal compiler error)
FAIL: gcc.target/i386/math-torture/lceil.c (test for excess errors)
FAIL: gcc.target/i386/math-torture/lceil.c (internal compiler error)
FAIL: gcc.target/i386/math-torture/lceil.c (test for excess errors)
FAIL: gcc.target/i386/math-torture/lceil.c (internal compiler error)
FAIL: gcc.target/i386/math-torture/lceil.c (test for excess errors)
FAIL: gcc.target/i386/math-torture/lceil.c (internal compiler error)
FAIL: gcc.target/i386/math-torture/lceil.c (test for excess errors)
FAIL: gcc.target/i386/math-torture/lceil.c (internal compiler error)
FAIL: gcc.target/i386/math-torture/lceil.c (test for excess errors)
FAIL: gcc.target/i386/math-torture/lfloor.c (internal compiler error)
FAIL: gcc.target/i386/math-torture/lfloor.c (test for excess errors)
FAIL: gcc.target/i386/math-torture/lfloor.c (internal compiler error)
FAIL: gcc.target/i386/math-torture/lfloor.c (test for excess errors)
FAIL: gcc.target/i386/math-torture/lfloor.c (internal compiler error)
FAIL: gcc.target/i386/math-torture/lfloor.c (test for excess errors)
FAIL: gcc.target/i386/math-torture/lfloor.c (internal compiler error)
FAIL: gcc.target/i386/math-torture/lfloor.c (test for excess errors)
FAIL: gcc.target/i386/math-torture/lfloor.c (internal compiler error)
FAIL: gcc.target/i386/math-torture/lfloor.c (test for excess errors)
FAIL: gcc.target/i386/math-torture/lfloor.c (internal compiler error)
FAIL: gcc.target/i386/math-torture/lfloor.c (test for excess errors)
=== gcc Summary ===
# of expected passes 44462
# of unexpected failures 84
# of unexpected successes 2
# of expected failures 107
# of unresolved testcases 2
# of untested testcases 35
# of unsupported tests 368
/cygdrive/c/gnu/gcc-4.3-20070112/xp/gcc/xgcc version 4.3.0 20070119 (experimental)
=== gfortran tests ===
Running target unix
=== gfortran Summary ===
# of expected passes 15780
# of expected failures 7
# of unsupported tests 86
/cygdrive/c/gnu/gcc-4.3-20070112/xp/gcc/testsuite/gfortran/../../gfortran version 4.3.0 20070119 (experimental)
=== objc tests ===
Running target unix
=== objc Summary ===
# of expected passes 1830
# of expected failures 7
# of unsupported tests 24
/cygdrive/c/gnu/gcc-4.3-20070112/xp/gcc/xgcc version 4.3.0 20070119 (experimental)
=== treelang tests ===
Running target unix
ERROR: tcl error sourcing /cygdrive/c/gnu/gcc-4.3-20070112/gcc/testsuite/treelang/output/output.exp.
ERROR: rm: cannot remove \`treelang/output-1': No such file or directory
=== treelang Summary ===
# of expected passes 52
=== libstdc++ tests ===
Running target unix
ERROR: tcl error sourcing /cygdrive/c/gnu/gcc-4.3-20070112/libstdc++-v3/testsuite/libstdc++-abi/abi.exp.
ERROR: could not compile testsuite_allocator.cc
ERROR: tcl error sourcing /cygdrive/c/gnu/gcc-4.3-20070112/libstdc++-v3/testsuite/libstdc++-dg/conformance.exp.
ERROR: could not compile testsuite_allocator.cc
=== libstdc++ Summary ===
Compiler version: 4.3.0 20070119 (experimental)
Platform: i686-pc-cygwin
Tim Prince