This is the mail archive of the
gcc-testresults@gcc.gnu.org
mailing list for the GCC project.
Results for 4.2.0 20070103 (prerelease) testsuite on powerpc-apple-darwin8.8.0
- From: Chris Douty <christov at mac dot com>
- To: gcc-testresults at gcc dot gnu dot org
- Date: Fri, 5 Jan 2007 12:57:12 -0800
- Subject: Results for 4.2.0 20070103 (prerelease) testsuite on powerpc-apple-darwin8.8.0
LAST_UPDATED: Wed Jan 3 23:34:38 UTC 2007 (revision 120405)
Native configuration is powerpc-apple-darwin8.8.0
=== g++ tests ===
Running target unix
FAIL: g++.dg/ext/alignof2.C execution test
FAIL: g++.dg/other/unused1.C scan-assembler (string|ascii?)z?\
\t"class2("|\\\\\\\\000)
FAIL: g++.dg/other/unused1.C scan-assembler (string|ascii?)z?\
\t"printer("|\\\\\\\\000)
FAIL: g++.dg/warn/weak1.C (test for excess errors)
WARNING: g++.dg/warn/weak1.C compilation failed to produce executable
FAIL: g++.dg/special/conpr-3.C execution test
=== g++ Summary ===
# of expected passes 13135
# of unexpected failures 5
# of expected failures 67
# of unsupported tests 129
/Users/christov/src/gcc-stuff/build-42/gcc/testsuite/g++/../../g++
version 4.2.0 20070103 (prerelease)
=== gcc tests ===
Running target unix
XPASS: gcc.dg/20020103-1.c scan-assembler-not LC[0-9]
FAIL: gcc.dg/setjmp-3.c (test for excess errors)
FAIL: gcc.dg/setjmp-4.c (test for excess errors)
FAIL: gcc.dg/tree-ssa/loadpre1.c scan-tree-dump-times Eliminated: 1 1
FAIL: gcc.dg/tree-ssa/loadpre14.c scan-tree-dump-times Eliminated: 1 1
FAIL: gcc.dg/tree-ssa/loadpre15.c scan-tree-dump-times Eliminated: 1 1
FAIL: gcc.dg/vect/section-anchors-pr27770.c (test for excess errors)
FAIL: gcc.dg/vect/section-anchors-vect-69.c (test for excess errors)
FAIL: gcc.dg/vect/section-anchors-vect-69.c scan-tree-dump-times
Alignment of access forced using peeling 4
FAIL: gcc.target/powerpc/stabs-attrib-vect-darwin.c scan-
assembler .stabs.*vi:\\\\(0,16\\\\)=@V
=== gcc Summary ===
# of expected passes 42210
# of unexpected failures 9
# of unexpected successes 1
# of expected failures 116
# of untested testcases 28
# of unsupported tests 446
/Users/christov/src/gcc-stuff/build-42/gcc/xgcc version 4.2.0
20070103 (prerelease)
=== gfortran tests ===
Running target unix
FAIL: gfortran.dg/large_real_kind_1.f90 -O0 execution test
FAIL: gfortran.dg/large_real_kind_1.f90 -O1 execution test
FAIL: gfortran.dg/large_real_kind_1.f90 -O2 execution test
FAIL: gfortran.dg/large_real_kind_1.f90 -O3 -fomit-frame-pointer
execution test
FAIL: gfortran.dg/large_real_kind_1.f90 -O3 -fomit-frame-pointer -
funroll-loops execution test
FAIL: gfortran.dg/large_real_kind_1.f90 -O3 -fomit-frame-pointer -
funroll-all-loops -finline-functions execution test
FAIL: gfortran.dg/large_real_kind_1.f90 -O3 -g execution test
FAIL: gfortran.dg/large_real_kind_1.f90 -Os execution test
FAIL: gfortran.dg/large_real_kind_2.F90 -O0 execution test
FAIL: gfortran.dg/large_real_kind_2.F90 -O1 execution test
FAIL: gfortran.dg/large_real_kind_2.F90 -O2 execution test
FAIL: gfortran.dg/large_real_kind_2.F90 -O3 -fomit-frame-pointer
execution test
FAIL: gfortran.dg/large_real_kind_2.F90 -O3 -fomit-frame-pointer -
funroll-loops execution test
FAIL: gfortran.dg/large_real_kind_2.F90 -O3 -fomit-frame-pointer -
funroll-all-loops -finline-functions execution test
FAIL: gfortran.dg/large_real_kind_2.F90 -O3 -g execution test
FAIL: gfortran.dg/large_real_kind_2.F90 -Os execution test
FAIL: gfortran.dg/large_real_kind_form_io_2.f90 -O0 execution test
FAIL: gfortran.dg/large_real_kind_form_io_2.f90 -O1 execution test
FAIL: gfortran.dg/large_real_kind_form_io_2.f90 -O2 execution test
FAIL: gfortran.dg/large_real_kind_form_io_2.f90 -O3 -fomit-frame-
pointer execution test
FAIL: gfortran.dg/large_real_kind_form_io_2.f90 -O3 -fomit-frame-
pointer -funroll-loops execution test
FAIL: gfortran.dg/large_real_kind_form_io_2.f90 -O3 -fomit-frame-
pointer -funroll-all-loops -finline-functions execution test
FAIL: gfortran.dg/large_real_kind_form_io_2.f90 -O3 -g execution test
FAIL: gfortran.dg/large_real_kind_form_io_2.f90 -Os execution test
FAIL: gfortran.fortran-torture/execute/nan_inf_fmt.f90 execution, -O0
FAIL: gfortran.fortran-torture/execute/nan_inf_fmt.f90 execution, -O1
FAIL: gfortran.fortran-torture/execute/nan_inf_fmt.f90 execution, -O2
FAIL: gfortran.fortran-torture/execute/nan_inf_fmt.f90 execution, -
O3 -fomit-frame-pointer
FAIL: gfortran.fortran-torture/execute/nan_inf_fmt.f90 execution, -
O3 -fomit-frame-pointer -funroll-loops
FAIL: gfortran.fortran-torture/execute/nan_inf_fmt.f90 execution, -
O3 -fomit-frame-pointer -funroll-all-loops -finline-functions
FAIL: gfortran.fortran-torture/execute/nan_inf_fmt.f90 execution, -
O3 -g
FAIL: gfortran.fortran-torture/execute/nan_inf_fmt.f90 execution, -Os
=== gfortran Summary ===
# of expected passes 15163
# of unexpected failures 32
# of expected failures 7
# of unsupported tests 57
/Users/christov/src/gcc-stuff/build-42/gcc/testsuite/gfortran/../../
gfortran version 4.2.0 20070103 (prerelease)
=== obj-c++ tests ===
Running target unix
ERROR: obj-c++.dg/stubify-2.mm: error executing dg-final: couldn't
open "stubify-2.mm.08.jump": no such file or directory
UNRESOLVED: obj-c++.dg/stubify-2.mm: error executing dg-final:
couldn't open "stubify-2.mm.08.jump": no such file or directory
=== obj-c++ Summary ===
# of expected passes 468
# of unresolved testcases 1
/Users/christov/src/gcc-stuff/build-42/gcc/testsuite/obj-c++/../../g+
+ version 4.2.0 20070103 (prerelease)
=== objc tests ===
Running target unix
=== objc Summary ===
# of expected passes 2979
# of expected failures 17
# of unsupported tests 1
/Users/christov/src/gcc-stuff/build-42/gcc/xgcc version 4.2.0
20070103 (prerelease)
=== treelang tests ===
Running target unix
=== treelang Summary ===
# of expected passes 52
=== libffi tests ===
Running target unix
=== libffi Summary ===
# of expected passes 1068
# of expected failures 8
# of unsupported tests 8
=== libgomp tests ===
Running target unix
FAIL: libgomp.c++/ctor-1.C -O0 (test for excess errors)
WARNING: libgomp.c++/ctor-1.C -O0 compilation failed to produce
executable
FAIL: libgomp.c++/ctor-1.C -O1 (test for excess errors)
WARNING: libgomp.c++/ctor-1.C -O1 compilation failed to produce
executable
FAIL: libgomp.c++/ctor-1.C -O2 (test for excess errors)
WARNING: libgomp.c++/ctor-1.C -O2 compilation failed to produce
executable
FAIL: libgomp.c++/ctor-1.C -O3 -fomit-frame-pointer (test for
excess errors)
WARNING: libgomp.c++/ctor-1.C -O3 -fomit-frame-pointer compilation
failed to produce executable
FAIL: libgomp.c++/ctor-1.C -O3 -fomit-frame-pointer -funroll-loops
(test for excess errors)
WARNING: libgomp.c++/ctor-1.C -O3 -fomit-frame-pointer -funroll-
loops compilation failed to produce executable
FAIL: libgomp.c++/ctor-1.C -O3 -fomit-frame-pointer -funroll-all-
loops -finline-functions (test for excess errors)
WARNING: libgomp.c++/ctor-1.C -O3 -fomit-frame-pointer -funroll-all-
loops -finline-functions compilation failed to produce executable
FAIL: libgomp.c++/ctor-1.C -O3 -g (test for excess errors)
WARNING: libgomp.c++/ctor-1.C -O3 -g compilation failed to produce
executable
FAIL: libgomp.c++/ctor-1.C -Os (test for excess errors)
WARNING: libgomp.c++/ctor-1.C -Os compilation failed to produce
executable
FAIL: libgomp.c++/ctor-2.C -O0 (test for excess errors)
WARNING: libgomp.c++/ctor-2.C -O0 compilation failed to produce
executable
FAIL: libgomp.c++/ctor-2.C -O1 (test for excess errors)
WARNING: libgomp.c++/ctor-2.C -O1 compilation failed to produce
executable
FAIL: libgomp.c++/ctor-2.C -O2 (test for excess errors)
WARNING: libgomp.c++/ctor-2.C -O2 compilation failed to produce
executable
FAIL: libgomp.c++/ctor-2.C -O3 -fomit-frame-pointer (test for
excess errors)
WARNING: libgomp.c++/ctor-2.C -O3 -fomit-frame-pointer compilation
failed to produce executable
FAIL: libgomp.c++/ctor-2.C -O3 -fomit-frame-pointer -funroll-loops
(test for excess errors)
WARNING: libgomp.c++/ctor-2.C -O3 -fomit-frame-pointer -funroll-
loops compilation failed to produce executable
FAIL: libgomp.c++/ctor-2.C -O3 -fomit-frame-pointer -funroll-all-
loops -finline-functions (test for excess errors)
WARNING: libgomp.c++/ctor-2.C -O3 -fomit-frame-pointer -funroll-all-
loops -finline-functions compilation failed to produce executable
FAIL: libgomp.c++/ctor-2.C -O3 -g (test for excess errors)
WARNING: libgomp.c++/ctor-2.C -O3 -g compilation failed to produce
executable
FAIL: libgomp.c++/ctor-2.C -Os (test for excess errors)
WARNING: libgomp.c++/ctor-2.C -Os compilation failed to produce
executable
FAIL: libgomp.c++/ctor-3.C -O0 (test for excess errors)
WARNING: libgomp.c++/ctor-3.C -O0 compilation failed to produce
executable
FAIL: libgomp.c++/ctor-3.C -O1 (test for excess errors)
WARNING: libgomp.c++/ctor-3.C -O1 compilation failed to produce
executable
FAIL: libgomp.c++/ctor-3.C -O2 (test for excess errors)
WARNING: libgomp.c++/ctor-3.C -O2 compilation failed to produce
executable
FAIL: libgomp.c++/ctor-3.C -O3 -fomit-frame-pointer (test for
excess errors)
WARNING: libgomp.c++/ctor-3.C -O3 -fomit-frame-pointer compilation
failed to produce executable
FAIL: libgomp.c++/ctor-3.C -O3 -fomit-frame-pointer -funroll-loops
(test for excess errors)
WARNING: libgomp.c++/ctor-3.C -O3 -fomit-frame-pointer -funroll-
loops compilation failed to produce executable
FAIL: libgomp.c++/ctor-3.C -O3 -fomit-frame-pointer -funroll-all-
loops -finline-functions (test for excess errors)
WARNING: libgomp.c++/ctor-3.C -O3 -fomit-frame-pointer -funroll-all-
loops -finline-functions compilation failed to produce executable
FAIL: libgomp.c++/ctor-3.C -O3 -g (test for excess errors)
WARNING: libgomp.c++/ctor-3.C -O3 -g compilation failed to produce
executable
FAIL: libgomp.c++/ctor-3.C -Os (test for excess errors)
WARNING: libgomp.c++/ctor-3.C -Os compilation failed to produce
executable
FAIL: libgomp.c++/ctor-4.C -O0 (test for excess errors)
WARNING: libgomp.c++/ctor-4.C -O0 compilation failed to produce
executable
FAIL: libgomp.c++/ctor-4.C -O1 (test for excess errors)
WARNING: libgomp.c++/ctor-4.C -O1 compilation failed to produce
executable
FAIL: libgomp.c++/ctor-4.C -O2 (test for excess errors)
WARNING: libgomp.c++/ctor-4.C -O2 compilation failed to produce
executable
FAIL: libgomp.c++/ctor-4.C -O3 -fomit-frame-pointer (test for
excess errors)
WARNING: libgomp.c++/ctor-4.C -O3 -fomit-frame-pointer compilation
failed to produce executable
FAIL: libgomp.c++/ctor-4.C -O3 -fomit-frame-pointer -funroll-loops
(test for excess errors)
WARNING: libgomp.c++/ctor-4.C -O3 -fomit-frame-pointer -funroll-
loops compilation failed to produce executable
FAIL: libgomp.c++/ctor-4.C -O3 -fomit-frame-pointer -funroll-all-
loops -finline-functions (test for excess errors)
WARNING: libgomp.c++/ctor-4.C -O3 -fomit-frame-pointer -funroll-all-
loops -finline-functions compilation failed to produce executable
FAIL: libgomp.c++/ctor-4.C -O3 -g (test for excess errors)
WARNING: libgomp.c++/ctor-4.C -O3 -g compilation failed to produce
executable
FAIL: libgomp.c++/ctor-4.C -Os (test for excess errors)
WARNING: libgomp.c++/ctor-4.C -Os compilation failed to produce
executable
FAIL: libgomp.c++/ctor-6.C -O0 (test for excess errors)
WARNING: libgomp.c++/ctor-6.C -O0 compilation failed to produce
executable
FAIL: libgomp.c++/ctor-6.C -O1 (test for excess errors)
WARNING: libgomp.c++/ctor-6.C -O1 compilation failed to produce
executable
FAIL: libgomp.c++/ctor-6.C -O2 (test for excess errors)
WARNING: libgomp.c++/ctor-6.C -O2 compilation failed to produce
executable
FAIL: libgomp.c++/ctor-6.C -O3 -fomit-frame-pointer (test for
excess errors)
WARNING: libgomp.c++/ctor-6.C -O3 -fomit-frame-pointer compilation
failed to produce executable
FAIL: libgomp.c++/ctor-6.C -O3 -fomit-frame-pointer -funroll-loops
(test for excess errors)
WARNING: libgomp.c++/ctor-6.C -O3 -fomit-frame-pointer -funroll-
loops compilation failed to produce executable
FAIL: libgomp.c++/ctor-6.C -O3 -fomit-frame-pointer -funroll-all-
loops -finline-functions (test for excess errors)
WARNING: libgomp.c++/ctor-6.C -O3 -fomit-frame-pointer -funroll-all-
loops -finline-functions compilation failed to produce executable
FAIL: libgomp.c++/ctor-6.C -O3 -g (test for excess errors)
WARNING: libgomp.c++/ctor-6.C -O3 -g compilation failed to produce
executable
FAIL: libgomp.c++/ctor-6.C -Os (test for excess errors)
WARNING: libgomp.c++/ctor-6.C -Os compilation failed to produce
executable
FAIL: libgomp.c++/ctor-7.C -O0 (test for excess errors)
WARNING: libgomp.c++/ctor-7.C -O0 compilation failed to produce
executable
FAIL: libgomp.c++/ctor-7.C -O1 (test for excess errors)
WARNING: libgomp.c++/ctor-7.C -O1 compilation failed to produce
executable
FAIL: libgomp.c++/ctor-7.C -O2 (test for excess errors)
WARNING: libgomp.c++/ctor-7.C -O2 compilation failed to produce
executable
FAIL: libgomp.c++/ctor-7.C -O3 -fomit-frame-pointer (test for
excess errors)
WARNING: libgomp.c++/ctor-7.C -O3 -fomit-frame-pointer compilation
failed to produce executable
FAIL: libgomp.c++/ctor-7.C -O3 -fomit-frame-pointer -funroll-loops
(test for excess errors)
WARNING: libgomp.c++/ctor-7.C -O3 -fomit-frame-pointer -funroll-
loops compilation failed to produce executable
FAIL: libgomp.c++/ctor-7.C -O3 -fomit-frame-pointer -funroll-all-
loops -finline-functions (test for excess errors)
WARNING: libgomp.c++/ctor-7.C -O3 -fomit-frame-pointer -funroll-all-
loops -finline-functions compilation failed to produce executable
FAIL: libgomp.c++/ctor-7.C -O3 -g (test for excess errors)
WARNING: libgomp.c++/ctor-7.C -O3 -g compilation failed to produce
executable
FAIL: libgomp.c++/ctor-7.C -Os (test for excess errors)
WARNING: libgomp.c++/ctor-7.C -Os compilation failed to produce
executable
FAIL: libgomp.c++/loop-1.C -O (test for excess errors)
WARNING: libgomp.c++/loop-1.C -O compilation failed to produce
executable
FAIL: libgomp.c++/loop-2.C -O (test for excess errors)
WARNING: libgomp.c++/loop-2.C -O compilation failed to produce
executable
FAIL: libgomp.c++/loop-3.C -O (test for excess errors)
WARNING: libgomp.c++/loop-3.C -O compilation failed to produce
executable
FAIL: libgomp.c++/loop-4.C -O (test for excess errors)
WARNING: libgomp.c++/loop-4.C -O compilation failed to produce
executable
FAIL: libgomp.c++/loop-5.C -O (test for excess errors)
WARNING: libgomp.c++/loop-5.C -O compilation failed to produce
executable
FAIL: libgomp.c++/loop-6.C -O0 (test for excess errors)
WARNING: libgomp.c++/loop-6.C -O0 compilation failed to produce
executable
FAIL: libgomp.c++/loop-6.C -O1 (test for excess errors)
WARNING: libgomp.c++/loop-6.C -O1 compilation failed to produce
executable
FAIL: libgomp.c++/loop-6.C -O2 (test for excess errors)
WARNING: libgomp.c++/loop-6.C -O2 compilation failed to produce
executable
FAIL: libgomp.c++/loop-6.C -O3 -fomit-frame-pointer (test for
excess errors)
WARNING: libgomp.c++/loop-6.C -O3 -fomit-frame-pointer compilation
failed to produce executable
FAIL: libgomp.c++/loop-6.C -O3 -fomit-frame-pointer -funroll-loops
(test for excess errors)
WARNING: libgomp.c++/loop-6.C -O3 -fomit-frame-pointer -funroll-
loops compilation failed to produce executable
FAIL: libgomp.c++/loop-6.C -O3 -fomit-frame-pointer -funroll-all-
loops -finline-functions (test for excess errors)
WARNING: libgomp.c++/loop-6.C -O3 -fomit-frame-pointer -funroll-all-
loops -finline-functions compilation failed to produce executable
FAIL: libgomp.c++/loop-6.C -O3 -g (test for excess errors)
WARNING: libgomp.c++/loop-6.C -O3 -g compilation failed to produce
executable
FAIL: libgomp.c++/loop-6.C -Os (test for excess errors)
WARNING: libgomp.c++/loop-6.C -Os compilation failed to produce
executable
FAIL: libgomp.c++/loop-7.C -O0 (test for excess errors)
WARNING: libgomp.c++/loop-7.C -O0 compilation failed to produce
executable
FAIL: libgomp.c++/loop-7.C -O1 (test for excess errors)
WARNING: libgomp.c++/loop-7.C -O1 compilation failed to produce
executable
FAIL: libgomp.c++/loop-7.C -O2 (test for excess errors)
WARNING: libgomp.c++/loop-7.C -O2 compilation failed to produce
executable
FAIL: libgomp.c++/loop-7.C -O3 -fomit-frame-pointer (test for
excess errors)
WARNING: libgomp.c++/loop-7.C -O3 -fomit-frame-pointer compilation
failed to produce executable
FAIL: libgomp.c++/loop-7.C -O3 -fomit-frame-pointer -funroll-loops
(test for excess errors)
WARNING: libgomp.c++/loop-7.C -O3 -fomit-frame-pointer -funroll-
loops compilation failed to produce executable
FAIL: libgomp.c++/loop-7.C -O3 -fomit-frame-pointer -funroll-all-
loops -finline-functions (test for excess errors)
WARNING: libgomp.c++/loop-7.C -O3 -fomit-frame-pointer -funroll-all-
loops -finline-functions compilation failed to produce executable
FAIL: libgomp.c++/loop-7.C -O3 -g (test for excess errors)
WARNING: libgomp.c++/loop-7.C -O3 -g compilation failed to produce
executable
FAIL: libgomp.c++/loop-7.C -Os (test for excess errors)
WARNING: libgomp.c++/loop-7.C -Os compilation failed to produce
executable
FAIL: libgomp.c++/master-1.C -O0 (test for excess errors)
WARNING: libgomp.c++/master-1.C -O0 compilation failed to produce
executable
FAIL: libgomp.c++/master-1.C -O1 (test for excess errors)
WARNING: libgomp.c++/master-1.C -O1 compilation failed to produce
executable
FAIL: libgomp.c++/master-1.C -O2 (test for excess errors)
WARNING: libgomp.c++/master-1.C -O2 compilation failed to produce
executable
FAIL: libgomp.c++/master-1.C -O3 -fomit-frame-pointer (test for
excess errors)
WARNING: libgomp.c++/master-1.C -O3 -fomit-frame-pointer
compilation failed to produce executable
FAIL: libgomp.c++/master-1.C -O3 -fomit-frame-pointer -funroll-
loops (test for excess errors)
WARNING: libgomp.c++/master-1.C -O3 -fomit-frame-pointer -funroll-
loops compilation failed to produce executable
FAIL: libgomp.c++/master-1.C -O3 -fomit-frame-pointer -funroll-all-
loops -finline-functions (test for excess errors)
WARNING: libgomp.c++/master-1.C -O3 -fomit-frame-pointer -funroll-
all-loops -finline-functions compilation failed to produce executable
FAIL: libgomp.c++/master-1.C -O3 -g (test for excess errors)
WARNING: libgomp.c++/master-1.C -O3 -g compilation failed to
produce executable
FAIL: libgomp.c++/master-1.C -Os (test for excess errors)
WARNING: libgomp.c++/master-1.C -Os compilation failed to produce
executable
FAIL: libgomp.c++/nested-1.C -O0 (test for excess errors)
WARNING: libgomp.c++/nested-1.C -O0 compilation failed to produce
executable
FAIL: libgomp.c++/nested-1.C -O1 (test for excess errors)
WARNING: libgomp.c++/nested-1.C -O1 compilation failed to produce
executable
FAIL: libgomp.c++/nested-1.C -O2 (test for excess errors)
WARNING: libgomp.c++/nested-1.C -O2 compilation failed to produce
executable
FAIL: libgomp.c++/nested-1.C -O3 -fomit-frame-pointer (test for
excess errors)
WARNING: libgomp.c++/nested-1.C -O3 -fomit-frame-pointer
compilation failed to produce executable
FAIL: libgomp.c++/nested-1.C -O3 -fomit-frame-pointer -funroll-
loops (test for excess errors)
WARNING: libgomp.c++/nested-1.C -O3 -fomit-frame-pointer -funroll-
loops compilation failed to produce executable
FAIL: libgomp.c++/nested-1.C -O3 -fomit-frame-pointer -funroll-all-
loops -finline-functions (test for excess errors)
WARNING: libgomp.c++/nested-1.C -O3 -fomit-frame-pointer -funroll-
all-loops -finline-functions compilation failed to produce executable
FAIL: libgomp.c++/nested-1.C -O3 -g (test for excess errors)
WARNING: libgomp.c++/nested-1.C -O3 -g compilation failed to
produce executable
FAIL: libgomp.c++/nested-1.C -Os (test for excess errors)
WARNING: libgomp.c++/nested-1.C -Os compilation failed to produce
executable
FAIL: libgomp.c++/parallel-1.C -O (test for excess errors)
WARNING: libgomp.c++/parallel-1.C -O compilation failed to produce
executable
FAIL: libgomp.c++/pr26691.C -O (test for excess errors)
WARNING: libgomp.c++/pr26691.C -O compilation failed to produce
executable
FAIL: libgomp.c++/pr26943.C -O0 (test for excess errors)
WARNING: libgomp.c++/pr26943.C -O0 compilation failed to produce
executable
FAIL: libgomp.c++/pr26943.C -O1 (test for excess errors)
WARNING: libgomp.c++/pr26943.C -O1 compilation failed to produce
executable
FAIL: libgomp.c++/pr26943.C -O2 (test for excess errors)
WARNING: libgomp.c++/pr26943.C -O2 compilation failed to produce
executable
FAIL: libgomp.c++/pr26943.C -O3 -fomit-frame-pointer (test for
excess errors)
WARNING: libgomp.c++/pr26943.C -O3 -fomit-frame-pointer compilation
failed to produce executable
FAIL: libgomp.c++/pr26943.C -O3 -fomit-frame-pointer -funroll-loops
(test for excess errors)
WARNING: libgomp.c++/pr26943.C -O3 -fomit-frame-pointer -funroll-
loops compilation failed to produce executable
FAIL: libgomp.c++/pr26943.C -O3 -fomit-frame-pointer -funroll-all-
loops -finline-functions (test for excess errors)
WARNING: libgomp.c++/pr26943.C -O3 -fomit-frame-pointer -funroll-all-
loops -finline-functions compilation failed to produce executable
FAIL: libgomp.c++/pr26943.C -O3 -g (test for excess errors)
WARNING: libgomp.c++/pr26943.C -O3 -g compilation failed to produce
executable
FAIL: libgomp.c++/pr26943.C -Os (test for excess errors)
WARNING: libgomp.c++/pr26943.C -Os compilation failed to produce
executable
FAIL: libgomp.c++/pr27337.C -O0 (test for excess errors)
WARNING: libgomp.c++/pr27337.C -O0 compilation failed to produce
executable
FAIL: libgomp.c++/pr27337.C -O1 (test for excess errors)
WARNING: libgomp.c++/pr27337.C -O1 compilation failed to produce
executable
FAIL: libgomp.c++/pr27337.C -O2 (test for excess errors)
WARNING: libgomp.c++/pr27337.C -O2 compilation failed to produce
executable
FAIL: libgomp.c++/pr27337.C -O3 -fomit-frame-pointer (test for
excess errors)
WARNING: libgomp.c++/pr27337.C -O3 -fomit-frame-pointer compilation
failed to produce executable
FAIL: libgomp.c++/pr27337.C -O3 -fomit-frame-pointer -funroll-loops
(test for excess errors)
WARNING: libgomp.c++/pr27337.C -O3 -fomit-frame-pointer -funroll-
loops compilation failed to produce executable
FAIL: libgomp.c++/pr27337.C -O3 -fomit-frame-pointer -funroll-all-
loops -finline-functions (test for excess errors)
WARNING: libgomp.c++/pr27337.C -O3 -fomit-frame-pointer -funroll-all-
loops -finline-functions compilation failed to produce executable
FAIL: libgomp.c++/pr27337.C -O3 -g (test for excess errors)
WARNING: libgomp.c++/pr27337.C -O3 -g compilation failed to produce
executable
FAIL: libgomp.c++/pr27337.C -Os (test for excess errors)
WARNING: libgomp.c++/pr27337.C -Os compilation failed to produce
executable
FAIL: libgomp.c++/reduction-1.C -O (test for excess errors)
WARNING: libgomp.c++/reduction-1.C -O compilation failed to produce
executable
FAIL: libgomp.c++/reduction-2.C -O (test for excess errors)
WARNING: libgomp.c++/reduction-2.C -O compilation failed to produce
executable
FAIL: libgomp.c++/reduction-3.C -O (test for excess errors)
WARNING: libgomp.c++/reduction-3.C -O compilation failed to produce
executable
FAIL: libgomp.c++/sections-1.C -O (test for excess errors)
WARNING: libgomp.c++/sections-1.C -O compilation failed to produce
executable
FAIL: libgomp.c++/shared-1.C -O (test for excess errors)
WARNING: libgomp.c++/shared-1.C -O compilation failed to produce
executable
FAIL: libgomp.c++/shared-2.C -O (test for excess errors)
WARNING: libgomp.c++/shared-2.C -O compilation failed to produce
executable
FAIL: libgomp.c++/single-1.C -O (test for excess errors)
WARNING: libgomp.c++/single-1.C -O compilation failed to produce
executable
FAIL: libgomp.c++/single-2.C -O (test for excess errors)
WARNING: libgomp.c++/single-2.C -O compilation failed to produce
executable
FAIL: libgomp.c++/single-3.C -O (test for excess errors)
WARNING: libgomp.c++/single-3.C -O compilation failed to produce
executable
=== libgomp Summary ===
# of expected passes 1104
# of unexpected failures 112
# of unsupported tests 111
=== libjava tests ===
Running target unix
FAIL: Thread_Sleep_2 output - source compiled test
FAIL: Thread_Sleep_2 output - gij test
FAIL: Thread_Sleep_2 output - bytecode->native test
FAIL: Thread_Sleep_2 output - gij test
FAIL: Thread_Sleep_2 -findirect-dispatch output - bytecode->native test
FAIL: Thread_Sleep_2 -O3 output - source compiled test
FAIL: Thread_Sleep_2 output - gij test
FAIL: Thread_Sleep_2 -O3 output - bytecode->native test
FAIL: Thread_Sleep_2 output - gij test
FAIL: Thread_Sleep_2 -O3 -findirect-dispatch output - bytecode-
>native test
=== libjava Summary ===
# of expected passes 6996
# of unexpected failures 10
# of expected failures 12
# of untested testcases 8
=== libstdc++ tests ===
Running target unix
XPASS: 21_strings/basic_string/element_access/char/21674.cc execution
test
XPASS: 21_strings/basic_string/element_access/wchar_t/21674.cc
execution test
XPASS: 26_numerics/cmath/c99_classification_macros_c.cc (test for
excess errors)
FAIL: 27_io/ios_base/storage/11584.cc execution test
FAIL: ext/mt_allocator/deallocate_local_thread-5.cc execution test
FAIL: ext/mt_allocator/deallocate_local_thread-7.cc execution test
FAIL: ext/pb_ds/example/priority_queue_dijkstra.cc execution test
=== libstdc++ Summary ===
# of expected passes 3813
# of unexpected failures 4
# of unexpected successes 3
# of expected failures 13
# of unsupported tests 318
Compiler version: 4.2.0 20070103 (prerelease)
Platform: powerpc-apple-darwin8.8.0
configure flags: --prefix=/opt/test --with-mpfr=/opt/local --with-
gmp=/opt/local --enable-shared --disable-nls --enable-languages=c,c+
+,fortran,java,objc,obj-c++,treelang