This is the mail archive of the
gcc-testresults@gcc.gnu.org
mailing list for the GCC project.
Results for 4.2.0 20070102 (prerelease) testsuite on powerpc-apple-darwin9
- From: mrs at apple dot com (Mike Stump)
- To: gcc-testresults at gcc dot gnu dot org
- Date: Tue, 2 Jan 2007 08:59:42 -0800 (PST)
- Subject: Results for 4.2.0 20070102 (prerelease) testsuite on powerpc-apple-darwin9
Tested on i686-apple-darwin9 through the magic of CPU emulation. Had
to add --disable-multilib and and CC='gcc -arch ppc' for configure to get
it to go, but it just worked, though, the results I suspect are
slightly different than a real ppc box. Tested after a make install.
Tested on Leopard9A319.
LAST_UPDATED: Tue Jan 2 03:45:40 UTC 2007 (revision 120332)
Native configuration is powerpc-apple-darwin9
=== g++ tests ===
Running target unix
FAIL: g++.dg/ext/alignof2.C execution test
FAIL: g++.dg/other/unused1.C scan-assembler (string|ascii?)z?\\t"class2("|\\\\\\\\000)
FAIL: g++.dg/other/unused1.C scan-assembler (string|ascii?)z?\\t"printer("|\\\\\\\\000)
FAIL: g++.dg/warn/weak1.C (test for excess errors)
WARNING: g++.dg/warn/weak1.C compilation failed to produce executable
WARNING: program timed out.
FAIL: g++.dg/pch/pch.C -g (test for excess errors)
WARNING: program timed out.
FAIL: g++.dg/pch/pch.C -O2 -g (test for excess errors)
WARNING: program timed out.
FAIL: g++.dg/pch/pch.C -O2 (test for excess errors)
FAIL: g++.dg/special/conpr-3.C execution test
=== g++ Summary ===
# of expected passes 13124
# of unexpected failures 8
# of expected failures 67
# of untested testcases 3
# of unsupported tests 129
/Volumes/mrs5/net/gcc-4.2-fsf/gcc-darwin-ppc/gcc/testsuite/g++/../../g++ version 4.2.0 20070102 (prerelease)
=== gcc tests ===
Running target unix
XPASS: gcc.dg/20020103-1.c scan-assembler-not LC[0-9]
FAIL: gcc.dg/cleanup-10.c execution test
FAIL: gcc.dg/cleanup-11.c execution test
FAIL: gcc.dg/cleanup-8.c execution test
FAIL: gcc.dg/cleanup-9.c execution test
FAIL: gcc.dg/setjmp-3.c (test for excess errors)
FAIL: gcc.dg/setjmp-4.c (test for excess errors)
WARNING: program timed out.
FAIL: gcc.dg/pch/save-temps-1.c -O0 -g (test for excess errors)
FAIL: gcc.dg/pch/save-temps-1.c -O0 -g assembly comparison
WARNING: program timed out.
FAIL: gcc.dg/pch/save-temps-1.c -O0 (test for excess errors)
WARNING: program timed out.
FAIL: gcc.dg/pch/save-temps-1.c -O1 (test for excess errors)
WARNING: program timed out.
FAIL: gcc.dg/pch/save-temps-1.c -O2 (test for excess errors)
WARNING: program timed out.
FAIL: gcc.dg/pch/save-temps-1.c -O3 -fomit-frame-pointer (test for excess errors)
FAIL: gcc.dg/pch/save-temps-1.c -O3 -fomit-frame-pointer assembly comparison
WARNING: program timed out.
FAIL: gcc.dg/pch/save-temps-1.c -O3 -g (test for excess errors)
FAIL: gcc.dg/pch/save-temps-1.c -O3 -g assembly comparison
WARNING: program timed out.
FAIL: gcc.dg/pch/save-temps-1.c -Os (test for excess errors)
FAIL: gcc.dg/pch/save-temps-1.c -Os assembly comparison
FAIL: gcc.dg/tree-ssa/loadpre1.c scan-tree-dump-times Eliminated: 1 1
FAIL: gcc.dg/tree-ssa/loadpre14.c scan-tree-dump-times Eliminated: 1 1
FAIL: gcc.dg/tree-ssa/loadpre15.c scan-tree-dump-times Eliminated: 1 1
FAIL: gcc.dg/vect/section-anchors-pr27770.c (test for excess errors)
FAIL: gcc.dg/vect/section-anchors-vect-69.c (test for excess errors)
FAIL: gcc.dg/vect/section-anchors-vect-69.c scan-tree-dump-times Alignment of access forced using peeling 4
FAIL: gcc.dg/vmx/3a-03.c -O0 execution test
FAIL: gcc.dg/vmx/3a-03.c -O1 execution test
FAIL: gcc.dg/vmx/3a-03.c -O2 execution test
FAIL: gcc.dg/vmx/3a-03.c -O3 -fomit-frame-pointer execution test
FAIL: gcc.dg/vmx/3a-03.c -O3 -g execution test
FAIL: gcc.dg/vmx/3a-03.c -Os execution test
FAIL: gcc.dg/vmx/3a-03m.c -O0 execution test
FAIL: gcc.dg/vmx/3a-03m.c -O1 execution test
FAIL: gcc.dg/vmx/3a-03m.c -O2 execution test
FAIL: gcc.dg/vmx/3a-03m.c -O3 -fomit-frame-pointer execution test
FAIL: gcc.dg/vmx/3a-03m.c -O3 -g execution test
FAIL: gcc.dg/vmx/3a-03m.c -Os execution test
FAIL: gcc.dg/vmx/3a-04.c -O0 execution test
FAIL: gcc.dg/vmx/3a-04.c -O1 execution test
FAIL: gcc.dg/vmx/3a-04.c -O2 execution test
FAIL: gcc.dg/vmx/3a-04.c -O3 -fomit-frame-pointer execution test
FAIL: gcc.dg/vmx/3a-04.c -O3 -g execution test
FAIL: gcc.dg/vmx/3a-04.c -Os execution test
FAIL: gcc.dg/vmx/3a-04m.c -O0 execution test
FAIL: gcc.dg/vmx/3a-04m.c -O1 execution test
FAIL: gcc.dg/vmx/3a-04m.c -O2 execution test
FAIL: gcc.dg/vmx/3a-04m.c -O3 -fomit-frame-pointer execution test
FAIL: gcc.dg/vmx/3a-04m.c -O3 -g execution test
FAIL: gcc.dg/vmx/3a-04m.c -Os execution test
FAIL: gcc.dg/vmx/3a-05.c -O0 execution test
FAIL: gcc.dg/vmx/3a-05.c -O1 execution test
FAIL: gcc.dg/vmx/3a-05.c -O2 execution test
FAIL: gcc.dg/vmx/3a-05.c -O3 -fomit-frame-pointer execution test
FAIL: gcc.dg/vmx/3a-05.c -O3 -g execution test
FAIL: gcc.dg/vmx/3a-05.c -Os execution test
FAIL: gcc.dg/vmx/3b-13.c -O0 execution test
FAIL: gcc.dg/vmx/3b-13.c -O1 execution test
FAIL: gcc.dg/vmx/3b-13.c -O2 execution test
FAIL: gcc.dg/vmx/3b-13.c -O3 -fomit-frame-pointer execution test
FAIL: gcc.dg/vmx/3b-13.c -O3 -g execution test
FAIL: gcc.dg/vmx/3b-13.c -Os execution test
FAIL: gcc.misc-tests/linkage.c link
FAIL: gcc.target/powerpc/darwin-longdouble.c execution test
FAIL: gcc.target/powerpc/darwin-longlong.c execution test
FAIL: gcc.target/powerpc/stabs-attrib-vect-darwin.c scan-assembler .stabs.*vi:\\\\(0,16\\\\)=@V
=== gcc Summary ===
# of expected passes 42148
# of unexpected failures 63
# of unexpected successes 1
# of expected failures 116
# of untested testcases 31
# of unsupported tests 446
/Volumes/mrs5/net/gcc-4.2-fsf/gcc-darwin-ppc/gcc/xgcc version 4.2.0 20070102 (prerelease)
=== gfortran tests ===
Running target unix
FAIL: gfortran.dg/large_real_kind_1.f90 -O0 execution test
FAIL: gfortran.dg/large_real_kind_1.f90 -O1 execution test
FAIL: gfortran.dg/large_real_kind_1.f90 -O2 execution test
FAIL: gfortran.dg/large_real_kind_1.f90 -O3 -fomit-frame-pointer execution test
FAIL: gfortran.dg/large_real_kind_1.f90 -O3 -fomit-frame-pointer -funroll-loops execution test
FAIL: gfortran.dg/large_real_kind_1.f90 -O3 -fomit-frame-pointer -funroll-all-loops -finline-functions execution test
FAIL: gfortran.dg/large_real_kind_1.f90 -O3 -g execution test
FAIL: gfortran.dg/large_real_kind_1.f90 -Os execution test
FAIL: gfortran.dg/large_real_kind_2.F90 -O0 execution test
FAIL: gfortran.dg/large_real_kind_2.F90 -O1 execution test
FAIL: gfortran.dg/large_real_kind_2.F90 -O2 execution test
FAIL: gfortran.dg/large_real_kind_2.F90 -O3 -fomit-frame-pointer execution test
FAIL: gfortran.dg/large_real_kind_2.F90 -O3 -fomit-frame-pointer -funroll-loops execution test
FAIL: gfortran.dg/large_real_kind_2.F90 -O3 -fomit-frame-pointer -funroll-all-loops -finline-functions execution test
FAIL: gfortran.dg/large_real_kind_2.F90 -O3 -g execution test
FAIL: gfortran.dg/large_real_kind_2.F90 -Os execution test
FAIL: gfortran.dg/large_real_kind_form_io_2.f90 -O0 execution test
FAIL: gfortran.dg/large_real_kind_form_io_2.f90 -O1 execution test
FAIL: gfortran.dg/large_real_kind_form_io_2.f90 -O2 execution test
FAIL: gfortran.dg/large_real_kind_form_io_2.f90 -O3 -fomit-frame-pointer execution test
FAIL: gfortran.dg/large_real_kind_form_io_2.f90 -O3 -fomit-frame-pointer -funroll-loops execution test
FAIL: gfortran.dg/large_real_kind_form_io_2.f90 -O3 -fomit-frame-pointer -funroll-all-loops -finline-functions execution test
FAIL: gfortran.dg/large_real_kind_form_io_2.f90 -O3 -g execution test
FAIL: gfortran.dg/large_real_kind_form_io_2.f90 -Os execution test
FAIL: gfortran.dg/stat_1.f90 -O0 execution test
FAIL: gfortran.dg/stat_1.f90 -O1 execution test
FAIL: gfortran.dg/stat_1.f90 -O2 execution test
FAIL: gfortran.dg/stat_1.f90 -O3 -fomit-frame-pointer execution test
FAIL: gfortran.dg/stat_1.f90 -O3 -fomit-frame-pointer -funroll-loops execution test
FAIL: gfortran.dg/stat_1.f90 -O3 -fomit-frame-pointer -funroll-all-loops -finline-functions execution test
FAIL: gfortran.dg/stat_1.f90 -O3 -g execution test
FAIL: gfortran.dg/stat_1.f90 -Os execution test
FAIL: gfortran.dg/stat_2.f90 -O0 execution test
FAIL: gfortran.dg/stat_2.f90 -O1 execution test
FAIL: gfortran.dg/stat_2.f90 -O2 execution test
FAIL: gfortran.dg/stat_2.f90 -O3 -fomit-frame-pointer execution test
FAIL: gfortran.dg/stat_2.f90 -O3 -fomit-frame-pointer -funroll-loops execution test
FAIL: gfortran.dg/stat_2.f90 -O3 -fomit-frame-pointer -funroll-all-loops -finline-functions execution test
FAIL: gfortran.dg/stat_2.f90 -O3 -g execution test
FAIL: gfortran.dg/stat_2.f90 -Os execution test
FAIL: gfortran.fortran-torture/execute/nan_inf_fmt.f90 execution, -O0
FAIL: gfortran.fortran-torture/execute/nan_inf_fmt.f90 execution, -O1
FAIL: gfortran.fortran-torture/execute/nan_inf_fmt.f90 execution, -O2
FAIL: gfortran.fortran-torture/execute/nan_inf_fmt.f90 execution, -O3 -fomit-frame-pointer
FAIL: gfortran.fortran-torture/execute/nan_inf_fmt.f90 execution, -O3 -fomit-frame-pointer -funroll-loops
FAIL: gfortran.fortran-torture/execute/nan_inf_fmt.f90 execution, -O3 -fomit-frame-pointer -funroll-all-loops -finline-functions
FAIL: gfortran.fortran-torture/execute/nan_inf_fmt.f90 execution, -O3 -g
FAIL: gfortran.fortran-torture/execute/nan_inf_fmt.f90 execution, -Os
=== gfortran Summary ===
# of expected passes 15113
# of unexpected failures 48
# of expected failures 7
# of unsupported tests 57
/Volumes/mrs5/net/gcc-4.2-fsf/gcc-darwin-ppc/gcc/testsuite/gfortran/../../gfortran version 4.2.0 20070102 (prerelease)
=== obj-c++ tests ===
Running target unix
ERROR: obj-c++.dg/stubify-2.mm: error executing dg-final: couldn't open "stubify-2.mm.08.jump": no such file or directory
UNRESOLVED: obj-c++.dg/stubify-2.mm: error executing dg-final: couldn't open "stubify-2.mm.08.jump": no such file or directory
=== obj-c++ Summary ===
# of expected passes 468
# of unresolved testcases 1
/Volumes/mrs5/net/gcc-4.2-fsf/gcc-darwin-ppc/gcc/testsuite/obj-c++/../../g++ version 4.2.0 20070102 (prerelease)
=== objc tests ===
Running target unix
FAIL: objc.dg/no-extra-load.m (test for excess errors)
ERROR: objc.dg/no-extra-load.m: error executing dg-final: couldn't open "no-extra-load.s": no such file or directory
UNRESOLVED: objc.dg/no-extra-load.m: error executing dg-final: couldn't open "no-extra-load.s": no such file or directory
=== objc Summary ===
# of expected passes 2977
# of unexpected failures 1
# of expected failures 17
# of unresolved testcases 1
# of unsupported tests 1
/Volumes/mrs5/net/gcc-4.2-fsf/gcc-darwin-ppc/gcc/xgcc version 4.2.0 20070102 (prerelease)
=== treelang tests ===
Running target unix
=== treelang Summary ===
# of expected passes 52
=== libgomp tests ===
Running target unix
FAIL: libgomp.fortran/vla6.f90 -O0 execution test
FAIL: libgomp.fortran/vla6.f90 -O2 execution test
FAIL: libgomp.fortran/vla6.f90 -O3 -fomit-frame-pointer execution test
FAIL: libgomp.fortran/vla6.f90 -O3 -fomit-frame-pointer -funroll-all-loops -finline-functions execution test
FAIL: libgomp.fortran/vla6.f90 -O3 -g execution test
=== libgomp Summary ===
# of expected passes 1323
# of unexpected failures 5
# of unsupported tests 111
=== libstdc++ tests ===
Running target unix
XPASS: 21_strings/basic_string/element_access/char/21674.cc execution test
XPASS: 21_strings/basic_string/element_access/wchar_t/21674.cc execution test
XPASS: 26_numerics/cmath/c99_classification_macros_c.cc (test for excess errors)
FAIL: 26_numerics/complex/complex_value.cc execution test
FAIL: ext/mt_allocator/deallocate_local_thread-5.cc execution test
FAIL: ext/mt_allocator/deallocate_local_thread-7.cc execution test
=== libstdc++ Summary ===
# of expected passes 3814
# of unexpected failures 3
# of unexpected successes 3
# of expected failures 13
# of unsupported tests 318
Compiler version: 4.2.0 20070102 (prerelease)
Platform: powerpc-apple-darwin9
configure flags: --disable-multilib --prefix=/tmp/gcc-20070101 --build=powerpc-apple-darwin9 --host=powerpc-apple-darwin9 --enable-languages=c,c++,fortran,objc,obj-c++,treelang
BOOT_CFLAGS=-g -O2 -mdynamic-no-pic