This is the mail archive of the gcc-testresults@gcc.gnu.org mailing list for the GCC project.


Index Nav: [Date Index] [Subject Index] [Author Index] [Thread Index]
Message Nav: [Date Prev] [Date Next] [Thread Prev] [Thread Next]
Other format: [Raw text]

Results for 4.3.0 20061223 (experimental) testsuite on i686-pc-cygwin


Native configuration is i686-pc-cygwin

=== g++ tests ===


Running target unix
FAIL: g++.dg/abi/local1.C execution test
FAIL: g++.dg/abi/rtti1.C scan-assembler-dem-not \\ntypeinfo for A[: \\t\\n]
FAIL: g++.dg/abi/rtti3.C scan-assembler .weak[ \\t]_?_ZTSPP1A
FAIL: g++.dg/abi/thunk4.C scan-assembler .weak[ \\t]_?_ZThn._N7Derived3FooEv
FAIL: g++.dg/ext/dllimport7.C C++ specific error (test for errors, line 24)
FAIL: g++.dg/opt/complex3.C (internal compiler error)
FAIL: g++.dg/opt/complex3.C (test for excess errors)
FAIL: g++.dg/opt/vt1.C scan-assembler-not section[^\\n\\r]*_ZTV1S[^\\n\\r]*"[^w"\\n\\r]*"
FAIL: g++.dg/other/unused1.C scan-assembler (string|ascii?)z?\\t"class2("|\\\\\\\\000)
FAIL: g++.dg/other/unused1.C scan-assembler (string|ascii?)z?\\t"printer("|\\\\\\\\000)
XPASS: g++.dg/tree-ssa/ivopts-1.C scan-tree-dump-not &x\\[5\\]
FAIL: g++.dg/pch/externc-1.C -g assembly comparison
FAIL: g++.dg/pch/externc-1.C -O2 -g assembly comparison
FAIL: g++.dg/pch/static-1.C -g assembly comparison
FAIL: g++.dg/pch/static-1.C -O2 -g assembly comparison
FAIL: g++.dg/pch/system-1.C -g assembly comparison
FAIL: g++.dg/pch/system-1.C -O2 -g assembly comparison
FAIL: g++.dg/pch/system-2.C -g assembly comparison
FAIL: g++.dg/pch/system-2.C -O2 -g assembly comparison
FAIL: g++.dg/pch/uninst.C -g assembly comparison
FAIL: g++.dg/pch/uninst.C -O2 -g assembly comparison
FAIL: g++.dg/pch/wchar-1.C -g assembly comparison
FAIL: g++.dg/pch/wchar-1.C -O2 -g assembly comparison
FAIL: g++.old-deja/g++.eh/badalloc1.C execution test
XPASS: g++.old-deja/g++.ext/attrib5.C execution test
FAIL: g++.old-deja/g++.other/init18.C execution test
FAIL: g++.old-deja/g++.other/init19.C execution test
FAIL: g++.old-deja/g++.other/init5.C execution test


=== g++ Summary ===

# of expected passes 13847
# of unexpected failures 26
# of unexpected successes 2
# of expected failures 68
# of unsupported tests 167
/cygdrive/c/gnu/gcc-4.3-20061216/xp/gcc/testsuite/g++/../../g++ version 4.3.0 20061223 (experimental)


=== gcc tests ===


Running target unix
FAIL: gcc.c-torture/execute/pr15262-1.c execution, -O2
FAIL: gcc.c-torture/execute/pr15262-1.c execution, -O3 -fomit-frame-pointer
FAIL: gcc.c-torture/execute/pr15262-1.c execution, -O3 -g
FAIL: gcc.c-torture/execute/pr15262-1.c execution, -Os
FAIL: gcc.dg/Wpointer-sign.c (test for excess errors)
FAIL: gcc.dg/builtins-57.c scan-tree-dump trunc
FAIL: gcc.dg/pr25993.c (test for excess errors)
FAIL: gcc.dg/setjmp-3.c (test for excess errors)
WARNING: gcc.dg/setjmp-3.c compilation failed to produce executable
FAIL: gcc.dg/setjmp-4.c (test for excess errors)
WARNING: gcc.dg/setjmp-4.c compilation failed to produce executable
FAIL: largefile.c (test for excess errors)
FAIL: largefile.c (test for excess errors)
FAIL: largefile.c (test for excess errors)
FAIL: largefile.c (test for excess errors)
FAIL: largefile.c (test for excess errors)
FAIL: largefile.c (test for excess errors)
FAIL: largefile.c (test for excess errors)
FAIL: gcc.dg/torture/builtin-pow-mpfr-1.c scan-tree-dump pow
FAIL: gcc.dg/torture/builtin-pow-mpfr-1.c scan-tree-dump pow
FAIL: gcc.dg/torture/builtin-pow-mpfr-1.c scan-tree-dump pow
FAIL: gcc.dg/torture/builtin-pow-mpfr-1.c scan-tree-dump pow
FAIL: gcc.dg/torture/builtin-pow-mpfr-1.c scan-tree-dump pow
FAIL: gcc.dg/torture/builtin-pow-mpfr-1.c scan-tree-dump pow
FAIL: gcc.dg/tree-ssa/loadpre1.c scan-tree-dump-times Eliminated: 1 1
FAIL: gcc.dg/tree-ssa/loop-1.c scan-assembler-times foo 5
XPASS: gcc.dg/vect/vect-57.c scan-tree-dump-times vectorized 1 loops 1
XPASS: gcc.dg/vect/vect-61.c scan-tree-dump-times vectorized 1 loops 1
FAIL: compiler driver --coverage option(s) (compiler options)
FAIL: gcc.target/i386/pic-1.c (test for errors, line 10)
FAIL: gcc.target/i386/math-torture/lceil.c (internal compiler error)
FAIL: gcc.target/i386/math-torture/lceil.c (test for excess errors)
FAIL: gcc.target/i386/math-torture/lceil.c (internal compiler error)
FAIL: gcc.target/i386/math-torture/lceil.c (test for excess errors)
FAIL: gcc.target/i386/math-torture/lceil.c (internal compiler error)
FAIL: gcc.target/i386/math-torture/lceil.c (test for excess errors)
FAIL: gcc.target/i386/math-torture/lceil.c (internal compiler error)
FAIL: gcc.target/i386/math-torture/lceil.c (test for excess errors)
FAIL: gcc.target/i386/math-torture/lceil.c (internal compiler error)
FAIL: gcc.target/i386/math-torture/lceil.c (test for excess errors)
FAIL: gcc.target/i386/math-torture/lceil.c (internal compiler error)
FAIL: gcc.target/i386/math-torture/lceil.c (test for excess errors)
FAIL: gcc.target/i386/math-torture/lfloor.c (internal compiler error)
FAIL: gcc.target/i386/math-torture/lfloor.c (test for excess errors)
FAIL: gcc.target/i386/math-torture/lfloor.c (internal compiler error)
FAIL: gcc.target/i386/math-torture/lfloor.c (test for excess errors)
FAIL: gcc.target/i386/math-torture/lfloor.c (internal compiler error)
FAIL: gcc.target/i386/math-torture/lfloor.c (test for excess errors)
FAIL: gcc.target/i386/math-torture/lfloor.c (internal compiler error)
FAIL: gcc.target/i386/math-torture/lfloor.c (test for excess errors)
FAIL: gcc.target/i386/math-torture/lfloor.c (internal compiler error)
FAIL: gcc.target/i386/math-torture/lfloor.c (test for excess errors)
FAIL: gcc.target/i386/math-torture/lfloor.c (internal compiler error)
FAIL: gcc.target/i386/math-torture/lfloor.c (test for excess errors)
FAIL: gcc.target/i386/math-torture/lceil.c (internal compiler error)
FAIL: gcc.target/i386/math-torture/lceil.c (test for excess errors)
FAIL: gcc.target/i386/math-torture/lceil.c (internal compiler error)
FAIL: gcc.target/i386/math-torture/lceil.c (test for excess errors)
FAIL: gcc.target/i386/math-torture/lceil.c (internal compiler error)
FAIL: gcc.target/i386/math-torture/lceil.c (test for excess errors)
FAIL: gcc.target/i386/math-torture/lceil.c (internal compiler error)
FAIL: gcc.target/i386/math-torture/lceil.c (test for excess errors)
FAIL: gcc.target/i386/math-torture/lceil.c (internal compiler error)
FAIL: gcc.target/i386/math-torture/lceil.c (test for excess errors)
FAIL: gcc.target/i386/math-torture/lceil.c (internal compiler error)
FAIL: gcc.target/i386/math-torture/lceil.c (test for excess errors)
FAIL: gcc.target/i386/math-torture/lfloor.c (internal compiler error)
FAIL: gcc.target/i386/math-torture/lfloor.c (test for excess errors)
FAIL: gcc.target/i386/math-torture/lfloor.c (internal compiler error)
FAIL: gcc.target/i386/math-torture/lfloor.c (test for excess errors)
FAIL: gcc.target/i386/math-torture/lfloor.c (internal compiler error)
FAIL: gcc.target/i386/math-torture/lfloor.c (test for excess errors)
FAIL: gcc.target/i386/math-torture/lfloor.c (internal compiler error)
FAIL: gcc.target/i386/math-torture/lfloor.c (test for excess errors)
FAIL: gcc.target/i386/math-torture/lfloor.c (internal compiler error)
FAIL: gcc.target/i386/math-torture/lfloor.c (test for excess errors)
FAIL: gcc.target/i386/math-torture/lfloor.c (internal compiler error)
FAIL: gcc.target/i386/math-torture/lfloor.c (test for excess errors)


=== gcc Summary ===

# of expected passes 44207
# of unexpected failures 74
# of unexpected successes 2
# of expected failures 109
# of untested testcases 35
# of unsupported tests 366
/cygdrive/c/gnu/gcc-4.3-20061216/xp/gcc/xgcc version 4.3.0 20061223 (experimental)


=== gfortran tests ===


Running target unix


=== gfortran Summary ===

# of expected passes 15567
# of expected failures 7
# of unsupported tests 86
/cygdrive/c/gnu/gcc-4.3-20061216/xp/gcc/testsuite/gfortran/../../gfortran version 4.3.0 20061223 (experimental)


=== objc tests ===


Running target unix


=== objc Summary ===

# of expected passes 1830
# of expected failures 7
# of unsupported tests 24
/cygdrive/c/gnu/gcc-4.3-20061216/xp/gcc/xgcc version 4.3.0 20061223 (experimental)


=== treelang tests ===


Running target unix
ERROR: tcl error sourcing /cygdrive/c/gnu/gcc-4.3-20061216/gcc/testsuite/treelang/output/output.exp.
ERROR: rm: cannot remove \`treelang/output-1': No such file or directory


=== treelang Summary ===

# of expected passes		52
		=== libstdc++ tests ===


Running target unix
FAIL: 26_numerics/cmath/c99_classification_macros_c.cc (test for excess errors)
FAIL: 27_io/basic_filebuf/seekoff/char/1-io.cc execution test
FAIL: 27_io/basic_filebuf/seekoff/char/1-io.cc execution test
FAIL: 27_io/basic_filebuf/seekoff/char/2-io.cc execution test
FAIL: 27_io/basic_filebuf/seekoff/char/2-io.cc execution test
FAIL: 27_io/basic_filebuf/seekpos/char/1-io.cc execution test
FAIL: 27_io/basic_filebuf/seekpos/char/1-io.cc execution test
FAIL: 27_io/basic_filebuf/seekpos/char/2-io.cc execution test
FAIL: 27_io/basic_filebuf/seekpos/char/2-io.cc execution test
FAIL: 27_io/basic_filebuf/sgetn/char/1-in.cc execution test
FAIL: 27_io/basic_filebuf/sgetn/char/1-in.cc execution test
FAIL: 27_io/basic_filebuf/sgetn/char/1-in.cc execution test
FAIL: 27_io/basic_filebuf/sgetn/char/1-io.cc execution test
FAIL: 27_io/basic_filebuf/sgetn/char/1-io.cc execution test
FAIL: 27_io/basic_filebuf/sgetn/char/1-io.cc execution test
FAIL: 27_io/basic_filebuf/sgetn/char/2-in.cc execution test
FAIL: 27_io/basic_filebuf/sgetn/char/2-in.cc execution test
FAIL: 27_io/basic_filebuf/sgetn/char/2-in.cc execution test
FAIL: 27_io/basic_filebuf/sgetn/char/2-io.cc execution test
FAIL: 27_io/basic_filebuf/sgetn/char/2-io.cc execution test
FAIL: 27_io/basic_filebuf/sgetn/char/2-io.cc execution test
FAIL: 27_io/basic_istream/extractors_arithmetic/char/12.cc execution test
FAIL: 27_io/basic_istream/extractors_arithmetic/char/12.cc execution test
FAIL: 27_io/basic_istream/extractors_arithmetic/char/12.cc execution test
FAIL: 27_io/basic_istream/readsome/char/6746-2.cc execution test
FAIL: 27_io/basic_istream/readsome/char/6746-2.cc execution test
FAIL: 27_io/basic_istream/readsome/char/6746-2.cc execution test
FAIL: ext/pb_ds/example/priority_queue_dijkstra.cc execution test
FAIL: ext/pb_ds/example/priority_queue_dijkstra.cc execution test
FAIL: ext/pb_ds/regression/tree_data_map_rand.cc execution test
FAIL: ext/pb_ds/regression/tree_data_map_rand.cc execution test
FAIL: ext/pb_ds/regression/trie_data_map_rand.cc execution test
FAIL: ext/pb_ds/regression/trie_data_map_rand.cc execution test


=== libstdc++ Summary ===

# of expected passes		6984
# of unexpected failures	33
# of expected failures		31
# of unsupported tests		447

Compiler version: 4.3.0 20061223 (experimental)
Platform: i686-pc-cygwin


Index Nav: [Date Index] [Subject Index] [Author Index] [Thread Index]
Message Nav: [Date Prev] [Date Next] [Thread Prev] [Thread Next]