This is the mail archive of the gcc-testresults@gcc.gnu.org mailing list for the GCC project.


Index Nav: [Date Index] [Subject Index] [Author Index] [Thread Index]
Message Nav: [Date Prev] [Date Next] [Thread Prev] [Thread Next]
Other format: [Raw text]

Results for 4.2.0 20061220 (prerelease) testsuite on hppa2.0w-hp-hpux11.00


LAST_UPDATED: Wed Dec 20 18:46:40 UTC 2006 (revision 120081)

		=== acats tests ===
FAIL:	c35507m
FAIL:	cd2a23e
FAIL:	cxh1001

		=== acats Summary ===
# of expected passes		2312
# of unexpected failures	3
Native configuration is hppa2.0w-hp-hpux11.00

		=== g++ tests ===


Running target unix
XPASS: g++.dg/tree-ssa/ivopts-1.C scan-tree-dump-not &x\\[5\\]

		=== g++ Summary ===

# of expected passes		12671
# of unexpected successes	1
# of expected failures		71
# of unsupported tests		181
/home/gnu/gcc/objdir/gcc/testsuite/g++/../../g++  version 4.2.0 20061220 (prerelease)

		=== gcc tests ===


Running target unix
WARNING: program timed out.
FAIL: gcc.c-torture/compile/20001226-1.c  -O2  (test for excess errors)
WARNING: program timed out.
FAIL: gcc.c-torture/compile/20001226-1.c  -O3 -fomit-frame-pointer  (test for excess errors)
WARNING: program timed out.
FAIL: gcc.c-torture/compile/20001226-1.c  -O3 -g  (test for excess errors)
WARNING: program timed out.
FAIL: gcc.c-torture/compile/20001226-1.c  -Os  (test for excess errors)
XPASS: gcc.dg/cpp/cmdlne-dI-M.c scan-file (^|\\\\n)cmdlne-dI-M.*:[^\\\\n]*cmdlne-dI-M.c
XPASS: gcc.dg/cpp/cmdlne-dM-M.c scan-file (^|\\\\n)cmdlne-dM-M[^\\\\n]*:[^\\\\n]*cmdlne-dM-M.c
FAIL: gcc.dg/tree-ssa/loadpre1.c scan-tree-dump-times Eliminated: 1 1
FAIL: gcc.dg/tree-ssa/loadpre14.c scan-tree-dump-times Eliminated: 1 1
FAIL: gcc.dg/tree-ssa/loadpre15.c scan-tree-dump-times Eliminated: 1 1

		=== gcc Summary ===

# of expected passes		39588
# of unexpected failures	7
# of unexpected successes	2
# of expected failures		79
# of untested testcases		28
# of unsupported tests		497
/home/gnu/gcc/objdir/gcc/xgcc  version 4.2.0 20061220 (prerelease)

		=== gfortran tests ===


Running target unix

		=== gfortran Summary ===

# of expected passes		14979
# of expected failures		6
# of unsupported tests		105
/home/gnu/gcc/objdir/gcc/testsuite/gfortran/../../gfortran  version 4.2.0 20061220 (prerelease)

		=== gnat tests ===


Running target unix

		=== gnat Summary ===

# of expected passes		35
		=== obj-c++ tests ===


Running target unix
FAIL: obj-c++.dg/cxx-ivars-2.mm execution test
FAIL: obj-c++.dg/encode-8.mm execution test
FAIL: obj-c++.dg/isa-field-1.mm (test for excess errors)
FAIL: obj-c++.dg/lookup-2.mm (test for excess errors)
WARNING: obj-c++.dg/lookup-2.mm compilation failed to produce executable
FAIL: obj-c++.dg/try-catch-2.mm (test for excess errors)
WARNING: obj-c++.dg/try-catch-2.mm compilation failed to produce executable
FAIL: obj-c++.dg/try-catch-9.mm (test for excess errors)
WARNING: obj-c++.dg/try-catch-9.mm compilation failed to produce executable

		=== obj-c++ Summary ===

# of expected passes		427
# of unexpected failures	6
# of unsupported tests		14
/home/gnu/gcc/objdir/gcc/testsuite/obj-c++/../../g++  version 4.2.0 20061220 (prerelease)

		=== objc tests ===


Running target unix

		=== objc Summary ===

# of expected passes		1754
# of expected failures		7
# of unsupported tests		27
/home/gnu/gcc/objdir/gcc/xgcc  version 4.2.0 20061220 (prerelease)

		=== libffi tests ===


Running target unix

		=== libffi Summary ===

# of expected passes		1084
# of unsupported tests		8
		=== libgomp tests ===


Running target unix
FAIL: libgomp.fortran/vla6.f90  -O0  execution test

		=== libgomp Summary ===

# of expected passes		1313
# of unexpected failures	1
# of unsupported tests		118
		=== libjava tests ===


Running target unix
FAIL: LargeFile execution - source compiled test
FAIL: LargeFile execution - gij test
FAIL: LargeFile execution - bytecode->native test
FAIL: LargeFile execution - gij test
FAIL: LargeFile -findirect-dispatch execution - bytecode->native test
FAIL: LargeFile -O3 execution - source compiled test
FAIL: LargeFile execution - gij test
FAIL: LargeFile -O3 execution - bytecode->native test
FAIL: LargeFile execution - gij test
FAIL: LargeFile -O3 -findirect-dispatch execution - bytecode->native test

		=== libjava Summary ===

# of expected passes		6986
# of unexpected failures	10
# of expected failures		12
# of untested testcases		18
		=== libstdc++ tests ===


Running target unix
WARNING: program timed out.
FAIL: ext/pb_ds/regression/hash_data_map_rand.cc (test for excess errors)
WARNING: ext/pb_ds/regression/hash_data_map_rand.cc compilation failed to produce executable
WARNING: program timed out.
FAIL: ext/pb_ds/regression/tree_data_map_rand.cc (test for excess errors)
WARNING: ext/pb_ds/regression/tree_data_map_rand.cc compilation failed to produce executable
WARNING: program timed out.
FAIL: ext/pb_ds/regression/tree_no_data_map_rand.cc (test for excess errors)
WARNING: ext/pb_ds/regression/tree_no_data_map_rand.cc compilation failed to produce executable
WARNING: program timed out.
FAIL: ext/pb_ds/regression/trie_no_data_map_rand.cc (test for excess errors)
WARNING: ext/pb_ds/regression/trie_no_data_map_rand.cc compilation failed to produce executable

		=== libstdc++ Summary ===

# of expected passes		2986
# of unexpected failures	4
# of expected failures		13
# of unsupported tests		162

Compiler version: 4.2.0 20061220 (prerelease) 
Platform: hppa2.0w-hp-hpux11.00
configure flags: --with-gnu-as --with-as=/opt/gnu/bin/as --enable-shared --with-local-prefix=/opt/gnu --prefix=/opt/gnu/gcc/gcc-4.2.0 --with-gmp=/opt/gnu/gcc/gcc-4.2.0 --enable-debug=no --disable-nls --enable-threads=posix --enable-languages=c,ada,c++,fortran,java,objc,obj-c++


Index Nav: [Date Index] [Subject Index] [Author Index] [Thread Index]
Message Nav: [Date Prev] [Date Next] [Thread Prev] [Thread Next]