This is the mail archive of the gcc-testresults@gcc.gnu.org mailing list for the GCC project.


Index Nav: [Date Index] [Subject Index] [Author Index] [Thread Index]
Message Nav: [Date Prev] [Date Next] [Thread Prev] [Thread Next]
Other format: [Raw text]

Results for 4.3.0 20061222 (experimental) testsuite on i686-pc-linux-gnu


This is a Red Hat Enterprise (GNU/)Linux WS release 3 system
(yes, horribly old) running on a dual 2.2 GHz Intel Xeon system.

boot compiler: gcc 3.4.2

kernel: 2.4.21-32.EL (from Red Hat)
glibc: 2.3.2-95.33 (from Red Hat)
binutils: 2.17 (FSF release)
MPFR: 2.2.1

Only C, C++, ObjC, and Fortran are tested (no Java).
LAST_UPDATED: 
Native configuration is i686-pc-linux-gnu

		=== g++ tests ===


Running target unix
XPASS: g++.dg/tree-ssa/ivopts-1.C scan-tree-dump-not &x\\[5\\]

		=== g++ Summary ===

# of expected passes		13717
# of unexpected successes	1
# of expected failures		68
# of unsupported tests		75
/var/tmp/gccbuild/trunk/gcc/testsuite/g++/../../g++  version 4.3.0 20061222 (experimental)

		=== gcc tests ===


Running target unix
WARNING: program timed out.
FAIL: gcc.c-torture/compile/20001226-1.c (test for excess errors)
FAIL: gcc.c-torture/execute/mayalias-2.c compilation,  -O3 -g  (internal compiler error)
UNRESOLVED: gcc.c-torture/execute/mayalias-2.c execution,  -O3 -g 
FAIL: gcc.c-torture/execute/mayalias-3.c compilation,  -O3 -g  (internal compiler error)
UNRESOLVED: gcc.c-torture/execute/mayalias-3.c execution,  -O3 -g 
FAIL: gcc.c-torture/execute/pr15262-1.c execution,  -O2 
FAIL: gcc.c-torture/execute/pr15262-1.c execution,  -O3 -fomit-frame-pointer 
FAIL: gcc.c-torture/execute/pr15262-1.c execution,  -O3 -g 
FAIL: gcc.c-torture/execute/pr15262-1.c execution,  -Os 
FAIL: gcc.dg/tree-ssa/loadpre1.c scan-tree-dump-times Eliminated: 1 1
XPASS: gcc.dg/vect/vect-57.c scan-tree-dump-times vectorized 1 loops 1
XPASS: gcc.dg/vect/vect-61.c scan-tree-dump-times vectorized 1 loops 1

		=== gcc Summary ===

# of expected passes		42590
# of unexpected failures	8
# of unexpected successes	2
# of expected failures		110
# of unresolved testcases	2
# of untested testcases		28
# of unsupported tests		297
/var/tmp/gccbuild/trunk/gcc/xgcc  version 4.3.0 20061222 (experimental)

		=== gfortran tests ===


Running target unix
FAIL: gfortran.dg/csqrt_2.f execution test
FAIL: gfortran.dg/csqrt_2.f execution test
FAIL: gfortran.dg/csqrt_2.f execution test
FAIL: gfortran.dg/csqrt_2.f execution test
FAIL: gfortran.dg/csqrt_2.f execution test
FAIL: gfortran.dg/csqrt_2.f execution test
FAIL: gfortran.dg/csqrt_2.f execution test
FAIL: gfortran.dg/csqrt_2.f execution test

		=== gfortran Summary ===

# of expected passes		15722
# of unexpected failures	8
# of expected failures		7
# of unsupported tests		16
/var/tmp/gccbuild/trunk/gcc/testsuite/gfortran/../../gfortran  version 4.3.0 20061222 (experimental)

		=== objc tests ===


Running target unix

		=== objc Summary ===

# of expected passes		1766
# of expected failures		7
# of unsupported tests		24
/var/tmp/gccbuild/trunk/gcc/xgcc  version 4.3.0 20061222 (experimental)

		=== libgomp tests ===


Running target unix
FAIL: libgomp.c/appendix-a/a.15.1.c (test for excess errors)
WARNING: libgomp.c/appendix-a/a.15.1.c compilation failed to produce executable
FAIL: libgomp.c/appendix-a/a.16.1.c (test for excess errors)
WARNING: libgomp.c/appendix-a/a.16.1.c compilation failed to produce executable
FAIL: libgomp.c/appendix-a/a.18.1.c (test for excess errors)
WARNING: libgomp.c/appendix-a/a.18.1.c compilation failed to produce executable
FAIL: libgomp.c/appendix-a/a.19.1.c (test for excess errors)
WARNING: libgomp.c/appendix-a/a.19.1.c compilation failed to produce executable
FAIL: libgomp.c/appendix-a/a.2.1.c (test for excess errors)
WARNING: libgomp.c/appendix-a/a.2.1.c compilation failed to produce executable
FAIL: libgomp.c/appendix-a/a.21.1.c (test for excess errors)
WARNING: libgomp.c/appendix-a/a.21.1.c compilation failed to produce executable
FAIL: libgomp.c/appendix-a/a.26.1.c (test for excess errors)
WARNING: libgomp.c/appendix-a/a.26.1.c compilation failed to produce executable
FAIL: libgomp.c/appendix-a/a.29.1.c (test for excess errors)
WARNING: libgomp.c/appendix-a/a.29.1.c compilation failed to produce executable
FAIL: libgomp.c/appendix-a/a.3.1.c (test for excess errors)
WARNING: libgomp.c/appendix-a/a.3.1.c compilation failed to produce executable
FAIL: libgomp.c/appendix-a/a.33.3.c (test for excess errors)
FAIL: libgomp.c/appendix-a/a.36.1.c (test for excess errors)
WARNING: libgomp.c/appendix-a/a.36.1.c compilation failed to produce executable
FAIL: libgomp.c/appendix-a/a.39.1.c (test for excess errors)
WARNING: libgomp.c/appendix-a/a.39.1.c compilation failed to produce executable
FAIL: libgomp.c/appendix-a/a.4.1.c (test for excess errors)
WARNING: libgomp.c/appendix-a/a.4.1.c compilation failed to produce executable
FAIL: libgomp.c/appendix-a/a.40.1.c (test for excess errors)
FAIL: libgomp.c/appendix-a/a.5.1.c (test for excess errors)
WARNING: libgomp.c/appendix-a/a.5.1.c compilation failed to produce executable
FAIL: libgomp.c/atomic-1.c (test for excess errors)
WARNING: libgomp.c/atomic-1.c compilation failed to produce executable
FAIL: libgomp.c/atomic-10.c (test for excess errors)
WARNING: libgomp.c/atomic-10.c compilation failed to produce executable
FAIL: libgomp.c/atomic-2.c (test for excess errors)
WARNING: libgomp.c/atomic-2.c compilation failed to produce executable
FAIL: libgomp.c/barrier-1.c (test for excess errors)
WARNING: libgomp.c/barrier-1.c compilation failed to produce executable
FAIL: libgomp.c/critical-1.c (test for excess errors)
WARNING: libgomp.c/critical-1.c compilation failed to produce executable
FAIL: libgomp.c/critical-2.c (test for excess errors)
WARNING: libgomp.c/critical-2.c compilation failed to produce executable
FAIL: libgomp.c/lib-1.c (test for excess errors)
WARNING: libgomp.c/lib-1.c compilation failed to produce executable
FAIL: libgomp.c/loop-1.c (test for excess errors)
WARNING: libgomp.c/loop-1.c compilation failed to produce executable
FAIL: libgomp.c/loop-2.c (test for excess errors)
WARNING: libgomp.c/loop-2.c compilation failed to produce executable
FAIL: libgomp.c/loop-3.c (test for excess errors)
WARNING: libgomp.c/loop-3.c compilation failed to produce executable
FAIL: libgomp.c/nested-1.c (test for excess errors)
WARNING: libgomp.c/nested-1.c compilation failed to produce executable
FAIL: libgomp.c/nested-2.c (test for excess errors)
WARNING: libgomp.c/nested-2.c compilation failed to produce executable
FAIL: libgomp.c/nestedfn-1.c (test for excess errors)
WARNING: libgomp.c/nestedfn-1.c compilation failed to produce executable
FAIL: libgomp.c/nestedfn-2.c (test for excess errors)
WARNING: libgomp.c/nestedfn-2.c compilation failed to produce executable
FAIL: libgomp.c/nestedfn-3.c (test for excess errors)
WARNING: libgomp.c/nestedfn-3.c compilation failed to produce executable
FAIL: libgomp.c/nestedfn-4.c (test for excess errors)
WARNING: libgomp.c/nestedfn-4.c compilation failed to produce executable
FAIL: libgomp.c/nestedfn-5.c (test for excess errors)
WARNING: libgomp.c/nestedfn-5.c compilation failed to produce executable
FAIL: libgomp.c/omp-loop01.c (test for excess errors)
WARNING: libgomp.c/omp-loop01.c compilation failed to produce executable
FAIL: libgomp.c/omp-loop02.c (test for excess errors)
WARNING: libgomp.c/omp-loop02.c compilation failed to produce executable
FAIL: libgomp.c/omp-loop03.c (test for excess errors)
WARNING: libgomp.c/omp-loop03.c compilation failed to produce executable
FAIL: libgomp.c/omp-nested-1.c (test for excess errors)
WARNING: libgomp.c/omp-nested-1.c compilation failed to produce executable
FAIL: libgomp.c/omp-parallel-for.c (test for excess errors)
WARNING: libgomp.c/omp-parallel-for.c compilation failed to produce executable
FAIL: libgomp.c/omp-parallel-if.c (test for excess errors)
WARNING: libgomp.c/omp-parallel-if.c compilation failed to produce executable
FAIL: libgomp.c/omp-single-1.c (test for excess errors)
WARNING: libgomp.c/omp-single-1.c compilation failed to produce executable
FAIL: libgomp.c/omp-single-2.c (test for excess errors)
WARNING: libgomp.c/omp-single-2.c compilation failed to produce executable
FAIL: libgomp.c/omp-single-3.c (test for excess errors)
WARNING: libgomp.c/omp-single-3.c compilation failed to produce executable
FAIL: libgomp.c/omp_hello.c (test for excess errors)
WARNING: libgomp.c/omp_hello.c compilation failed to produce executable
FAIL: libgomp.c/omp_matvec.c (test for excess errors)
WARNING: libgomp.c/omp_matvec.c compilation failed to produce executable
FAIL: libgomp.c/omp_orphan.c (test for excess errors)
WARNING: libgomp.c/omp_orphan.c compilation failed to produce executable
FAIL: libgomp.c/omp_reduction.c (test for excess errors)
WARNING: libgomp.c/omp_reduction.c compilation failed to produce executable
FAIL: libgomp.c/omp_workshare1.c (test for excess errors)
WARNING: libgomp.c/omp_workshare1.c compilation failed to produce executable
FAIL: libgomp.c/omp_workshare2.c (test for excess errors)
WARNING: libgomp.c/omp_workshare2.c compilation failed to produce executable
FAIL: libgomp.c/omp_workshare3.c (test for excess errors)
FAIL: libgomp.c/omp_workshare4.c (test for excess errors)
WARNING: libgomp.c/omp_workshare4.c compilation failed to produce executable
FAIL: libgomp.c/ordered-1.c (test for excess errors)
WARNING: libgomp.c/ordered-1.c compilation failed to produce executable
FAIL: libgomp.c/ordered-2.c (test for excess errors)
WARNING: libgomp.c/ordered-2.c compilation failed to produce executable
FAIL: libgomp.c/ordered-3.c (test for excess errors)
WARNING: libgomp.c/ordered-3.c compilation failed to produce executable
FAIL: libgomp.c/parallel-1.c (test for excess errors)
WARNING: libgomp.c/parallel-1.c compilation failed to produce executable
FAIL: libgomp.c/pr26943-1.c (test for excess errors)
WARNING: libgomp.c/pr26943-1.c compilation failed to produce executable
FAIL: libgomp.c/pr26943-2.c (test for excess errors)
WARNING: libgomp.c/pr26943-2.c compilation failed to produce executable
FAIL: libgomp.c/pr26943-3.c (test for excess errors)
WARNING: libgomp.c/pr26943-3.c compilation failed to produce executable
FAIL: libgomp.c/pr26943-4.c (test for excess errors)
WARNING: libgomp.c/pr26943-4.c compilation failed to produce executable
FAIL: libgomp.c/pr29947-1.c (test for excess errors)
WARNING: libgomp.c/pr29947-1.c compilation failed to produce executable
FAIL: libgomp.c/pr29947-2.c (test for excess errors)
WARNING: libgomp.c/pr29947-2.c compilation failed to produce executable
FAIL: libgomp.c/reduction-1.c (test for excess errors)
WARNING: libgomp.c/reduction-1.c compilation failed to produce executable
FAIL: libgomp.c/reduction-2.c (test for excess errors)
WARNING: libgomp.c/reduction-2.c compilation failed to produce executable
FAIL: libgomp.c/reduction-3.c (test for excess errors)
WARNING: libgomp.c/reduction-3.c compilation failed to produce executable
FAIL: libgomp.c/reduction-4.c (test for excess errors)
WARNING: libgomp.c/reduction-4.c compilation failed to produce executable
FAIL: libgomp.c/sections-1.c (test for excess errors)
WARNING: libgomp.c/sections-1.c compilation failed to produce executable
FAIL: libgomp.c/shared-1.c (test for excess errors)
WARNING: libgomp.c/shared-1.c compilation failed to produce executable
FAIL: libgomp.c/shared-2.c (test for excess errors)
WARNING: libgomp.c/shared-2.c compilation failed to produce executable
FAIL: libgomp.c/shared-3.c (test for excess errors)
WARNING: libgomp.c/shared-3.c compilation failed to produce executable
FAIL: libgomp.c/single-1.c (test for excess errors)
WARNING: libgomp.c/single-1.c compilation failed to produce executable
FAIL: libgomp.c/single-2.c (test for excess errors)
WARNING: libgomp.c/single-2.c compilation failed to produce executable
FAIL: libgomp.c/vla-1.c (test for excess errors)
WARNING: libgomp.c/vla-1.c compilation failed to produce executable

		=== libgomp Summary ===

# of expected passes		2
# of unexpected failures	70
# of unsupported tests		5
		=== libmudflap tests ===


Running target unix
FAIL: libmudflap.c/fail1-frag.c (test for excess errors)
WARNING: libmudflap.c/fail1-frag.c compilation failed to produce executable
FAIL: libmudflap.c/fail10-frag.c (test for excess errors)
WARNING: libmudflap.c/fail10-frag.c compilation failed to produce executable
FAIL: libmudflap.c/fail11-frag.c (test for excess errors)
WARNING: libmudflap.c/fail11-frag.c compilation failed to produce executable
FAIL: libmudflap.c/fail12-frag.c (test for excess errors)
WARNING: libmudflap.c/fail12-frag.c compilation failed to produce executable
FAIL: libmudflap.c/fail13-frag.c (test for excess errors)
WARNING: libmudflap.c/fail13-frag.c compilation failed to produce executable
FAIL: libmudflap.c/fail14-frag.c (test for excess errors)
WARNING: libmudflap.c/fail14-frag.c compilation failed to produce executable
FAIL: libmudflap.c/fail15-frag.c (test for excess errors)
WARNING: libmudflap.c/fail15-frag.c compilation failed to produce executable
FAIL: libmudflap.c/fail16-frag.c (test for excess errors)
WARNING: libmudflap.c/fail16-frag.c compilation failed to produce executable
FAIL: libmudflap.c/fail17-frag.c (test for excess errors)
WARNING: libmudflap.c/fail17-frag.c compilation failed to produce executable
FAIL: libmudflap.c/fail18-frag.c (test for excess errors)
WARNING: libmudflap.c/fail18-frag.c compilation failed to produce executable
FAIL: libmudflap.c/fail19-frag.c (test for excess errors)
WARNING: libmudflap.c/fail19-frag.c compilation failed to produce executable
FAIL: libmudflap.c/fail2-frag.c (test for excess errors)
WARNING: libmudflap.c/fail2-frag.c compilation failed to produce executable
FAIL: libmudflap.c/fail20-frag.c (test for excess errors)
WARNING: libmudflap.c/fail20-frag.c compilation failed to produce executable
FAIL: libmudflap.c/fail21-frag.c (test for excess errors)
WARNING: libmudflap.c/fail21-frag.c compilation failed to produce executable
FAIL: libmudflap.c/fail22-frag.c (test for excess errors)
WARNING: libmudflap.c/fail22-frag.c compilation failed to produce executable
FAIL: libmudflap.c/fail23-frag.c (test for excess errors)
WARNING: libmudflap.c/fail23-frag.c compilation failed to produce executable
FAIL: libmudflap.c/fail25-frag.c (test for excess errors)
WARNING: libmudflap.c/fail25-frag.c compilation failed to produce executable
FAIL: libmudflap.c/fail26-frag.c (test for excess errors)
WARNING: libmudflap.c/fail26-frag.c compilation failed to produce executable
FAIL: libmudflap.c/fail27-frag.c (test for excess errors)
WARNING: libmudflap.c/fail27-frag.c compilation failed to produce executable
FAIL: libmudflap.c/fail28-frag.c (test for excess errors)
WARNING: libmudflap.c/fail28-frag.c compilation failed to produce executable
FAIL: libmudflap.c/fail29-frag.c (test for excess errors)
WARNING: libmudflap.c/fail29-frag.c compilation failed to produce executable
FAIL: libmudflap.c/fail3-frag.c (test for excess errors)
WARNING: libmudflap.c/fail3-frag.c compilation failed to produce executable
FAIL: libmudflap.c/fail30-frag.c (test for excess errors)
WARNING: libmudflap.c/fail30-frag.c compilation failed to produce executable
FAIL: libmudflap.c/fail31-frag.c (test for excess errors)
WARNING: libmudflap.c/fail31-frag.c compilation failed to produce executable
FAIL: libmudflap.c/fail32-frag.c (test for excess errors)
WARNING: libmudflap.c/fail32-frag.c compilation failed to produce executable
FAIL: libmudflap.c/fail33-frag.c (test for excess errors)
WARNING: libmudflap.c/fail33-frag.c compilation failed to produce executable
FAIL: libmudflap.c/fail34-frag.c (test for excess errors)
WARNING: libmudflap.c/fail34-frag.c compilation failed to produce executable
FAIL: libmudflap.c/fail35-frag.c (test for excess errors)
WARNING: libmudflap.c/fail35-frag.c compilation failed to produce executable
FAIL: libmudflap.c/fail36-frag.c (test for excess errors)
WARNING: libmudflap.c/fail36-frag.c compilation failed to produce executable
FAIL: libmudflap.c/fail37-frag.c (test for excess errors)
WARNING: libmudflap.c/fail37-frag.c compilation failed to produce executable
FAIL: libmudflap.c/fail38-frag.c (test for excess errors)
WARNING: libmudflap.c/fail38-frag.c compilation failed to produce executable
FAIL: libmudflap.c/fail39-frag.c (test for excess errors)
WARNING: libmudflap.c/fail39-frag.c compilation failed to produce executable
FAIL: libmudflap.c/fail4-frag.c (test for excess errors)
WARNING: libmudflap.c/fail4-frag.c compilation failed to produce executable
FAIL: libmudflap.c/fail40-frag.c (test for excess errors)
WARNING: libmudflap.c/fail40-frag.c compilation failed to produce executable
FAIL: libmudflap.c/fail5-frag.c (test for excess errors)
WARNING: libmudflap.c/fail5-frag.c compilation failed to produce executable
FAIL: libmudflap.c/fail6-frag.c (test for excess errors)
WARNING: libmudflap.c/fail6-frag.c compilation failed to produce executable
FAIL: libmudflap.c/fail7-frag.c (test for excess errors)
WARNING: libmudflap.c/fail7-frag.c compilation failed to produce executable
FAIL: libmudflap.c/fail8-frag.c (test for excess errors)
WARNING: libmudflap.c/fail8-frag.c compilation failed to produce executable
FAIL: libmudflap.c/fail9-frag.c (test for excess errors)
WARNING: libmudflap.c/fail9-frag.c compilation failed to produce executable
FAIL: libmudflap.c/heap-scalestress.c (test for excess errors)
WARNING: libmudflap.c/heap-scalestress.c compilation failed to produce executable
FAIL: libmudflap.c/hook-allocstuff.c (test for excess errors)
WARNING: libmudflap.c/hook-allocstuff.c compilation failed to produce executable
FAIL: libmudflap.c/hook2-allocstuff.c (test for excess errors)
WARNING: libmudflap.c/hook2-allocstuff.c compilation failed to produce executable
FAIL: libmudflap.c/pass-stratcliff.c (test for excess errors)
WARNING: libmudflap.c/pass-stratcliff.c compilation failed to produce executable
FAIL: libmudflap.c/pass1-frag.c (test for excess errors)
WARNING: libmudflap.c/pass1-frag.c compilation failed to produce executable
FAIL: libmudflap.c/pass1-frag.c (test for excess errors)
WARNING: libmudflap.c/pass1-frag.c compilation failed to produce executable
FAIL: libmudflap.c/pass10-frag.c (test for excess errors)
WARNING: libmudflap.c/pass10-frag.c compilation failed to produce executable
FAIL: libmudflap.c/pass10-frag.c (test for excess errors)
WARNING: libmudflap.c/pass10-frag.c compilation failed to produce executable
FAIL: libmudflap.c/pass11-frag.c (test for excess errors)
WARNING: libmudflap.c/pass11-frag.c compilation failed to produce executable
FAIL: libmudflap.c/pass11-frag.c (test for excess errors)
WARNING: libmudflap.c/pass11-frag.c compilation failed to produce executable
FAIL: libmudflap.c/pass12-frag.c (test for excess errors)
WARNING: libmudflap.c/pass12-frag.c compilation failed to produce executable
FAIL: libmudflap.c/pass12-frag.c (test for excess errors)
WARNING: libmudflap.c/pass12-frag.c compilation failed to produce executable
FAIL: libmudflap.c/pass13-frag.c (test for excess errors)
WARNING: libmudflap.c/pass13-frag.c compilation failed to produce executable
FAIL: libmudflap.c/pass13-frag.c (test for excess errors)
WARNING: libmudflap.c/pass13-frag.c compilation failed to produce executable
FAIL: libmudflap.c/pass14-frag.c (test for excess errors)
WARNING: libmudflap.c/pass14-frag.c compilation failed to produce executable
FAIL: libmudflap.c/pass14-frag.c (test for excess errors)
WARNING: libmudflap.c/pass14-frag.c compilation failed to produce executable
FAIL: libmudflap.c/pass15-frag.c (test for excess errors)
WARNING: libmudflap.c/pass15-frag.c compilation failed to produce executable
FAIL: libmudflap.c/pass15-frag.c (test for excess errors)
WARNING: libmudflap.c/pass15-frag.c compilation failed to produce executable
FAIL: libmudflap.c/pass16-frag.c (test for excess errors)
WARNING: libmudflap.c/pass16-frag.c compilation failed to produce executable
FAIL: libmudflap.c/pass16-frag.c (test for excess errors)
WARNING: libmudflap.c/pass16-frag.c compilation failed to produce executable
FAIL: libmudflap.c/pass17-frag.c (test for excess errors)
WARNING: libmudflap.c/pass17-frag.c compilation failed to produce executable
FAIL: libmudflap.c/pass17-frag.c (test for excess errors)
WARNING: libmudflap.c/pass17-frag.c compilation failed to produce executable
FAIL: libmudflap.c/pass18-frag.c (test for excess errors)
WARNING: libmudflap.c/pass18-frag.c compilation failed to produce executable
FAIL: libmudflap.c/pass18-frag.c (test for excess errors)
WARNING: libmudflap.c/pass18-frag.c compilation failed to produce executable
FAIL: libmudflap.c/pass19-frag.c (test for excess errors)
WARNING: libmudflap.c/pass19-frag.c compilation failed to produce executable
FAIL: libmudflap.c/pass19-frag.c (test for excess errors)
WARNING: libmudflap.c/pass19-frag.c compilation failed to produce executable
FAIL: libmudflap.c/pass2-frag.c (test for excess errors)
WARNING: libmudflap.c/pass2-frag.c compilation failed to produce executable
FAIL: libmudflap.c/pass2-frag.c (test for excess errors)
WARNING: libmudflap.c/pass2-frag.c compilation failed to produce executable
FAIL: libmudflap.c/pass20-frag.c (test for excess errors)
WARNING: libmudflap.c/pass20-frag.c compilation failed to produce executable
FAIL: libmudflap.c/pass20-frag.c (test for excess errors)
WARNING: libmudflap.c/pass20-frag.c compilation failed to produce executable
FAIL: libmudflap.c/pass21-frag.c (test for excess errors)
WARNING: libmudflap.c/pass21-frag.c compilation failed to produce executable
FAIL: libmudflap.c/pass21-frag.c (test for excess errors)
WARNING: libmudflap.c/pass21-frag.c compilation failed to produce executable
FAIL: libmudflap.c/pass22-frag.c (test for excess errors)
WARNING: libmudflap.c/pass22-frag.c compilation failed to produce executable
FAIL: libmudflap.c/pass22-frag.c (test for excess errors)
WARNING: libmudflap.c/pass22-frag.c compilation failed to produce executable
FAIL: libmudflap.c/pass23-frag.c (test for excess errors)
WARNING: libmudflap.c/pass23-frag.c compilation failed to produce executable
FAIL: libmudflap.c/pass23-frag.c (test for excess errors)
WARNING: libmudflap.c/pass23-frag.c compilation failed to produce executable
FAIL: libmudflap.c/pass24-frag.c (test for excess errors)
WARNING: libmudflap.c/pass24-frag.c compilation failed to produce executable
FAIL: libmudflap.c/pass24-frag.c (test for excess errors)
WARNING: libmudflap.c/pass24-frag.c compilation failed to produce executable
FAIL: libmudflap.c/pass25-frag.c (test for excess errors)
WARNING: libmudflap.c/pass25-frag.c compilation failed to produce executable
FAIL: libmudflap.c/pass25-frag.c (test for excess errors)
WARNING: libmudflap.c/pass25-frag.c compilation failed to produce executable
FAIL: libmudflap.c/pass26-frag.c (test for excess errors)
WARNING: libmudflap.c/pass26-frag.c compilation failed to produce executable
FAIL: libmudflap.c/pass26-frag.c (test for excess errors)
WARNING: libmudflap.c/pass26-frag.c compilation failed to produce executable
FAIL: libmudflap.c/pass29-frag.c (test for excess errors)
WARNING: libmudflap.c/pass29-frag.c compilation failed to produce executable
FAIL: libmudflap.c/pass29-frag.c (test for excess errors)
WARNING: libmudflap.c/pass29-frag.c compilation failed to produce executable
FAIL: libmudflap.c/pass3-frag.c (test for excess errors)
WARNING: libmudflap.c/pass3-frag.c compilation failed to produce executable
FAIL: libmudflap.c/pass3-frag.c (test for excess errors)
WARNING: libmudflap.c/pass3-frag.c compilation failed to produce executable
FAIL: libmudflap.c/pass30-frag.c (test for excess errors)
WARNING: libmudflap.c/pass30-frag.c compilation failed to produce executable
FAIL: libmudflap.c/pass30-frag.c (test for excess errors)
WARNING: libmudflap.c/pass30-frag.c compilation failed to produce executable
FAIL: libmudflap.c/pass32-frag.c (test for excess errors)
WARNING: libmudflap.c/pass32-frag.c compilation failed to produce executable
FAIL: libmudflap.c/pass32-frag.c (test for excess errors)
WARNING: libmudflap.c/pass32-frag.c compilation failed to produce executable
FAIL: libmudflap.c/pass33-frag.c (test for excess errors)
WARNING: libmudflap.c/pass33-frag.c compilation failed to produce executable
FAIL: libmudflap.c/pass33-frag.c (test for excess errors)
WARNING: libmudflap.c/pass33-frag.c compilation failed to produce executable
FAIL: libmudflap.c/pass34-frag.c (test for excess errors)
WARNING: libmudflap.c/pass34-frag.c compilation failed to produce executable
FAIL: libmudflap.c/pass34-frag.c (test for excess errors)
WARNING: libmudflap.c/pass34-frag.c compilation failed to produce executable
FAIL: libmudflap.c/pass35-frag.c (test for excess errors)
WARNING: libmudflap.c/pass35-frag.c compilation failed to produce executable
FAIL: libmudflap.c/pass35-frag.c (test for excess errors)
WARNING: libmudflap.c/pass35-frag.c compilation failed to produce executable
FAIL: libmudflap.c/pass36-frag.c (test for excess errors)
WARNING: libmudflap.c/pass36-frag.c compilation failed to produce executable
FAIL: libmudflap.c/pass36-frag.c (test for excess errors)
WARNING: libmudflap.c/pass36-frag.c compilation failed to produce executable
FAIL: libmudflap.c/pass38-frag.c (test for excess errors)
WARNING: libmudflap.c/pass38-frag.c compilation failed to produce executable
FAIL: libmudflap.c/pass38-frag.c (test for excess errors)
WARNING: libmudflap.c/pass38-frag.c compilation failed to produce executable
FAIL: libmudflap.c/pass4-frag.c (test for excess errors)
WARNING: libmudflap.c/pass4-frag.c compilation failed to produce executable
FAIL: libmudflap.c/pass4-frag.c (test for excess errors)
WARNING: libmudflap.c/pass4-frag.c compilation failed to produce executable
FAIL: libmudflap.c/pass42-frag.c (test for excess errors)
WARNING: libmudflap.c/pass42-frag.c compilation failed to produce executable
FAIL: libmudflap.c/pass42-frag.c (test for excess errors)
WARNING: libmudflap.c/pass42-frag.c compilation failed to produce executable
FAIL: libmudflap.c/pass43-frag.c (test for excess errors)
WARNING: libmudflap.c/pass43-frag.c compilation failed to produce executable
FAIL: libmudflap.c/pass43-frag.c (test for excess errors)
WARNING: libmudflap.c/pass43-frag.c compilation failed to produce executable
FAIL: libmudflap.c/pass44-frag.c (test for excess errors)
WARNING: libmudflap.c/pass44-frag.c compilation failed to produce executable
FAIL: libmudflap.c/pass44-frag.c (test for excess errors)
WARNING: libmudflap.c/pass44-frag.c compilation failed to produce executable
FAIL: libmudflap.c/pass45-frag.c (test for excess errors)
WARNING: libmudflap.c/pass45-frag.c compilation failed to produce executable
FAIL: libmudflap.c/pass45-frag.c (test for excess errors)
WARNING: libmudflap.c/pass45-frag.c compilation failed to produce executable
FAIL: libmudflap.c/pass46-frag.c (test for excess errors)
WARNING: libmudflap.c/pass46-frag.c compilation failed to produce executable
FAIL: libmudflap.c/pass46-frag.c (test for excess errors)
WARNING: libmudflap.c/pass46-frag.c compilation failed to produce executable
FAIL: libmudflap.c/pass47-frag.c (test for excess errors)
WARNING: libmudflap.c/pass47-frag.c compilation failed to produce executable
FAIL: libmudflap.c/pass47-frag.c (test for excess errors)
WARNING: libmudflap.c/pass47-frag.c compilation failed to produce executable
FAIL: libmudflap.c/pass48-frag.c (test for excess errors)
WARNING: libmudflap.c/pass48-frag.c compilation failed to produce executable
FAIL: libmudflap.c/pass48-frag.c (test for excess errors)
WARNING: libmudflap.c/pass48-frag.c compilation failed to produce executable
FAIL: libmudflap.c/pass49-frag.c (test for excess errors)
WARNING: libmudflap.c/pass49-frag.c compilation failed to produce executable
FAIL: libmudflap.c/pass49-frag.c (test for excess errors)
WARNING: libmudflap.c/pass49-frag.c compilation failed to produce executable
FAIL: libmudflap.c/pass5-frag.c (test for excess errors)
WARNING: libmudflap.c/pass5-frag.c compilation failed to produce executable
FAIL: libmudflap.c/pass5-frag.c (test for excess errors)
WARNING: libmudflap.c/pass5-frag.c compilation failed to produce executable
FAIL: libmudflap.c/pass50-frag.c (test for excess errors)
WARNING: libmudflap.c/pass50-frag.c compilation failed to produce executable
FAIL: libmudflap.c/pass50-frag.c (test for excess errors)
WARNING: libmudflap.c/pass50-frag.c compilation failed to produce executable
FAIL: libmudflap.c/pass51-frag.c (test for excess errors)
WARNING: libmudflap.c/pass51-frag.c compilation failed to produce executable
FAIL: libmudflap.c/pass51-frag.c (test for excess errors)
WARNING: libmudflap.c/pass51-frag.c compilation failed to produce executable
FAIL: libmudflap.c/pass52-frag.c (test for excess errors)
WARNING: libmudflap.c/pass52-frag.c compilation failed to produce executable
FAIL: libmudflap.c/pass52-frag.c (test for excess errors)
WARNING: libmudflap.c/pass52-frag.c compilation failed to produce executable
FAIL: libmudflap.c/pass53-frag.c (test for excess errors)
WARNING: libmudflap.c/pass53-frag.c compilation failed to produce executable
FAIL: libmudflap.c/pass53-frag.c (test for excess errors)
WARNING: libmudflap.c/pass53-frag.c compilation failed to produce executable
FAIL: libmudflap.c/pass54-frag.c (test for excess errors)
WARNING: libmudflap.c/pass54-frag.c compilation failed to produce executable
FAIL: libmudflap.c/pass54-frag.c (test for excess errors)
WARNING: libmudflap.c/pass54-frag.c compilation failed to produce executable
FAIL: libmudflap.c/pass56-frag.c (test for excess errors)
WARNING: libmudflap.c/pass56-frag.c compilation failed to produce executable
FAIL: libmudflap.c/pass56-frag.c (test for excess errors)
WARNING: libmudflap.c/pass56-frag.c compilation failed to produce executable
FAIL: libmudflap.c/pass6-frag.c (test for excess errors)
WARNING: libmudflap.c/pass6-frag.c compilation failed to produce executable
FAIL: libmudflap.c/pass6-frag.c (test for excess errors)
WARNING: libmudflap.c/pass6-frag.c compilation failed to produce executable
FAIL: libmudflap.c/pass7-frag.c (test for excess errors)
WARNING: libmudflap.c/pass7-frag.c compilation failed to produce executable
FAIL: libmudflap.c/pass7-frag.c (test for excess errors)
WARNING: libmudflap.c/pass7-frag.c compilation failed to produce executable
FAIL: libmudflap.c/pass8-frag.c (test for excess errors)
WARNING: libmudflap.c/pass8-frag.c compilation failed to produce executable
FAIL: libmudflap.c/pass8-frag.c (test for excess errors)
WARNING: libmudflap.c/pass8-frag.c compilation failed to produce executable
FAIL: libmudflap.c/pass9-frag.c (test for excess errors)
WARNING: libmudflap.c/pass9-frag.c compilation failed to produce executable
FAIL: libmudflap.c/pass9-frag.c (test for excess errors)
WARNING: libmudflap.c/pass9-frag.c compilation failed to produce executable
FAIL: libmudflap.c/fail1-frag.c (-O2) (test for excess errors)
WARNING: libmudflap.c/fail1-frag.c (-O2) compilation failed to produce executable
FAIL: libmudflap.c/fail10-frag.c (-O2) (test for excess errors)
WARNING: libmudflap.c/fail10-frag.c (-O2) compilation failed to produce executable
FAIL: libmudflap.c/fail11-frag.c (-O2) (test for excess errors)
WARNING: libmudflap.c/fail11-frag.c (-O2) compilation failed to produce executable
FAIL: libmudflap.c/fail12-frag.c (-O2) (test for excess errors)
WARNING: libmudflap.c/fail12-frag.c (-O2) compilation failed to produce executable
FAIL: libmudflap.c/fail13-frag.c (-O2) (test for excess errors)
WARNING: libmudflap.c/fail13-frag.c (-O2) compilation failed to produce executable
FAIL: libmudflap.c/fail14-frag.c (-O2) (test for excess errors)
WARNING: libmudflap.c/fail14-frag.c (-O2) compilation failed to produce executable
FAIL: libmudflap.c/fail15-frag.c (-O2) (test for excess errors)
WARNING: libmudflap.c/fail15-frag.c (-O2) compilation failed to produce executable
FAIL: libmudflap.c/fail16-frag.c (-O2) (test for excess errors)
WARNING: libmudflap.c/fail16-frag.c (-O2) compilation failed to produce executable
FAIL: libmudflap.c/fail17-frag.c (-O2) (test for excess errors)
WARNING: libmudflap.c/fail17-frag.c (-O2) compilation failed to produce executable
FAIL: libmudflap.c/fail18-frag.c (-O2) (test for excess errors)
WARNING: libmudflap.c/fail18-frag.c (-O2) compilation failed to produce executable
FAIL: libmudflap.c/fail19-frag.c (-O2) (test for excess errors)
WARNING: libmudflap.c/fail19-frag.c (-O2) compilation failed to produce executable
FAIL: libmudflap.c/fail2-frag.c (-O2) (test for excess errors)
WARNING: libmudflap.c/fail2-frag.c (-O2) compilation failed to produce executable
FAIL: libmudflap.c/fail20-frag.c (-O2) (test for excess errors)
WARNING: libmudflap.c/fail20-frag.c (-O2) compilation failed to produce executable
FAIL: libmudflap.c/fail21-frag.c (-O2) (test for excess errors)
WARNING: libmudflap.c/fail21-frag.c (-O2) compilation failed to produce executable
FAIL: libmudflap.c/fail22-frag.c (-O2) (test for excess errors)
WARNING: libmudflap.c/fail22-frag.c (-O2) compilation failed to produce executable
FAIL: libmudflap.c/fail23-frag.c (-O2) (test for excess errors)
WARNING: libmudflap.c/fail23-frag.c (-O2) compilation failed to produce executable
FAIL: libmudflap.c/fail25-frag.c (-O2) (test for excess errors)
WARNING: libmudflap.c/fail25-frag.c (-O2) compilation failed to produce executable
FAIL: libmudflap.c/fail26-frag.c (-O2) (test for excess errors)
WARNING: libmudflap.c/fail26-frag.c (-O2) compilation failed to produce executable
FAIL: libmudflap.c/fail27-frag.c (-O2) (test for excess errors)
WARNING: libmudflap.c/fail27-frag.c (-O2) compilation failed to produce executable
FAIL: libmudflap.c/fail28-frag.c (-O2) (test for excess errors)
WARNING: libmudflap.c/fail28-frag.c (-O2) compilation failed to produce executable
FAIL: libmudflap.c/fail29-frag.c (-O2) (test for excess errors)
WARNING: libmudflap.c/fail29-frag.c (-O2) compilation failed to produce executable
FAIL: libmudflap.c/fail3-frag.c (-O2) (test for excess errors)
WARNING: libmudflap.c/fail3-frag.c (-O2) compilation failed to produce executable
FAIL: libmudflap.c/fail30-frag.c (-O2) (test for excess errors)
WARNING: libmudflap.c/fail30-frag.c (-O2) compilation failed to produce executable
FAIL: libmudflap.c/fail31-frag.c (-O2) (test for excess errors)
WARNING: libmudflap.c/fail31-frag.c (-O2) compilation failed to produce executable
FAIL: libmudflap.c/fail32-frag.c (-O2) (test for excess errors)
WARNING: libmudflap.c/fail32-frag.c (-O2) compilation failed to produce executable
FAIL: libmudflap.c/fail33-frag.c (-O2) (test for excess errors)
WARNING: libmudflap.c/fail33-frag.c (-O2) compilation failed to produce executable
FAIL: libmudflap.c/fail34-frag.c (-O2) (test for excess errors)
WARNING: libmudflap.c/fail34-frag.c (-O2) compilation failed to produce executable
FAIL: libmudflap.c/fail35-frag.c (-O2) (test for excess errors)
WARNING: libmudflap.c/fail35-frag.c (-O2) compilation failed to produce executable
FAIL: libmudflap.c/fail36-frag.c (-O2) (test for excess errors)
WARNING: libmudflap.c/fail36-frag.c (-O2) compilation failed to produce executable
FAIL: libmudflap.c/fail37-frag.c (-O2) (test for excess errors)
WARNING: libmudflap.c/fail37-frag.c (-O2) compilation failed to produce executable
FAIL: libmudflap.c/fail38-frag.c (-O2) (test for excess errors)
WARNING: libmudflap.c/fail38-frag.c (-O2) compilation failed to produce executable
FAIL: libmudflap.c/fail39-frag.c (-O2) (test for excess errors)
WARNING: libmudflap.c/fail39-frag.c (-O2) compilation failed to produce executable
FAIL: libmudflap.c/fail4-frag.c (-O2) (test for excess errors)
WARNING: libmudflap.c/fail4-frag.c (-O2) compilation failed to produce executable
FAIL: libmudflap.c/fail40-frag.c (-O2) (test for excess errors)
WARNING: libmudflap.c/fail40-frag.c (-O2) compilation failed to produce executable
FAIL: libmudflap.c/fail5-frag.c (-O2) (test for excess errors)
WARNING: libmudflap.c/fail5-frag.c (-O2) compilation failed to produce executable
FAIL: libmudflap.c/fail6-frag.c (-O2) (test for excess errors)
WARNING: libmudflap.c/fail6-frag.c (-O2) compilation failed to produce executable
FAIL: libmudflap.c/fail7-frag.c (-O2) (test for excess errors)
WARNING: libmudflap.c/fail7-frag.c (-O2) compilation failed to produce executable
FAIL: libmudflap.c/fail8-frag.c (-O2) (test for excess errors)
WARNING: libmudflap.c/fail8-frag.c (-O2) compilation failed to produce executable
FAIL: libmudflap.c/fail9-frag.c (-O2) (test for excess errors)
WARNING: libmudflap.c/fail9-frag.c (-O2) compilation failed to produce executable
FAIL: libmudflap.c/heap-scalestress.c (-O2) (test for excess errors)
WARNING: libmudflap.c/heap-scalestress.c (-O2) compilation failed to produce executable
FAIL: libmudflap.c/hook-allocstuff.c (-O2) (test for excess errors)
WARNING: libmudflap.c/hook-allocstuff.c (-O2) compilation failed to produce executable
FAIL: libmudflap.c/hook2-allocstuff.c (-O2) (test for excess errors)
WARNING: libmudflap.c/hook2-allocstuff.c (-O2) compilation failed to produce executable
FAIL: libmudflap.c/pass-stratcliff.c (-O2) (test for excess errors)
WARNING: libmudflap.c/pass-stratcliff.c (-O2) compilation failed to produce executable
FAIL: libmudflap.c/pass1-frag.c (-O2) (test for excess errors)
WARNING: libmudflap.c/pass1-frag.c (-O2) compilation failed to produce executable
FAIL: libmudflap.c/pass1-frag.c (-O2) (test for excess errors)
WARNING: libmudflap.c/pass1-frag.c (-O2) compilation failed to produce executable
FAIL: libmudflap.c/pass10-frag.c (-O2) (test for excess errors)
WARNING: libmudflap.c/pass10-frag.c (-O2) compilation failed to produce executable
FAIL: libmudflap.c/pass10-frag.c (-O2) (test for excess errors)
WARNING: libmudflap.c/pass10-frag.c (-O2) compilation failed to produce executable
FAIL: libmudflap.c/pass11-frag.c (-O2) (test for excess errors)
WARNING: libmudflap.c/pass11-frag.c (-O2) compilation failed to produce executable
FAIL: libmudflap.c/pass11-frag.c (-O2) (test for excess errors)
WARNING: libmudflap.c/pass11-frag.c (-O2) compilation failed to produce executable
FAIL: libmudflap.c/pass12-frag.c (-O2) (test for excess errors)
WARNING: libmudflap.c/pass12-frag.c (-O2) compilation failed to produce executable
FAIL: libmudflap.c/pass12-frag.c (-O2) (test for excess errors)
WARNING: libmudflap.c/pass12-frag.c (-O2) compilation failed to produce executable
FAIL: libmudflap.c/pass13-frag.c (-O2) (test for excess errors)
WARNING: libmudflap.c/pass13-frag.c (-O2) compilation failed to produce executable
FAIL: libmudflap.c/pass13-frag.c (-O2) (test for excess errors)
WARNING: libmudflap.c/pass13-frag.c (-O2) compilation failed to produce executable
FAIL: libmudflap.c/pass14-frag.c (-O2) (test for excess errors)
WARNING: libmudflap.c/pass14-frag.c (-O2) compilation failed to produce executable
FAIL: libmudflap.c/pass14-frag.c (-O2) (test for excess errors)
WARNING: libmudflap.c/pass14-frag.c (-O2) compilation failed to produce executable
FAIL: libmudflap.c/pass15-frag.c (-O2) (test for excess errors)
WARNING: libmudflap.c/pass15-frag.c (-O2) compilation failed to produce executable
FAIL: libmudflap.c/pass15-frag.c (-O2) (test for excess errors)
WARNING: libmudflap.c/pass15-frag.c (-O2) compilation failed to produce executable
FAIL: libmudflap.c/pass16-frag.c (-O2) (test for excess errors)
WARNING: libmudflap.c/pass16-frag.c (-O2) compilation failed to produce executable
FAIL: libmudflap.c/pass16-frag.c (-O2) (test for excess errors)
WARNING: libmudflap.c/pass16-frag.c (-O2) compilation failed to produce executable
FAIL: libmudflap.c/pass17-frag.c (-O2) (test for excess errors)
WARNING: libmudflap.c/pass17-frag.c (-O2) compilation failed to produce executable
FAIL: libmudflap.c/pass17-frag.c (-O2) (test for excess errors)
WARNING: libmudflap.c/pass17-frag.c (-O2) compilation failed to produce executable
FAIL: libmudflap.c/pass18-frag.c (-O2) (test for excess errors)
WARNING: libmudflap.c/pass18-frag.c (-O2) compilation failed to produce executable
FAIL: libmudflap.c/pass18-frag.c (-O2) (test for excess errors)
WARNING: libmudflap.c/pass18-frag.c (-O2) compilation failed to produce executable
FAIL: libmudflap.c/pass19-frag.c (-O2) (test for excess errors)
WARNING: libmudflap.c/pass19-frag.c (-O2) compilation failed to produce executable
FAIL: libmudflap.c/pass19-frag.c (-O2) (test for excess errors)
WARNING: libmudflap.c/pass19-frag.c (-O2) compilation failed to produce executable
FAIL: libmudflap.c/pass2-frag.c (-O2) (test for excess errors)
WARNING: libmudflap.c/pass2-frag.c (-O2) compilation failed to produce executable
FAIL: libmudflap.c/pass2-frag.c (-O2) (test for excess errors)
WARNING: libmudflap.c/pass2-frag.c (-O2) compilation failed to produce executable
FAIL: libmudflap.c/pass20-frag.c (-O2) (test for excess errors)
WARNING: libmudflap.c/pass20-frag.c (-O2) compilation failed to produce executable
FAIL: libmudflap.c/pass20-frag.c (-O2) (test for excess errors)
WARNING: libmudflap.c/pass20-frag.c (-O2) compilation failed to produce executable
FAIL: libmudflap.c/pass21-frag.c (-O2) (test for excess errors)
WARNING: libmudflap.c/pass21-frag.c (-O2) compilation failed to produce executable
FAIL: libmudflap.c/pass21-frag.c (-O2) (test for excess errors)
WARNING: libmudflap.c/pass21-frag.c (-O2) compilation failed to produce executable
FAIL: libmudflap.c/pass22-frag.c (-O2) (test for excess errors)
WARNING: libmudflap.c/pass22-frag.c (-O2) compilation failed to produce executable
FAIL: libmudflap.c/pass22-frag.c (-O2) (test for excess errors)
WARNING: libmudflap.c/pass22-frag.c (-O2) compilation failed to produce executable
FAIL: libmudflap.c/pass23-frag.c (-O2) (test for excess errors)
WARNING: libmudflap.c/pass23-frag.c (-O2) compilation failed to produce executable
FAIL: libmudflap.c/pass23-frag.c (-O2) (test for excess errors)
WARNING: libmudflap.c/pass23-frag.c (-O2) compilation failed to produce executable
FAIL: libmudflap.c/pass24-frag.c (-O2) (test for excess errors)
WARNING: libmudflap.c/pass24-frag.c (-O2) compilation failed to produce executable
FAIL: libmudflap.c/pass24-frag.c (-O2) (test for excess errors)
WARNING: libmudflap.c/pass24-frag.c (-O2) compilation failed to produce executable
FAIL: libmudflap.c/pass25-frag.c (-O2) (test for excess errors)
WARNING: libmudflap.c/pass25-frag.c (-O2) compilation failed to produce executable
FAIL: libmudflap.c/pass25-frag.c (-O2) (test for excess errors)
WARNING: libmudflap.c/pass25-frag.c (-O2) compilation failed to produce executable
FAIL: libmudflap.c/pass26-frag.c (-O2) (test for excess errors)
WARNING: libmudflap.c/pass26-frag.c (-O2) compilation failed to produce executable
FAIL: libmudflap.c/pass26-frag.c (-O2) (test for excess errors)
WARNING: libmudflap.c/pass26-frag.c (-O2) compilation failed to produce executable
FAIL: libmudflap.c/pass29-frag.c (-O2) (test for excess errors)
WARNING: libmudflap.c/pass29-frag.c (-O2) compilation failed to produce executable
FAIL: libmudflap.c/pass29-frag.c (-O2) (test for excess errors)
WARNING: libmudflap.c/pass29-frag.c (-O2) compilation failed to produce executable
FAIL: libmudflap.c/pass3-frag.c (-O2) (test for excess errors)
WARNING: libmudflap.c/pass3-frag.c (-O2) compilation failed to produce executable
FAIL: libmudflap.c/pass3-frag.c (-O2) (test for excess errors)
WARNING: libmudflap.c/pass3-frag.c (-O2) compilation failed to produce executable
FAIL: libmudflap.c/pass30-frag.c (-O2) (test for excess errors)
WARNING: libmudflap.c/pass30-frag.c (-O2) compilation failed to produce executable
FAIL: libmudflap.c/pass30-frag.c (-O2) (test for excess errors)
WARNING: libmudflap.c/pass30-frag.c (-O2) compilation failed to produce executable
FAIL: libmudflap.c/pass32-frag.c (-O2) (test for excess errors)
WARNING: libmudflap.c/pass32-frag.c (-O2) compilation failed to produce executable
FAIL: libmudflap.c/pass32-frag.c (-O2) (test for excess errors)
WARNING: libmudflap.c/pass32-frag.c (-O2) compilation failed to produce executable
FAIL: libmudflap.c/pass33-frag.c (-O2) (test for excess errors)
WARNING: libmudflap.c/pass33-frag.c (-O2) compilation failed to produce executable
FAIL: libmudflap.c/pass33-frag.c (-O2) (test for excess errors)
WARNING: libmudflap.c/pass33-frag.c (-O2) compilation failed to produce executable
FAIL: libmudflap.c/pass34-frag.c (-O2) (test for excess errors)
WARNING: libmudflap.c/pass34-frag.c (-O2) compilation failed to produce executable
FAIL: libmudflap.c/pass34-frag.c (-O2) (test for excess errors)
WARNING: libmudflap.c/pass34-frag.c (-O2) compilation failed to produce executable
FAIL: libmudflap.c/pass35-frag.c (-O2) (test for excess errors)
WARNING: libmudflap.c/pass35-frag.c (-O2) compilation failed to produce executable
FAIL: libmudflap.c/pass35-frag.c (-O2) (test for excess errors)
WARNING: libmudflap.c/pass35-frag.c (-O2) compilation failed to produce executable
FAIL: libmudflap.c/pass36-frag.c (-O2) (test for excess errors)
WARNING: libmudflap.c/pass36-frag.c (-O2) compilation failed to produce executable
FAIL: libmudflap.c/pass36-frag.c (-O2) (test for excess errors)
WARNING: libmudflap.c/pass36-frag.c (-O2) compilation failed to produce executable
FAIL: libmudflap.c/pass38-frag.c (-O2) (test for excess errors)
WARNING: libmudflap.c/pass38-frag.c (-O2) compilation failed to produce executable
FAIL: libmudflap.c/pass38-frag.c (-O2) (test for excess errors)
WARNING: libmudflap.c/pass38-frag.c (-O2) compilation failed to produce executable
FAIL: libmudflap.c/pass4-frag.c (-O2) (test for excess errors)
WARNING: libmudflap.c/pass4-frag.c (-O2) compilation failed to produce executable
FAIL: libmudflap.c/pass4-frag.c (-O2) (test for excess errors)
WARNING: libmudflap.c/pass4-frag.c (-O2) compilation failed to produce executable
FAIL: libmudflap.c/pass42-frag.c (-O2) (test for excess errors)
WARNING: libmudflap.c/pass42-frag.c (-O2) compilation failed to produce executable
FAIL: libmudflap.c/pass42-frag.c (-O2) (test for excess errors)
WARNING: libmudflap.c/pass42-frag.c (-O2) compilation failed to produce executable
FAIL: libmudflap.c/pass43-frag.c (-O2) (test for excess errors)
WARNING: libmudflap.c/pass43-frag.c (-O2) compilation failed to produce executable
FAIL: libmudflap.c/pass43-frag.c (-O2) (test for excess errors)
WARNING: libmudflap.c/pass43-frag.c (-O2) compilation failed to produce executable
FAIL: libmudflap.c/pass44-frag.c (-O2) (test for excess errors)
WARNING: libmudflap.c/pass44-frag.c (-O2) compilation failed to produce executable
FAIL: libmudflap.c/pass44-frag.c (-O2) (test for excess errors)
WARNING: libmudflap.c/pass44-frag.c (-O2) compilation failed to produce executable
FAIL: libmudflap.c/pass45-frag.c (-O2) (test for excess errors)
WARNING: libmudflap.c/pass45-frag.c (-O2) compilation failed to produce executable
FAIL: libmudflap.c/pass45-frag.c (-O2) (test for excess errors)
WARNING: libmudflap.c/pass45-frag.c (-O2) compilation failed to produce executable
FAIL: libmudflap.c/pass46-frag.c (-O2) (test for excess errors)
WARNING: libmudflap.c/pass46-frag.c (-O2) compilation failed to produce executable
FAIL: libmudflap.c/pass46-frag.c (-O2) (test for excess errors)
WARNING: libmudflap.c/pass46-frag.c (-O2) compilation failed to produce executable
FAIL: libmudflap.c/pass47-frag.c (-O2) (test for excess errors)
WARNING: libmudflap.c/pass47-frag.c (-O2) compilation failed to produce executable
FAIL: libmudflap.c/pass47-frag.c (-O2) (test for excess errors)
WARNING: libmudflap.c/pass47-frag.c (-O2) compilation failed to produce executable
FAIL: libmudflap.c/pass48-frag.c (-O2) (test for excess errors)
WARNING: libmudflap.c/pass48-frag.c (-O2) compilation failed to produce executable
FAIL: libmudflap.c/pass48-frag.c (-O2) (test for excess errors)
WARNING: libmudflap.c/pass48-frag.c (-O2) compilation failed to produce executable
FAIL: libmudflap.c/pass49-frag.c (-O2) (test for excess errors)
WARNING: libmudflap.c/pass49-frag.c (-O2) compilation failed to produce executable
FAIL: libmudflap.c/pass49-frag.c (-O2) (test for excess errors)
WARNING: libmudflap.c/pass49-frag.c (-O2) compilation failed to produce executable
FAIL: libmudflap.c/pass5-frag.c (-O2) (test for excess errors)
WARNING: libmudflap.c/pass5-frag.c (-O2) compilation failed to produce executable
FAIL: libmudflap.c/pass5-frag.c (-O2) (test for excess errors)
WARNING: libmudflap.c/pass5-frag.c (-O2) compilation failed to produce executable
FAIL: libmudflap.c/pass50-frag.c (-O2) (test for excess errors)
WARNING: libmudflap.c/pass50-frag.c (-O2) compilation failed to produce executable
FAIL: libmudflap.c/pass50-frag.c (-O2) (test for excess errors)
WARNING: libmudflap.c/pass50-frag.c (-O2) compilation failed to produce executable
FAIL: libmudflap.c/pass51-frag.c (-O2) (test for excess errors)
WARNING: libmudflap.c/pass51-frag.c (-O2) compilation failed to produce executable
FAIL: libmudflap.c/pass51-frag.c (-O2) (test for excess errors)
WARNING: libmudflap.c/pass51-frag.c (-O2) compilation failed to produce executable
FAIL: libmudflap.c/pass52-frag.c (-O2) (test for excess errors)
WARNING: libmudflap.c/pass52-frag.c (-O2) compilation failed to produce executable
FAIL: libmudflap.c/pass52-frag.c (-O2) (test for excess errors)
WARNING: libmudflap.c/pass52-frag.c (-O2) compilation failed to produce executable
FAIL: libmudflap.c/pass53-frag.c (-O2) (test for excess errors)
WARNING: libmudflap.c/pass53-frag.c (-O2) compilation failed to produce executable
FAIL: libmudflap.c/pass53-frag.c (-O2) (test for excess errors)
WARNING: libmudflap.c/pass53-frag.c (-O2) compilation failed to produce executable
FAIL: libmudflap.c/pass54-frag.c (-O2) (test for excess errors)
WARNING: libmudflap.c/pass54-frag.c (-O2) compilation failed to produce executable
FAIL: libmudflap.c/pass54-frag.c (-O2) (test for excess errors)
WARNING: libmudflap.c/pass54-frag.c (-O2) compilation failed to produce executable
FAIL: libmudflap.c/pass56-frag.c (-O2) (test for excess errors)
WARNING: libmudflap.c/pass56-frag.c (-O2) compilation failed to produce executable
FAIL: libmudflap.c/pass56-frag.c (-O2) (test for excess errors)
WARNING: libmudflap.c/pass56-frag.c (-O2) compilation failed to produce executable
FAIL: libmudflap.c/pass6-frag.c (-O2) (test for excess errors)
WARNING: libmudflap.c/pass6-frag.c (-O2) compilation failed to produce executable
FAIL: libmudflap.c/pass6-frag.c (-O2) (test for excess errors)
WARNING: libmudflap.c/pass6-frag.c (-O2) compilation failed to produce executable
FAIL: libmudflap.c/pass7-frag.c (-O2) (test for excess errors)
WARNING: libmudflap.c/pass7-frag.c (-O2) compilation failed to produce executable
FAIL: libmudflap.c/pass7-frag.c (-O2) (test for excess errors)
WARNING: libmudflap.c/pass7-frag.c (-O2) compilation failed to produce executable
FAIL: libmudflap.c/pass8-frag.c (-O2) (test for excess errors)
WARNING: libmudflap.c/pass8-frag.c (-O2) compilation failed to produce executable
FAIL: libmudflap.c/pass8-frag.c (-O2) (test for excess errors)
WARNING: libmudflap.c/pass8-frag.c (-O2) compilation failed to produce executable
FAIL: libmudflap.c/pass9-frag.c (-O2) (test for excess errors)
WARNING: libmudflap.c/pass9-frag.c (-O2) compilation failed to produce executable
FAIL: libmudflap.c/pass9-frag.c (-O2) (test for excess errors)
WARNING: libmudflap.c/pass9-frag.c (-O2) compilation failed to produce executable
FAIL: libmudflap.c/fail1-frag.c (-O3) (test for excess errors)
WARNING: libmudflap.c/fail1-frag.c (-O3) compilation failed to produce executable
FAIL: libmudflap.c/fail10-frag.c (-O3) (test for excess errors)
WARNING: libmudflap.c/fail10-frag.c (-O3) compilation failed to produce executable
FAIL: libmudflap.c/fail11-frag.c (-O3) (test for excess errors)
WARNING: libmudflap.c/fail11-frag.c (-O3) compilation failed to produce executable
FAIL: libmudflap.c/fail12-frag.c (-O3) (test for excess errors)
WARNING: libmudflap.c/fail12-frag.c (-O3) compilation failed to produce executable
FAIL: libmudflap.c/fail13-frag.c (-O3) (test for excess errors)
WARNING: libmudflap.c/fail13-frag.c (-O3) compilation failed to produce executable
FAIL: libmudflap.c/fail14-frag.c (-O3) (test for excess errors)
WARNING: libmudflap.c/fail14-frag.c (-O3) compilation failed to produce executable
FAIL: libmudflap.c/fail15-frag.c (-O3) (test for excess errors)
WARNING: libmudflap.c/fail15-frag.c (-O3) compilation failed to produce executable
FAIL: libmudflap.c/fail16-frag.c (-O3) (test for excess errors)
WARNING: libmudflap.c/fail16-frag.c (-O3) compilation failed to produce executable
FAIL: libmudflap.c/fail17-frag.c (-O3) (test for excess errors)
WARNING: libmudflap.c/fail17-frag.c (-O3) compilation failed to produce executable
FAIL: libmudflap.c/fail18-frag.c (-O3) (test for excess errors)
WARNING: libmudflap.c/fail18-frag.c (-O3) compilation failed to produce executable
FAIL: libmudflap.c/fail19-frag.c (-O3) (test for excess errors)
WARNING: libmudflap.c/fail19-frag.c (-O3) compilation failed to produce executable
FAIL: libmudflap.c/fail2-frag.c (-O3) (test for excess errors)
WARNING: libmudflap.c/fail2-frag.c (-O3) compilation failed to produce executable
FAIL: libmudflap.c/fail20-frag.c (-O3) (test for excess errors)
WARNING: libmudflap.c/fail20-frag.c (-O3) compilation failed to produce executable
FAIL: libmudflap.c/fail21-frag.c (-O3) (test for excess errors)
WARNING: libmudflap.c/fail21-frag.c (-O3) compilation failed to produce executable
FAIL: libmudflap.c/fail22-frag.c (-O3) (test for excess errors)
WARNING: libmudflap.c/fail22-frag.c (-O3) compilation failed to produce executable
FAIL: libmudflap.c/fail23-frag.c (-O3) (test for excess errors)
WARNING: libmudflap.c/fail23-frag.c (-O3) compilation failed to produce executable
FAIL: libmudflap.c/fail25-frag.c (-O3) (test for excess errors)
WARNING: libmudflap.c/fail25-frag.c (-O3) compilation failed to produce executable
FAIL: libmudflap.c/fail26-frag.c (-O3) (test for excess errors)
WARNING: libmudflap.c/fail26-frag.c (-O3) compilation failed to produce executable
FAIL: libmudflap.c/fail27-frag.c (-O3) (test for excess errors)
WARNING: libmudflap.c/fail27-frag.c (-O3) compilation failed to produce executable
FAIL: libmudflap.c/fail28-frag.c (-O3) (test for excess errors)
WARNING: libmudflap.c/fail28-frag.c (-O3) compilation failed to produce executable
FAIL: libmudflap.c/fail29-frag.c (-O3) (test for excess errors)
WARNING: libmudflap.c/fail29-frag.c (-O3) compilation failed to produce executable
FAIL: libmudflap.c/fail3-frag.c (-O3) (test for excess errors)
WARNING: libmudflap.c/fail3-frag.c (-O3) compilation failed to produce executable
FAIL: libmudflap.c/fail30-frag.c (-O3) (test for excess errors)
WARNING: libmudflap.c/fail30-frag.c (-O3) compilation failed to produce executable
FAIL: libmudflap.c/fail31-frag.c (-O3) (test for excess errors)
WARNING: libmudflap.c/fail31-frag.c (-O3) compilation failed to produce executable
FAIL: libmudflap.c/fail32-frag.c (-O3) (test for excess errors)
WARNING: libmudflap.c/fail32-frag.c (-O3) compilation failed to produce executable
FAIL: libmudflap.c/fail33-frag.c (-O3) (test for excess errors)
WARNING: libmudflap.c/fail33-frag.c (-O3) compilation failed to produce executable
FAIL: libmudflap.c/fail34-frag.c (-O3) (test for excess errors)
WARNING: libmudflap.c/fail34-frag.c (-O3) compilation failed to produce executable
FAIL: libmudflap.c/fail35-frag.c (-O3) (test for excess errors)
WARNING: libmudflap.c/fail35-frag.c (-O3) compilation failed to produce executable
FAIL: libmudflap.c/fail36-frag.c (-O3) (test for excess errors)
WARNING: libmudflap.c/fail36-frag.c (-O3) compilation failed to produce executable
FAIL: libmudflap.c/fail37-frag.c (-O3) (test for excess errors)
WARNING: libmudflap.c/fail37-frag.c (-O3) compilation failed to produce executable
FAIL: libmudflap.c/fail38-frag.c (-O3) (test for excess errors)
WARNING: libmudflap.c/fail38-frag.c (-O3) compilation failed to produce executable
FAIL: libmudflap.c/fail39-frag.c (-O3) (test for excess errors)
WARNING: libmudflap.c/fail39-frag.c (-O3) compilation failed to produce executable
FAIL: libmudflap.c/fail4-frag.c (-O3) (test for excess errors)
WARNING: libmudflap.c/fail4-frag.c (-O3) compilation failed to produce executable
FAIL: libmudflap.c/fail40-frag.c (-O3) (test for excess errors)
WARNING: libmudflap.c/fail40-frag.c (-O3) compilation failed to produce executable
FAIL: libmudflap.c/fail5-frag.c (-O3) (test for excess errors)
WARNING: libmudflap.c/fail5-frag.c (-O3) compilation failed to produce executable
FAIL: libmudflap.c/fail6-frag.c (-O3) (test for excess errors)
WARNING: libmudflap.c/fail6-frag.c (-O3) compilation failed to produce executable
FAIL: libmudflap.c/fail7-frag.c (-O3) (test for excess errors)
WARNING: libmudflap.c/fail7-frag.c (-O3) compilation failed to produce executable
FAIL: libmudflap.c/fail8-frag.c (-O3) (test for excess errors)
WARNING: libmudflap.c/fail8-frag.c (-O3) compilation failed to produce executable
FAIL: libmudflap.c/fail9-frag.c (-O3) (test for excess errors)
WARNING: libmudflap.c/fail9-frag.c (-O3) compilation failed to produce executable
FAIL: libmudflap.c/heap-scalestress.c (-O3) (test for excess errors)
WARNING: libmudflap.c/heap-scalestress.c (-O3) compilation failed to produce executable
FAIL: libmudflap.c/hook-allocstuff.c (-O3) (test for excess errors)
WARNING: libmudflap.c/hook-allocstuff.c (-O3) compilation failed to produce executable
FAIL: libmudflap.c/hook2-allocstuff.c (-O3) (test for excess errors)
WARNING: libmudflap.c/hook2-allocstuff.c (-O3) compilation failed to produce executable
FAIL: libmudflap.c/pass-stratcliff.c (-O3) (test for excess errors)
WARNING: libmudflap.c/pass-stratcliff.c (-O3) compilation failed to produce executable
FAIL: libmudflap.c/pass1-frag.c (-O3) (test for excess errors)
WARNING: libmudflap.c/pass1-frag.c (-O3) compilation failed to produce executable
FAIL: libmudflap.c/pass1-frag.c (-O3) (test for excess errors)
WARNING: libmudflap.c/pass1-frag.c (-O3) compilation failed to produce executable
FAIL: libmudflap.c/pass10-frag.c (-O3) (test for excess errors)
WARNING: libmudflap.c/pass10-frag.c (-O3) compilation failed to produce executable
FAIL: libmudflap.c/pass10-frag.c (-O3) (test for excess errors)
WARNING: libmudflap.c/pass10-frag.c (-O3) compilation failed to produce executable
FAIL: libmudflap.c/pass11-frag.c (-O3) (test for excess errors)
WARNING: libmudflap.c/pass11-frag.c (-O3) compilation failed to produce executable
FAIL: libmudflap.c/pass11-frag.c (-O3) (test for excess errors)
WARNING: libmudflap.c/pass11-frag.c (-O3) compilation failed to produce executable
FAIL: libmudflap.c/pass12-frag.c (-O3) (test for excess errors)
WARNING: libmudflap.c/pass12-frag.c (-O3) compilation failed to produce executable
FAIL: libmudflap.c/pass12-frag.c (-O3) (test for excess errors)
WARNING: libmudflap.c/pass12-frag.c (-O3) compilation failed to produce executable
FAIL: libmudflap.c/pass13-frag.c (-O3) (test for excess errors)
WARNING: libmudflap.c/pass13-frag.c (-O3) compilation failed to produce executable
FAIL: libmudflap.c/pass13-frag.c (-O3) (test for excess errors)
WARNING: libmudflap.c/pass13-frag.c (-O3) compilation failed to produce executable
FAIL: libmudflap.c/pass14-frag.c (-O3) (test for excess errors)
WARNING: libmudflap.c/pass14-frag.c (-O3) compilation failed to produce executable
FAIL: libmudflap.c/pass14-frag.c (-O3) (test for excess errors)
WARNING: libmudflap.c/pass14-frag.c (-O3) compilation failed to produce executable
FAIL: libmudflap.c/pass15-frag.c (-O3) (test for excess errors)
WARNING: libmudflap.c/pass15-frag.c (-O3) compilation failed to produce executable
FAIL: libmudflap.c/pass15-frag.c (-O3) (test for excess errors)
WARNING: libmudflap.c/pass15-frag.c (-O3) compilation failed to produce executable
FAIL: libmudflap.c/pass16-frag.c (-O3) (test for excess errors)
WARNING: libmudflap.c/pass16-frag.c (-O3) compilation failed to produce executable
FAIL: libmudflap.c/pass16-frag.c (-O3) (test for excess errors)
WARNING: libmudflap.c/pass16-frag.c (-O3) compilation failed to produce executable
FAIL: libmudflap.c/pass17-frag.c (-O3) (test for excess errors)
WARNING: libmudflap.c/pass17-frag.c (-O3) compilation failed to produce executable
FAIL: libmudflap.c/pass17-frag.c (-O3) (test for excess errors)
WARNING: libmudflap.c/pass17-frag.c (-O3) compilation failed to produce executable
FAIL: libmudflap.c/pass18-frag.c (-O3) (test for excess errors)
WARNING: libmudflap.c/pass18-frag.c (-O3) compilation failed to produce executable
FAIL: libmudflap.c/pass18-frag.c (-O3) (test for excess errors)
WARNING: libmudflap.c/pass18-frag.c (-O3) compilation failed to produce executable
FAIL: libmudflap.c/pass19-frag.c (-O3) (test for excess errors)
WARNING: libmudflap.c/pass19-frag.c (-O3) compilation failed to produce executable
FAIL: libmudflap.c/pass19-frag.c (-O3) (test for excess errors)
WARNING: libmudflap.c/pass19-frag.c (-O3) compilation failed to produce executable
FAIL: libmudflap.c/pass2-frag.c (-O3) (test for excess errors)
WARNING: libmudflap.c/pass2-frag.c (-O3) compilation failed to produce executable
FAIL: libmudflap.c/pass2-frag.c (-O3) (test for excess errors)
WARNING: libmudflap.c/pass2-frag.c (-O3) compilation failed to produce executable
FAIL: libmudflap.c/pass20-frag.c (-O3) (test for excess errors)
WARNING: libmudflap.c/pass20-frag.c (-O3) compilation failed to produce executable
FAIL: libmudflap.c/pass20-frag.c (-O3) (test for excess errors)
WARNING: libmudflap.c/pass20-frag.c (-O3) compilation failed to produce executable
FAIL: libmudflap.c/pass21-frag.c (-O3) (test for excess errors)
WARNING: libmudflap.c/pass21-frag.c (-O3) compilation failed to produce executable
FAIL: libmudflap.c/pass21-frag.c (-O3) (test for excess errors)
WARNING: libmudflap.c/pass21-frag.c (-O3) compilation failed to produce executable
FAIL: libmudflap.c/pass22-frag.c (-O3) (test for excess errors)
WARNING: libmudflap.c/pass22-frag.c (-O3) compilation failed to produce executable
FAIL: libmudflap.c/pass22-frag.c (-O3) (test for excess errors)
WARNING: libmudflap.c/pass22-frag.c (-O3) compilation failed to produce executable
FAIL: libmudflap.c/pass23-frag.c (-O3) (test for excess errors)
WARNING: libmudflap.c/pass23-frag.c (-O3) compilation failed to produce executable
FAIL: libmudflap.c/pass23-frag.c (-O3) (test for excess errors)
WARNING: libmudflap.c/pass23-frag.c (-O3) compilation failed to produce executable
FAIL: libmudflap.c/pass24-frag.c (-O3) (test for excess errors)
WARNING: libmudflap.c/pass24-frag.c (-O3) compilation failed to produce executable
FAIL: libmudflap.c/pass24-frag.c (-O3) (test for excess errors)
WARNING: libmudflap.c/pass24-frag.c (-O3) compilation failed to produce executable
FAIL: libmudflap.c/pass25-frag.c (-O3) (test for excess errors)
WARNING: libmudflap.c/pass25-frag.c (-O3) compilation failed to produce executable
FAIL: libmudflap.c/pass25-frag.c (-O3) (test for excess errors)
WARNING: libmudflap.c/pass25-frag.c (-O3) compilation failed to produce executable
FAIL: libmudflap.c/pass26-frag.c (-O3) (test for excess errors)
WARNING: libmudflap.c/pass26-frag.c (-O3) compilation failed to produce executable
FAIL: libmudflap.c/pass26-frag.c (-O3) (test for excess errors)
WARNING: libmudflap.c/pass26-frag.c (-O3) compilation failed to produce executable
FAIL: libmudflap.c/pass29-frag.c (-O3) (test for excess errors)
WARNING: libmudflap.c/pass29-frag.c (-O3) compilation failed to produce executable
FAIL: libmudflap.c/pass29-frag.c (-O3) (test for excess errors)
WARNING: libmudflap.c/pass29-frag.c (-O3) compilation failed to produce executable
FAIL: libmudflap.c/pass3-frag.c (-O3) (test for excess errors)
WARNING: libmudflap.c/pass3-frag.c (-O3) compilation failed to produce executable
FAIL: libmudflap.c/pass3-frag.c (-O3) (test for excess errors)
WARNING: libmudflap.c/pass3-frag.c (-O3) compilation failed to produce executable
FAIL: libmudflap.c/pass30-frag.c (-O3) (test for excess errors)
WARNING: libmudflap.c/pass30-frag.c (-O3) compilation failed to produce executable
FAIL: libmudflap.c/pass30-frag.c (-O3) (test for excess errors)
WARNING: libmudflap.c/pass30-frag.c (-O3) compilation failed to produce executable
FAIL: libmudflap.c/pass32-frag.c (-O3) (test for excess errors)
WARNING: libmudflap.c/pass32-frag.c (-O3) compilation failed to produce executable
FAIL: libmudflap.c/pass32-frag.c (-O3) (test for excess errors)
WARNING: libmudflap.c/pass32-frag.c (-O3) compilation failed to produce executable
FAIL: libmudflap.c/pass33-frag.c (-O3) (test for excess errors)
WARNING: libmudflap.c/pass33-frag.c (-O3) compilation failed to produce executable
FAIL: libmudflap.c/pass33-frag.c (-O3) (test for excess errors)
WARNING: libmudflap.c/pass33-frag.c (-O3) compilation failed to produce executable
FAIL: libmudflap.c/pass34-frag.c (-O3) (test for excess errors)
WARNING: libmudflap.c/pass34-frag.c (-O3) compilation failed to produce executable
FAIL: libmudflap.c/pass34-frag.c (-O3) (test for excess errors)
WARNING: libmudflap.c/pass34-frag.c (-O3) compilation failed to produce executable
FAIL: libmudflap.c/pass35-frag.c (-O3) (test for excess errors)
WARNING: libmudflap.c/pass35-frag.c (-O3) compilation failed to produce executable
FAIL: libmudflap.c/pass35-frag.c (-O3) (test for excess errors)
WARNING: libmudflap.c/pass35-frag.c (-O3) compilation failed to produce executable
FAIL: libmudflap.c/pass36-frag.c (-O3) (test for excess errors)
WARNING: libmudflap.c/pass36-frag.c (-O3) compilation failed to produce executable
FAIL: libmudflap.c/pass36-frag.c (-O3) (test for excess errors)
WARNING: libmudflap.c/pass36-frag.c (-O3) compilation failed to produce executable
FAIL: libmudflap.c/pass38-frag.c (-O3) (test for excess errors)
WARNING: libmudflap.c/pass38-frag.c (-O3) compilation failed to produce executable
FAIL: libmudflap.c/pass38-frag.c (-O3) (test for excess errors)
WARNING: libmudflap.c/pass38-frag.c (-O3) compilation failed to produce executable
FAIL: libmudflap.c/pass4-frag.c (-O3) (test for excess errors)
WARNING: libmudflap.c/pass4-frag.c (-O3) compilation failed to produce executable
FAIL: libmudflap.c/pass4-frag.c (-O3) (test for excess errors)
WARNING: libmudflap.c/pass4-frag.c (-O3) compilation failed to produce executable
FAIL: libmudflap.c/pass42-frag.c (-O3) (test for excess errors)
WARNING: libmudflap.c/pass42-frag.c (-O3) compilation failed to produce executable
FAIL: libmudflap.c/pass42-frag.c (-O3) (test for excess errors)
WARNING: libmudflap.c/pass42-frag.c (-O3) compilation failed to produce executable
FAIL: libmudflap.c/pass43-frag.c (-O3) (test for excess errors)
WARNING: libmudflap.c/pass43-frag.c (-O3) compilation failed to produce executable
FAIL: libmudflap.c/pass43-frag.c (-O3) (test for excess errors)
WARNING: libmudflap.c/pass43-frag.c (-O3) compilation failed to produce executable
FAIL: libmudflap.c/pass44-frag.c (-O3) (test for excess errors)
WARNING: libmudflap.c/pass44-frag.c (-O3) compilation failed to produce executable
FAIL: libmudflap.c/pass44-frag.c (-O3) (test for excess errors)
WARNING: libmudflap.c/pass44-frag.c (-O3) compilation failed to produce executable
FAIL: libmudflap.c/pass45-frag.c (-O3) (test for excess errors)
WARNING: libmudflap.c/pass45-frag.c (-O3) compilation failed to produce executable
FAIL: libmudflap.c/pass45-frag.c (-O3) (test for excess errors)
WARNING: libmudflap.c/pass45-frag.c (-O3) compilation failed to produce executable
FAIL: libmudflap.c/pass46-frag.c (-O3) (test for excess errors)
WARNING: libmudflap.c/pass46-frag.c (-O3) compilation failed to produce executable
FAIL: libmudflap.c/pass46-frag.c (-O3) (test for excess errors)
WARNING: libmudflap.c/pass46-frag.c (-O3) compilation failed to produce executable
FAIL: libmudflap.c/pass47-frag.c (-O3) (test for excess errors)
WARNING: libmudflap.c/pass47-frag.c (-O3) compilation failed to produce executable
FAIL: libmudflap.c/pass47-frag.c (-O3) (test for excess errors)
WARNING: libmudflap.c/pass47-frag.c (-O3) compilation failed to produce executable
FAIL: libmudflap.c/pass48-frag.c (-O3) (test for excess errors)
WARNING: libmudflap.c/pass48-frag.c (-O3) compilation failed to produce executable
FAIL: libmudflap.c/pass48-frag.c (-O3) (test for excess errors)
WARNING: libmudflap.c/pass48-frag.c (-O3) compilation failed to produce executable
FAIL: libmudflap.c/pass49-frag.c (-O3) (test for excess errors)
WARNING: libmudflap.c/pass49-frag.c (-O3) compilation failed to produce executable
FAIL: libmudflap.c/pass49-frag.c (-O3) (test for excess errors)
WARNING: libmudflap.c/pass49-frag.c (-O3) compilation failed to produce executable
FAIL: libmudflap.c/pass5-frag.c (-O3) (test for excess errors)
WARNING: libmudflap.c/pass5-frag.c (-O3) compilation failed to produce executable
FAIL: libmudflap.c/pass5-frag.c (-O3) (test for excess errors)
WARNING: libmudflap.c/pass5-frag.c (-O3) compilation failed to produce executable
FAIL: libmudflap.c/pass50-frag.c (-O3) (test for excess errors)
WARNING: libmudflap.c/pass50-frag.c (-O3) compilation failed to produce executable
FAIL: libmudflap.c/pass50-frag.c (-O3) (test for excess errors)
WARNING: libmudflap.c/pass50-frag.c (-O3) compilation failed to produce executable
FAIL: libmudflap.c/pass51-frag.c (-O3) (test for excess errors)
WARNING: libmudflap.c/pass51-frag.c (-O3) compilation failed to produce executable
FAIL: libmudflap.c/pass51-frag.c (-O3) (test for excess errors)
WARNING: libmudflap.c/pass51-frag.c (-O3) compilation failed to produce executable
FAIL: libmudflap.c/pass52-frag.c (-O3) (test for excess errors)
WARNING: libmudflap.c/pass52-frag.c (-O3) compilation failed to produce executable
FAIL: libmudflap.c/pass52-frag.c (-O3) (test for excess errors)
WARNING: libmudflap.c/pass52-frag.c (-O3) compilation failed to produce executable
FAIL: libmudflap.c/pass53-frag.c (-O3) (test for excess errors)
WARNING: libmudflap.c/pass53-frag.c (-O3) compilation failed to produce executable
FAIL: libmudflap.c/pass53-frag.c (-O3) (test for excess errors)
WARNING: libmudflap.c/pass53-frag.c (-O3) compilation failed to produce executable
FAIL: libmudflap.c/pass54-frag.c (-O3) (test for excess errors)
WARNING: libmudflap.c/pass54-frag.c (-O3) compilation failed to produce executable
FAIL: libmudflap.c/pass54-frag.c (-O3) (test for excess errors)
WARNING: libmudflap.c/pass54-frag.c (-O3) compilation failed to produce executable
FAIL: libmudflap.c/pass56-frag.c (-O3) (test for excess errors)
WARNING: libmudflap.c/pass56-frag.c (-O3) compilation failed to produce executable
FAIL: libmudflap.c/pass56-frag.c (-O3) (test for excess errors)
WARNING: libmudflap.c/pass56-frag.c (-O3) compilation failed to produce executable
FAIL: libmudflap.c/pass6-frag.c (-O3) (test for excess errors)
WARNING: libmudflap.c/pass6-frag.c (-O3) compilation failed to produce executable
FAIL: libmudflap.c/pass6-frag.c (-O3) (test for excess errors)
WARNING: libmudflap.c/pass6-frag.c (-O3) compilation failed to produce executable
FAIL: libmudflap.c/pass7-frag.c (-O3) (test for excess errors)
WARNING: libmudflap.c/pass7-frag.c (-O3) compilation failed to produce executable
FAIL: libmudflap.c/pass7-frag.c (-O3) (test for excess errors)
WARNING: libmudflap.c/pass7-frag.c (-O3) compilation failed to produce executable
FAIL: libmudflap.c/pass8-frag.c (-O3) (test for excess errors)
WARNING: libmudflap.c/pass8-frag.c (-O3) compilation failed to produce executable
FAIL: libmudflap.c/pass8-frag.c (-O3) (test for excess errors)
WARNING: libmudflap.c/pass8-frag.c (-O3) compilation failed to produce executable
FAIL: libmudflap.c/pass9-frag.c (-O3) (test for excess errors)
WARNING: libmudflap.c/pass9-frag.c (-O3) compilation failed to produce executable
FAIL: libmudflap.c/pass9-frag.c (-O3) (test for excess errors)
WARNING: libmudflap.c/pass9-frag.c (-O3) compilation failed to produce executable
FAIL: externs-12 linkage 
FAIL: externs-21 linkage 
WARNING: program timed out.
FAIL: externs-12 execution 
WARNING: program timed out.
FAIL: externs-21 execution 
FAIL: externs-12 linkage -O2
FAIL: externs-21 linkage -O2
WARNING: program timed out.
FAIL: externs-12 execution -O2
WARNING: program timed out.
FAIL: externs-21 execution -O2
FAIL: externs-12 linkage -O3
FAIL: externs-21 linkage -O3
WARNING: program timed out.
FAIL: externs-12 execution -O3
WARNING: program timed out.
FAIL: externs-21 execution -O3
FAIL: libmudflap.c++/fail24-frag.cxx (test for excess errors)
WARNING: libmudflap.c++/fail24-frag.cxx compilation failed to produce executable
FAIL: libmudflap.c++/pass27-frag.cxx (test for excess errors)
WARNING: libmudflap.c++/pass27-frag.cxx compilation failed to produce executable
FAIL: libmudflap.c++/pass28-frag.cxx (test for excess errors)
WARNING: libmudflap.c++/pass28-frag.cxx compilation failed to produce executable
FAIL: libmudflap.c++/pass31-frag.cxx (test for excess errors)
WARNING: libmudflap.c++/pass31-frag.cxx compilation failed to produce executable
FAIL: libmudflap.c++/pass41-frag.cxx (test for excess errors)
WARNING: libmudflap.c++/pass41-frag.cxx compilation failed to produce executable
FAIL: libmudflap.c++/pass55-frag.cxx (test for excess errors)
WARNING: libmudflap.c++/pass55-frag.cxx compilation failed to produce executable
FAIL: libmudflap.c++/pass57-frag.cxx (test for excess errors)
WARNING: libmudflap.c++/pass57-frag.cxx compilation failed to produce executable
FAIL: libmudflap.c++/pass58-frag.cxx (test for excess errors)
WARNING: libmudflap.c++/pass58-frag.cxx compilation failed to produce executable
FAIL: libmudflap.c++/fail24-frag.cxx ( -O) (test for excess errors)
WARNING: libmudflap.c++/fail24-frag.cxx ( -O) compilation failed to produce executable
FAIL: libmudflap.c++/pass27-frag.cxx ( -O) (test for excess errors)
WARNING: libmudflap.c++/pass27-frag.cxx ( -O) compilation failed to produce executable
FAIL: libmudflap.c++/pass28-frag.cxx ( -O) (test for excess errors)
WARNING: libmudflap.c++/pass28-frag.cxx ( -O) compilation failed to produce executable
FAIL: libmudflap.c++/pass31-frag.cxx ( -O) (test for excess errors)
WARNING: libmudflap.c++/pass31-frag.cxx ( -O) compilation failed to produce executable
FAIL: libmudflap.c++/pass41-frag.cxx ( -O) (test for excess errors)
WARNING: libmudflap.c++/pass41-frag.cxx ( -O) compilation failed to produce executable
FAIL: libmudflap.c++/pass55-frag.cxx ( -O) (test for excess errors)
WARNING: libmudflap.c++/pass55-frag.cxx ( -O) compilation failed to produce executable
FAIL: libmudflap.c++/pass57-frag.cxx ( -O) (test for excess errors)
WARNING: libmudflap.c++/pass57-frag.cxx ( -O) compilation failed to produce executable
FAIL: libmudflap.c++/pass58-frag.cxx ( -O) (test for excess errors)
WARNING: libmudflap.c++/pass58-frag.cxx ( -O) compilation failed to produce executable
FAIL: libmudflap.c++/fail24-frag.cxx (-O2) (test for excess errors)
WARNING: libmudflap.c++/fail24-frag.cxx (-O2) compilation failed to produce executable
FAIL: libmudflap.c++/pass27-frag.cxx (-O2) (test for excess errors)
WARNING: libmudflap.c++/pass27-frag.cxx (-O2) compilation failed to produce executable
FAIL: libmudflap.c++/pass28-frag.cxx (-O2) (test for excess errors)
WARNING: libmudflap.c++/pass28-frag.cxx (-O2) compilation failed to produce executable
FAIL: libmudflap.c++/pass31-frag.cxx (-O2) (test for excess errors)
WARNING: libmudflap.c++/pass31-frag.cxx (-O2) compilation failed to produce executable
FAIL: libmudflap.c++/pass41-frag.cxx (-O2) (test for excess errors)
WARNING: libmudflap.c++/pass41-frag.cxx (-O2) compilation failed to produce executable
FAIL: libmudflap.c++/pass55-frag.cxx (-O2) (test for excess errors)
WARNING: libmudflap.c++/pass55-frag.cxx (-O2) compilation failed to produce executable
FAIL: libmudflap.c++/pass57-frag.cxx (-O2) (test for excess errors)
WARNING: libmudflap.c++/pass57-frag.cxx (-O2) compilation failed to produce executable
FAIL: libmudflap.c++/pass58-frag.cxx (-O2) (test for excess errors)
WARNING: libmudflap.c++/pass58-frag.cxx (-O2) compilation failed to produce executable
FAIL: libmudflap.c++/fail24-frag.cxx (-O3) (test for excess errors)
WARNING: libmudflap.c++/fail24-frag.cxx (-O3) compilation failed to produce executable
FAIL: libmudflap.c++/pass27-frag.cxx (-O3) (test for excess errors)
WARNING: libmudflap.c++/pass27-frag.cxx (-O3) compilation failed to produce executable
FAIL: libmudflap.c++/pass28-frag.cxx (-O3) (test for excess errors)
WARNING: libmudflap.c++/pass28-frag.cxx (-O3) compilation failed to produce executable
FAIL: libmudflap.c++/pass31-frag.cxx (-O3) (test for excess errors)
WARNING: libmudflap.c++/pass31-frag.cxx (-O3) compilation failed to produce executable
FAIL: libmudflap.c++/pass41-frag.cxx (-O3) (test for excess errors)
WARNING: libmudflap.c++/pass41-frag.cxx (-O3) compilation failed to produce executable
FAIL: libmudflap.c++/pass55-frag.cxx (-O3) (test for excess errors)
WARNING: libmudflap.c++/pass55-frag.cxx (-O3) compilation failed to produce executable
FAIL: libmudflap.c++/pass57-frag.cxx (-O3) (test for excess errors)
WARNING: libmudflap.c++/pass57-frag.cxx (-O3) compilation failed to produce executable
FAIL: libmudflap.c++/pass58-frag.cxx (-O3) (test for excess errors)
WARNING: libmudflap.c++/pass58-frag.cxx (-O3) compilation failed to produce executable
FAIL: ctors-1 compilation 
FAIL: ctors-12 linkage 
FAIL: ctors-21 linkage 
WARNING: program timed out.
FAIL: ctors-12 execution 
WARNING: program timed out.
FAIL: ctors-21 execution 
FAIL: ctors-1 compilation -O2
FAIL: ctors-12 linkage -O2
FAIL: ctors-21 linkage -O2
WARNING: program timed out.
FAIL: ctors-12 execution -O2
WARNING: program timed out.
FAIL: ctors-21 execution -O2
FAIL: ctors-1 compilation -O3
FAIL: ctors-12 linkage -O3
FAIL: ctors-21 linkage -O3
WARNING: program timed out.
FAIL: ctors-12 execution -O3
WARNING: program timed out.
FAIL: ctors-21 execution -O3
FAIL: libmudflap.cth/pass37-frag.c (test for excess errors)
WARNING: libmudflap.cth/pass37-frag.c compilation failed to produce executable
FAIL: libmudflap.cth/pass39-frag.c (test for excess errors)
WARNING: libmudflap.cth/pass39-frag.c compilation failed to produce executable
FAIL: libmudflap.cth/pass40-frag.c (test for excess errors)
WARNING: libmudflap.cth/pass40-frag.c compilation failed to produce executable
FAIL: libmudflap.cth/pass59-frag.c (test for excess errors)
WARNING: libmudflap.cth/pass59-frag.c compilation failed to produce executable
FAIL: libmudflap.cth/pass37-frag.c (-O2) (test for excess errors)
WARNING: libmudflap.cth/pass37-frag.c (-O2) compilation failed to produce executable
FAIL: libmudflap.cth/pass39-frag.c (-O2) (test for excess errors)
WARNING: libmudflap.cth/pass39-frag.c (-O2) compilation failed to produce executable
FAIL: libmudflap.cth/pass40-frag.c (-O2) (test for excess errors)
WARNING: libmudflap.cth/pass40-frag.c (-O2) compilation failed to produce executable
FAIL: libmudflap.cth/pass59-frag.c (-O2) (test for excess errors)
WARNING: libmudflap.cth/pass59-frag.c (-O2) compilation failed to produce executable
FAIL: libmudflap.cth/pass37-frag.c (-O3) (test for excess errors)
WARNING: libmudflap.cth/pass37-frag.c (-O3) compilation failed to produce executable
FAIL: libmudflap.cth/pass39-frag.c (-O3) (test for excess errors)
WARNING: libmudflap.cth/pass39-frag.c (-O3) compilation failed to produce executable
FAIL: libmudflap.cth/pass40-frag.c (-O3) (test for excess errors)
WARNING: libmudflap.cth/pass40-frag.c (-O3) compilation failed to produce executable
FAIL: libmudflap.cth/pass59-frag.c (-O3) (test for excess errors)
WARNING: libmudflap.cth/pass59-frag.c (-O3) compilation failed to produce executable

		=== libmudflap Summary ===

# of expected passes		35
# of unexpected failures	488
		=== libstdc++ tests ===


Running target unix
ERROR: tcl error sourcing /remote/atg5/jbuck/svn/trunk/gcc/libstdc++-v3/testsuite/libstdc++-abi/abi.exp.
ERROR: could not compile testsuite_allocator.cc
ERROR: tcl error sourcing /remote/atg5/jbuck/svn/trunk/gcc/libstdc++-v3/testsuite/libstdc++-dg/conformance.exp.
ERROR: could not compile testsuite_allocator.cc

		=== libstdc++ Summary ===


Compiler version: 4.3.0 20061222 (experimental) 
Platform: i686-pc-linux-gnu
configure flags: --prefix=/usr/localdisk/gcc-cvs/trunk --with-gnu-as --with-as=/remote/atg5/jbuck/binutils-2.17-linux/bin/as --with-gnu-ld --with-ld=/remote/atg5/jbuck/binutils-2.17-linux/bin/ld --enable-languages=c,c++,objc,fortran --with-mpfr=/remote/atg5/jbuck/mpfr-linux,;t t


Index Nav: [Date Index] [Subject Index] [Author Index] [Thread Index]
Message Nav: [Date Prev] [Date Next] [Thread Prev] [Thread Next]