This is the mail archive of the gcc-testresults@gcc.gnu.org mailing list for the GCC project.


Index Nav: [Date Index] [Subject Index] [Author Index] [Thread Index]
Message Nav: [Date Prev] [Date Next] [Thread Prev] [Thread Next]
Other format: [Raw text]

Results for 4.3.0 20061220 (experimental) testsuite on x86_64-redhat-linux-gnu


LAST_UPDATED: Wed Dec 20 17:22:41 UTC 2006 (revision 120077)

Native configuration is x86_64-redhat-linux-gnu

=== g++ tests ===


Running target unix
XPASS: g++.dg/tree-ssa/ivopts-1.C scan-tree-dump-not &x\[5\]

=== g++ Summary ===

# of expected passes 13630
# of unexpected successes 1
# of expected failures 68
# of unsupported tests 104
/home/testbot/bootstrap/008598/bld/gcc/testsuite/g++/../../g++ version 4.3.0 20061220 (experimental)

=== gcc tests ===


Running target unix
FAIL: gcc.c-torture/execute/mayalias-2.c compilation, -O3 -g (internal compiler error)
UNRESOLVED: gcc.c-torture/execute/mayalias-2.c execution, -O3 -g
FAIL: gcc.c-torture/execute/mayalias-3.c compilation, -O3 -g (internal compiler error)
UNRESOLVED: gcc.c-torture/execute/mayalias-3.c execution, -O3 -g
FAIL: gcc.dg/torture/builtin-pow-mpfr-1.c -O0 scan-tree-dump pow
FAIL: gcc.dg/torture/builtin-pow-mpfr-1.c -O1 scan-tree-dump pow
FAIL: gcc.dg/torture/builtin-pow-mpfr-1.c -O2 scan-tree-dump pow
FAIL: gcc.dg/torture/builtin-pow-mpfr-1.c -O3 -fomit-frame-pointer scan-tree-dump pow
FAIL: gcc.dg/torture/builtin-pow-mpfr-1.c -O3 -g scan-tree-dump pow
FAIL: gcc.dg/torture/builtin-pow-mpfr-1.c -Os scan-tree-dump pow
WARNING: gcc.dg/torture/fp-int-convert-float128-timode.c -O0 compilation failed to produce executable
WARNING: gcc.dg/torture/fp-int-convert-float128-timode.c -O1 compilation failed to produce executable
WARNING: gcc.dg/torture/fp-int-convert-float128-timode.c -O2 compilation failed to produce executable
WARNING: gcc.dg/torture/fp-int-convert-float128-timode.c -O3 -fomit-frame-pointer compilation failed to produce executable
WARNING: gcc.dg/torture/fp-int-convert-float128-timode.c -O3 -g compilation failed to produce executable
WARNING: gcc.dg/torture/fp-int-convert-float128-timode.c -Os compilation failed to produce executable
WARNING: gcc.dg/torture/fp-int-convert-float128.c -O0 compilation failed to produce executable
WARNING: gcc.dg/torture/fp-int-convert-float128.c -O1 compilation failed to produce executable
WARNING: gcc.dg/torture/fp-int-convert-float128.c -O2 compilation failed to produce executable
WARNING: gcc.dg/torture/fp-int-convert-float128.c -O3 -fomit-frame-pointer compilation failed to produce executable
WARNING: gcc.dg/torture/fp-int-convert-float128.c -O3 -g compilation failed to produce executable
WARNING: gcc.dg/torture/fp-int-convert-float128.c -Os compilation failed to produce executable
FAIL: gcc.dg/tree-prof/stringop-1.c scan-tree-dump memcpy.*4\)
FAIL: gcc.dg/tree-ssa/loadpre1.c scan-tree-dump-times Eliminated: 1 1
XPASS: gcc.dg/vect/vect-57.c scan-tree-dump-times vectorized 1 loops 1
XPASS: gcc.dg/vect/vect-61.c scan-tree-dump-times vectorized 1 loops 1
FAIL: gcc.target/i386/ssse3-pabsb.c (test for excess errors)
WARNING: gcc.target/i386/ssse3-pabsb.c compilation failed to produce executable
FAIL: gcc.target/i386/ssse3-pabsd.c (test for excess errors)
WARNING: gcc.target/i386/ssse3-pabsd.c compilation failed to produce executable
FAIL: gcc.target/i386/ssse3-pabsw.c (test for excess errors)
WARNING: gcc.target/i386/ssse3-pabsw.c compilation failed to produce executable
FAIL: gcc.target/i386/ssse3-palignr.c (test for excess errors)
WARNING: gcc.target/i386/ssse3-palignr.c compilation failed to produce executable
FAIL: gcc.target/i386/ssse3-phaddd.c (test for excess errors)
WARNING: gcc.target/i386/ssse3-phaddd.c compilation failed to produce executable
FAIL: gcc.target/i386/ssse3-phaddsw.c (test for excess errors)
WARNING: gcc.target/i386/ssse3-phaddsw.c compilation failed to produce executable
FAIL: gcc.target/i386/ssse3-phaddw.c (test for excess errors)
WARNING: gcc.target/i386/ssse3-phaddw.c compilation failed to produce executable
FAIL: gcc.target/i386/ssse3-phsubd.c (test for excess errors)
WARNING: gcc.target/i386/ssse3-phsubd.c compilation failed to produce executable
FAIL: gcc.target/i386/ssse3-phsubsw.c (test for excess errors)
WARNING: gcc.target/i386/ssse3-phsubsw.c compilation failed to produce executable
FAIL: gcc.target/i386/ssse3-phsubw.c (test for excess errors)
WARNING: gcc.target/i386/ssse3-phsubw.c compilation failed to produce executable
FAIL: gcc.target/i386/ssse3-pmaddubsw.c (test for excess errors)
WARNING: gcc.target/i386/ssse3-pmaddubsw.c compilation failed to produce executable
FAIL: gcc.target/i386/ssse3-pmulhrsw.c (test for excess errors)
WARNING: gcc.target/i386/ssse3-pmulhrsw.c compilation failed to produce executable
FAIL: gcc.target/i386/ssse3-pshufb.c (test for excess errors)
WARNING: gcc.target/i386/ssse3-pshufb.c compilation failed to produce executable
FAIL: gcc.target/i386/ssse3-psignb.c (test for excess errors)
WARNING: gcc.target/i386/ssse3-psignb.c compilation failed to produce executable
FAIL: gcc.target/i386/ssse3-psignd.c (test for excess errors)
WARNING: gcc.target/i386/ssse3-psignd.c compilation failed to produce executable
FAIL: gcc.target/i386/ssse3-psignw.c (test for excess errors)
WARNING: gcc.target/i386/ssse3-psignw.c compilation failed to produce executable

=== gcc Summary ===

# of expected passes 42377
# of unexpected failures 26
# of unexpected successes 2
# of expected failures 121
# of unresolved testcases 2
# of untested testcases 28
# of unsupported tests 406
/home/testbot/bootstrap/008598/bld/gcc/xgcc version 4.3.0 20061220 (experimental)

=== gfortran tests ===


Running target unix
FAIL: gfortran.dg/csqrt_2.f -O0 execution test
FAIL: gfortran.dg/csqrt_2.f -O1 execution test
FAIL: gfortran.dg/csqrt_2.f -O2 execution test
FAIL: gfortran.dg/csqrt_2.f -O3 -fomit-frame-pointer execution test
FAIL: gfortran.dg/csqrt_2.f -O3 -fomit-frame-pointer -funroll-loops execution test
FAIL: gfortran.dg/csqrt_2.f -O3 -fomit-frame-pointer -funroll-all-loops -finline-functions execution test
FAIL: gfortran.dg/csqrt_2.f -O3 -g execution test
FAIL: gfortran.dg/csqrt_2.f -Os execution test

=== gfortran Summary ===

# of expected passes 15700
# of unexpected failures 8
# of expected failures 7
# of unsupported tests 17
/home/testbot/bootstrap/008598/bld/gcc/testsuite/gfortran/../../gfortran version 4.3.0 20061220 (experimental)

=== objc tests ===


Running target unix

=== objc Summary ===

# of expected passes 1766
# of expected failures 7
# of unsupported tests 24
/home/testbot/bootstrap/008598/bld/gcc/xgcc version 4.3.0 20061220 (experimental)

=== libffi tests ===


Running target unix

=== libffi Summary ===

# of expected passes 1096
# of unsupported tests 8
=== libgomp tests ===


Running target unix
FAIL: libgomp.c/atomic-2.c (test for excess errors)
WARNING: libgomp.c/atomic-2.c compilation failed to produce executable
FAIL: libgomp.fortran/pr29629.f90 -Os execution test

=== libgomp Summary ===

# of expected passes 1545
# of unexpected failures 2
=== libjava tests ===


Running target unix
FAIL: /home/testbot/bootstrap/008598/src/libjava/testsuite/libjava.jar/simple.jar execution - gij test
FAIL: PR18116 run
FAIL: PR28178 execution - gij test
FAIL: bytebuffer execution - gij test
FAIL: noclass execution - gij test
FAIL: pr23739 execution - gij test
FAIL: register2 run
FAIL: virtual execution - gij test
FAIL: ArrayStore2 execution - gij test
FAIL: Array_2 execution - gij test
FAIL: Array_3 execution - bytecode->native test
FAIL: Class_1 -O3 -findirect-dispatch execution - bytecode->native test
FAIL: ExtraClassLoader output - source compiled test
FAIL: ExtraClassLoader output - gij test
FAIL: ExtraClassLoader output - bytecode->native test
FAIL: ExtraClassLoader output - gij test
FAIL: ExtraClassLoader -findirect-dispatch output - bytecode->native test
FAIL: ExtraClassLoader -O3 output - source compiled test
FAIL: ExtraClassLoader output - gij test
FAIL: ExtraClassLoader -O3 output - bytecode->native test
FAIL: ExtraClassLoader output - gij test
FAIL: ExtraClassLoader -O3 -findirect-dispatch output - bytecode->native test
FAIL: FileHandleGcTest execution - gij test
FAIL: Float_2 execution - gij test
FAIL: G19990303_01 execution - gij test
FAIL: G19990310_01 execution - gij test
FAIL: G19990310_01 execution - gij test
FAIL: InvokeInterface execution - gij test
FAIL: KeepInline execution - gij test
FAIL: Matrix4f execution - gij test
FAIL: N19990310_4 execution - gij test
FAIL: PR12416 execution - gij test
FAIL: PR16867 execution - gij test
FAIL: PR18699 execution - gij test
FAIL: PR260 execution - gij test
FAIL: PR27908 -O3 execution - source compiled test
FAIL: PR3731 execution - gij test
FAIL: PR7482 execution - gij test
FAIL: Process_1 execution - gij test
FAIL: StackTrace2 execution - bytecode->native test
FAIL: StaticConstructor execution - gij test
FAIL: SyncGlobal -O3 execution - source compiled test
FAIL: SyncGlobal execution - gij test
FAIL: Synch execution - bytecode->native test
FAIL: Throw_1 execution - gij test
FAIL: Throw_3 execution - source compiled test
FAIL: Throw_3 -O3 execution - source compiled test
FAIL: anon_ctor_itf_arg execution - gij test
FAIL: anonarray execution - gij test
FAIL: anonarray3 execution - gij test
FAIL: direct_write execution - gij test
FAIL: indirect_write execution - gij test
FAIL: inner2 execution - gij test
FAIL: inner4 execution - gij test
FAIL: inner_interface execution - gij test
FAIL: negzero execution - gij test
FAIL: pr179 execution - gij test
FAIL: pr6388 execution - gij test
FAIL: pr8945 execution - gij test
FAIL: search_outer execution - gij test
FAIL: shatest execution - gij test
FAIL: test_long execution - gij test

=== libjava Summary ===

# of expected passes 6920
# of unexpected failures 62
# of expected failures 12
# of untested testcases 60
=== libmudflap tests ===


Running target unix
FAIL: libmudflap.cth/pass59-frag.c (test for excess errors)
FAIL: libmudflap.cth/pass59-frag.c (-static -DSTATIC) (test for excess errors)
FAIL: libmudflap.cth/pass59-frag.c (-O2) (test for excess errors)
FAIL: libmudflap.cth/pass59-frag.c (-O3) (test for excess errors)

=== libmudflap Summary ===

# of expected passes 1822
# of unexpected failures 4
=== libstdc++ tests ===


Running target unix
FAIL: abi_check
XPASS: 26_numerics/cmath/c99_classification_macros_c.cc (test for excess errors)
XPASS: 27_io/fpos/14320-1.cc execution test

=== libstdc++ Summary ===

# of expected passes 4464
# of unexpected failures 1
# of unexpected successes 2
# of expected failures 14

Compiler version: 4.3.0 20061220 (experimental)
Platform: x86_64-redhat-linux-gnu
configure flags: --prefix=/home/testbot/bootstrap/008598/usr --program-suffix=-43 -enable-shared --enable-threads=posix --enable-checking --with-system-zlib --enable-__cxa_atexit --host=x86_64-redhat-linux --enable-languages=c,c++,fortran,java,objc


Index Nav: [Date Index] [Subject Index] [Author Index] [Thread Index]
Message Nav: [Date Prev] [Date Next] [Thread Prev] [Thread Next]