This is the mail archive of the gcc-testresults@gcc.gnu.org mailing list for the GCC project.


Index Nav: [Date Index] [Subject Index] [Author Index] [Thread Index]
Message Nav: [Date Prev] [Date Next] [Thread Prev] [Thread Next]
Other format: [Raw text]

Results for 4.2.0 20061220 (prerelease) testsuite on i686-pc-linux-gnu


LAST_UPDATED: 
Native configuration is i686-pc-linux-gnu

		=== gcc tests ===


Running target unix
FAIL: gcc.c-torture/execute/mayalias-2.c compilation,  -O3 -g  (internal compiler error)
UNRESOLVED: gcc.c-torture/execute/mayalias-2.c execution,  -O3 -g 
FAIL: gcc.dg/tree-ssa/loadpre1.c scan-tree-dump-times Eliminated: 1 1
FAIL: gcc.dg/tree-ssa/loadpre14.c scan-tree-dump-times Eliminated: 1 1
FAIL: gcc.dg/tree-ssa/loadpre15.c scan-tree-dump-times Eliminated: 1 1
FAIL: gcc.target/i386/sse-18.c execution test
FAIL: gcc.target/i386/vectorize1.c (internal compiler error)
FAIL: gcc.target/i386/vectorize1.c (test for excess errors)

		=== gcc Summary ===

# of expected passes		41676
# of unexpected failures	7
# of expected failures		112
# of unresolved testcases	1
# of untested testcases		28
# of unsupported tests		292
/home/fxcoudert/gfortran_nightbuild/ibin-20061220/gcc/xgcc  version 4.2.0 20061220 (prerelease)

		=== gfortran tests ===


Running target unix

		=== gfortran Summary ===

# of expected passes		15211
# of expected failures		15
# of unsupported tests		16
/home/fxcoudert/gfortran_nightbuild/ibin-20061220/gcc/testsuite/gfortran/../../gfortran  version 4.2.0 20061220 (prerelease)


Compiler version: 4.2.0 20061220 (prerelease) 
Platform: i686-pc-linux-gnu
configure flags: --prefix=/home/fxcoudert/gfortran_nightbuild/irun-20061220 --enable-languages=c,fortran --with-gmp=/home/fxcoudert/gfortran_nightbuild/software,;t t


Index Nav: [Date Index] [Subject Index] [Author Index] [Thread Index]
Message Nav: [Date Prev] [Date Next] [Thread Prev] [Thread Next]