This is the mail archive of the
gcc-testresults@gcc.gnu.org
mailing list for the GCC project.
Results for 4.3.0 20061216 (experimental) testsuite on i686-pc-cygwin
- From: Tim Prince <timothyprince at sbcglobal dot net>
- To: gcc-testresults at gcc dot gnu dot org
- Date: Tue, 19 Dec 2006 06:29:22 -0800
- Subject: Results for 4.3.0 20061216 (experimental) testsuite on i686-pc-cygwin
- Reply-to: tprince at myrealbox dot com
ly comparison
FAIL: g++.dg/pch/system-1.C -O2 -g assembly comparison
FAIL: g++.dg/pch/system-2.C -g assembly comparison
FAIL: g++.dg/pch/system-2.C -O2 -g assembly comparison
FAIL: g++.dg/pch/uninst.C -g assembly comparison
FAIL: g++.dg/pch/uninst.C -O2 -g assembly comparison
FAIL: g++.dg/pch/wchar-1.C -g assembly comparison
FAIL: g++.dg/pch/wchar-1.C -O2 -g assembly comparison
FAIL: g++.old-deja/g++.eh/badalloc1.C execution test
XPASS: g++.old-deja/g++.ext/attrib5.C execution test
FAIL: g++.old-deja/g++.other/init18.C execution test
FAIL: g++.old-deja/g++.other/init19.C execution test
FAIL: g++.old-deja/g++.other/init5.C execution test
=== g++ Summary ===
# of expected passes 13841
# of unexpected failures 26
# of unexpected successes 2
# of expected failures 68
# of unsupported tests 167
/cygdrive/c/gnu/gcc-4.3-20061216/xp/gcc/testsuite/g++/../../g++ version
4.3.0 20061216 (experimental)
=== gcc tests ===
Running target unix
FAIL: gcc.dg/cpp/trad/include.c (test for excess errors)
FAIL: gcc.dg/cpp/trad/include.c (test for excess errors)
FAIL: gcc.dg/builtins-57.c scan-tree-dump trunc
FAIL: gcc.dg/pr25993.c (test for excess errors)
FAIL: gcc.dg/setjmp-3.c (test for excess errors)
WARNING: gcc.dg/setjmp-3.c compilation failed to produce executable
FAIL: gcc.dg/setjmp-4.c (test for excess errors)
WARNING: gcc.dg/setjmp-4.c compilation failed to produce executable
FAIL: largefile.c (test for excess errors)
FAIL: largefile.c (test for excess errors)
FAIL: largefile.c (test for excess errors)
FAIL: largefile.c (test for excess errors)
FAIL: largefile.c (test for excess errors)
FAIL: largefile.c (test for excess errors)
FAIL: largefile.c (test for excess errors)
FAIL: gcc.dg/tree-ssa/loadpre1.c scan-tree-dump-times Eliminated: 1 1
FAIL: gcc.dg/tree-ssa/loop-1.c scan-assembler-times foo 5
XPASS: gcc.dg/vect/vect-57.c scan-tree-dump-times vectorized 1 loops 1
XPASS: gcc.dg/vect/vect-61.c scan-tree-dump-times vectorized 1 loops 1
FAIL: compiler driver --coverage option(s) (compiler options)
FAIL: gcc.target/i386/pic-1.c (test for errors, line 10)
FAIL: gcc.target/i386/ssse3-pabsb.c (test for excess errors)
WARNING: gcc.target/i386/ssse3-pabsb.c compilation failed to produce
executable
FAIL: gcc.target/i386/ssse3-pabsd.c (test for excess errors)
WARNING: gcc.target/i386/ssse3-pabsd.c compilation failed to produce
executable
FAIL: gcc.target/i386/ssse3-pabsw.c (test for excess errors)
WARNING: gcc.target/i386/ssse3-pabsw.c compilation failed to produce
executable
FAIL: gcc.target/i386/ssse3-palignr.c (test for excess errors)
WARNING: gcc.target/i386/ssse3-palignr.c compilation failed to produce
executable
FAIL: gcc.target/i386/ssse3-phaddd.c (test for excess errors)
WARNING: gcc.target/i386/ssse3-phaddd.c compilation failed to produce
executable
FAIL: gcc.target/i386/ssse3-phaddsw.c (test for excess errors)
WARNING: gcc.target/i386/ssse3-phaddsw.c compilation failed to produce
executable
FAIL: gcc.target/i386/ssse3-phaddw.c (test for excess errors)
WARNING: gcc.target/i386/ssse3-phaddw.c compilation failed to produce
executable
FAIL: gcc.target/i386/ssse3-phsubd.c (test for excess errors)
WARNING: gcc.target/i386/ssse3-phsubd.c compilation failed to produce
executable
FAIL: gcc.target/i386/ssse3-phsubsw.c (test for excess errors)
WARNING: gcc.target/i386/ssse3-phsubsw.c compilation failed to produce
executable
FAIL: gcc.target/i386/ssse3-phsubw.c (test for excess errors)
WARNING: gcc.target/i386/ssse3-phsubw.c compilation failed to produce
executable
FAIL: gcc.target/i386/ssse3-pmaddubsw.c (test for excess errors)
WARNING: gcc.target/i386/ssse3-pmaddubsw.c compilation failed to produce
executable
FAIL: gcc.target/i386/ssse3-pmulhrsw.c (test for excess errors)
WARNING: gcc.target/i386/ssse3-pmulhrsw.c compilation failed to produce
executable
FAIL: gcc.target/i386/ssse3-pshufb.c (test for excess errors)
WARNING: gcc.target/i386/ssse3-pshufb.c compilation failed to produce
executable
FAIL: gcc.target/i386/ssse3-psignb.c (test for excess errors)
WARNING: gcc.target/i386/ssse3-psignb.c compilation failed to produce
executable
FAIL: gcc.target/i386/ssse3-psignd.c (test for excess errors)
WARNING: gcc.target/i386/ssse3-psignd.c compilation failed to produce
executable
FAIL: gcc.target/i386/ssse3-psignw.c (test for excess errors)
WARNING: gcc.target/i386/ssse3-psignw.c compilation failed to produce
executable
FAIL: gcc.target/i386/math-torture/lceil.c (internal compiler error)
FAIL: gcc.target/i386/math-torture/lceil.c (test for excess errors)
FAIL: gcc.target/i386/math-torture/lceil.c (internal compiler error)
FAIL: gcc.target/i386/math-torture/lceil.c (test for excess errors)
FAIL: gcc.target/i386/math-torture/lceil.c (internal compiler error)
FAIL: gcc.target/i386/math-torture/lceil.c (test for excess errors)
FAIL: gcc.target/i386/math-torture/lceil.c (internal compiler error)
FAIL: gcc.target/i386/math-torture/lceil.c (test for excess errors)
FAIL: gcc.target/i386/math-torture/lceil.c (internal compiler error)
FAIL: gcc.target/i386/math-torture/lceil.c (test for excess errors)
FAIL: gcc.target/i386/math-torture/lceil.c (internal compiler error)
FAIL: gcc.target/i386/math-torture/lceil.c (test for excess errors)
FAIL: gcc.target/i386/math-torture/lfloor.c (internal compiler error)
FAIL: gcc.target/i386/math-torture/lfloor.c (test for excess errors)
FAIL: gcc.target/i386/math-torture/lfloor.c (internal compiler error)
FAIL: gcc.target/i386/math-torture/lfloor.c (test for excess errors)
FAIL: gcc.target/i386/math-torture/lfloor.c (internal compiler error)
FAIL: gcc.target/i386/math-torture/lfloor.c (test for excess errors)
FAIL: gcc.target/i386/math-torture/lfloor.c (internal compiler error)
FAIL: gcc.target/i386/math-torture/lfloor.c (test for excess errors)
FAIL: gcc.target/i386/math-torture/lfloor.c (internal compiler error)
FAIL: gcc.target/i386/math-torture/lfloor.c (test for excess errors)
FAIL: gcc.target/i386/math-torture/lfloor.c (internal compiler error)
FAIL: gcc.target/i386/math-torture/lfloor.c (test for excess errors)
FAIL: gcc.target/i386/math-torture/lceil.c (internal compiler error)
FAIL: gcc.target/i386/math-torture/lceil.c (test for excess errors)
FAIL: gcc.target/i386/math-torture/lceil.c (internal compiler error)
FAIL: gcc.target/i386/math-torture/lceil.c (test for excess errors)
FAIL: gcc.target/i386/math-torture/lceil.c (internal compiler error)
FAIL: gcc.target/i386/math-torture/lceil.c (test for excess errors)
FAIL: gcc.target/i386/math-torture/lceil.c (internal compiler error)
FAIL: gcc.target/i386/math-torture/lceil.c (test for excess errors)
FAIL: gcc.target/i386/math-torture/lceil.c (internal compiler error)
FAIL: gcc.target/i386/math-torture/lceil.c (test for excess errors)
FAIL: gcc.target/i386/math-torture/lceil.c (internal compiler error)
FAIL: gcc.target/i386/math-torture/lceil.c (test for excess errors)
FAIL: gcc.target/i386/math-torture/lfloor.c (internal compiler error)
FAIL: gcc.target/i386/math-torture/lfloor.c (test for excess errors)
FAIL: gcc.target/i386/math-torture/lfloor.c (internal compiler error)
FAIL: gcc.target/i386/math-torture/lfloor.c (test for excess errors)
FAIL: gcc.target/i386/math-torture/lfloor.c (internal compiler error)
FAIL: gcc.target/i386/math-torture/lfloor.c (test for excess errors)
FAIL: gcc.target/i386/math-torture/lfloor.c (internal compiler error)
FAIL: gcc.target/i386/math-torture/lfloor.c (test for excess errors)
FAIL: gcc.target/i386/math-torture/lfloor.c (internal compiler error)
FAIL: gcc.target/i386/math-torture/lfloor.c (test for excess errors)
FAIL: gcc.target/i386/math-torture/lfloor.c (internal compiler error)
FAIL: gcc.target/i386/math-torture/lfloor.c (test for excess errors)
=== gcc Summary ===
# of expected passes 44145
# of unexpected failures 81
# of unexpected successes 2
# of expected failures 109
# of untested testcases 35
# of unsupported tests 365
/cygdrive/c/gnu/gcc-4.3-20061216/xp/gcc/xgcc version 4.3.0 20061216
(experimental)
=== gfortran tests ===
Running target unix
FAIL: gfortran.dg/entry_6.f90 (test for excess errors)
WARNING: gfortran.dg/entry_6.f90 compilation failed to produce executable
FAIL: gfortran.dg/merge_char_1.f90 (test for excess errors)
WARNING: gfortran.dg/merge_char_1.f90 compilation failed to produce
executable
FAIL: gfortran.dg/merge_char_1.f90 (test for excess errors)
WARNING: gfortran.dg/merge_char_1.f90 compilation failed to produce
executable
FAIL: gfortran.dg/power.f90 (test for excess errors)
WARNING: gfortran.dg/power.f90 compilation failed to produce executable
FAIL: gfortran.dg/specifics_1.f90 (test for excess errors)
WARNING: gfortran.dg/specifics_1.f90 compilation failed to produce
executable
FAIL: gfortran.dg/specifics_1.f90 (test for excess errors)
WARNING: gfortran.dg/specifics_1.f90 compilation failed to produce
executable
FAIL: gfortran.dg/specifics_1.f90 (test for excess errors)
WARNING: gfortran.dg/specifics_1.f90 compilation failed to produce
executable
FAIL: gfortran.dg/specifics_1.f90 (test for excess errors)
WARNING: gfortran.dg/specifics_1.f90 compilation failed to produce
executable
FAIL: gfortran.dg/specifics_1.f90 (test for excess errors)
WARNING: gfortran.dg/specifics_1.f90 compilation failed to produce
executable
FAIL: gfortran.dg/specifics_1.f90 (test for excess errors)
WARNING: gfortran.dg/specifics_1.f90 compilation failed to produce
executable
FAIL: gfortran.dg/specifics_1.f90 (test for excess errors)
WARNING: gfortran.dg/specifics_1.f90 compilation failed to produce
executable
FAIL: gfortran.dg/specifics_1.f90 (test for excess errors)
WARNING: gfortran.dg/specifics_1.f90 compilation failed to produce
executable
FAIL: gfortran.fortran-torture/execute/csqrt_1.f90 compilation, -O0
FAIL: gfortran.fortran-torture/execute/csqrt_1.f90 compilation, -O1
FAIL: gfortran.fortran-torture/execute/csqrt_1.f90 compilation, -O2
FAIL: gfortran.fortran-torture/execute/csqrt_1.f90 compilation, -O3
-fomit-frame-pointer
FAIL: gfortran.fortran-torture/execute/csqrt_1.f90 compilation, -O3
-fomit-frame-pointer -funroll-loops
FAIL: gfortran.fortran-torture/execute/csqrt_1.f90 compilation, -O3
-fomit-frame-pointer -funroll-all-loops -finline-functions
FAIL: gfortran.fortran-torture/execute/csqrt_1.f90 compilation, -O3 -g
FAIL: gfortran.fortran-torture/execute/csqrt_1.f90 compilation, -Os
FAIL: gfortran.fortran-torture/execute/intrinsic_dummy.f90 compilation,
-O0
FAIL: gfortran.fortran-torture/execute/intrinsic_dummy.f90 compilation,
-O1
FAIL: gfortran.fortran-torture/execute/intrinsic_dummy.f90 compilation,
-O2
FAIL: gfortran.fortran-torture/execute/intrinsic_dummy.f90 compilation,
-O3 -fomit-frame-pointer
FAIL: gfortran.fortran-torture/execute/intrinsic_dummy.f90 compilation,
-O3 -fomit-frame-pointer -funroll-loops
FAIL: gfortran.fortran-torture/execute/intrinsic_dummy.f90 compilation,
-O3 -fomit-frame-pointer -funroll-all-loops -finline-functions
FAIL: gfortran.fortran-torture/execute/intrinsic_dummy.f90 compilation,
-O3 -g
FAIL: gfortran.fortran-torture/execute/intrinsic_dummy.f90 compilation,
-Os
FAIL: gfortran.fortran-torture/execute/intrinsic_fraction_exponent.f90
compilation, -O0
FAIL: gfortran.fortran-torture/execute/intrinsic_fraction_exponent.f90
compilation, -O1
FAIL: gfortran.fortran-torture/execute/intrinsic_fraction_exponent.f90
compilation, -O2
FAIL: gfortran.fortran-torture/execute/intrinsic_fraction_exponent.f90
compilation, -O3 -fomit-frame-pointer
FAIL: gfortran.fortran-torture/execute/intrinsic_fraction_exponent.f90
compilation, -O3 -fomit-frame-pointer -funroll-loops
FAIL: gfortran.fortran-torture/execute/intrinsic_fraction_exponent.f90
compilation, -O3 -fomit-frame-pointer -funroll-all-loops
-finline-functions
FAIL: gfortran.fortran-torture/execute/intrinsic_fraction_exponent.f90
compilation, -O3 -g
FAIL: gfortran.fortran-torture/execute/intrinsic_fraction_exponent.f90
compilation, -Os
FAIL: gfortran.fortran-torture/execute/intrinsic_rrspacing.f90
compilation, -O0
FAIL: gfortran.fortran-torture/execute/intrinsic_rrspacing.f90
compilation, -O1
FAIL: gfortran.fortran-torture/execute/intrinsic_rrspacing.f90
compilation, -O2
FAIL: gfortran.fortran-torture/execute/intrinsic_rrspacing.f90
compilation, -O3 -fomit-frame-pointer
FAIL: gfortran.fortran-torture/execute/intrinsic_rrspacing.f90
compilation, -O3 -fomit-frame-pointer -funroll-loops
FAIL: gfortran.fortran-torture/execute/intrinsic_rrspacing.f90
compilation, -O3 -fomit-frame-pointer -funroll-all-loops
-finline-functions
FAIL: gfortran.fortran-torture/execute/intrinsic_rrspacing.f90
compilation, -O3 -g
FAIL: gfortran.fortran-torture/execute/intrinsic_rrspacing.f90
compilation, -Os
FAIL: gfortran.fortran-torture/execute/intrinsic_scale.f90 compilation,
-O0
FAIL: gfortran.fortran-torture/execute/intrinsic_scale.f90 compilation,
-O1
FAIL: gfortran.fortran-torture/execute/intrinsic_scale.f90 compilation,
-O2
FAIL: gfortran.fortran-torture/execute/intrinsic_scale.f90 compilation,
-O3 -fomit-frame-pointer
FAIL: gfortran.fortran-torture/execute/intrinsic_scale.f90 compilation,
-O3 -fomit-frame-pointer -funroll-loops
FAIL: gfortran.fortran-torture/execute/intrinsic_scale.f90 compilation,
-O3 -fomit-frame-pointer -funroll-all-loops -finline-functions
FAIL: gfortran.fortran-torture/execute/intrinsic_scale.f90 compilation,
-O3 -g
FAIL: gfortran.fortran-torture/execute/intrinsic_scale.f90 compilation,
-Os
FAIL: gfortran.fortran-torture/execute/intrinsic_spacing.f90
compilation, -O0
FAIL: gfortran.fortran-torture/execute/intrinsic_spacing.f90
compilation, -O1
FAIL: gfortran.fortran-torture/execute/intrinsic_spacing.f90
compilation, -O2
FAIL: gfortran.fortran-torture/execute/intrinsic_spacing.f90
compilation, -O3 -fomit-frame-pointer
FAIL: gfortran.fortran-torture/execute/intrinsic_spacing.f90
compilation, -O3 -fomit-frame-pointer -funroll-loops
FAIL: gfortran.fortran-torture/execute/intrinsic_spacing.f90
compilation, -O3 -fomit-frame-pointer -funroll-all-loops
-finline-functions
FAIL: gfortran.fortran-torture/execute/intrinsic_spacing.f90
compilation, -O3 -g
FAIL: gfortran.fortran-torture/execute/intrinsic_spacing.f90
compilation, -Os
FAIL: gfortran.fortran-torture/execute/power.f90 compilation, -O0
FAIL: gfortran.fortran-torture/execute/power.f90 compilation, -O1
FAIL: gfortran.fortran-torture/execute/power.f90 compilation, -O2
FAIL: gfortran.fortran-torture/execute/power.f90 compilation, -O3
-fomit-frame-pointer
FAIL: gfortran.fortran-torture/execute/power.f90 compilation, -O3
-fomit-frame-pointer -funroll-loops
FAIL: gfortran.fortran-torture/execute/power.f90 compilation, -O3
-fomit-frame-pointer -funroll-all-loops -finline-functions
FAIL: gfortran.fortran-torture/execute/power.f90 compilation, -O3 -g
FAIL: gfortran.fortran-torture/execute/power.f90 compilation, -Os
FAIL: gfortran.fortran-torture/execute/spec_abs.f90 compilation, -O0
FAIL: gfortran.fortran-torture/execute/spec_abs.f90 compilation, -O1
FAIL: gfortran.fortran-torture/execute/spec_abs.f90 compilation, -O2
FAIL: gfortran.fortran-torture/execute/spec_abs.f90 compilation, -O3
-fomit-frame-pointer
FAIL: gfortran.fortran-torture/execute/spec_abs.f90 compilation, -O3
-fomit-frame-pointer -funroll-loops
FAIL: gfortran.fortran-torture/execute/spec_abs.f90 compilation, -O3
-fomit-frame-pointer -funroll-all-loops -finline-functions
FAIL: gfortran.fortran-torture/execute/spec_abs.f90 compilation, -O3 -g
FAIL: gfortran.fortran-torture/execute/spec_abs.f90 compilation, -Os
FAIL: gfortran.fortran-torture/execute/specifics.f90 compilation, -O0
FAIL: gfortran.fortran-torture/execute/specifics.f90 compilation, -O1
FAIL: gfortran.fortran-torture/execute/specifics.f90 compilation, -O2
FAIL: gfortran.fortran-torture/execute/specifics.f90 compilation, -O3
-fomit-frame-pointer
FAIL: gfortran.fortran-torture/execute/specifics.f90 compilation, -O3
-fomit-frame-pointer -funroll-loops
FAIL: gfortran.fortran-torture/execute/specifics.f90 compilation, -O3
-fomit-frame-pointer -funroll-all-loops -finline-functions
FAIL: gfortran.fortran-torture/execute/specifics.f90 compilation, -O3 -g
FAIL: gfortran.fortran-torture/execute/specifics.f90 compilation, -Os
=== gfortran Summary ===
# of expected passes 15333
# of unexpected failures 84
# of expected failures 7
# of untested testcases 72
# of unsupported tests 86
/cygdrive/c/gnu/gcc-4.3-20061216/xp/gcc/testsuite/gfortran/../../gfortran
version 4.3.0 20061216 (experimental)
=== objc tests ===
Running target unix
=== objc Summary ===
# of expected passes 1830
# of expected failures 7
# of unsupported tests 24
/cygdrive/c/gnu/gcc-4.3-20061216/xp/gcc/xgcc version 4.3.0 20061216
(experimental)
=== treelang tests ===
Running target unix
ERROR: tcl error sourcing
/cygdrive/c/gnu/gcc-4.3-20061216/gcc/testsuite/treelang/output/output.exp.
ERROR: rm: cannot remove \`treelang/output-1': No such file or directory
=== treelang Summary ===
# of expected passes 52
=== libstdc++ tests ===
Running target unix
FAIL: 26_numerics/cmath/c99_classification_macros_c.cc (test for excess
errors)
FAIL: 27_io/basic_filebuf/seekoff/char/1-io.cc execution test
FAIL: 27_io/basic_filebuf/seekoff/char/1-io.cc execution test
FAIL: 27_io/basic_filebuf/seekoff/char/2-io.cc execution test
FAIL: 27_io/basic_filebuf/seekoff/char/2-io.cc execution test
FAIL: 27_io/basic_filebuf/seekpos/char/1-io.cc execution test
FAIL: 27_io/basic_filebuf/seekpos/char/1-io.cc execution test
FAIL: 27_io/basic_filebuf/seekpos/char/2-io.cc execution test
FAIL: 27_io/basic_filebuf/seekpos/char/2-io.cc execution test
FAIL: 27_io/basic_filebuf/sgetn/char/1-in.cc execution test
FAIL: 27_io/basic_filebuf/sgetn/char/1-in.cc execution test
FAIL: 27_io/basic_filebuf/sgetn/char/1-in.cc execution test
FAIL: 27_io/basic_filebuf/sgetn/char/1-io.cc execution test
FAIL: 27_io/basic_filebuf/sgetn/char/1-io.cc execution test
FAIL: 27_io/basic_filebuf/sgetn/char/1-io.cc execution test
FAIL: 27_io/basic_filebuf/sgetn/char/2-in.cc execution test
FAIL: 27_io/basic_filebuf/sgetn/char/2-in.cc execution test
FAIL: 27_io/basic_filebuf/sgetn/char/2-in.cc execution test
FAIL: 27_io/basic_filebuf/sgetn/char/2-io.cc execution test
FAIL: 27_io/basic_filebuf/sgetn/char/2-io.cc execution test
FAIL: 27_io/basic_filebuf/sgetn/char/2-io.cc execution test
FAIL: 27_io/basic_istream/extractors_arithmetic/char/12.cc execution test
FAIL: 27_io/basic_istream/extractors_arithmetic/char/12.cc execution test
FAIL: 27_io/basic_istream/extractors_arithmetic/char/12.cc execution test
FAIL: 27_io/basic_istream/readsome/char/6746-2.cc execution test
FAIL: 27_io/basic_istream/readsome/char/6746-2.cc execution test
FAIL: 27_io/basic_istream/readsome/char/6746-2.cc execution test
FAIL: ext/pb_ds/example/priority_queue_dijkstra.cc execution test
FAIL: ext/pb_ds/example/priority_queue_dijkstra.cc execution test
FAIL: ext/pb_ds/regression/tree_data_map_rand.cc execution test
FAIL: ext/pb_ds/regression/tree_data_map_rand.cc execution test
FAIL: ext/pb_ds/regression/trie_data_map_rand.cc execution test
FAIL: ext/pb_ds/regression/trie_data_map_rand.cc execution test
=== libstdc++ Summary ===
# of expected passes 6980
# of unexpected failures 33
# of expected failures 31
# of unsupported tests 447
Compiler version: 4.3.0 20061216 (experimental)
Platform: i686-pc-cygwin
configure flags: '--enable-languages=fortran objc treelang c c++'
--enable-threads=posix --enable-sjlj-exceptions --disable-libmudflap
--disable-shared --enable-maintainer-mode --prefix=/usr/local/gcc43
--enable-bootstrap --enable-languages=c,c++,fortran,objc,treelang