This is the mail archive of the gcc-testresults@gcc.gnu.org mailing list for the GCC project.


Index Nav: [Date Index] [Subject Index] [Author Index] [Thread Index]
Message Nav: [Date Prev] [Date Next] [Thread Prev] [Thread Next]
Other format: [Raw text]

Results for 4.3.0 20061215 (experimental) testsuite on arm-none-eabi


LAST_UPDATED: Fri Dec 15 08:19:29 UTC 2006 (/trunk revision 119876)

Target is arm-none-eabi
Host   is i686-pc-linux-gnu

		=== g++ tests ===


Running target arm-sim
FAIL: g++.dg/cpp/_Pragma1.C (test for excess errors)
FAIL: g++.dg/eh/gcsec1.C execution test
WARNING: program timed out.
FAIL: g++.dg/init/array15.C execution test
WARNING: program timed out.
FAIL: g++.dg/init/array16.C execution test
FAIL: g++.dg/opt/switch4.C (test for excess errors)
XPASS: g++.dg/other/packed1.C execution test
FAIL: g++.dg/template/dependent-expr1.C  (test for errors, line 22)
FAIL: g++.old-deja/g++.other/init19.C execution test

		=== g++ Summary ===

# of expected passes		13208
# of unexpected failures	7
# of unexpected successes	1
# of expected failures		68
# of unsupported tests		129
/scratch/gcc/nightly-2006-12-15-mainline/arm-none-eabi/build_gcc/build/test-mainline-0-arm-none-eabi/host-i686-pc-linux-gnu/fsf-mainline/bin/arm-none-eabi-c++  version 4.3.0 20061215 (experimental)

Host   is i686-pc-linux-gnu

		=== gcc tests ===


Running target arm-sim
FAIL: gcc.c-torture/execute/mayalias-2.c compilation,  -O3 -g  (internal compiler error)
UNRESOLVED: gcc.c-torture/execute/mayalias-2.c execution,  -O3 -g 
FAIL: gcc.c-torture/execute/mayalias-3.c compilation,  -O3 -g  (internal compiler error)
UNRESOLVED: gcc.c-torture/execute/mayalias-3.c execution,  -O3 -g 
FAIL: gcc.dg/compat/struct-layout-1 c_compat_x_tst.o compile
FAIL: gcc.dg/compat/struct-layout-1 c_compat_y_tst.o compile
UNRESOLVED: gcc.dg/compat/struct-layout-1 c_compat_x_tst.o-c_compat_y_tst.o link 
UNRESOLVED: gcc.dg/compat/struct-layout-1 c_compat_x_tst.o-c_compat_y_tst.o execute 
FAIL: gcc.dg/cpp/_Pragma6.c (test for excess errors)
FAIL: gcc.dg/cpp/trad/include.c (test for excess errors)
FAIL: gcc.dg/arm-g2.c scan-assembler mla[ \\t].*
FAIL: gcc.dg/builtins-57.c scan-tree-dump trunc
WARNING: program timed out.
FAIL: gcc.dg/c99-intconst-1.c (test for excess errors)
FAIL: gcc.dg/memcpy-1.c scan-tree-dump-times nasty_local 0
FAIL: gcc.dg/tls/alias-1.c (test for excess errors)
FAIL: gcc.dg/tls/opt-2.c (test for excess errors)
FAIL: gcc.dg/tree-ssa/loadpre1.c scan-tree-dump-times Eliminated: 1 1

		=== gcc Summary ===

# of expected passes		40464
# of unexpected failures	13
# of expected failures		76
# of unresolved testcases	4
# of untested testcases		28
# of unsupported tests		413
/scratch/gcc/nightly-2006-12-15-mainline/arm-none-eabi/build_gcc/build/test-mainline-0-arm-none-eabi/host-i686-pc-linux-gnu/fsf-mainline/bin/arm-none-eabi-gcc  version 4.3.0 20061215 (experimental)

Host   is i686-pc-linux-gnu

		=== libstdc++ tests ===


Running target arm-sim
WARNING: program timed out.
FAIL: 21_strings/basic_string/append/char/3.cc execution test
WARNING: program timed out.
FAIL: 21_strings/basic_string/capacity/char/18654.cc execution test
WARNING: program timed out.
FAIL: 21_strings/basic_string/cons/char/6.cc execution test
WARNING: program timed out.
FAIL: 21_strings/basic_string/inserters_extractors/char/10.cc execution test
WARNING: program timed out.
FAIL: 21_strings/basic_string/inserters_extractors/char/11.cc execution test
FAIL: 21_strings/basic_string/inserters_extractors/char/28277.cc execution test
WARNING: program timed out.
FAIL: 22_locale/collate/transform/char/28277.cc execution test
FAIL: 23_containers/set/modifiers/16728.cc execution test
FAIL: 26_numerics/cmath/c99_classification_macros_c.cc (test for excess errors)
WARNING: program timed out.
FAIL: 26_numerics/valarray/28277.cc execution test
FAIL: 27_io/basic_istream/extractors_arithmetic/char/12.cc execution test
WARNING: program timed out.
FAIL: 27_io/basic_istream/extractors_character/char/4.cc execution test
WARNING: program timed out.
FAIL: 27_io/basic_istream/getline/char/5.cc execution test
WARNING: program timed out.
FAIL: 27_io/basic_istream/ignore/char/2.cc execution test
FAIL: 27_io/basic_ostream/inserters_character/char/28277-3.cc execution test
FAIL: 27_io/basic_ostream/inserters_character/char/28277-4.cc execution test
WARNING: program timed out.
FAIL: 27_io/basic_stringbuf/overflow/char/1.cc execution test
WARNING: program timed out.
FAIL: 27_io/basic_stringbuf/setbuf/char/4.cc execution test
FAIL: 27_io/ios_base/sync_with_stdio/1.cc execution test
FAIL: 27_io/objects/char/10.cc execution test
FAIL: abi/header_cxxabi.c (test for excess errors)
WARNING: program timed out.
FAIL: ext/pb_ds/example/priority_queue_dijkstra.cc execution test
WARNING: program timed out.
FAIL: ext/pb_ds/regression/hash_data_map_rand.cc execution test
WARNING: program timed out.
FAIL: ext/pb_ds/regression/hash_no_data_map_rand.cc execution test
WARNING: program timed out.
FAIL: ext/pb_ds/regression/priority_queue_rand.cc execution test
WARNING: program timed out.
FAIL: ext/pb_ds/regression/tree_data_map_rand.cc execution test
WARNING: program timed out.
FAIL: ext/pb_ds/regression/tree_no_data_map_rand.cc execution test
WARNING: program timed out.
FAIL: ext/pb_ds/regression/trie_data_map_rand.cc execution test
WARNING: program timed out.
FAIL: ext/pb_ds/regression/trie_no_data_map_rand.cc execution test
FAIL: ext/rope/3.cc execution test
XPASS: ext/stdio_filebuf/char/10063-2.cc execution test
XPASS: ext/stdio_filebuf/char/10063-3.cc execution test
WARNING: program timed out.
WARNING: program timed out.
FAIL: tr1/6_containers/unordered/hashtable/26132.cc execution test

		=== libstdc++ Summary ===

# of expected passes		2945
# of unexpected failures	31
# of unexpected successes	2
# of expected failures		18
# of unsupported tests		152
Host   is i686-pc-linux-gnu

		=== g++ tests ===


Running target arm-sim/-mthumb
FAIL: g++.dg/cpp/_Pragma1.C (test for excess errors)
WARNING: program timed out.
FAIL: g++.dg/eh/forced1.C execution test
FAIL: g++.dg/eh/gcsec1.C execution test
WARNING: program timed out.
FAIL: g++.dg/init/array15.C execution test
WARNING: program timed out.
FAIL: g++.dg/init/array16.C execution test
FAIL: g++.dg/opt/switch4.C (test for excess errors)
XPASS: g++.dg/other/packed1.C execution test
FAIL: g++.dg/template/dependent-expr1.C  (test for errors, line 22)
FAIL: g++.old-deja/g++.other/init19.C execution test

		=== g++ Summary ===

# of expected passes		13205
# of unexpected failures	8
# of unexpected successes	1
# of expected failures		68
# of unsupported tests		130
/scratch/gcc/nightly-2006-12-15-mainline/arm-none-eabi/build_gcc/build/test-mainline-0-arm-none-eabi/host-i686-pc-linux-gnu/fsf-mainline/bin/arm-none-eabi-c++  version 4.3.0 20061215 (experimental)

Host   is i686-pc-linux-gnu

		=== gcc tests ===


Running target arm-sim/-mthumb
FAIL: gcc.c-torture/execute/builtins/strcat.c compilation,  -O2  (internal compiler error)
UNRESOLVED: gcc.c-torture/execute/builtins/strcat.c execution,  -O2 
FAIL: gcc.c-torture/execute/builtins/strcat.c compilation,  -O3 -fomit-frame-pointer  (internal compiler error)
UNRESOLVED: gcc.c-torture/execute/builtins/strcat.c execution,  -O3 -fomit-frame-pointer 
FAIL: gcc.c-torture/execute/builtins/strcat.c compilation,  -O3 -fomit-frame-pointer -funroll-loops  (internal compiler error)
UNRESOLVED: gcc.c-torture/execute/builtins/strcat.c execution,  -O3 -fomit-frame-pointer -funroll-loops 
FAIL: gcc.c-torture/execute/builtins/strcat.c compilation,  -O3 -fomit-frame-pointer -funroll-all-loops -finline-functions  (internal compiler error)
UNRESOLVED: gcc.c-torture/execute/builtins/strcat.c execution,  -O3 -fomit-frame-pointer -funroll-all-loops -finline-functions 
FAIL: gcc.c-torture/execute/builtins/strcat.c compilation,  -O3 -g  (internal compiler error)
UNRESOLVED: gcc.c-torture/execute/builtins/strcat.c execution,  -O3 -g 
FAIL: gcc.c-torture/execute/builtins/strncat-chk.c compilation,  -O2  (internal compiler error)
UNRESOLVED: gcc.c-torture/execute/builtins/strncat-chk.c execution,  -O2 
FAIL: gcc.c-torture/execute/builtins/strncat-chk.c compilation,  -O3 -fomit-frame-pointer  (internal compiler error)
UNRESOLVED: gcc.c-torture/execute/builtins/strncat-chk.c execution,  -O3 -fomit-frame-pointer 
FAIL: gcc.c-torture/execute/builtins/strncat-chk.c compilation,  -O3 -fomit-frame-pointer -funroll-loops  (internal compiler error)
UNRESOLVED: gcc.c-torture/execute/builtins/strncat-chk.c execution,  -O3 -fomit-frame-pointer -funroll-loops 
FAIL: gcc.c-torture/execute/builtins/strncat-chk.c compilation,  -O3 -fomit-frame-pointer -funroll-all-loops -finline-functions  (internal compiler error)
UNRESOLVED: gcc.c-torture/execute/builtins/strncat-chk.c execution,  -O3 -fomit-frame-pointer -funroll-all-loops -finline-functions 
FAIL: gcc.c-torture/execute/builtins/strncat-chk.c compilation,  -O3 -g  (internal compiler error)
UNRESOLVED: gcc.c-torture/execute/builtins/strncat-chk.c execution,  -O3 -g 
XPASS: gcc.c-torture/execute/941014-1.c execution,  -O0 
FAIL: gcc.c-torture/execute/mayalias-2.c compilation,  -O3 -g  (internal compiler error)
UNRESOLVED: gcc.c-torture/execute/mayalias-2.c execution,  -O3 -g 
FAIL: gcc.c-torture/execute/mayalias-3.c compilation,  -O3 -g  (internal compiler error)
UNRESOLVED: gcc.c-torture/execute/mayalias-3.c execution,  -O3 -g 
FAIL: gcc.dg/compat/struct-layout-1 c_compat_x_tst.o compile
FAIL: gcc.dg/compat/struct-layout-1 c_compat_y_tst.o compile
UNRESOLVED: gcc.dg/compat/struct-layout-1 c_compat_x_tst.o-c_compat_y_tst.o link 
UNRESOLVED: gcc.dg/compat/struct-layout-1 c_compat_x_tst.o-c_compat_y_tst.o execute 
FAIL: gcc.dg/cpp/_Pragma6.c (test for excess errors)
FAIL: gcc.dg/cpp/trad/include.c (test for excess errors)
FAIL: gcc.dg/builtins-57.c scan-tree-dump trunc
FAIL: gcc.dg/memcpy-1.c scan-tree-dump-times nasty_local 0
FAIL: gcc.dg/sibcall-3.c execution test
FAIL: gcc.dg/sibcall-4.c execution test
FAIL: gcc.dg/tls/alias-1.c (test for excess errors)
FAIL: gcc.dg/tls/opt-2.c (test for excess errors)
FAIL: gcc.dg/tree-ssa/loadpre1.c scan-tree-dump-times Eliminated: 1 1

		=== gcc Summary ===

# of expected passes		40392
# of unexpected failures	23
# of unexpected successes	1
# of expected failures		76
# of unresolved testcases	14
# of untested testcases		28
# of unsupported tests		419
/scratch/gcc/nightly-2006-12-15-mainline/arm-none-eabi/build_gcc/build/test-mainline-0-arm-none-eabi/host-i686-pc-linux-gnu/fsf-mainline/bin/arm-none-eabi-gcc  version 4.3.0 20061215 (experimental)

Host   is i686-pc-linux-gnu

		=== libstdc++ tests ===


Running target arm-sim/-mthumb
WARNING: program timed out.
FAIL: 21_strings/basic_string/append/char/3.cc execution test
WARNING: program timed out.
FAIL: 21_strings/basic_string/capacity/char/18654.cc execution test
WARNING: program timed out.
FAIL: 21_strings/basic_string/cons/char/6.cc execution test
WARNING: program timed out.
FAIL: 21_strings/basic_string/inserters_extractors/char/10.cc execution test
WARNING: program timed out.
FAIL: 21_strings/basic_string/inserters_extractors/char/11.cc execution test
FAIL: 21_strings/basic_string/inserters_extractors/char/28277.cc execution test
WARNING: program timed out.
FAIL: 22_locale/collate/transform/char/28277.cc execution test
FAIL: 23_containers/set/modifiers/16728.cc execution test
WARNING: program timed out.
FAIL: 25_algorithms/nth_element/2.cc execution test
FAIL: 26_numerics/cmath/c99_classification_macros_c.cc (test for excess errors)
WARNING: program timed out.
FAIL: 26_numerics/valarray/28277.cc execution test
FAIL: 27_io/basic_istream/extractors_arithmetic/char/12.cc execution test
WARNING: program timed out.
FAIL: 27_io/basic_istream/extractors_character/char/4.cc execution test
WARNING: program timed out.
FAIL: 27_io/basic_istream/getline/char/5.cc execution test
WARNING: program timed out.
FAIL: 27_io/basic_istream/ignore/char/2.cc execution test
FAIL: 27_io/basic_ostream/inserters_character/char/28277-3.cc execution test
FAIL: 27_io/basic_ostream/inserters_character/char/28277-4.cc execution test
WARNING: program timed out.
FAIL: 27_io/basic_stringbuf/overflow/char/1.cc execution test
WARNING: program timed out.
FAIL: 27_io/basic_stringbuf/setbuf/char/4.cc execution test
FAIL: 27_io/ios_base/sync_with_stdio/1.cc execution test
FAIL: 27_io/objects/char/10.cc execution test
FAIL: abi/header_cxxabi.c (test for excess errors)
WARNING: program timed out.
FAIL: ext/pb_ds/example/priority_queue_dijkstra.cc execution test
WARNING: program timed out.
FAIL: ext/pb_ds/regression/hash_data_map_rand.cc execution test
WARNING: program timed out.
FAIL: ext/pb_ds/regression/hash_no_data_map_rand.cc execution test
WARNING: program timed out.
FAIL: ext/pb_ds/regression/priority_queue_rand.cc execution test
WARNING: program timed out.
FAIL: ext/pb_ds/regression/tree_data_map_rand.cc execution test
WARNING: program timed out.
FAIL: ext/pb_ds/regression/tree_no_data_map_rand.cc execution test
WARNING: program timed out.
FAIL: ext/pb_ds/regression/trie_data_map_rand.cc execution test
WARNING: program timed out.
FAIL: ext/pb_ds/regression/trie_no_data_map_rand.cc execution test
FAIL: ext/rope/3.cc execution test
XPASS: ext/stdio_filebuf/char/10063-2.cc execution test
XPASS: ext/stdio_filebuf/char/10063-3.cc execution test
WARNING: program timed out.
WARNING: program timed out.
FAIL: tr1/6_containers/unordered/hashtable/26132.cc execution test

		=== libstdc++ Summary ===

# of expected passes		2944
# of unexpected failures	32
# of unexpected successes	2
# of expected failures		18
# of unsupported tests		152

Compiler version: 4.3.0 20061215 (experimental) 
Platform: arm-none-eabi
configure flags: --build=i686-pc-linux-gnu --host=i686-pc-linux-gnu --target=arm-none-eabi --enable-shared --enable-threads --disable-libmudflap --disable-libssp --disable-libgomp --disable-libstdcxx-pch --with-gnu-as --with-gnu-ld --prefix=/opt/codesourcery --enable-languages=c,c++ --with-newlib --disable-nls --with-headers=yes --with-sysroot=/opt/codesourcery/arm-none-eabi --with-build-sysroot=/scratch/gcc/nightly-2006-12-15-mainline/arm-none-eabi/build_gcc/install/arm-none-eabi --with-gmp=/scratch/gcc/nightly-2006-12-15-mainline/arm-none-eabi/build_gcc/build/host-libs-mainline-0-arm-none-eabi-i686-pc-linux-gnu/usr --with-mpfr=/scratch/gcc/nightly-2006-12-15-mainline/arm-none-eabi/build_gcc/build/host-libs-mainline-0-arm-none-eabi-i686-pc-linux-gnu/usr --with-build-time-tools=/scratch/gcc/nightly-2006-12-15-mainline/arm-none-eabi/build_gcc/install/arm-none-eabi/bin --with-build-time-tools=/scratch/gcc/nightly-2006-12-15-mainline/arm-none-eabi/build_gcc/install/arm-none-eab!
 i/bin


Index Nav: [Date Index] [Subject Index] [Author Index] [Thread Index]
Message Nav: [Date Prev] [Date Next] [Thread Prev] [Thread Next]