This is the mail archive of the gcc-testresults@gcc.gnu.org mailing list for the GCC project.


Index Nav: [Date Index] [Subject Index] [Author Index] [Thread Index]
Message Nav: [Date Prev] [Date Next] [Thread Prev] [Thread Next]
Other format: [Raw text]

Results for 4.3.0 20061211 (experimental) testsuite on powerpc-unknown-linux-gnu


LAST_UPDATED: 
Target is powerpc-unknown-linux-gnu
Host   is x86_64-unknown-linux-gnu

		=== gcc tests ===


Running target e300c3_ssh
UNRESOLVED: gcc.c-torture/compile/20011119-1.c  -O0 
UNRESOLVED: gcc.c-torture/compile/20011119-1.c  -O1 
UNRESOLVED: gcc.c-torture/compile/20011119-1.c  -O2 
UNRESOLVED: gcc.c-torture/compile/20011119-1.c  -O3 -fomit-frame-pointer 
UNRESOLVED: gcc.c-torture/compile/20011119-1.c  -O3 -g 
UNRESOLVED: gcc.c-torture/compile/20011119-1.c  -Os 
UNRESOLVED: gcc.c-torture/compile/20011119-2.c  -O0 
UNRESOLVED: gcc.c-torture/compile/20011119-2.c  -O1 
UNRESOLVED: gcc.c-torture/compile/20011119-2.c  -O2 
UNRESOLVED: gcc.c-torture/compile/20011119-2.c  -O3 -fomit-frame-pointer 
UNRESOLVED: gcc.c-torture/compile/20011119-2.c  -O3 -g 
UNRESOLVED: gcc.c-torture/compile/20011119-2.c  -Os 
UNRESOLVED: gcc.c-torture/compile/981001-2.c  -O0 
UNRESOLVED: gcc.c-torture/compile/981001-2.c  -O1 
UNRESOLVED: gcc.c-torture/compile/981001-2.c  -O2 
UNRESOLVED: gcc.c-torture/compile/981001-2.c  -O3 -fomit-frame-pointer 
UNRESOLVED: gcc.c-torture/compile/981001-2.c  -O3 -g 
UNRESOLVED: gcc.c-torture/compile/981001-2.c  -Os 
FAIL: gcc.c-torture/execute/mayalias-2.c compilation,  -O3 -g  (internal compiler error)
UNRESOLVED: gcc.c-torture/execute/mayalias-2.c execution,  -O3 -g 
FAIL: gcc.c-torture/execute/mayalias-3.c compilation,  -O3 -g  (internal compiler error)
UNRESOLVED: gcc.c-torture/execute/mayalias-3.c execution,  -O3 -g 
UNRESOLVED: gcc.dg/attr-weakref-1-darwin.c
UNRESOLVED: gcc.dg/attr-weakref-1.c
UNRESOLVED: gcc.dg/attr-weakref-2.c
UNRESOLVED: gcc.dg/darwin-weakimport-1.c
UNRESOLVED: gcc.dg/darwin-weakimport-2.c
UNRESOLVED: gcc.dg/darwin-weakimport-3.c
UNRESOLVED: gcc.dg/darwin-weakref-1.c
FAIL: gcc.dg/memcpy-1.c scan-tree-dump-times nasty_local 0
FAIL: gcc.dg/visibility-d.c scan-not-hidden 
FAIL: gcc.dg/visibility-d.c scan-not-hidden 
FAIL: gcc.dg/visibility-d.c scan-not-hidden 
FAIL: gcc.dg/visibility-d.c scan-not-hidden 
FAIL: gcc.dg/visibility-d.c scan-not-hidden 
FAIL: gcc.dg/visibility-d.c scan-not-hidden 
FAIL: gcc.dg/visibility-d.c scan-not-hidden 
FAIL: gcc.dg/visibility-d.c scan-not-hidden 
FAIL: gcc.dg/visibility-d.c scan-not-hidden 
FAIL: gcc.dg/visibility-d.c scan-not-hidden 
FAIL: gcc.dg/visibility-d.c scan-not-hidden 
FAIL: gcc.dg/visibility-d.c scan-not-hidden 
FAIL: gcc.dg/visibility-d.c scan-not-hidden 
FAIL: gcc.dg/visibility-d.c scan-not-hidden 
FAIL: gcc.dg/visibility-d.c scan-not-hidden 
FAIL: gcc.dg/visibility-d.c scan-not-hidden 
FAIL: gcc.dg/visibility-d.c scan-not-hidden 
FAIL: gcc.dg/visibility-d.c scan-not-hidden 
FAIL: gcc.dg/visibility-d.c scan-not-hidden 
FAIL: gcc.dg/visibility-d.c scan-not-hidden 
FAIL: gcc.dg/visibility-d.c scan-not-hidden 
FAIL: gcc.dg/visibility-d.c scan-not-hidden 
FAIL: gcc.dg/visibility-d.c scan-not-hidden 
FAIL: gcc.dg/visibility-d.c scan-not-hidden 
FAIL: gcc.dg/visibility-d.c scan-not-hidden 
FAIL: gcc.dg/visibility-d.c scan-not-hidden 
FAIL: gcc.dg/visibility-d.c scan-not-hidden 
FAIL: gcc.dg/visibility-d.c scan-not-hidden 
FAIL: gcc.dg/visibility-d.c scan-not-hidden 
FAIL: gcc.dg/visibility-d.c scan-not-hidden 
UNRESOLVED: gcc.dg/warn-addr-cmp.c
UNRESOLVED: gcc.dg/special/weak-1.c
UNRESOLVED: gcc.dg/special/weak-2.c
UNRESOLVED: gcc.dg/special/wkali-1.c
UNRESOLVED: gcc.dg/special/wkali-2.c
UNRESOLVED: gcc.dg/torture/builtin-noret-1.c  -O0 
UNRESOLVED: gcc.dg/torture/builtin-noret-1.c  -O1 
UNRESOLVED: gcc.dg/torture/builtin-noret-1.c  -O2 
UNRESOLVED: gcc.dg/torture/builtin-noret-1.c  -O3 -fomit-frame-pointer 
UNRESOLVED: gcc.dg/torture/builtin-noret-1.c  -O3 -g 
UNRESOLVED: gcc.dg/torture/builtin-noret-1.c  -Os 
UNRESOLVED: gcc.dg/torture/builtin-noret-2.c  -O0 
UNRESOLVED: gcc.dg/torture/builtin-noret-2.c  -O1 
UNRESOLVED: gcc.dg/torture/builtin-noret-2.c  -O2 
UNRESOLVED: gcc.dg/torture/builtin-noret-2.c  -O3 -fomit-frame-pointer 
UNRESOLVED: gcc.dg/torture/builtin-noret-2.c  -O3 -g 
UNRESOLVED: gcc.dg/torture/builtin-noret-2.c  -Os 
FAIL: gcc.dg/torture/builtin-sin-mpfr-1.c  -O0  (test for excess errors)
FAIL: gcc.dg/torture/builtin-sin-mpfr-1.c  -O1  (test for excess errors)
FAIL: gcc.dg/torture/builtin-sin-mpfr-1.c  -O2  (test for excess errors)
FAIL: gcc.dg/torture/builtin-sin-mpfr-1.c  -O3 -fomit-frame-pointer  (test for excess errors)
FAIL: gcc.dg/torture/builtin-sin-mpfr-1.c  -O3 -fomit-frame-pointer -funroll-loops  (test for excess errors)
FAIL: gcc.dg/torture/builtin-sin-mpfr-1.c  -O3 -fomit-frame-pointer -funroll-all-loops -finline-functions  (test for excess errors)
FAIL: gcc.dg/torture/builtin-sin-mpfr-1.c  -O3 -g  (test for excess errors)
FAIL: gcc.dg/torture/builtin-sin-mpfr-1.c  -Os  (test for excess errors)
FAIL: gcc.dg/tree-prof/inliner-1.c compilation,  -fprofile-generate
UNRESOLVED: gcc.dg/tree-prof/inliner-1.c execution,    -fprofile-generate
UNRESOLVED: gcc.dg/tree-prof/inliner-1.c compilation,  -fprofile-use
UNRESOLVED: gcc.dg/tree-prof/inliner-1.c execution,    -fprofile-use
FAIL: gcc.dg/tree-prof/stringop-1.c compilation,  -fprofile-generate
UNRESOLVED: gcc.dg/tree-prof/stringop-1.c execution,    -fprofile-generate
UNRESOLVED: gcc.dg/tree-prof/stringop-1.c compilation,  -fprofile-use
UNRESOLVED: gcc.dg/tree-prof/stringop-1.c execution,    -fprofile-use
FAIL: gcc.dg/tree-prof/stringop-2.c compilation,  -fprofile-generate
UNRESOLVED: gcc.dg/tree-prof/stringop-2.c execution,    -fprofile-generate
UNRESOLVED: gcc.dg/tree-prof/stringop-2.c compilation,  -fprofile-use
UNRESOLVED: gcc.dg/tree-prof/stringop-2.c execution,    -fprofile-use
FAIL: gcc.dg/tree-prof/update-cunroll-2.c execution: file update-cunroll-2.gcda does not exist,  -fprofile-generate
UNRESOLVED: gcc.dg/tree-prof/update-cunroll-2.c compilation,  -fprofile-use
UNRESOLVED: gcc.dg/tree-prof/update-cunroll-2.c execution,    -fprofile-use
FAIL: gcc.dg/tree-prof/update-loopch.c execution: file update-loopch.gcda does not exist,  -fprofile-generate
UNRESOLVED: gcc.dg/tree-prof/update-loopch.c compilation,  -fprofile-use
UNRESOLVED: gcc.dg/tree-prof/update-loopch.c execution,    -fprofile-use
FAIL: gcc.dg/tree-prof/update-tailcall.c execution: file update-tailcall.gcda does not exist,  -fprofile-generate
UNRESOLVED: gcc.dg/tree-prof/update-tailcall.c compilation,  -fprofile-use
UNRESOLVED: gcc.dg/tree-prof/update-tailcall.c execution,    -fprofile-use
FAIL: gcc.dg/tree-prof/val-prof-1.c compilation,  -fprofile-generate
UNRESOLVED: gcc.dg/tree-prof/val-prof-1.c execution,    -fprofile-generate
UNRESOLVED: gcc.dg/tree-prof/val-prof-1.c compilation,  -fprofile-use
UNRESOLVED: gcc.dg/tree-prof/val-prof-1.c execution,    -fprofile-use
FAIL: gcc.dg/tree-prof/val-prof-2.c compilation,  -fprofile-generate
UNRESOLVED: gcc.dg/tree-prof/val-prof-2.c execution,    -fprofile-generate
UNRESOLVED: gcc.dg/tree-prof/val-prof-2.c compilation,  -fprofile-use
UNRESOLVED: gcc.dg/tree-prof/val-prof-2.c execution,    -fprofile-use
FAIL: gcc.dg/tree-prof/val-prof-3.c compilation,  -fprofile-generate
UNRESOLVED: gcc.dg/tree-prof/val-prof-3.c execution,    -fprofile-generate
UNRESOLVED: gcc.dg/tree-prof/val-prof-3.c compilation,  -fprofile-use
UNRESOLVED: gcc.dg/tree-prof/val-prof-3.c execution,    -fprofile-use
FAIL: gcc.dg/tree-prof/val-prof-4.c compilation,  -fprofile-generate
UNRESOLVED: gcc.dg/tree-prof/val-prof-4.c execution,    -fprofile-generate
UNRESOLVED: gcc.dg/tree-prof/val-prof-4.c compilation,  -fprofile-use
UNRESOLVED: gcc.dg/tree-prof/val-prof-4.c execution,    -fprofile-use
FAIL: gcc.dg/tree-prof/val-prof-5.c compilation,  -fprofile-generate
UNRESOLVED: gcc.dg/tree-prof/val-prof-5.c execution,    -fprofile-generate
UNRESOLVED: gcc.dg/tree-prof/val-prof-5.c compilation,  -fprofile-use
UNRESOLVED: gcc.dg/tree-prof/val-prof-5.c execution,    -fprofile-use
FAIL: gcc.dg/tree-ssa/loadpre1.c scan-tree-dump-times Eliminated: 1 1
UNRESOLVED: gcc.dg/tree-ssa/pr27781.c
FAIL: gcc.dg/vect/vect-101.c scan-tree-dump-times vectorized 1 loops 0
FAIL: gcc.dg/vect/vect-101.c scan-tree-dump-times can't determine dependence 1
FAIL: gcc.dg/vmx/varargs-1.c  -O0  output pattern test, is 1, 1, 1, 1
FAIL: gcc.dg/vmx/varargs-1.c  -O1  output pattern test, is 1, 1, 1, 1
FAIL: gcc.dg/vmx/varargs-1.c  -O2  output pattern test, is 1, 1, 1, 1
FAIL: gcc.dg/vmx/varargs-1.c  -O3 -fomit-frame-pointer  output pattern test, is 1, 1, 1, 1
FAIL: gcc.dg/vmx/varargs-1.c  -O3 -fomit-frame-pointer -funroll-loops  output pattern test, is 1, 1, 1, 1
FAIL: gcc.dg/vmx/varargs-1.c  -O3 -fomit-frame-pointer -funroll-all-loops -finline-functions  output pattern test, is 1, 1, 1, 1
FAIL: gcc.dg/vmx/varargs-1.c  -O3 -g  output pattern test, is 1, 1, 1, 1
FAIL: gcc.dg/vmx/varargs-1.c  -Os  output pattern test, is 1, 1, 1, 1
UNRESOLVED: gcc.dg/weak/typeof-2.c
UNRESOLVED: gcc.dg/weak/weak-1.c
UNRESOLVED: gcc.dg/weak/weak-10.c
UNRESOLVED: gcc.dg/weak/weak-11.c
UNRESOLVED: gcc.dg/weak/weak-12.c
UNRESOLVED: gcc.dg/weak/weak-13.c
UNRESOLVED: gcc.dg/weak/weak-14.c
UNRESOLVED: gcc.dg/weak/weak-2.c
UNRESOLVED: gcc.dg/weak/weak-3.c
UNRESOLVED: gcc.dg/weak/weak-4.c
UNRESOLVED: gcc.dg/weak/weak-5.c
UNRESOLVED: gcc.dg/weak/weak-6.c
UNRESOLVED: gcc.dg/weak/weak-7.c
UNRESOLVED: gcc.dg/weak/weak-8.c
UNRESOLVED: gcc.dg/weak/weak-9.c
FAIL: gcc.misc-tests/bprob-1.c execution: file bprob-1.gcda does not exist,  -fprofile-arcs
UNRESOLVED: gcc.misc-tests/bprob-1.c compilation,  -fbranch-probabilities
UNRESOLVED: gcc.misc-tests/bprob-1.c execution,    -fbranch-probabilities
FAIL: gcc.misc-tests/bprob-2.c execution: file bprob-2.gcda does not exist,  -fprofile-arcs
UNRESOLVED: gcc.misc-tests/bprob-2.c compilation,  -fbranch-probabilities
UNRESOLVED: gcc.misc-tests/bprob-2.c execution,    -fbranch-probabilities
FAIL: gcc.target/powerpc/ppc-fmadd-1.c scan-assembler-not f(add|sub|mul|neg)

		=== gcc Summary ===

# of expected passes		42843
# of unexpected failures	66
# of expected failures		115
# of unresolved testcases	94
# of untested testcases		28
# of unsupported tests		474
/temp/gnu_toolchain/build_area/gcc-trunk/obj_gcc-trunk_e300c3/gcc/xgcc  version 4.3.0 20061211 (experimental)

Host   is x86_64-unknown-linux-gnu

		=== gfortran tests ===


Running target e300c3_ssh
FAIL: gfortran.dg/PR19872.f  -O0  execution test
FAIL: gfortran.dg/append-1.f90  -O1  execution test
FAIL: gfortran.dg/append-1.f90  -O2  execution test
FAIL: gfortran.dg/append-1.f90  -O3 -fomit-frame-pointer  execution test
FAIL: gfortran.dg/append-1.f90  -O3 -fomit-frame-pointer -funroll-loops  execution test
FAIL: gfortran.dg/append-1.f90  -O3 -fomit-frame-pointer -funroll-all-loops -finline-functions  execution test
FAIL: gfortran.dg/append-1.f90  -O3 -g  execution test
FAIL: gfortran.dg/append-1.f90  -Os  execution test
FAIL: gfortran.dg/chmod_1.f90  -O3 -fomit-frame-pointer  execution test
FAIL: gfortran.dg/chmod_2.f90  -O3 -fomit-frame-pointer -funroll-loops  execution test
FAIL: gfortran.dg/chmod_2.f90  -O3 -g  execution test
FAIL: gfortran.dg/chmod_3.f90  -O0  execution test
FAIL: gfortran.dg/csqrt_2.f  -O0  execution test
FAIL: gfortran.dg/csqrt_2.f  -O1  execution test
FAIL: gfortran.dg/csqrt_2.f  -O2  execution test
FAIL: gfortran.dg/csqrt_2.f  -O3 -fomit-frame-pointer  execution test
FAIL: gfortran.dg/csqrt_2.f  -O3 -fomit-frame-pointer -funroll-loops  execution test
FAIL: gfortran.dg/csqrt_2.f  -O3 -fomit-frame-pointer -funroll-all-loops -finline-functions  execution test
FAIL: gfortran.dg/csqrt_2.f  -O3 -g  execution test
FAIL: gfortran.dg/csqrt_2.f  -Os  execution test
FAIL: gfortran.dg/direct_io_2.f90  -O3 -fomit-frame-pointer -funroll-all-loops -finline-functions  execution test
FAIL: gfortran.dg/fmt_l.f90  -O0  output pattern test, is At line 14 of file /temp/gnu_toolchain/build_area/gcc-trunk/gcc-trunk/gcc/testsuite/gfortran.dg/fmt_l.f90
FAIL: gfortran.dg/fmt_l.f90  -O1  output pattern test, is At line 14 of file /temp/gnu_toolchain/build_area/gcc-trunk/gcc-trunk/gcc/testsuite/gfortran.dg/fmt_l.f90
FAIL: gfortran.dg/fmt_l.f90  -O2  output pattern test, is At line 14 of file /temp/gnu_toolchain/build_area/gcc-trunk/gcc-trunk/gcc/testsuite/gfortran.dg/fmt_l.f90
FAIL: gfortran.dg/fmt_l.f90  -O3 -fomit-frame-pointer  output pattern test, is At line 14 of file /temp/gnu_toolchain/build_area/gcc-trunk/gcc-trunk/gcc/testsuite/gfortran.dg/fmt_l.f90
FAIL: gfortran.dg/fmt_l.f90  -O3 -fomit-frame-pointer -funroll-loops  output pattern test, is At line 14 of file /temp/gnu_toolchain/build_area/gcc-trunk/gcc-trunk/gcc/testsuite/gfortran.dg/fmt_l.f90
FAIL: gfortran.dg/fmt_l.f90  -O3 -fomit-frame-pointer -funroll-all-loops -finline-functions  output pattern test, is At line 14 of file /temp/gnu_toolchain/build_area/gcc-trunk/gcc-trunk/gcc/testsuite/gfortran.dg/fmt_l.f90
FAIL: gfortran.dg/fmt_l.f90  -O3 -g  output pattern test, is At line 14 of file /temp/gnu_toolchain/build_area/gcc-trunk/gcc-trunk/gcc/testsuite/gfortran.dg/fmt_l.f90
FAIL: gfortran.dg/fmt_l.f90  -Os  output pattern test, is At line 14 of file /temp/gnu_toolchain/build_area/gcc-trunk/gcc-trunk/gcc/testsuite/gfortran.dg/fmt_l.f90
FAIL: gfortran.dg/inquire_9.f90  -Os  execution test
FAIL: gfortran.dg/record_marker_3.f90  -O3 -fomit-frame-pointer -funroll-all-loops -finline-functions  execution test
FAIL: gfortran.dg/streamio_5.f90  -O0  execution test
FAIL: gfortran.dg/unf_read_corrupted_1.f90  -O3 -fomit-frame-pointer -funroll-loops  execution test
FAIL: gfortran.dg/unformatted_subrecord_1.f90  -Os  execution test
FAIL: gfortran.dg/value_4.f90  -O0  execution test
FAIL: gfortran.dg/value_4.f90  -O1  execution test
FAIL: gfortran.dg/value_4.f90  -O2  execution test
FAIL: gfortran.dg/value_4.f90  -O3 -fomit-frame-pointer  execution test
FAIL: gfortran.dg/value_4.f90  -O3 -fomit-frame-pointer -funroll-loops  execution test
FAIL: gfortran.dg/value_4.f90  -O3 -fomit-frame-pointer -funroll-all-loops -finline-functions  execution test
FAIL: gfortran.dg/value_4.f90  -O3 -g  execution test
FAIL: gfortran.dg/value_4.f90  -Os  execution test
FAIL: gfortran.dg/write_back.f  -O3 -fomit-frame-pointer -funroll-loops  execution test
FAIL: gfortran.dg/write_rewind_1.f  -O3 -g  execution test
FAIL: gfortran.dg/write_rewind_2.f  -O1  execution test
FAIL: gfortran.dg/write_rewind_2.f  -O3 -g  execution test
FAIL: gfortran.dg/g77/f77-edit-apostrophe-out.f  -O0  output pattern test, is abcde
FAIL: gfortran.dg/g77/f77-edit-apostrophe-out.f  -O1  output pattern test, is abcde
FAIL: gfortran.dg/g77/f77-edit-apostrophe-out.f  -O2  output pattern test, is abcde
FAIL: gfortran.dg/g77/f77-edit-apostrophe-out.f  -O3 -fomit-frame-pointer  output pattern test, is abcde
FAIL: gfortran.dg/g77/f77-edit-apostrophe-out.f  -O3 -fomit-frame-pointer -funroll-loops  output pattern test, is abcde
FAIL: gfortran.dg/g77/f77-edit-apostrophe-out.f  -O3 -fomit-frame-pointer -funroll-all-loops -finline-functions  output pattern test, is abcde
FAIL: gfortran.dg/g77/f77-edit-apostrophe-out.f  -O3 -g  output pattern test, is abcde
FAIL: gfortran.dg/g77/f77-edit-apostrophe-out.f  -Os  output pattern test, is abcde
FAIL: gfortran.dg/g77/f77-edit-colon-out.f  -O0  output pattern test, is 123
FAIL: gfortran.dg/g77/f77-edit-colon-out.f  -O1  output pattern test, is 123
FAIL: gfortran.dg/g77/f77-edit-colon-out.f  -O2  output pattern test, is 123
FAIL: gfortran.dg/g77/f77-edit-colon-out.f  -O3 -fomit-frame-pointer  output pattern test, is 123
FAIL: gfortran.dg/g77/f77-edit-colon-out.f  -O3 -fomit-frame-pointer -funroll-loops  output pattern test, is 123
FAIL: gfortran.dg/g77/f77-edit-colon-out.f  -O3 -fomit-frame-pointer -funroll-all-loops -finline-functions  output pattern test, is 123
FAIL: gfortran.dg/g77/f77-edit-colon-out.f  -O3 -g  output pattern test, is 123
FAIL: gfortran.dg/g77/f77-edit-colon-out.f  -Os  output pattern test, is 123
FAIL: gfortran.dg/g77/f77-edit-h-out.f  -O0  output pattern test, is 1
FAIL: gfortran.dg/g77/f77-edit-h-out.f  -O1  output pattern test, is 1
FAIL: gfortran.dg/g77/f77-edit-h-out.f  -O2  output pattern test, is 1
FAIL: gfortran.dg/g77/f77-edit-h-out.f  -O3 -fomit-frame-pointer  output pattern test, is 1
FAIL: gfortran.dg/g77/f77-edit-h-out.f  -O3 -fomit-frame-pointer -funroll-loops  output pattern test, is 1
FAIL: gfortran.dg/g77/f77-edit-h-out.f  -O3 -fomit-frame-pointer -funroll-all-loops -finline-functions  output pattern test, is 1
FAIL: gfortran.dg/g77/f77-edit-h-out.f  -O3 -g  output pattern test, is 1
FAIL: gfortran.dg/g77/f77-edit-h-out.f  -Os  output pattern test, is 1
FAIL: gfortran.dg/g77/f77-edit-i-out.f  -O0  output pattern test, is 1
FAIL: gfortran.dg/g77/f77-edit-i-out.f  -O1  output pattern test, is 1
FAIL: gfortran.dg/g77/f77-edit-i-out.f  -O2  output pattern test, is 1
FAIL: gfortran.dg/g77/f77-edit-i-out.f  -O3 -fomit-frame-pointer  output pattern test, is 1
FAIL: gfortran.dg/g77/f77-edit-i-out.f  -O3 -fomit-frame-pointer -funroll-loops  output pattern test, is 1
FAIL: gfortran.dg/g77/f77-edit-i-out.f  -O3 -fomit-frame-pointer -funroll-all-loops -finline-functions  output pattern test, is 1
FAIL: gfortran.dg/g77/f77-edit-i-out.f  -O3 -g  output pattern test, is 1
FAIL: gfortran.dg/g77/f77-edit-i-out.f  -Os  output pattern test, is 1
FAIL: gfortran.dg/g77/f77-edit-s-out.f  -O0  output pattern test, is +10  20
FAIL: gfortran.dg/g77/f77-edit-s-out.f  -O1  output pattern test, is +10  20
FAIL: gfortran.dg/g77/f77-edit-s-out.f  -O2  output pattern test, is +10  20
FAIL: gfortran.dg/g77/f77-edit-s-out.f  -O3 -fomit-frame-pointer  output pattern test, is +10  20
FAIL: gfortran.dg/g77/f77-edit-s-out.f  -O3 -fomit-frame-pointer -funroll-loops  output pattern test, is +10  20
FAIL: gfortran.dg/g77/f77-edit-s-out.f  -O3 -fomit-frame-pointer -funroll-all-loops -finline-functions  output pattern test, is +10  20
FAIL: gfortran.dg/g77/f77-edit-s-out.f  -O3 -g  output pattern test, is +10  20
FAIL: gfortran.dg/g77/f77-edit-s-out.f  -Os  output pattern test, is +10  20
FAIL: gfortran.dg/g77/f77-edit-slash-out.f  -O0  output pattern test, is 123
FAIL: gfortran.dg/g77/f77-edit-slash-out.f  -O1  output pattern test, is 123
FAIL: gfortran.dg/g77/f77-edit-slash-out.f  -O2  output pattern test, is 123
FAIL: gfortran.dg/g77/f77-edit-slash-out.f  -O3 -fomit-frame-pointer  output pattern test, is 123
FAIL: gfortran.dg/g77/f77-edit-slash-out.f  -O3 -fomit-frame-pointer -funroll-loops  output pattern test, is 123
FAIL: gfortran.dg/g77/f77-edit-slash-out.f  -O3 -fomit-frame-pointer -funroll-all-loops -finline-functions  output pattern test, is 123
FAIL: gfortran.dg/g77/f77-edit-slash-out.f  -O3 -g  output pattern test, is 123
FAIL: gfortran.dg/g77/f77-edit-slash-out.f  -Os  output pattern test, is 123
FAIL: gfortran.dg/g77/f77-edit-t-out.f  -O0  output pattern test, is 1234   8
FAIL: gfortran.dg/g77/f77-edit-t-out.f  -O1  output pattern test, is 1234   8
FAIL: gfortran.dg/g77/f77-edit-t-out.f  -O2  output pattern test, is 1234   8
FAIL: gfortran.dg/g77/f77-edit-t-out.f  -O3 -fomit-frame-pointer  output pattern test, is 1234   8
FAIL: gfortran.dg/g77/f77-edit-t-out.f  -O3 -fomit-frame-pointer -funroll-loops  output pattern test, is 1234   8
FAIL: gfortran.dg/g77/f77-edit-t-out.f  -O3 -fomit-frame-pointer -funroll-all-loops -finline-functions  output pattern test, is 1234   8
FAIL: gfortran.dg/g77/f77-edit-t-out.f  -O3 -g  output pattern test, is 1234   8
FAIL: gfortran.dg/g77/f77-edit-t-out.f  -Os  output pattern test, is 1234   8
FAIL: gfortran.dg/g77/f77-edit-x-out.f  -O0  output pattern test, is 1 2  3
FAIL: gfortran.dg/g77/f77-edit-x-out.f  -O1  output pattern test, is 1 2  3
FAIL: gfortran.dg/g77/f77-edit-x-out.f  -O2  output pattern test, is 1 2  3
FAIL: gfortran.dg/g77/f77-edit-x-out.f  -O3 -fomit-frame-pointer  output pattern test, is 1 2  3
FAIL: gfortran.dg/g77/f77-edit-x-out.f  -O3 -fomit-frame-pointer -funroll-loops  output pattern test, is 1 2  3
FAIL: gfortran.dg/g77/f77-edit-x-out.f  -O3 -fomit-frame-pointer -funroll-all-loops -finline-functions  output pattern test, is 1 2  3
FAIL: gfortran.dg/g77/f77-edit-x-out.f  -O3 -g  output pattern test, is 1 2  3
FAIL: gfortran.dg/g77/f77-edit-x-out.f  -Os  output pattern test, is 1 2  3
FAIL: gfortran.dg/vect/pr19049.f90  -O  (test for excess errors)
FAIL: gfortran.dg/vect/vect-1.f90  -O  (test for excess errors)
FAIL: gfortran.dg/vect/vect-2.f90  -O  (internal compiler error)
FAIL: gfortran.dg/vect/vect-2.f90  -O  (test for excess errors)
FAIL: gfortran.dg/vect/vect-2.f90  -O  scan-tree-dump-times vectorized 3 loops 1
FAIL: gfortran.dg/vect/vect-2.f90  -O  scan-tree-dump-times Alignment of access forced using peeling 3
FAIL: gfortran.dg/vect/vect-3.f90  -O  (internal compiler error)
FAIL: gfortran.dg/vect/vect-3.f90  -O  (test for excess errors)
FAIL: gfortran.dg/vect/vect-4.f90  -O  (internal compiler error)
FAIL: gfortran.dg/vect/vect-4.f90  -O  (test for excess errors)
FAIL: gfortran.dg/vect/vect-4.f90  -O  scan-tree-dump-times vectorized 1 loops 1
FAIL: gfortran.dg/vect/vect-5.f90  -O  (internal compiler error)
FAIL: gfortran.dg/vect/vect-5.f90  -O  (test for excess errors)
WARNING: gfortran.dg/vect/vect-5.f90  -O  compilation failed to produce executable
FAIL: gfortran.dg/vect/vect-5.f90  -O  scan-tree-dump-times vectorized 2 loops 1
FAIL: gfortran.dg/vect/vect-5.f90  -O  scan-tree-dump-times Vectorizing an unaligned access 2

		=== gfortran Summary ===

# of expected passes		15352
# of unexpected failures	125
# of expected failures		7
# of unsupported tests		91
/temp/gnu_toolchain/build_area/gcc-trunk/obj_gcc-trunk_e300c3/gcc/testsuite/gfortran/../../gfortran  version 4.3.0 20061211 (experimental)

Host   is x86_64-unknown-linux-gnu

		=== g++ tests ===


Running target e300c3_ssh
FAIL: g++.dg/bprob/g++-bprob-1.C execution: file g++-bprob-1.gcda does not exist,  -g  -fprofile-arcs
UNRESOLVED: g++.dg/bprob/g++-bprob-1.C compilation,  -g  -fbranch-probabilities
UNRESOLVED: g++.dg/bprob/g++-bprob-1.C execution,    -g  -fbranch-probabilities
FAIL: g++.dg/bprob/g++-bprob-1.C execution: file g++-bprob-1.gcda does not exist,  -O0  -fprofile-arcs
UNRESOLVED: g++.dg/bprob/g++-bprob-1.C compilation,  -O0  -fbranch-probabilities
UNRESOLVED: g++.dg/bprob/g++-bprob-1.C execution,    -O0  -fbranch-probabilities
FAIL: g++.dg/bprob/g++-bprob-1.C execution: file g++-bprob-1.gcda does not exist,  -O1  -fprofile-arcs
UNRESOLVED: g++.dg/bprob/g++-bprob-1.C compilation,  -O1  -fbranch-probabilities
UNRESOLVED: g++.dg/bprob/g++-bprob-1.C execution,    -O1  -fbranch-probabilities
FAIL: g++.dg/bprob/g++-bprob-1.C execution: file g++-bprob-1.gcda does not exist,  -O2  -fprofile-arcs
UNRESOLVED: g++.dg/bprob/g++-bprob-1.C compilation,  -O2  -fbranch-probabilities
UNRESOLVED: g++.dg/bprob/g++-bprob-1.C execution,    -O2  -fbranch-probabilities
FAIL: g++.dg/bprob/g++-bprob-1.C execution: file g++-bprob-1.gcda does not exist,  -O3  -fprofile-arcs
UNRESOLVED: g++.dg/bprob/g++-bprob-1.C compilation,  -O3  -fbranch-probabilities
UNRESOLVED: g++.dg/bprob/g++-bprob-1.C execution,    -O3  -fbranch-probabilities
FAIL: g++.dg/bprob/g++-bprob-1.C execution: file g++-bprob-1.gcda does not exist,  -O3 -g  -fprofile-arcs
UNRESOLVED: g++.dg/bprob/g++-bprob-1.C compilation,  -O3 -g  -fbranch-probabilities
UNRESOLVED: g++.dg/bprob/g++-bprob-1.C execution,    -O3 -g  -fbranch-probabilities
FAIL: g++.dg/bprob/g++-bprob-1.C execution: file g++-bprob-1.gcda does not exist,  -Os  -fprofile-arcs
UNRESOLVED: g++.dg/bprob/g++-bprob-1.C compilation,  -Os  -fbranch-probabilities
UNRESOLVED: g++.dg/bprob/g++-bprob-1.C execution,    -Os  -fbranch-probabilities
FAIL: g++.dg/bprob/g++-bprob-2.C execution: file g++-bprob-2.gcda does not exist,  -g  -fprofile-arcs
UNRESOLVED: g++.dg/bprob/g++-bprob-2.C compilation,  -g  -fbranch-probabilities
UNRESOLVED: g++.dg/bprob/g++-bprob-2.C execution,    -g  -fbranch-probabilities
FAIL: g++.dg/bprob/g++-bprob-2.C execution: file g++-bprob-2.gcda does not exist,  -O0  -fprofile-arcs
UNRESOLVED: g++.dg/bprob/g++-bprob-2.C compilation,  -O0  -fbranch-probabilities
UNRESOLVED: g++.dg/bprob/g++-bprob-2.C execution,    -O0  -fbranch-probabilities
FAIL: g++.dg/bprob/g++-bprob-2.C execution: file g++-bprob-2.gcda does not exist,  -O1  -fprofile-arcs
UNRESOLVED: g++.dg/bprob/g++-bprob-2.C compilation,  -O1  -fbranch-probabilities
UNRESOLVED: g++.dg/bprob/g++-bprob-2.C execution,    -O1  -fbranch-probabilities
FAIL: g++.dg/bprob/g++-bprob-2.C execution: file g++-bprob-2.gcda does not exist,  -O2  -fprofile-arcs
UNRESOLVED: g++.dg/bprob/g++-bprob-2.C compilation,  -O2  -fbranch-probabilities
UNRESOLVED: g++.dg/bprob/g++-bprob-2.C execution,    -O2  -fbranch-probabilities
FAIL: g++.dg/bprob/g++-bprob-2.C execution: file g++-bprob-2.gcda does not exist,  -O3  -fprofile-arcs
UNRESOLVED: g++.dg/bprob/g++-bprob-2.C compilation,  -O3  -fbranch-probabilities
UNRESOLVED: g++.dg/bprob/g++-bprob-2.C execution,    -O3  -fbranch-probabilities
FAIL: g++.dg/bprob/g++-bprob-2.C execution: file g++-bprob-2.gcda does not exist,  -O3 -g  -fprofile-arcs
UNRESOLVED: g++.dg/bprob/g++-bprob-2.C compilation,  -O3 -g  -fbranch-probabilities
UNRESOLVED: g++.dg/bprob/g++-bprob-2.C execution,    -O3 -g  -fbranch-probabilities
FAIL: g++.dg/bprob/g++-bprob-2.C execution: file g++-bprob-2.gcda does not exist,  -Os  -fprofile-arcs
UNRESOLVED: g++.dg/bprob/g++-bprob-2.C compilation,  -Os  -fbranch-probabilities
UNRESOLVED: g++.dg/bprob/g++-bprob-2.C execution,    -Os  -fbranch-probabilities
ERROR: g++.dg/abi/rtti1.C: error executing dg-final: wrapper: powerpc-unknown-linux-gnu-c++filt: command not found (no wrapper policy)
UNRESOLVED: g++.dg/abi/rtti1.C: error executing dg-final: wrapper: powerpc-unknown-linux-gnu-c++filt: command not found (no wrapper policy)
UNRESOLVED: g++.dg/abi/rtti3.C
UNRESOLVED: g++.dg/abi/thunk3.C
UNRESOLVED: g++.dg/abi/thunk4.C
FAIL: g++.dg/ext/visibility/fvisibility-inlines-hidden-2.C scan-not-hidden 
FAIL: g++.dg/ext/visibility/fvisibility-inlines-hidden-3.C scan-not-hidden 
FAIL: g++.dg/ext/visibility/fvisibility-inlines-hidden-3.C scan-not-hidden 
FAIL: g++.dg/ext/visibility/fvisibility-override1.C scan-not-hidden 
FAIL: g++.dg/ext/visibility/fvisibility-override2.C scan-not-hidden 
FAIL: g++.dg/ext/visibility/namespace1.C scan-not-hidden 
FAIL: g++.dg/ext/visibility/new1.C scan-not-hidden 
FAIL: g++.dg/ext/visibility/template1.C scan-not-hidden 
FAIL: g++.dg/ext/visibility/template1.C scan-not-hidden 
FAIL: g++.dg/ext/visibility/template2.C scan-not-hidden 
FAIL: g++.dg/ext/visibility/template2.C scan-not-hidden 
FAIL: g++.dg/ext/visibility/template3.C scan-not-hidden 
FAIL: g++.dg/ext/visibility/template3.C scan-not-hidden 
FAIL: g++.dg/ext/visibility/template4.C scan-not-hidden 
FAIL: g++.dg/ext/visibility/template4.C scan-not-hidden 
FAIL: g++.dg/ext/visibility/template4.C scan-not-hidden 
FAIL: g++.dg/ext/visibility/template4.C scan-not-hidden 
FAIL: g++.dg/ext/visibility/template6.C scan-not-hidden 
FAIL: g++.dg/ext/visibility/typeinfo1.C scan-not-hidden 
FAIL: g++.dg/ext/visibility/typeinfo1.C scan-not-hidden 
FAIL: g++.dg/ext/visibility/warn3.C scan-not-hidden 
UNRESOLVED: g++.dg/ext/weak1.C
UNRESOLVED: g++.dg/ext/weak2.C
UNRESOLVED: g++.dg/ext/weak3.C
UNRESOLVED: g++.dg/init/dso_handle1.C
UNRESOLVED: g++.dg/init/init-ref4.C
FAIL: g++.dg/opt/alias4.C execution test
UNRESOLVED: g++.dg/warn/weak1.C
UNRESOLVED: g++.old-deja/g++.ext/attrib5.C
FAIL: g++.old-deja/g++.mike/visibility-1.C scan-not-hidden 
FAIL: g++.old-deja/g++.other/comdat5.C (test for excess errors)
UNRESOLVED: g++.old-deja/g++.pt/static3.C

		=== g++ Summary ===

# of expected passes		13224
# of unexpected failures	38
# of expected failures		67
# of unresolved testcases	40
# of unsupported tests		131
/temp/gnu_toolchain/build_area/gcc-trunk/obj_gcc-trunk_e300c3/gcc/testsuite/g++/../../g++  version 4.3.0 20061211 (experimental)


Compiler version: 4.3.0 20061211 (experimental) 
Platform: powerpc-unknown-linux-gnu
configure flags: --prefix=/temp/gnu_toolchain/install_area/gcc-trunk/gcc-trunk-20061211-e300c3 --with-local-prefix=/temp/gnu_toolchain/install_area/gcc-trunk/gcc-trunk-20061211-e300c3 --enable-threads --target=powerpc-unknown-linux-gnu --with-gmp=/proj/ppc/sysperf/sw/gnu_toolchain/gcc_support/linuxAMD64 --with-mpfr=/proj/ppc/sysperf/sw/gnu_toolchain/gcc_support/linuxAMD64 --disable-linux-futex --with-cpu=e300c3 --enable-languages=c,c++,fortran


Index Nav: [Date Index] [Subject Index] [Author Index] [Thread Index]
Message Nav: [Date Prev] [Date Next] [Thread Prev] [Thread Next]