This is the mail archive of the gcc-testresults@gcc.gnu.org mailing list for the GCC project.


Index Nav: [Date Index] [Subject Index] [Author Index] [Thread Index]
Message Nav: [Date Prev] [Date Next] [Thread Prev] [Thread Next]
Other format: [Raw text]

Results for 4.3.0 20061209 (experimental) testsuite on hppa64-hp-hpux11.11


LAST_UPDATED: Sat Dec  9 23:40:01 UTC 2006 (revision 119697M)

Native configuration is hppa64-hp-hpux11.11

		=== g++ tests ===


Running target unix
FAIL: g++.dg/opt/alias4.C execution test
XPASS: g++.dg/tree-ssa/ivopts-1.C scan-tree-dump-not &x\\[5\\]

		=== g++ Summary ===

# of expected passes		12479
# of unexpected failures	1
# of unexpected successes	1
# of expected failures		71
# of unsupported tests		146
/test/gnu/gcc/objdir/gcc/testsuite/g++/../../g++  version 4.3.0 20061209 (experimental)

		=== gcc tests ===


Running target unix
FAIL: gcc.c-torture/execute/mayalias-2.c compilation,  -O3 -g  (internal compiler error)
UNRESOLVED: gcc.c-torture/execute/mayalias-2.c execution,  -O3 -g 
FAIL: gcc.c-torture/execute/mayalias-3.c compilation,  -O3 -g  (internal compiler error)
UNRESOLVED: gcc.c-torture/execute/mayalias-3.c execution,  -O3 -g 
FAIL: gcc.c-torture/execute/mode-dependent-address.c compilation,  -O0 
UNRESOLVED: gcc.c-torture/execute/mode-dependent-address.c execution,  -O0 
FAIL: gcc.c-torture/execute/mode-dependent-address.c compilation,  -O1 
UNRESOLVED: gcc.c-torture/execute/mode-dependent-address.c execution,  -O1 
FAIL: gcc.c-torture/execute/mode-dependent-address.c compilation,  -O2 
UNRESOLVED: gcc.c-torture/execute/mode-dependent-address.c execution,  -O2 
FAIL: gcc.c-torture/execute/mode-dependent-address.c compilation,  -O3 -fomit-frame-pointer 
UNRESOLVED: gcc.c-torture/execute/mode-dependent-address.c execution,  -O3 -fomit-frame-pointer 
FAIL: gcc.c-torture/execute/mode-dependent-address.c compilation,  -O3 -fomit-frame-pointer -funroll-loops 
UNRESOLVED: gcc.c-torture/execute/mode-dependent-address.c execution,  -O3 -fomit-frame-pointer -funroll-loops 
FAIL: gcc.c-torture/execute/mode-dependent-address.c compilation,  -O3 -fomit-frame-pointer -funroll-all-loops -finline-functions 
UNRESOLVED: gcc.c-torture/execute/mode-dependent-address.c execution,  -O3 -fomit-frame-pointer -funroll-all-loops -finline-functions 
FAIL: gcc.c-torture/execute/mode-dependent-address.c compilation,  -O3 -g 
UNRESOLVED: gcc.c-torture/execute/mode-dependent-address.c execution,  -O3 -g 
FAIL: gcc.c-torture/execute/mode-dependent-address.c compilation,  -Os 
UNRESOLVED: gcc.c-torture/execute/mode-dependent-address.c execution,  -Os 
XPASS: gcc.dg/cpp/cmdlne-dI-M.c scan-file (^|\\\\n)cmdlne-dI-M.*:[^\\\\n]*cmdlne-dI-M.c
XPASS: gcc.dg/cpp/cmdlne-dM-M.c scan-file (^|\\\\n)cmdlne-dM-M[^\\\\n]*:[^\\\\n]*cmdlne-dM-M.c
FAIL: gcc.dg/builtin-bswap-1.c (test for excess errors)
ERROR: gcc.dg/builtin-bswap-1.c: error executing dg-final: couldn't open "builtin-bswap-1.s": no such file or directory
UNRESOLVED: gcc.dg/builtin-bswap-1.c: error executing dg-final: couldn't open "builtin-bswap-1.s": no such file or directory
FAIL: gcc.dg/builtin-bswap-2.c (test for excess errors)
WARNING: gcc.dg/builtin-bswap-2.c compilation failed to produce executable
FAIL: gcc.dg/builtin-bswap-3.c (test for excess errors)
WARNING: gcc.dg/builtin-bswap-3.c compilation failed to produce executable
FAIL: gcc.dg/builtin-bswap-4.c (test for excess errors)
WARNING: gcc.dg/builtin-bswap-4.c compilation failed to produce executable
FAIL: gcc.dg/builtins-57.c scan-tree-dump trunc
XPASS: gcc.dg/funcorder.c scan-assembler-not link_error,%r
FAIL: gcc.dg/pr28796-2.c (test for excess errors)
WARNING: gcc.dg/pr28796-2.c compilation failed to produce executable
FAIL: gcc.dg/torture/builtin-sin-mpfr-1.c  -O0  (test for excess errors)
FAIL: gcc.dg/torture/builtin-sin-mpfr-1.c  -O1  (test for excess errors)
FAIL: gcc.dg/torture/builtin-sin-mpfr-1.c  -O2  (test for excess errors)
FAIL: gcc.dg/torture/builtin-sin-mpfr-1.c  -O3 -fomit-frame-pointer  (test for excess errors)
FAIL: gcc.dg/torture/builtin-sin-mpfr-1.c  -O3 -fomit-frame-pointer -funroll-loops  (test for excess errors)
FAIL: gcc.dg/torture/builtin-sin-mpfr-1.c  -O3 -fomit-frame-pointer -funroll-all-loops -finline-functions  (test for excess errors)
FAIL: gcc.dg/torture/builtin-sin-mpfr-1.c  -O3 -g  (test for excess errors)
FAIL: gcc.dg/torture/builtin-sin-mpfr-1.c  -Os  (test for excess errors)
FAIL: gcc.dg/tree-ssa/loadpre1.c scan-tree-dump-times Eliminated: 1 1

		=== gcc Summary ===

# of expected passes		40027
# of unexpected failures	25
# of unexpected successes	3
# of expected failures		81
# of unresolved testcases	11
# of untested testcases		28
# of unsupported tests		444
/test/gnu/gcc/objdir/gcc/xgcc  version 4.3.0 20061209 (experimental)

		=== gfortran tests ===


Running target unix
FAIL: gfortran.dg/assumed_charlen_function_5.f90  -O  (test for excess errors)
FAIL: gfortran.dg/char_result_7.f90  -O0  (test for excess errors)
WARNING: gfortran.dg/char_result_7.f90  -O0  compilation failed to produce executable
FAIL: gfortran.dg/char_result_7.f90  -O1  (test for excess errors)
WARNING: gfortran.dg/char_result_7.f90  -O1  compilation failed to produce executable
FAIL: gfortran.dg/char_result_7.f90  -O2  (test for excess errors)
WARNING: gfortran.dg/char_result_7.f90  -O2  compilation failed to produce executable
FAIL: gfortran.dg/char_result_7.f90  -O3 -fomit-frame-pointer  (test for excess errors)
WARNING: gfortran.dg/char_result_7.f90  -O3 -fomit-frame-pointer  compilation failed to produce executable
FAIL: gfortran.dg/char_result_7.f90  -O3 -fomit-frame-pointer -funroll-loops  (test for excess errors)
WARNING: gfortran.dg/char_result_7.f90  -O3 -fomit-frame-pointer -funroll-loops  compilation failed to produce executable
FAIL: gfortran.dg/char_result_7.f90  -O3 -fomit-frame-pointer -funroll-all-loops -finline-functions  (test for excess errors)
WARNING: gfortran.dg/char_result_7.f90  -O3 -fomit-frame-pointer -funroll-all-loops -finline-functions  compilation failed to produce executable
FAIL: gfortran.dg/char_result_7.f90  -O3 -g  (test for excess errors)
WARNING: gfortran.dg/char_result_7.f90  -O3 -g  compilation failed to produce executable
FAIL: gfortran.dg/char_result_7.f90  -Os  (test for excess errors)
WARNING: gfortran.dg/char_result_7.f90  -Os  compilation failed to produce executable
FAIL: gfortran.dg/dummy_functions_1.f90  -O  (test for excess errors)
FAIL: gfortran.dg/dummy_procedure_1.f90  -O   (test for errors, line 36)
FAIL: gfortran.dg/dummy_procedure_1.f90  -O  (test for excess errors)
FAIL: gfortran.dg/dummy_procedure_2.f90  -O   (test for errors, line 27)
FAIL: gfortran.dg/dummy_procedure_2.f90  -O  (test for excess errors)
FAIL: gfortran.dg/entry_1.f90  -O0  (test for excess errors)
WARNING: gfortran.dg/entry_1.f90  -O0  compilation failed to produce executable
FAIL: gfortran.dg/entry_1.f90  -O1  (test for excess errors)
WARNING: gfortran.dg/entry_1.f90  -O1  compilation failed to produce executable
FAIL: gfortran.dg/entry_1.f90  -O2  (test for excess errors)
WARNING: gfortran.dg/entry_1.f90  -O2  compilation failed to produce executable
FAIL: gfortran.dg/entry_1.f90  -O3 -fomit-frame-pointer  (test for excess errors)
WARNING: gfortran.dg/entry_1.f90  -O3 -fomit-frame-pointer  compilation failed to produce executable
FAIL: gfortran.dg/entry_1.f90  -O3 -fomit-frame-pointer -funroll-loops  (test for excess errors)
WARNING: gfortran.dg/entry_1.f90  -O3 -fomit-frame-pointer -funroll-loops  compilation failed to produce executable
FAIL: gfortran.dg/entry_1.f90  -O3 -fomit-frame-pointer -funroll-all-loops -finline-functions  (test for excess errors)
WARNING: gfortran.dg/entry_1.f90  -O3 -fomit-frame-pointer -funroll-all-loops -finline-functions  compilation failed to produce executable
FAIL: gfortran.dg/entry_1.f90  -O3 -g  (test for excess errors)
WARNING: gfortran.dg/entry_1.f90  -O3 -g  compilation failed to produce executable
FAIL: gfortran.dg/entry_1.f90  -Os  (test for excess errors)
WARNING: gfortran.dg/entry_1.f90  -Os  compilation failed to produce executable
FAIL: gfortran.dg/internal_dummy_1.f90  -O  (test for excess errors)
FAIL: gfortran.dg/module_proc_external_dummy.f90  -O  (test for excess errors)
FAIL: gfortran.dg/sibling_dummy_procedure_1.f90  -O  (test for excess errors)
FAIL: gfortran.dg/sibling_dummy_procedure_2.f90  -O  (test for excess errors)
FAIL: gfortran.fortran-torture/compile/actual.f90,  "-O"  
FAIL: gfortran.fortran-torture/execute/intrinsic_set_exponent.f90,  -O1  (internal compiler error)
FAIL: gfortran.fortran-torture/execute/intrinsic_set_exponent.f90,  -O2  (internal compiler error)
FAIL: gfortran.fortran-torture/execute/intrinsic_set_exponent.f90,  -O3 -fomit-frame-pointer  (internal compiler error)
FAIL: gfortran.fortran-torture/execute/intrinsic_set_exponent.f90,  -O3 -fomit-frame-pointer -funroll-loops  (internal compiler error)
FAIL: gfortran.fortran-torture/execute/intrinsic_set_exponent.f90,  -O3 -fomit-frame-pointer -funroll-all-loops -finline-functions  (internal compiler error)
FAIL: gfortran.fortran-torture/execute/intrinsic_set_exponent.f90,  -O3 -g  (internal compiler error)
FAIL: gfortran.fortran-torture/execute/intrinsic_set_exponent.f90,  -Os  (internal compiler error)

		=== gfortran Summary ===

# of expected passes		15324
# of unexpected failures	34
# of expected failures		6
# of unsupported tests		89
/test/gnu/gcc/objdir/gcc/testsuite/gfortran/../../gfortran  version 4.3.0 20061209 (experimental)

		=== obj-c++ tests ===


Running target unix
FAIL: obj-c++.dg/bitfield-1.mm (internal compiler error)
FAIL: obj-c++.dg/bitfield-1.mm (test for excess errors)
WARNING: obj-c++.dg/bitfield-1.mm compilation failed to produce executable
FAIL: obj-c++.dg/bitfield-4.mm (test for excess errors)
FAIL: obj-c++.dg/comp-types-10.mm (internal compiler error)
FAIL: obj-c++.dg/comp-types-10.mm (test for excess errors)
FAIL: obj-c++.dg/cxx-ivars-2.mm execution test
FAIL: obj-c++.dg/encode-8.mm execution test
FAIL: obj-c++.dg/gnu-runtime-2.mm (test for excess errors)
FAIL: obj-c++.dg/isa-field-1.mm (test for excess errors)
FAIL: obj-c++.dg/layout-1.mm (test for excess errors)
FAIL: obj-c++.dg/lookup-2.mm (test for excess errors)
WARNING: obj-c++.dg/lookup-2.mm compilation failed to produce executable
FAIL: obj-c++.dg/try-catch-2.mm (test for excess errors)
WARNING: obj-c++.dg/try-catch-2.mm compilation failed to produce executable
FAIL: obj-c++.dg/try-catch-9.mm (internal compiler error)
FAIL: obj-c++.dg/try-catch-9.mm (test for excess errors)
WARNING: obj-c++.dg/try-catch-9.mm compilation failed to produce executable

		=== obj-c++ Summary ===

# of expected passes		423
# of unexpected failures	14
# of unsupported tests		13
/test/gnu/gcc/objdir/gcc/testsuite/obj-c++/../../g++  version 4.3.0 20061209 (experimental)

		=== objc tests ===


Running target unix

		=== objc Summary ===

# of expected passes		1758
# of expected failures		7
# of unsupported tests		25
/test/gnu/gcc/objdir/gcc/xgcc  version 4.3.0 20061209 (experimental)

		=== libgomp tests ===


Running target unix

		=== libgomp Summary ===

# of expected passes		1314
# of unsupported tests		118
		=== libstdc++ tests ===


Running target unix
WARNING: program timed out.
FAIL: ext/pb_ds/regression/tree_no_data_map_rand.cc (test for excess errors)
WARNING: ext/pb_ds/regression/tree_no_data_map_rand.cc compilation failed to produce executable

		=== libstdc++ Summary ===

# of expected passes		3799
# of unexpected failures	1
# of expected failures		15
# of unsupported tests		332

Compiler version: 4.3.0 20061209 (experimental) 
Platform: hppa64-hp-hpux11.11
configure flags: --with-gnu-as --with-as=/opt/gnu64/bin/as --with-ld=/usr/ccs/bin/ld --enable-shared --disable-nls --with-local-prefix=/opt/gnu64 --prefix=/opt/gnu64/gcc/gcc-4.3.0 --host=hppa64-hp-hpux11.11 --enable-threads=posix --disable-libmudflap --with-gmp=/opt/gnu64/gcc/gcc-4.3.0 --enable-languages=c,c++,fortran,java,objc,obj-c++


Index Nav: [Date Index] [Subject Index] [Author Index] [Thread Index]
Message Nav: [Date Prev] [Date Next] [Thread Prev] [Thread Next]