This is the mail archive of the
gcc-testresults@gcc.gnu.org
mailing list for the GCC project.
Results for 4.3.0 20061209 (experimental) testsuite on i686-pc-cygwin
- From: Tim Prince <timothyprince at sbcglobal dot net>
- To: gcc-testresults at gcc dot gnu dot org
- Date: Sun, 10 Dec 2006 22:37:23 -0800
- Subject: Results for 4.3.0 20061209 (experimental) testsuite on i686-pc-cygwin
- Reply-to: tprince at myrealbox dot com
Native configuration is i686-pc-cygwin
=== g++ tests ===
Running target unix
FAIL: g++.dg/compat/eh/filter2 cp_compat_x_tst.o compile
FAIL: g++.dg/compat/eh/filter2 cp_compat_y_tst.o compile
UNRESOLVED: g++.dg/compat/eh/filter2 cp_compat_x_tst.o-cp_compat_y_tst.o
link
UNRESOLVED: g++.dg/compat/eh/filter2 cp_compat_x_tst.o-cp_compat_y_tst.o
execute
FAIL: g++.dg/compat/eh/new1 cp_compat_x_tst.o compile
FAIL: g++.dg/compat/eh/new1 cp_compat_y_tst.o compile
UNRESOLVED: g++.dg/compat/eh/new1 cp_compat_x_tst.o-cp_compat_y_tst.o link
UNRESOLVED: g++.dg/compat/eh/new1 cp_compat_x_tst.o-cp_compat_y_tst.o
execute
FAIL: g++.dg/abi/bitfield6.C (test for excess errors)
WARNING: g++.dg/abi/bitfield6.C compilation failed to produce executable
FAIL: g++.dg/abi/enum1.C (test for excess errors)
WARNING: g++.dg/abi/enum1.C compilation failed to produce executable
FAIL: g++.dg/abi/local1.C execution test
FAIL: g++.dg/abi/rtti1.C scan-assembler-dem-not \\ntypeinfo for A[: \\t\\n]
FAIL: g++.dg/abi/rtti3.C scan-assembler .weak[ \\t]_?_ZTSPP1A
FAIL: g++.dg/abi/thunk4.C scan-assembler .weak[ \\t]_?_ZThn._N7Derived3FooEv
FAIL: g++.dg/eh/crossjump1.C (test for excess errors)
WARNING: g++.dg/eh/crossjump1.C compilation failed to produce executable
FAIL: g++.dg/eh/elide2.C (test for excess errors)
WARNING: g++.dg/eh/elide2.C compilation failed to produce executable
FAIL: g++.dg/eh/filter2.C (test for excess errors)
WARNING: g++.dg/eh/filter2.C compilation failed to produce executable
FAIL: g++.dg/eh/new1.C (test for excess errors)
WARNING: g++.dg/eh/new1.C compilation failed to produce executable
FAIL: g++.dg/eh/omit-frame-pointer.C (test for excess errors)
WARNING: g++.dg/eh/omit-frame-pointer.C compilation failed to produce
executable
FAIL: g++.dg/eh/uncaught1.C (test for excess errors)
WARNING: g++.dg/eh/uncaught1.C compilation failed to produce executable
FAIL: g++.dg/eh/uncaught2.C (test for excess errors)
ERROR: g++.dg/eh/uncaught2.C: error executing dg-final: couldn't open
"uncaught2.s": no such file or directory
UNRESOLVED: g++.dg/eh/uncaught2.C: error executing dg-final: couldn't
open "uncaught2.s": no such file or directory
FAIL: g++.dg/expr/anew1.C (test for excess errors)
WARNING: g++.dg/expr/anew1.C compilation failed to produce executable
FAIL: g++.dg/expr/anew2.C (test for excess errors)
WARNING: g++.dg/expr/anew2.C compilation failed to produce executable
FAIL: g++.dg/expr/anew3.C (test for excess errors)
WARNING: g++.dg/expr/anew3.C compilation failed to produce executable
FAIL: g++.dg/expr/anew4.C (test for excess errors)
WARNING: g++.dg/expr/anew4.C compilation failed to produce executable
FAIL: g++.dg/ext/dllimport7.C C++ specific error (test for errors, line 24)
FAIL: g++.dg/init/array4.C (test for excess errors)
FAIL: g++.dg/init/new11.C (test for excess errors)
WARNING: g++.dg/init/new11.C compilation failed to produce executable
FAIL: g++.dg/init/new5.C (test for excess errors)
WARNING: g++.dg/init/new5.C compilation failed to produce executable
FAIL: g++.dg/opt/alias4.C execution test
FAIL: g++.dg/opt/complex3.C (internal compiler error)
FAIL: g++.dg/opt/complex3.C (test for excess errors)
FAIL: g++.dg/opt/pr15551.C (test for excess errors)
WARNING: g++.dg/opt/pr15551.C compilation failed to produce executable
FAIL: g++.dg/opt/vt1.C scan-assembler-not
section[^\\n\\r]*_ZTV1S[^\\n\\r]*"[^w"\\n\\r]*"
FAIL: g++.dg/other/offsetof1.C (test for excess errors)
FAIL: g++.dg/other/profile1.C (test for excess errors)
WARNING: g++.dg/other/profile1.C compilation failed to produce executable
FAIL: g++.dg/other/ucnid-1.C (test for excess errors)
WARNING: g++.dg/other/ucnid-1.C compilation failed to produce executable
FAIL: g++.dg/other/unused1.C scan-assembler
(string|ascii?)z?\\t"class2("|\\\\\\\\000)
FAIL: g++.dg/other/unused1.C scan-assembler
(string|ascii?)z?\\t"printer("|\\\\\\\\000)
FAIL: g++.dg/parse/lookup1.C (test for excess errors)
FAIL: g++.dg/parse/offsetof2.C (test for excess errors)
FAIL: g++.dg/parse/offsetof3.C (test for excess errors)
FAIL: g++.dg/parse/offsetof4.C (test for excess errors)
FAIL: g++.dg/parse/parse5.C (test for excess errors)
FAIL: g++.dg/rtti/typeid4.C (test for excess errors)
WARNING: g++.dg/rtti/typeid4.C compilation failed to produce executable
FAIL: g++.dg/tc1/dr127.C (test for excess errors)
FAIL: g++.dg/template/friend10.C (test for excess errors)
WARNING: g++.dg/template/friend10.C compilation failed to produce executable
FAIL: g++.dg/template/nontype10.C (test for excess errors)
FAIL: g++.dg/template/offsetof1.C (test for excess errors)
XPASS: g++.dg/tree-ssa/ivopts-1.C scan-tree-dump-not &x\\[5\\]
FAIL: g++.dg/tree-ssa/pr19786.C (test for excess errors)
WARNING: g++.dg/tree-ssa/pr19786.C compilation failed to produce executable
FAIL: g++.dg/warn/Winline-3.C (test for excess errors)
FAIL: g++.dg/warn/format1.C printf warning (test for warnings, line 12)
FAIL: g++.dg/warn/format1.C scanf warning (test for warnings, line 14)
FAIL: g++.dg/warn/format1.C (test for excess errors)
FAIL: g++.dg/warn/noreturn-1.C (test for excess errors)
FAIL: g++.dg/pch/externc-1.C -g assembly comparison
FAIL: g++.dg/pch/externc-1.C -O2 -g assembly comparison
FAIL: g++.dg/pch/static-1.C -g assembly comparison
FAIL: g++.dg/pch/static-1.C -O2 -g assembly comparison
FAIL: ./system-1.H (test for excess errors)
FAIL: ./system-1.H (test for excess errors)
FAIL: ./system-1.H (test for excess errors)
FAIL: ./system-2.H (test for excess errors)
FAIL: ./system-2.H (test for excess errors)
FAIL: ./system-2.H (test for excess errors)
FAIL: ./uninst.H (test for excess errors)
FAIL: ./uninst.H (test for excess errors)
FAIL: ./uninst.H (test for excess errors)
FAIL: g++.dg/pch/wchar-1.C -g assembly comparison
FAIL: g++.dg/pch/wchar-1.C -O2 -g assembly comparison
FAIL: g++.old-deja/g++.abi/arraynew.C (test for excess errors)
WARNING: g++.old-deja/g++.abi/arraynew.C compilation failed to produce
executable
FAIL: g++.old-deja/g++.abi/cxa_vec.C (test for excess errors)
WARNING: g++.old-deja/g++.abi/cxa_vec.C compilation failed to produce
executable
FAIL: g++.old-deja/g++.abi/ptrmem.C (test for excess errors)
WARNING: g++.old-deja/g++.abi/ptrmem.C compilation failed to produce
executable
FAIL: g++.old-deja/g++.benjamin/15071.C (test for excess errors)
WARNING: g++.old-deja/g++.benjamin/15071.C compilation failed to produce
executable
FAIL: g++.old-deja/g++.brendan/copy9.C (test for excess errors)
WARNING: g++.old-deja/g++.brendan/copy9.C compilation failed to produce
executable
FAIL: g++.old-deja/g++.brendan/crash15.C (test for excess errors)
FAIL: g++.old-deja/g++.brendan/crash20.C (test for excess errors)
FAIL: g++.old-deja/g++.brendan/crash30.C (test for excess errors)
FAIL: g++.old-deja/g++.brendan/crash38.C (test for excess errors)
FAIL: g++.old-deja/g++.brendan/crash39.C (test for excess errors)
FAIL: g++.old-deja/g++.brendan/crash49.C (test for excess errors)
FAIL: g++.old-deja/g++.brendan/crash52.C (test for excess errors)
FAIL: g++.old-deja/g++.brendan/crash62.C (test for errors, line 29)
FAIL: g++.old-deja/g++.brendan/crash62.C (test for excess errors)
FAIL: g++.old-deja/g++.brendan/cvt1.C (test for excess errors)
FAIL: g++.old-deja/g++.brendan/err-msg3.C (test for excess errors)
FAIL: g++.old-deja/g++.brendan/nest21.C (test for excess errors)
WARNING: g++.old-deja/g++.brendan/nest21.C compilation failed to produce
executable
FAIL: g++.old-deja/g++.brendan/new3.C (test for excess errors)
WARNING: g++.old-deja/g++.brendan/new3.C compilation failed to produce
executable
FAIL: g++.old-deja/g++.brendan/ptolemy2.C (test for excess errors)
WARNING: g++.old-deja/g++.brendan/ptolemy2.C compilation failed to
produce executable
FAIL: g++.old-deja/g++.eh/badalloc1.C execution test
FAIL: g++.old-deja/g++.eh/new1.C (test for excess errors)
WARNING: g++.old-deja/g++.eh/new1.C compilation failed to produce executable
FAIL: g++.old-deja/g++.eh/new2.C (test for excess errors)
WARNING: g++.old-deja/g++.eh/new2.C compilation failed to produce executable
FAIL: g++.old-deja/g++.eh/pdel1.C (test for excess errors)
WARNING: g++.old-deja/g++.eh/pdel1.C compilation failed to produce
executable
FAIL: g++.old-deja/g++.eh/pdel2.C (test for excess errors)
WARNING: g++.old-deja/g++.eh/pdel2.C compilation failed to produce
executable
FAIL: g++.old-deja/g++.eh/terminate1.C (test for excess errors)
WARNING: g++.old-deja/g++.eh/terminate1.C compilation failed to produce
executable
FAIL: g++.old-deja/g++.eh/terminate2.C (test for excess errors)
WARNING: g++.old-deja/g++.eh/terminate2.C compilation failed to produce
executable
XPASS: g++.old-deja/g++.ext/attrib5.C execution test
FAIL: g++.old-deja/g++.jason/2371.C (test for excess errors)
WARNING: g++.old-deja/g++.jason/2371.C compilation failed to produce
executable
FAIL: g++.old-deja/g++.jason/dtor5.C (test for excess errors)
WARNING: g++.old-deja/g++.jason/dtor5.C compilation failed to produce
executable
FAIL: g++.old-deja/g++.jason/new.C (test for excess errors)
FAIL: g++.old-deja/g++.jason/template24.C (test for excess errors)
WARNING: g++.old-deja/g++.jason/template24.C compilation failed to
produce executable
FAIL: g++.old-deja/g++.jason/template31.C (test for excess errors)
WARNING: g++.old-deja/g++.jason/template31.C compilation failed to
produce executable
FAIL: g++.old-deja/g++.jason/typeid1.C (test for excess errors)
FAIL: g++.old-deja/g++.law/arg1.C (test for excess errors)
FAIL: g++.old-deja/g++.law/arg8.C (test for excess errors)
WARNING: g++.old-deja/g++.law/arg8.C compilation failed to produce
executable
FAIL: g++.old-deja/g++.law/arm12.C (test for excess errors)
FAIL: g++.old-deja/g++.law/arm9.C (test for excess errors)
FAIL: g++.old-deja/g++.law/bad-error7.C (test for excess errors)
FAIL: g++.old-deja/g++.law/code-gen5.C (test for excess errors)
WARNING: g++.old-deja/g++.law/code-gen5.C compilation failed to produce
executable
FAIL: g++.old-deja/g++.law/ctors10.C (test for excess errors)
FAIL: g++.old-deja/g++.law/ctors12.C (test for excess errors)
WARNING: g++.old-deja/g++.law/ctors12.C compilation failed to produce
executable
FAIL: g++.old-deja/g++.law/ctors13.C (test for excess errors)
FAIL: g++.old-deja/g++.law/ctors17.C (test for excess errors)
FAIL: g++.old-deja/g++.law/ctors6.C (test for excess errors)
FAIL: g++.old-deja/g++.law/cvt16.C (test for excess errors)
FAIL: g++.old-deja/g++.law/cvt2.C (test for excess errors)
WARNING: g++.old-deja/g++.law/cvt2.C compilation failed to produce
executable
FAIL: g++.old-deja/g++.law/cvt7.C (test for excess errors)
WARNING: g++.old-deja/g++.law/cvt7.C compilation failed to produce
executable
FAIL: g++.old-deja/g++.law/except5.C (test for excess errors)
FAIL: g++.old-deja/g++.law/friend1.C (test for excess errors)
FAIL: g++.old-deja/g++.law/missed-error2.C (test for excess errors)
FAIL: g++.old-deja/g++.law/nest3.C (test for excess errors)
FAIL: g++.old-deja/g++.law/operators27.C (test for excess errors)
WARNING: g++.old-deja/g++.law/operators27.C compilation failed to
produce executable
FAIL: g++.old-deja/g++.law/operators32.C (test for excess errors)
FAIL: g++.old-deja/g++.law/operators4.C (test for excess errors)
FAIL: g++.old-deja/g++.law/vbase1.C (test for excess errors)
FAIL: g++.old-deja/g++.law/virtual3.C (test for excess errors)
WARNING: g++.old-deja/g++.law/virtual3.C compilation failed to produce
executable
FAIL: g++.old-deja/g++.law/visibility1.C (test for excess errors)
FAIL: g++.old-deja/g++.law/visibility10.C (test for excess errors)
FAIL: g++.old-deja/g++.law/visibility13.C (test for excess errors)
FAIL: g++.old-deja/g++.law/visibility17.C (test for excess errors)
FAIL: g++.old-deja/g++.law/visibility2.C (test for excess errors)
FAIL: g++.old-deja/g++.law/visibility22.C (test for excess errors)
FAIL: g++.old-deja/g++.law/visibility25.C (test for excess errors)
FAIL: g++.old-deja/g++.law/visibility7.C (test for excess errors)
FAIL: g++.old-deja/g++.martin/bitset1.C (test for excess errors)
WARNING: g++.old-deja/g++.martin/bitset1.C compilation failed to produce
executable
FAIL: g++.old-deja/g++.martin/new1.C (test for excess errors)
WARNING: g++.old-deja/g++.martin/new1.C compilation failed to produce
executable
FAIL: g++.old-deja/g++.mike/dyncast7.C (test for excess errors)
WARNING: g++.old-deja/g++.mike/dyncast7.C compilation failed to produce
executable
FAIL: g++.old-deja/g++.mike/eh13.C (test for excess errors)
WARNING: g++.old-deja/g++.mike/eh13.C compilation failed to produce
executable
FAIL: g++.old-deja/g++.mike/eh2.C (test for excess errors)
WARNING: g++.old-deja/g++.mike/eh2.C compilation failed to produce
executable
FAIL: g++.old-deja/g++.mike/eh47.C (test for excess errors)
WARNING: g++.old-deja/g++.mike/eh47.C compilation failed to produce
executable
FAIL: g++.old-deja/g++.mike/net34.C (test for excess errors)
WARNING: g++.old-deja/g++.mike/net34.C compilation failed to produce
executable
FAIL: g++.old-deja/g++.mike/net46.C (test for excess errors)
WARNING: g++.old-deja/g++.mike/net46.C compilation failed to produce
executable
FAIL: g++.old-deja/g++.mike/p658.C (test for excess errors)
WARNING: g++.old-deja/g++.mike/p658.C compilation failed to produce
executable
FAIL: g++.old-deja/g++.mike/p755.C (test for excess errors)
WARNING: g++.old-deja/g++.mike/p755.C compilation failed to produce
executable
FAIL: g++.old-deja/g++.mike/rtti1.C (test for excess errors)
FAIL: g++.old-deja/g++.ns/koenig9.C (test for excess errors)
FAIL: g++.old-deja/g++.ns/using4.C (test for excess errors)
FAIL: g++.old-deja/g++.ns/using6.C (test for excess errors)
FAIL: g++.old-deja/g++.oliva/new1.C (test for excess errors)
WARNING: g++.old-deja/g++.oliva/new1.C compilation failed to produce
executable
FAIL: g++.old-deja/g++.oliva/thunk1.C (test for excess errors)
WARNING: g++.old-deja/g++.oliva/thunk1.C compilation failed to produce
executable
FAIL: g++.old-deja/g++.other/bitfld1.C (test for excess errors)
FAIL: g++.old-deja/g++.other/defarg6.C (test for excess errors)
FAIL: g++.old-deja/g++.other/delete3.C (test for excess errors)
WARNING: g++.old-deja/g++.other/delete3.C compilation failed to produce
executable
FAIL: g++.old-deja/g++.other/delete7.C (test for excess errors)
WARNING: g++.old-deja/g++.other/delete7.C compilation failed to produce
executable
FAIL: g++.old-deja/g++.other/dtor1.C (test for excess errors)
WARNING: g++.old-deja/g++.other/dtor1.C compilation failed to produce
executable
FAIL: g++.old-deja/g++.other/dtor12.C (test for excess errors)
WARNING: g++.old-deja/g++.other/dtor12.C compilation failed to produce
executable
FAIL: g++.old-deja/g++.other/headers1.C (test for excess errors)
WARNING: g++.old-deja/g++.other/headers1.C compilation failed to produce
executable
FAIL: g++.old-deja/g++.other/init18.C execution test
FAIL: g++.old-deja/g++.other/init19.C execution test
FAIL: g++.old-deja/g++.other/init5.C execution test
FAIL: g++.old-deja/g++.other/init9.C (test for errors, line 36)
FAIL: g++.old-deja/g++.other/init9.C (test for errors, line 38)
FAIL: g++.old-deja/g++.other/inline14.C (test for excess errors)
FAIL: g++.old-deja/g++.other/inline2.C (test for excess errors)
FAIL: g++.old-deja/g++.other/inline7.C (test for excess errors)
WARNING: g++.old-deja/g++.other/inline7.C compilation failed to produce
executable
FAIL: g++.old-deja/g++.other/inline8.C (test for excess errors)
WARNING: g++.old-deja/g++.other/inline8.C compilation failed to produce
executable
FAIL: g++.old-deja/g++.other/new.C (test for excess errors)
FAIL: g++.old-deja/g++.other/new6.C (test for excess errors)
WARNING: g++.old-deja/g++.other/new6.C compilation failed to produce
executable
FAIL: g++.old-deja/g++.other/new7.C (test for excess errors)
WARNING: g++.old-deja/g++.other/new7.C compilation failed to produce
executable
FAIL: g++.old-deja/g++.other/null1.C (test for warnings, line 27)
FAIL: g++.old-deja/g++.other/null1.C (test for warnings, line 30)
FAIL: g++.old-deja/g++.other/null1.C (test for warnings, line 31)
FAIL: g++.old-deja/g++.other/null1.C (test for warnings, line 34)
FAIL: g++.old-deja/g++.other/null1.C (test for warnings, line 35)
FAIL: g++.old-deja/g++.other/null1.C (test for warnings, line 36)
FAIL: g++.old-deja/g++.other/null1.C (test for warnings, line 37)
FAIL: g++.old-deja/g++.other/null1.C (test for warnings, line 38)
FAIL: g++.old-deja/g++.other/null1.C (test for warnings, line 39)
FAIL: g++.old-deja/g++.other/null1.C (test for warnings, line 40)
FAIL: g++.old-deja/g++.other/null1.C (test for warnings, line 41)
FAIL: g++.old-deja/g++.other/null1.C (test for warnings, line 43)
FAIL: g++.old-deja/g++.other/null1.C (test for excess errors)
FAIL: g++.old-deja/g++.other/optimize2.C (test for excess errors)
WARNING: g++.old-deja/g++.other/optimize2.C compilation failed to
produce executable
FAIL: g++.old-deja/g++.other/sibcall1.C (test for excess errors)
WARNING: g++.old-deja/g++.other/sibcall1.C compilation failed to produce
executable
FAIL: g++.old-deja/g++.other/unchanging1.C (test for excess errors)
WARNING: g++.old-deja/g++.other/unchanging1.C compilation failed to
produce executable
FAIL: g++.old-deja/g++.pt/crash68.C (test for excess errors)
FAIL: g++.old-deja/g++.pt/instantiate10.C (test for excess errors)
FAIL: g++.old-deja/g++.pt/memtemp100.C (test for excess errors)
FAIL: g++.old-deja/g++.pt/spec30.C (test for excess errors)
WARNING: g++.old-deja/g++.pt/spec30.C compilation failed to produce
executable
FAIL: g++.old-deja/g++.robertl/eb109.C (test for errors, line 23)
FAIL: g++.old-deja/g++.robertl/eb109.C (test for errors, line 45)
FAIL: g++.old-deja/g++.robertl/eb109.C (test for errors, line 47)
FAIL: g++.old-deja/g++.robertl/eb109.C (test for errors, line 51)
FAIL: g++.old-deja/g++.robertl/eb109.C (test for errors, line 52)
FAIL: g++.old-deja/g++.robertl/eb109.C (test for errors, line 56)
FAIL: g++.old-deja/g++.robertl/eb109.C (test for excess errors)
FAIL: g++.old-deja/g++.robertl/eb113.C (test for excess errors)
FAIL: g++.old-deja/g++.robertl/eb115.C (test for excess errors)
WARNING: g++.old-deja/g++.robertl/eb115.C compilation failed to produce
executable
FAIL: g++.old-deja/g++.robertl/eb124.C (test for excess errors)
FAIL: g++.old-deja/g++.robertl/eb127.C (test for errors, line 51)
FAIL: g++.old-deja/g++.robertl/eb127.C (test for excess errors)
FAIL: g++.old-deja/g++.robertl/eb129.C (test for errors, line 20)
FAIL: g++.old-deja/g++.robertl/eb129.C (test for excess errors)
FAIL: g++.old-deja/g++.robertl/eb129a.C (test for excess errors)
FAIL: g++.old-deja/g++.robertl/eb130.C (test for excess errors)
FAIL: g++.old-deja/g++.robertl/eb132.C (test for excess errors)
FAIL: g++.old-deja/g++.robertl/eb15.C (test for excess errors)
FAIL: g++.old-deja/g++.robertl/eb21.C (test for excess errors)
WARNING: g++.old-deja/g++.robertl/eb21.C compilation failed to produce
executable
FAIL: g++.old-deja/g++.robertl/eb24.C (test for excess errors)
FAIL: g++.old-deja/g++.robertl/eb27.C (test for excess errors)
FAIL: g++.old-deja/g++.robertl/eb28.C (test for excess errors)
FAIL: g++.old-deja/g++.robertl/eb29.C (test for excess errors)
FAIL: g++.old-deja/g++.robertl/eb3.C (test for excess errors)
FAIL: g++.old-deja/g++.robertl/eb30.C (test for excess errors)
FAIL: g++.old-deja/g++.robertl/eb31.C (test for excess errors)
WARNING: g++.old-deja/g++.robertl/eb31.C compilation failed to produce
executable
FAIL: g++.old-deja/g++.robertl/eb33.C (test for excess errors)
WARNING: g++.old-deja/g++.robertl/eb33.C compilation failed to produce
executable
FAIL: g++.old-deja/g++.robertl/eb36.C (test for excess errors)
FAIL: g++.old-deja/g++.robertl/eb39.C (test for excess errors)
FAIL: g++.old-deja/g++.robertl/eb41.C (test for excess errors)
WARNING: g++.old-deja/g++.robertl/eb41.C compilation failed to produce
executable
FAIL: g++.old-deja/g++.robertl/eb43.C (test for errors, line 31)
FAIL: g++.old-deja/g++.robertl/eb43.C (test for excess errors)
FAIL: g++.old-deja/g++.robertl/eb44.C (test for excess errors)
FAIL: g++.old-deja/g++.robertl/eb46.C (test for excess errors)
WARNING: g++.old-deja/g++.robertl/eb46.C compilation failed to produce
executable
FAIL: g++.old-deja/g++.robertl/eb54.C (test for excess errors)
WARNING: g++.old-deja/g++.robertl/eb54.C compilation failed to produce
executable
FAIL: g++.old-deja/g++.robertl/eb55.C (test for excess errors)
FAIL: g++.old-deja/g++.robertl/eb59.C (test for excess errors)
WARNING: g++.old-deja/g++.robertl/eb59.C compilation failed to produce
executable
FAIL: g++.old-deja/g++.robertl/eb60.C (test for excess errors)
FAIL: g++.old-deja/g++.robertl/eb62.C (test for excess errors)
FAIL: g++.old-deja/g++.robertl/eb65.C (test for excess errors)
WARNING: g++.old-deja/g++.robertl/eb65.C compilation failed to produce
executable
FAIL: g++.old-deja/g++.robertl/eb66.C (test for excess errors)
WARNING: g++.old-deja/g++.robertl/eb66.C compilation failed to produce
executable
FAIL: g++.old-deja/g++.robertl/eb7.C (test for excess errors)
FAIL: g++.old-deja/g++.robertl/eb73.C (test for excess errors)
WARNING: g++.old-deja/g++.robertl/eb73.C compilation failed to produce
executable
FAIL: g++.old-deja/g++.robertl/eb76.C (test for excess errors)
FAIL: g++.old-deja/g++.robertl/eb77.C (test for excess errors)
WARNING: g++.old-deja/g++.robertl/eb77.C compilation failed to produce
executable
FAIL: g++.old-deja/g++.robertl/eb79.C (test for excess errors)
FAIL: g++.old-deja/g++.robertl/eb91.C (test for excess errors)
WARNING: g++.old-deja/g++.robertl/eb91.C compilation failed to produce
executable
FAIL: g++.old-deja/g++.warn/iomanip.C (test for excess errors)
=== g++ Summary ===
# of expected passes 13130
# of unexpected failures 232
# of unexpected successes 2
# of expected failures 67
# of unresolved testcases 5
# of untested testcases 18
# of unsupported tests 167
/cygdrive/c/gnu/gcc-4.3-20061202/xp/gcc/testsuite/g++/../../g++ version
4.3.0 20061209 (experimental)
=== gcc tests ===
Running target unix
FAIL: gcc.c-torture/compile/20001226-1.c (test for excess errors)
FAIL: gcc.dg/cpp/trad/include.c (test for excess errors)
FAIL: gcc.dg/cpp/trad/include.c (test for excess errors)
FAIL: gcc.dg/builtins-57.c scan-tree-dump trunc
FAIL: gcc.dg/pr25993.c (test for excess errors)
FAIL: gcc.dg/setjmp-3.c (test for excess errors)
WARNING: gcc.dg/setjmp-3.c compilation failed to produce executable
FAIL: gcc.dg/setjmp-4.c (test for excess errors)
WARNING: gcc.dg/setjmp-4.c compilation failed to produce executable
FAIL: largefile.c (test for excess errors)
FAIL: largefile.c (test for excess errors)
FAIL: largefile.c (test for excess errors)
FAIL: largefile.c (test for excess errors)
FAIL: largefile.c (test for excess errors)
FAIL: largefile.c (test for excess errors)
FAIL: largefile.c (test for excess errors)
FAIL: gcc.dg/tree-ssa/loadpre1.c scan-tree-dump-times Eliminated: 1 1
FAIL: gcc.dg/tree-ssa/loop-1.c scan-assembler-times foo 5
FAIL: gcc.dg/vect/vect-101.c scan-tree-dump-times vectorized 1 loops 0
FAIL: gcc.dg/vect/vect-101.c scan-tree-dump-times can't determine
dependence 1
FAIL: compiler driver --coverage option(s) (compiler options)
FAIL: gcc.target/i386/pic-1.c (test for errors, line 10)
FAIL: gcc.target/i386/math-torture/lceil.c (internal compiler error)
FAIL: gcc.target/i386/math-torture/lceil.c (test for excess errors)
FAIL: gcc.target/i386/math-torture/lceil.c (internal compiler error)
FAIL: gcc.target/i386/math-torture/lceil.c (test for excess errors)
FAIL: gcc.target/i386/math-torture/lceil.c (internal compiler error)
FAIL: gcc.target/i386/math-torture/lceil.c (test for excess errors)
FAIL: gcc.target/i386/math-torture/lceil.c (internal compiler error)
FAIL: gcc.target/i386/math-torture/lceil.c (test for excess errors)
FAIL: gcc.target/i386/math-torture/lceil.c (internal compiler error)
FAIL: gcc.target/i386/math-torture/lceil.c (test for excess errors)
FAIL: gcc.target/i386/math-torture/lceil.c (internal compiler error)
FAIL: gcc.target/i386/math-torture/lceil.c (test for excess errors)
FAIL: gcc.target/i386/math-torture/lfloor.c (internal compiler error)
FAIL: gcc.target/i386/math-torture/lfloor.c (test for excess errors)
FAIL: gcc.target/i386/math-torture/lfloor.c (internal compiler error)
FAIL: gcc.target/i386/math-torture/lfloor.c (test for excess errors)
FAIL: gcc.target/i386/math-torture/lfloor.c (internal compiler error)
FAIL: gcc.target/i386/math-torture/lfloor.c (test for excess errors)
FAIL: gcc.target/i386/math-torture/lfloor.c (internal compiler error)
FAIL: gcc.target/i386/math-torture/lfloor.c (test for excess errors)
FAIL: gcc.target/i386/math-torture/lfloor.c (internal compiler error)
FAIL: gcc.target/i386/math-torture/lfloor.c (test for excess errors)
FAIL: gcc.target/i386/math-torture/lfloor.c (internal compiler error)
FAIL: gcc.target/i386/math-torture/lfloor.c (test for excess errors)
FAIL: gcc.target/i386/math-torture/lceil.c (internal compiler error)
FAIL: gcc.target/i386/math-torture/lceil.c (test for excess errors)
FAIL: gcc.target/i386/math-torture/lceil.c (internal compiler error)
FAIL: gcc.target/i386/math-torture/lceil.c (test for excess errors)
FAIL: gcc.target/i386/math-torture/lceil.c (internal compiler error)
FAIL: gcc.target/i386/math-torture/lceil.c (test for excess errors)
FAIL: gcc.target/i386/math-torture/lceil.c (internal compiler error)
FAIL: gcc.target/i386/math-torture/lceil.c (test for excess errors)
FAIL: gcc.target/i386/math-torture/lceil.c (internal compiler error)
FAIL: gcc.target/i386/math-torture/lceil.c (test for excess errors)
FAIL: gcc.target/i386/math-torture/lceil.c (internal compiler error)
FAIL: gcc.target/i386/math-torture/lceil.c (test for excess errors)
FAIL: gcc.target/i386/math-torture/lfloor.c (internal compiler error)
FAIL: gcc.target/i386/math-torture/lfloor.c (test for excess errors)
FAIL: gcc.target/i386/math-torture/lfloor.c (internal compiler error)
FAIL: gcc.target/i386/math-torture/lfloor.c (test for excess errors)
FAIL: gcc.target/i386/math-torture/lfloor.c (internal compiler error)
FAIL: gcc.target/i386/math-torture/lfloor.c (test for excess errors)
FAIL: gcc.target/i386/math-torture/lfloor.c (internal compiler error)
FAIL: gcc.target/i386/math-torture/lfloor.c (test for excess errors)
FAIL: gcc.target/i386/math-torture/lfloor.c (internal compiler error)
FAIL: gcc.target/i386/math-torture/lfloor.c (test for excess errors)
FAIL: gcc.target/i386/math-torture/lfloor.c (internal compiler error)
FAIL: gcc.target/i386/math-torture/lfloor.c (test for excess errors)
=== gcc Summary ===
# of expected passes 44041
# of unexpected failures 68
# of expected failures 115
# of untested testcases 35
# of unsupported tests 364
/cygdrive/c/gnu/gcc-4.3-20061202/xp/gcc/xgcc version 4.3.0 20061209
(experimental)
=== gfortran tests ===
Running target unix
FAIL: gfortran.dg/convert_implied_open.f90 execution test
FAIL: gfortran.dg/convert_implied_open.f90 execution test
FAIL: gfortran.dg/convert_implied_open.f90 execution test
FAIL: gfortran.dg/convert_implied_open.f90 execution test
FAIL: gfortran.dg/convert_implied_open.f90 execution test
FAIL: gfortran.dg/convert_implied_open.f90 execution test
FAIL: gfortran.dg/convert_implied_open.f90 execution test
FAIL: gfortran.dg/convert_implied_open.f90 execution test
FAIL: gfortran.dg/module_interface_1.f90 (test for excess errors)
FAIL: gfortran.dg/read_eof_4.f90 execution test
FAIL: gfortran.dg/read_eof_4.f90 execution test
FAIL: gfortran.dg/read_eof_4.f90 execution test
FAIL: gfortran.dg/read_eof_4.f90 execution test
FAIL: gfortran.dg/read_eof_4.f90 execution test
FAIL: gfortran.dg/read_eof_4.f90 execution test
FAIL: gfortran.dg/read_eof_4.f90 execution test
FAIL: gfortran.dg/read_eof_4.f90 execution test
FAIL: gfortran.dg/read_logical.f90 (test for excess errors)
FAIL: gfortran.dg/secnds.f execution test
FAIL: gfortran.dg/unf_read_corrupted_1.f90 execution test
FAIL: gfortran.dg/unf_read_corrupted_1.f90 execution test
FAIL: gfortran.dg/unf_read_corrupted_1.f90 execution test
FAIL: gfortran.dg/unf_read_corrupted_1.f90 execution test
FAIL: gfortran.dg/unf_read_corrupted_1.f90 execution test
FAIL: gfortran.dg/unf_read_corrupted_1.f90 execution test
FAIL: gfortran.dg/unf_read_corrupted_1.f90 execution test
FAIL: gfortran.dg/unf_read_corrupted_1.f90 execution test
FAIL: gfortran.dg/unf_short_record_1.f90 execution test
FAIL: gfortran.dg/unf_short_record_1.f90 execution test
FAIL: gfortran.dg/unf_short_record_1.f90 execution test
FAIL: gfortran.dg/unf_short_record_1.f90 execution test
FAIL: gfortran.dg/unf_short_record_1.f90 execution test
FAIL: gfortran.dg/unf_short_record_1.f90 execution test
FAIL: gfortran.dg/unf_short_record_1.f90 execution test
FAIL: gfortran.dg/unf_short_record_1.f90 execution test
FAIL: gfortran.dg/unformatted_subrecord_1.f90 (test for excess errors)
WARNING: gfortran.dg/unformatted_subrecord_1.f90 compilation failed to
produce executable
FAIL: gfortran.dg/unformatted_subrecord_1.f90 (test for excess errors)
WARNING: gfortran.dg/unformatted_subrecord_1.f90 compilation failed to
produce executable
FAIL: gfortran.dg/unformatted_subrecord_1.f90 (test for excess errors)
WARNING: gfortran.dg/unformatted_subrecord_1.f90 compilation failed to
produce executable
FAIL: gfortran.dg/unformatted_subrecord_1.f90 (test for excess errors)
WARNING: gfortran.dg/unformatted_subrecord_1.f90 compilation failed to
produce executable
FAIL: gfortran.dg/unformatted_subrecord_1.f90 (test for excess errors)
WARNING: gfortran.dg/unformatted_subrecord_1.f90 compilation failed to
produce executable
FAIL: gfortran.dg/unformatted_subrecord_1.f90 (test for excess errors)
WARNING: gfortran.dg/unformatted_subrecord_1.f90 compilation failed to
produce executable
FAIL: gfortran.dg/unformatted_subrecord_1.f90 (test for excess errors)
WARNING: gfortran.dg/unformatted_subrecord_1.f90 compilation failed to
produce executable
FAIL: gfortran.dg/unformatted_subrecord_1.f90 (test for excess errors)
WARNING: gfortran.dg/unformatted_subrecord_1.f90 compilation failed to
produce executable
FAIL: gfortran.dg/write_check3.f90 execution test
FAIL: gfortran.dg/write_check3.f90 execution test
FAIL: gfortran.dg/write_check3.f90 execution test
FAIL: gfortran.dg/write_check3.f90 execution test
FAIL: gfortran.dg/write_check3.f90 execution test
FAIL: gfortran.dg/write_check3.f90 execution test
FAIL: gfortran.dg/write_check3.f90 execution test
FAIL: gfortran.dg/write_check3.f90 (test for excess errors)
FAIL: gfortran.dg/write_check3.f90 execution test
=== gfortran Summary ===
# of expected passes 15320
# of unexpected failures 52
# of expected failures 7
# of unsupported tests 86
/cygdrive/c/gnu/gcc-4.3-20061202/xp/gcc/testsuite/gfortran/../../gfortran
version 4.3.0 20061209 (experimental)
=== objc tests ===
Running target unix
=== objc Summary ===
# of expected passes 1824
# of expected failures 7
# of unsupported tests 24
/cygdrive/c/gnu/gcc-4.3-20061202/xp/gcc/xgcc version 4.3.0 20061209
(experimental)
=== treelang tests ===
Running target unix
ERROR: tcl error sourcing
/cygdrive/c/gnu/gcc-4.3-20061202/gcc/testsuite/treelang/output/output.exp.
ERROR: rm: cannot remove \`treelang/output-1': No such file or directory
=== treelang Summary ===
# of expected passes 52
=== libstdc++ tests ===
Running target unix
ERROR: tcl error sourcing
/cygdrive/c/gnu/gcc-4.3-20061202/libstdc++-v3/testsuite/libstdc++-abi/abi.exp.
ERROR: could not compile testsuite_abi.cc
ERROR: tcl error sourcing
/cygdrive/c/gnu/gcc-4.3-20061202/libstdc++-v3/testsuite/libstdc++-dg/conformance.exp.
ERROR: could not compile testsuite_abi.cc
=== libstdc++ Summary ===
Compiler version: 4.3.0 20061209 (experimental)
Platform: i686-pc-cygwin