This is the mail archive of the gcc-testresults@gcc.gnu.org mailing list for the GCC project.


Index Nav: [Date Index] [Subject Index] [Author Index] [Thread Index]
Message Nav: [Date Prev] [Date Next] [Thread Prev] [Thread Next]
Other format: [Raw text]

Results for 4.3.0 20061209 (experimental) testsuite on powerpc-unknown-linux-gnuspe


LAST_UPDATED: 
Target is powerpc-unknown-linux-gnuspe
Host   is x86_64-unknown-linux-gnu

		=== gcc tests ===


Running target e500v1_ssh
UNRESOLVED: gcc.c-torture/compile/20011119-1.c  -O0 
UNRESOLVED: gcc.c-torture/compile/20011119-1.c  -O1 
UNRESOLVED: gcc.c-torture/compile/20011119-1.c  -O2 
UNRESOLVED: gcc.c-torture/compile/20011119-1.c  -O3 -fomit-frame-pointer 
UNRESOLVED: gcc.c-torture/compile/20011119-1.c  -O3 -g 
UNRESOLVED: gcc.c-torture/compile/20011119-1.c  -Os 
UNRESOLVED: gcc.c-torture/compile/20011119-2.c  -O0 
UNRESOLVED: gcc.c-torture/compile/20011119-2.c  -O1 
UNRESOLVED: gcc.c-torture/compile/20011119-2.c  -O2 
UNRESOLVED: gcc.c-torture/compile/20011119-2.c  -O3 -fomit-frame-pointer 
UNRESOLVED: gcc.c-torture/compile/20011119-2.c  -O3 -g 
UNRESOLVED: gcc.c-torture/compile/20011119-2.c  -Os 
UNRESOLVED: gcc.c-torture/compile/981001-2.c  -O0 
UNRESOLVED: gcc.c-torture/compile/981001-2.c  -O1 
UNRESOLVED: gcc.c-torture/compile/981001-2.c  -O2 
UNRESOLVED: gcc.c-torture/compile/981001-2.c  -O3 -fomit-frame-pointer 
UNRESOLVED: gcc.c-torture/compile/981001-2.c  -O3 -g 
UNRESOLVED: gcc.c-torture/compile/981001-2.c  -Os 
FAIL: gcc.c-torture/execute/mayalias-2.c compilation,  -O3 -g  (internal compiler error)
UNRESOLVED: gcc.c-torture/execute/mayalias-2.c execution,  -O3 -g 
FAIL: gcc.c-torture/execute/mayalias-3.c compilation,  -O3 -g  (internal compiler error)
UNRESOLVED: gcc.c-torture/execute/mayalias-3.c execution,  -O3 -g 
FAIL: gcc.dg/cpp/_Pragma3.c (test for excess errors)
UNRESOLVED: gcc.dg/attr-weakref-1-darwin.c
UNRESOLVED: gcc.dg/attr-weakref-1.c
UNRESOLVED: gcc.dg/attr-weakref-2.c
UNRESOLVED: gcc.dg/darwin-weakimport-1.c
UNRESOLVED: gcc.dg/darwin-weakimport-2.c
UNRESOLVED: gcc.dg/darwin-weakimport-3.c
UNRESOLVED: gcc.dg/darwin-weakref-1.c
FAIL: gcc.dg/memcpy-1.c scan-tree-dump-times nasty_local 0
FAIL: gcc.dg/visibility-d.c scan-not-hidden 
FAIL: gcc.dg/visibility-d.c scan-not-hidden 
FAIL: gcc.dg/visibility-d.c scan-not-hidden 
FAIL: gcc.dg/visibility-d.c scan-not-hidden 
FAIL: gcc.dg/visibility-d.c scan-not-hidden 
FAIL: gcc.dg/visibility-d.c scan-not-hidden 
FAIL: gcc.dg/visibility-d.c scan-not-hidden 
FAIL: gcc.dg/visibility-d.c scan-not-hidden 
FAIL: gcc.dg/visibility-d.c scan-not-hidden 
FAIL: gcc.dg/visibility-d.c scan-not-hidden 
FAIL: gcc.dg/visibility-d.c scan-not-hidden 
FAIL: gcc.dg/visibility-d.c scan-not-hidden 
FAIL: gcc.dg/visibility-d.c scan-not-hidden 
FAIL: gcc.dg/visibility-d.c scan-not-hidden 
FAIL: gcc.dg/visibility-d.c scan-not-hidden 
FAIL: gcc.dg/visibility-d.c scan-not-hidden 
FAIL: gcc.dg/visibility-d.c scan-not-hidden 
FAIL: gcc.dg/visibility-d.c scan-not-hidden 
FAIL: gcc.dg/visibility-d.c scan-not-hidden 
FAIL: gcc.dg/visibility-d.c scan-not-hidden 
FAIL: gcc.dg/visibility-d.c scan-not-hidden 
FAIL: gcc.dg/visibility-d.c scan-not-hidden 
FAIL: gcc.dg/visibility-d.c scan-not-hidden 
FAIL: gcc.dg/visibility-d.c scan-not-hidden 
FAIL: gcc.dg/visibility-d.c scan-not-hidden 
FAIL: gcc.dg/visibility-d.c scan-not-hidden 
FAIL: gcc.dg/visibility-d.c scan-not-hidden 
FAIL: gcc.dg/visibility-d.c scan-not-hidden 
FAIL: gcc.dg/visibility-d.c scan-not-hidden 
FAIL: gcc.dg/visibility-d.c scan-not-hidden 
UNRESOLVED: gcc.dg/warn-addr-cmp.c
UNRESOLVED: gcc.dg/special/weak-1.c
UNRESOLVED: gcc.dg/special/weak-2.c
UNRESOLVED: gcc.dg/special/wkali-1.c
UNRESOLVED: gcc.dg/special/wkali-2.c
UNRESOLVED: gcc.dg/torture/builtin-noret-1.c  -O0 
UNRESOLVED: gcc.dg/torture/builtin-noret-1.c  -O1 
UNRESOLVED: gcc.dg/torture/builtin-noret-1.c  -O2 
UNRESOLVED: gcc.dg/torture/builtin-noret-1.c  -O3 -fomit-frame-pointer 
UNRESOLVED: gcc.dg/torture/builtin-noret-1.c  -O3 -g 
UNRESOLVED: gcc.dg/torture/builtin-noret-1.c  -Os 
UNRESOLVED: gcc.dg/torture/builtin-noret-2.c  -O0 
UNRESOLVED: gcc.dg/torture/builtin-noret-2.c  -O1 
UNRESOLVED: gcc.dg/torture/builtin-noret-2.c  -O2 
UNRESOLVED: gcc.dg/torture/builtin-noret-2.c  -O3 -fomit-frame-pointer 
UNRESOLVED: gcc.dg/torture/builtin-noret-2.c  -O3 -g 
UNRESOLVED: gcc.dg/torture/builtin-noret-2.c  -Os 
FAIL: gcc.dg/torture/builtin-sin-mpfr-1.c  -O0  (test for excess errors)
FAIL: gcc.dg/torture/builtin-sin-mpfr-1.c  -O1  (test for excess errors)
FAIL: gcc.dg/torture/builtin-sin-mpfr-1.c  -O2  (test for excess errors)
FAIL: gcc.dg/torture/builtin-sin-mpfr-1.c  -O3 -fomit-frame-pointer  (test for excess errors)
FAIL: gcc.dg/torture/builtin-sin-mpfr-1.c  -O3 -fomit-frame-pointer -funroll-loops  (test for excess errors)
FAIL: gcc.dg/torture/builtin-sin-mpfr-1.c  -O3 -fomit-frame-pointer -funroll-all-loops -finline-functions  (test for excess errors)
FAIL: gcc.dg/torture/builtin-sin-mpfr-1.c  -O3 -g  (test for excess errors)
FAIL: gcc.dg/torture/builtin-sin-mpfr-1.c  -Os  (test for excess errors)
FAIL: gcc.dg/tree-prof/inliner-1.c compilation,  -fprofile-generate
UNRESOLVED: gcc.dg/tree-prof/inliner-1.c execution,    -fprofile-generate
UNRESOLVED: gcc.dg/tree-prof/inliner-1.c compilation,  -fprofile-use
UNRESOLVED: gcc.dg/tree-prof/inliner-1.c execution,    -fprofile-use
FAIL: gcc.dg/tree-prof/update-cunroll-2.c execution: file update-cunroll-2.gcda does not exist,  -fprofile-generate
UNRESOLVED: gcc.dg/tree-prof/update-cunroll-2.c compilation,  -fprofile-use
UNRESOLVED: gcc.dg/tree-prof/update-cunroll-2.c execution,    -fprofile-use
FAIL: gcc.dg/tree-prof/update-loopch.c execution: file update-loopch.gcda does not exist,  -fprofile-generate
UNRESOLVED: gcc.dg/tree-prof/update-loopch.c compilation,  -fprofile-use
UNRESOLVED: gcc.dg/tree-prof/update-loopch.c execution,    -fprofile-use
FAIL: gcc.dg/tree-prof/update-tailcall.c execution: file update-tailcall.gcda does not exist,  -fprofile-generate
UNRESOLVED: gcc.dg/tree-prof/update-tailcall.c compilation,  -fprofile-use
UNRESOLVED: gcc.dg/tree-prof/update-tailcall.c execution,    -fprofile-use
FAIL: gcc.dg/tree-prof/val-prof-1.c compilation,  -fprofile-generate
UNRESOLVED: gcc.dg/tree-prof/val-prof-1.c execution,    -fprofile-generate
UNRESOLVED: gcc.dg/tree-prof/val-prof-1.c compilation,  -fprofile-use
UNRESOLVED: gcc.dg/tree-prof/val-prof-1.c execution,    -fprofile-use
FAIL: gcc.dg/tree-prof/val-prof-2.c compilation,  -fprofile-generate
UNRESOLVED: gcc.dg/tree-prof/val-prof-2.c execution,    -fprofile-generate
UNRESOLVED: gcc.dg/tree-prof/val-prof-2.c compilation,  -fprofile-use
UNRESOLVED: gcc.dg/tree-prof/val-prof-2.c execution,    -fprofile-use
FAIL: gcc.dg/tree-prof/val-prof-3.c compilation,  -fprofile-generate
UNRESOLVED: gcc.dg/tree-prof/val-prof-3.c execution,    -fprofile-generate
UNRESOLVED: gcc.dg/tree-prof/val-prof-3.c compilation,  -fprofile-use
UNRESOLVED: gcc.dg/tree-prof/val-prof-3.c execution,    -fprofile-use
FAIL: gcc.dg/tree-prof/val-prof-4.c compilation,  -fprofile-generate
UNRESOLVED: gcc.dg/tree-prof/val-prof-4.c execution,    -fprofile-generate
UNRESOLVED: gcc.dg/tree-prof/val-prof-4.c compilation,  -fprofile-use
UNRESOLVED: gcc.dg/tree-prof/val-prof-4.c execution,    -fprofile-use
FAIL: gcc.dg/tree-prof/val-prof-5.c compilation,  -fprofile-generate
UNRESOLVED: gcc.dg/tree-prof/val-prof-5.c execution,    -fprofile-generate
UNRESOLVED: gcc.dg/tree-prof/val-prof-5.c compilation,  -fprofile-use
UNRESOLVED: gcc.dg/tree-prof/val-prof-5.c execution,    -fprofile-use
FAIL: gcc.dg/tree-ssa/gen-vect-11a.c scan-tree-dump-times vectorized 1 loops 1
FAIL: gcc.dg/tree-ssa/loadpre1.c scan-tree-dump-times Eliminated: 1 1
FAIL: gcc.dg/tree-ssa/loop-19.c scan-tree-dump-times MEM.(base: &|symbol: )a, 2
FAIL: gcc.dg/tree-ssa/loop-19.c scan-tree-dump-times MEM.(base: &|symbol: )c, 2
UNRESOLVED: gcc.dg/tree-ssa/pr27781.c
UNRESOLVED: gcc.dg/weak/typeof-2.c
UNRESOLVED: gcc.dg/weak/weak-1.c
UNRESOLVED: gcc.dg/weak/weak-10.c
UNRESOLVED: gcc.dg/weak/weak-11.c
UNRESOLVED: gcc.dg/weak/weak-12.c
UNRESOLVED: gcc.dg/weak/weak-13.c
UNRESOLVED: gcc.dg/weak/weak-14.c
UNRESOLVED: gcc.dg/weak/weak-2.c
UNRESOLVED: gcc.dg/weak/weak-3.c
UNRESOLVED: gcc.dg/weak/weak-4.c
UNRESOLVED: gcc.dg/weak/weak-5.c
UNRESOLVED: gcc.dg/weak/weak-6.c
UNRESOLVED: gcc.dg/weak/weak-7.c
UNRESOLVED: gcc.dg/weak/weak-8.c
UNRESOLVED: gcc.dg/weak/weak-9.c
FAIL: gcc.misc-tests/bprob-1.c execution: file bprob-1.gcda does not exist,  -fprofile-arcs
UNRESOLVED: gcc.misc-tests/bprob-1.c compilation,  -fbranch-probabilities
UNRESOLVED: gcc.misc-tests/bprob-1.c execution,    -fbranch-probabilities
FAIL: gcc.misc-tests/bprob-2.c execution: file bprob-2.gcda does not exist,  -fprofile-arcs
UNRESOLVED: gcc.misc-tests/bprob-2.c compilation,  -fbranch-probabilities
UNRESOLVED: gcc.misc-tests/bprob-2.c execution,    -fbranch-probabilities
FAIL: gcc.target/powerpc/pr25960.c (test for excess errors)
WARNING: gcc.target/powerpc/pr25960.c compilation failed to produce executable

		=== gcc Summary ===

# of expected passes		40223
# of unexpected failures	58
# of expected failures		81
# of unresolved testcases	88
# of untested testcases		28
# of unsupported tests		493
/temp/gnu_toolchain/build_area/gcc-trunk/obj_gcc-trunk_e500v1/gcc/xgcc  version 4.3.0 20061209 (experimental)

Host   is x86_64-unknown-linux-gnu

		=== gfortran tests ===


Running target e500v1_ssh
FAIL: gfortran.dg/bounds_check_fail_1.f90  -O0  execution test
FAIL: gfortran.dg/bounds_check_fail_1.f90  -O1  execution test
FAIL: gfortran.dg/bounds_check_fail_1.f90  -O2  execution test
FAIL: gfortran.dg/bounds_check_fail_1.f90  -O3 -fomit-frame-pointer  execution test
FAIL: gfortran.dg/bounds_check_fail_1.f90  -O3 -fomit-frame-pointer -funroll-loops  execution test
FAIL: gfortran.dg/bounds_check_fail_1.f90  -O3 -fomit-frame-pointer -funroll-all-loops -finline-functions  execution test
FAIL: gfortran.dg/bounds_check_fail_1.f90  -O3 -g  execution test
FAIL: gfortran.dg/bounds_check_fail_1.f90  -Os  execution test
FAIL: gfortran.dg/dollar_edit_descriptor-3.f  -O0  output pattern test, is geegeefoobar[root:~] , should match ^geegeefoobar\$
FAIL: gfortran.dg/dollar_edit_descriptor-3.f  -O1  output pattern test, is geegeefoobar[root:~] , should match ^geegeefoobar\$
FAIL: gfortran.dg/dollar_edit_descriptor-3.f  -O2  output pattern test, is geegeefoobar[root:~] , should match ^geegeefoobar\$
FAIL: gfortran.dg/dollar_edit_descriptor-3.f  -O3 -fomit-frame-pointer  output pattern test, is geegeefoobar[root:~] , should match ^geegeefoobar\$
FAIL: gfortran.dg/dollar_edit_descriptor-3.f  -O3 -fomit-frame-pointer -funroll-loops  output pattern test, is geegeefoobar[root:~] , should match ^geegeefoobar\$
FAIL: gfortran.dg/dollar_edit_descriptor-3.f  -O3 -fomit-frame-pointer -funroll-all-loops -finline-functions  output pattern test, is geegeefoobar[root:~] , should match ^geegeefoobar\$
FAIL: gfortran.dg/dollar_edit_descriptor-3.f  -O3 -g  output pattern test, is geegeefoobar[root:~] , should match ^geegeefoobar\$
FAIL: gfortran.dg/dollar_edit_descriptor-3.f  -Os  output pattern test, is geegeefoobar[root:~] , should match ^geegeefoobar\$
FAIL: gfortran.dg/io_real_boz2.f90  -O0  execution test
FAIL: gfortran.dg/io_real_boz2.f90  -O1  execution test
FAIL: gfortran.dg/io_real_boz2.f90  -O2  execution test
FAIL: gfortran.dg/io_real_boz2.f90  -O3 -fomit-frame-pointer  execution test
FAIL: gfortran.dg/io_real_boz2.f90  -O3 -fomit-frame-pointer -funroll-loops  execution test
FAIL: gfortran.dg/io_real_boz2.f90  -O3 -fomit-frame-pointer -funroll-all-loops -finline-functions  execution test
FAIL: gfortran.dg/io_real_boz2.f90  -O3 -g  execution test
FAIL: gfortran.dg/io_real_boz2.f90  -Os  execution test
FAIL: gfortran.dg/no_unit_error_1.f90  -O0  execution test
FAIL: gfortran.dg/no_unit_error_1.f90  -O1  execution test
FAIL: gfortran.dg/no_unit_error_1.f90  -O2  execution test
FAIL: gfortran.dg/no_unit_error_1.f90  -O3 -fomit-frame-pointer  execution test
FAIL: gfortran.dg/no_unit_error_1.f90  -O3 -fomit-frame-pointer -funroll-loops  execution test
FAIL: gfortran.dg/no_unit_error_1.f90  -O3 -fomit-frame-pointer -funroll-all-loops -finline-functions  execution test
FAIL: gfortran.dg/no_unit_error_1.f90  -O3 -g  execution test
FAIL: gfortran.dg/no_unit_error_1.f90  -Os  execution test
FAIL: gfortran.dg/write_check.f90  -O0  execution test
FAIL: gfortran.dg/write_check.f90  -O1  execution test
FAIL: gfortran.dg/write_check.f90  -O2  execution test
FAIL: gfortran.dg/write_check.f90  -O3 -fomit-frame-pointer  execution test
FAIL: gfortran.dg/write_check.f90  -O3 -fomit-frame-pointer -funroll-loops  execution test
FAIL: gfortran.dg/write_check.f90  -O3 -fomit-frame-pointer -funroll-all-loops -finline-functions  execution test
FAIL: gfortran.dg/write_check.f90  -O3 -g  execution test
FAIL: gfortran.dg/write_check.f90  -Os  execution test
FAIL: gfortran.dg/g77/f77-edit-apostrophe-out.f  -O0  output pattern test, is abcde
FAIL: gfortran.dg/g77/f77-edit-apostrophe-out.f  -O1  output pattern test, is abcde
FAIL: gfortran.dg/g77/f77-edit-apostrophe-out.f  -O2  output pattern test, is abcde
FAIL: gfortran.dg/g77/f77-edit-apostrophe-out.f  -O3 -fomit-frame-pointer  output pattern test, is abcde
FAIL: gfortran.dg/g77/f77-edit-apostrophe-out.f  -O3 -fomit-frame-pointer -funroll-loops  output pattern test, is abcde
FAIL: gfortran.dg/g77/f77-edit-apostrophe-out.f  -O3 -fomit-frame-pointer -funroll-all-loops -finline-functions  output pattern test, is abcde
FAIL: gfortran.dg/g77/f77-edit-apostrophe-out.f  -O3 -g  output pattern test, is abcde
FAIL: gfortran.dg/g77/f77-edit-apostrophe-out.f  -Os  output pattern test, is abcde
FAIL: gfortran.dg/g77/f77-edit-colon-out.f  -O0  output pattern test, is 123
FAIL: gfortran.dg/g77/f77-edit-colon-out.f  -O1  output pattern test, is 123
FAIL: gfortran.dg/g77/f77-edit-colon-out.f  -O2  output pattern test, is 123
FAIL: gfortran.dg/g77/f77-edit-colon-out.f  -O3 -fomit-frame-pointer  output pattern test, is 123
FAIL: gfortran.dg/g77/f77-edit-colon-out.f  -O3 -fomit-frame-pointer -funroll-loops  output pattern test, is 123
FAIL: gfortran.dg/g77/f77-edit-colon-out.f  -O3 -fomit-frame-pointer -funroll-all-loops -finline-functions  output pattern test, is 123
FAIL: gfortran.dg/g77/f77-edit-colon-out.f  -O3 -g  output pattern test, is 123
FAIL: gfortran.dg/g77/f77-edit-colon-out.f  -Os  output pattern test, is 123
FAIL: gfortran.dg/g77/f77-edit-h-out.f  -O0  output pattern test, is 1
FAIL: gfortran.dg/g77/f77-edit-h-out.f  -O1  output pattern test, is 1
FAIL: gfortran.dg/g77/f77-edit-h-out.f  -O2  output pattern test, is 1
FAIL: gfortran.dg/g77/f77-edit-h-out.f  -O3 -fomit-frame-pointer  output pattern test, is 1
FAIL: gfortran.dg/g77/f77-edit-h-out.f  -O3 -fomit-frame-pointer -funroll-loops  output pattern test, is 1
FAIL: gfortran.dg/g77/f77-edit-h-out.f  -O3 -fomit-frame-pointer -funroll-all-loops -finline-functions  output pattern test, is 1
FAIL: gfortran.dg/g77/f77-edit-h-out.f  -O3 -g  output pattern test, is 1
FAIL: gfortran.dg/g77/f77-edit-h-out.f  -Os  output pattern test, is 1
FAIL: gfortran.dg/g77/f77-edit-s-out.f  -O0  output pattern test, is +10  20
FAIL: gfortran.dg/g77/f77-edit-s-out.f  -O1  output pattern test, is +10  20
FAIL: gfortran.dg/g77/f77-edit-s-out.f  -O2  output pattern test, is +10  20
FAIL: gfortran.dg/g77/f77-edit-s-out.f  -O3 -fomit-frame-pointer  output pattern test, is +10  20
FAIL: gfortran.dg/g77/f77-edit-s-out.f  -O3 -fomit-frame-pointer -funroll-loops  output pattern test, is +10  20
FAIL: gfortran.dg/g77/f77-edit-s-out.f  -O3 -fomit-frame-pointer -funroll-all-loops -finline-functions  output pattern test, is +10  20
FAIL: gfortran.dg/g77/f77-edit-s-out.f  -O3 -g  output pattern test, is +10  20
FAIL: gfortran.dg/g77/f77-edit-s-out.f  -Os  output pattern test, is +10  20
FAIL: gfortran.dg/g77/f77-edit-slash-out.f  -O0  output pattern test, is 123
FAIL: gfortran.dg/g77/f77-edit-slash-out.f  -O1  output pattern test, is 123
FAIL: gfortran.dg/g77/f77-edit-slash-out.f  -O2  output pattern test, is 123
FAIL: gfortran.dg/g77/f77-edit-slash-out.f  -O3 -fomit-frame-pointer  output pattern test, is 123
FAIL: gfortran.dg/g77/f77-edit-slash-out.f  -O3 -fomit-frame-pointer -funroll-loops  output pattern test, is 123
FAIL: gfortran.dg/g77/f77-edit-slash-out.f  -O3 -fomit-frame-pointer -funroll-all-loops -finline-functions  output pattern test, is 123
FAIL: gfortran.dg/g77/f77-edit-slash-out.f  -O3 -g  output pattern test, is 123
FAIL: gfortran.dg/g77/f77-edit-slash-out.f  -Os  output pattern test, is 123
FAIL: gfortran.dg/g77/f77-edit-x-out.f  -O0  output pattern test, is 1 2  3
FAIL: gfortran.dg/g77/f77-edit-x-out.f  -O1  output pattern test, is 1 2  3
FAIL: gfortran.dg/g77/f77-edit-x-out.f  -O2  output pattern test, is 1 2  3
FAIL: gfortran.dg/g77/f77-edit-x-out.f  -O3 -fomit-frame-pointer  output pattern test, is 1 2  3
FAIL: gfortran.dg/g77/f77-edit-x-out.f  -O3 -fomit-frame-pointer -funroll-loops  output pattern test, is 1 2  3
FAIL: gfortran.dg/g77/f77-edit-x-out.f  -O3 -fomit-frame-pointer -funroll-all-loops -finline-functions  output pattern test, is 1 2  3
FAIL: gfortran.dg/g77/f77-edit-x-out.f  -O3 -g  output pattern test, is 1 2  3
FAIL: gfortran.dg/g77/f77-edit-x-out.f  -Os  output pattern test, is 1 2  3
FAIL: gfortran.dg/vect/pr19049.f90  -O  (test for excess errors)
ERROR: gfortran.dg/vect/pr19049.f90  -O : error executing dg-final: no files matched glob pattern "pr19049.f90.[0-9][0-9][0-9]t.vect"
UNRESOLVED: gfortran.dg/vect/pr19049.f90  -O : error executing dg-final: no files matched glob pattern "pr19049.f90.[0-9][0-9][0-9]t.vect"
FAIL: gfortran.dg/vect/vect-1.f90  -O  (test for excess errors)
ERROR: gfortran.dg/vect/vect-1.f90  -O : error executing dg-final: no files matched glob pattern "vect-1.f90.[0-9][0-9][0-9]t.vect"
UNRESOLVED: gfortran.dg/vect/vect-1.f90  -O : error executing dg-final: no files matched glob pattern "vect-1.f90.[0-9][0-9][0-9]t.vect"
FAIL: gfortran.dg/vect/vect-2.f90  -O  (test for excess errors)
ERROR: gfortran.dg/vect/vect-2.f90  -O : error executing dg-final: no files matched glob pattern "vect-2.f90.[0-9][0-9][0-9]t.vect"
UNRESOLVED: gfortran.dg/vect/vect-2.f90  -O : error executing dg-final: no files matched glob pattern "vect-2.f90.[0-9][0-9][0-9]t.vect"
FAIL: gfortran.dg/vect/vect-3.f90  -O  (test for excess errors)
ERROR: gfortran.dg/vect/vect-3.f90  -O : error executing dg-final: no files matched glob pattern "vect-3.f90.[0-9][0-9][0-9]t.vect"
UNRESOLVED: gfortran.dg/vect/vect-3.f90  -O : error executing dg-final: no files matched glob pattern "vect-3.f90.[0-9][0-9][0-9]t.vect"
FAIL: gfortran.dg/vect/vect-4.f90  -O  (test for excess errors)
ERROR: gfortran.dg/vect/vect-4.f90  -O : error executing dg-final: no files matched glob pattern "vect-4.f90.[0-9][0-9][0-9]t.vect"
UNRESOLVED: gfortran.dg/vect/vect-4.f90  -O : error executing dg-final: no files matched glob pattern "vect-4.f90.[0-9][0-9][0-9]t.vect"
FAIL: gfortran.dg/vect/vect-5.f90  -O  (test for excess errors)
WARNING: gfortran.dg/vect/vect-5.f90  -O  compilation failed to produce executable
ERROR: gfortran.dg/vect/vect-5.f90  -O : error executing dg-final: no files matched glob pattern "vect-5.f90.[0-9][0-9][0-9]t.vect"
UNRESOLVED: gfortran.dg/vect/vect-5.f90  -O : error executing dg-final: no files matched glob pattern "vect-5.f90.[0-9][0-9][0-9]t.vect"

		=== gfortran Summary ===

# of expected passes		15298
# of unexpected failures	94
# of expected failures		6
# of unresolved testcases	6
# of unsupported tests		91
/temp/gnu_toolchain/build_area/gcc-trunk/obj_gcc-trunk_e500v1/gcc/testsuite/gfortran/../../gfortran  version 4.3.0 20061209 (experimental)

Host   is x86_64-unknown-linux-gnu

		=== g++ tests ===


Running target e500v1_ssh
FAIL: g++.dg/bprob/g++-bprob-1.C execution: file g++-bprob-1.gcda does not exist,  -g  -fprofile-arcs
UNRESOLVED: g++.dg/bprob/g++-bprob-1.C compilation,  -g  -fbranch-probabilities
UNRESOLVED: g++.dg/bprob/g++-bprob-1.C execution,    -g  -fbranch-probabilities
FAIL: g++.dg/bprob/g++-bprob-1.C execution: file g++-bprob-1.gcda does not exist,  -O0  -fprofile-arcs
UNRESOLVED: g++.dg/bprob/g++-bprob-1.C compilation,  -O0  -fbranch-probabilities
UNRESOLVED: g++.dg/bprob/g++-bprob-1.C execution,    -O0  -fbranch-probabilities
FAIL: g++.dg/bprob/g++-bprob-1.C execution: file g++-bprob-1.gcda does not exist,  -O1  -fprofile-arcs
UNRESOLVED: g++.dg/bprob/g++-bprob-1.C compilation,  -O1  -fbranch-probabilities
UNRESOLVED: g++.dg/bprob/g++-bprob-1.C execution,    -O1  -fbranch-probabilities
FAIL: g++.dg/bprob/g++-bprob-1.C execution: file g++-bprob-1.gcda does not exist,  -O2  -fprofile-arcs
UNRESOLVED: g++.dg/bprob/g++-bprob-1.C compilation,  -O2  -fbranch-probabilities
UNRESOLVED: g++.dg/bprob/g++-bprob-1.C execution,    -O2  -fbranch-probabilities
FAIL: g++.dg/bprob/g++-bprob-1.C execution: file g++-bprob-1.gcda does not exist,  -O3  -fprofile-arcs
UNRESOLVED: g++.dg/bprob/g++-bprob-1.C compilation,  -O3  -fbranch-probabilities
UNRESOLVED: g++.dg/bprob/g++-bprob-1.C execution,    -O3  -fbranch-probabilities
FAIL: g++.dg/bprob/g++-bprob-1.C execution: file g++-bprob-1.gcda does not exist,  -O3 -g  -fprofile-arcs
UNRESOLVED: g++.dg/bprob/g++-bprob-1.C compilation,  -O3 -g  -fbranch-probabilities
UNRESOLVED: g++.dg/bprob/g++-bprob-1.C execution,    -O3 -g  -fbranch-probabilities
FAIL: g++.dg/bprob/g++-bprob-1.C execution: file g++-bprob-1.gcda does not exist,  -Os  -fprofile-arcs
UNRESOLVED: g++.dg/bprob/g++-bprob-1.C compilation,  -Os  -fbranch-probabilities
UNRESOLVED: g++.dg/bprob/g++-bprob-1.C execution,    -Os  -fbranch-probabilities
FAIL: g++.dg/bprob/g++-bprob-2.C execution: file g++-bprob-2.gcda does not exist,  -g  -fprofile-arcs
UNRESOLVED: g++.dg/bprob/g++-bprob-2.C compilation,  -g  -fbranch-probabilities
UNRESOLVED: g++.dg/bprob/g++-bprob-2.C execution,    -g  -fbranch-probabilities
FAIL: g++.dg/bprob/g++-bprob-2.C execution: file g++-bprob-2.gcda does not exist,  -O0  -fprofile-arcs
UNRESOLVED: g++.dg/bprob/g++-bprob-2.C compilation,  -O0  -fbranch-probabilities
UNRESOLVED: g++.dg/bprob/g++-bprob-2.C execution,    -O0  -fbranch-probabilities
FAIL: g++.dg/bprob/g++-bprob-2.C execution: file g++-bprob-2.gcda does not exist,  -O1  -fprofile-arcs
UNRESOLVED: g++.dg/bprob/g++-bprob-2.C compilation,  -O1  -fbranch-probabilities
UNRESOLVED: g++.dg/bprob/g++-bprob-2.C execution,    -O1  -fbranch-probabilities
FAIL: g++.dg/bprob/g++-bprob-2.C execution: file g++-bprob-2.gcda does not exist,  -O2  -fprofile-arcs
UNRESOLVED: g++.dg/bprob/g++-bprob-2.C compilation,  -O2  -fbranch-probabilities
UNRESOLVED: g++.dg/bprob/g++-bprob-2.C execution,    -O2  -fbranch-probabilities
FAIL: g++.dg/bprob/g++-bprob-2.C execution: file g++-bprob-2.gcda does not exist,  -O3  -fprofile-arcs
UNRESOLVED: g++.dg/bprob/g++-bprob-2.C compilation,  -O3  -fbranch-probabilities
UNRESOLVED: g++.dg/bprob/g++-bprob-2.C execution,    -O3  -fbranch-probabilities
FAIL: g++.dg/bprob/g++-bprob-2.C execution: file g++-bprob-2.gcda does not exist,  -O3 -g  -fprofile-arcs
UNRESOLVED: g++.dg/bprob/g++-bprob-2.C compilation,  -O3 -g  -fbranch-probabilities
UNRESOLVED: g++.dg/bprob/g++-bprob-2.C execution,    -O3 -g  -fbranch-probabilities
FAIL: g++.dg/bprob/g++-bprob-2.C execution: file g++-bprob-2.gcda does not exist,  -Os  -fprofile-arcs
UNRESOLVED: g++.dg/bprob/g++-bprob-2.C compilation,  -Os  -fbranch-probabilities
UNRESOLVED: g++.dg/bprob/g++-bprob-2.C execution,    -Os  -fbranch-probabilities
ERROR: g++.dg/abi/rtti1.C: error executing dg-final: wrapper: powerpc-unknown-linux-gnuspe-c++filt: command not found (no wrapper policy)
UNRESOLVED: g++.dg/abi/rtti1.C: error executing dg-final: wrapper: powerpc-unknown-linux-gnuspe-c++filt: command not found (no wrapper policy)
UNRESOLVED: g++.dg/abi/rtti3.C
UNRESOLVED: g++.dg/abi/thunk3.C
UNRESOLVED: g++.dg/abi/thunk4.C
XPASS: g++.dg/expr/anew4.C execution test
FAIL: g++.dg/ext/visibility/fvisibility-inlines-hidden-2.C scan-not-hidden 
FAIL: g++.dg/ext/visibility/fvisibility-inlines-hidden-3.C scan-not-hidden 
FAIL: g++.dg/ext/visibility/fvisibility-inlines-hidden-3.C scan-not-hidden 
FAIL: g++.dg/ext/visibility/fvisibility-override1.C scan-not-hidden 
FAIL: g++.dg/ext/visibility/fvisibility-override2.C scan-not-hidden 
FAIL: g++.dg/ext/visibility/namespace1.C scan-not-hidden 
FAIL: g++.dg/ext/visibility/new1.C scan-not-hidden 
FAIL: g++.dg/ext/visibility/template1.C scan-not-hidden 
FAIL: g++.dg/ext/visibility/template1.C scan-not-hidden 
FAIL: g++.dg/ext/visibility/template2.C scan-not-hidden 
FAIL: g++.dg/ext/visibility/template2.C scan-not-hidden 
FAIL: g++.dg/ext/visibility/template3.C scan-not-hidden 
FAIL: g++.dg/ext/visibility/template3.C scan-not-hidden 
FAIL: g++.dg/ext/visibility/template4.C scan-not-hidden 
FAIL: g++.dg/ext/visibility/template4.C scan-not-hidden 
FAIL: g++.dg/ext/visibility/template4.C scan-not-hidden 
FAIL: g++.dg/ext/visibility/template4.C scan-not-hidden 
FAIL: g++.dg/ext/visibility/template6.C scan-not-hidden 
FAIL: g++.dg/ext/visibility/typeinfo1.C scan-not-hidden 
FAIL: g++.dg/ext/visibility/typeinfo1.C scan-not-hidden 
FAIL: g++.dg/ext/visibility/warn3.C scan-not-hidden 
UNRESOLVED: g++.dg/ext/weak1.C
UNRESOLVED: g++.dg/ext/weak2.C
UNRESOLVED: g++.dg/ext/weak3.C
UNRESOLVED: g++.dg/init/dso_handle1.C
UNRESOLVED: g++.dg/init/init-ref4.C
UNRESOLVED: g++.dg/warn/weak1.C
FAIL: g++.dg/vect/param-max-aliased-pr26197.cc (test for excess errors)
FAIL: g++.dg/vect/pr19951.cc (test for excess errors)
FAIL: g++.dg/vect/pr21218.cc (test for excess errors)
FAIL: g++.dg/vect/pr21734_1.cc (test for excess errors)
FAIL: g++.dg/vect/pr21734_2.cc (test for excess errors)
FAIL: g++.dg/vect/pr22543.cc (test for excess errors)
XPASS: g++.old-deja/g++.ext/arrnew2.C execution test
UNRESOLVED: g++.old-deja/g++.ext/attrib5.C
FAIL: g++.old-deja/g++.mike/visibility-1.C scan-not-hidden 
FAIL: g++.old-deja/g++.other/comdat5.C (test for excess errors)
UNRESOLVED: g++.old-deja/g++.pt/static3.C

		=== g++ Summary ===

# of expected passes		13148
# of unexpected failures	43
# of unexpected successes	2
# of expected failures		65
# of unresolved testcases	40
# of unsupported tests		136
/temp/gnu_toolchain/build_area/gcc-trunk/obj_gcc-trunk_e500v1/gcc/testsuite/g++/../../g++  version 4.3.0 20061209 (experimental)


Compiler version: 4.3.0 20061209 (experimental) 
Platform: powerpc-unknown-linux-gnuspe
configure flags: --prefix=/temp/gnu_toolchain/install_area/gcc-trunk/gcc-trunk-20061209-e500v1 --with-local-prefix=/temp/gnu_toolchain/install_area/gcc-trunk/gcc-trunk-20061209-e500v1 --enable-threads --target=powerpc-unknown-linux-gnuspe --with-gmp=/proj/ppc/sysperf/sw/gnu_toolchain/gcc_support/linuxAMD64 --with-mpfr=/proj/ppc/sysperf/sw/gnu_toolchain/gcc_support/linuxAMD64 --disable-shared --disable-multilib --disable-linux-futex --enable-languages=c,c++,fortran


Index Nav: [Date Index] [Subject Index] [Author Index] [Thread Index]
Message Nav: [Date Prev] [Date Next] [Thread Prev] [Thread Next]