This is the mail archive of the gcc-testresults@gcc.gnu.org mailing list for the GCC project.


Index Nav: [Date Index] [Subject Index] [Author Index] [Thread Index]
Message Nav: [Date Prev] [Date Next] [Thread Prev] [Thread Next]
Other format: [Raw text]

Results for 4.3.0 20061208 (experimental) testsuite on sparc-sun-solaris2.10


LAST_UPDATED:
Native configuration is sparc-sun-solaris2.10

		=== g++ tests ===


Running target unix/-m64
FAIL: g++.dg/opt/alias4.C execution test
WARNING: g++.dg/other/ucnid-1.C compilation failed to produce executable
XPASS: g++.old-deja/g++.other/init18.C execution test
XPASS: g++.old-deja/g++.other/init19.C execution test

		=== g++ Summary for unix/-m64 ===

# of expected passes		13080
# of unexpected failures	1
# of unexpected successes	2
# of expected failures		69
# of unsupported tests		161

Running target unix/-fPIC
FAIL: g++.dg/opt/alias4.C execution test
WARNING: g++.dg/other/ucnid-1.C compilation failed to produce executable
FAIL: g++.dg/tree-ssa/nothrow-1.C scan-tree-dump-times exception 0
XPASS: g++.old-deja/g++.other/init18.C execution test
XPASS: g++.old-deja/g++.other/init19.C execution test

		=== g++ Summary for unix/-fPIC ===

# of expected passes		13111
# of unexpected failures	2
# of unexpected successes	2
# of expected failures		69
# of unsupported tests		159

Running target unix/-fpic
FAIL: tmpdir-g++.dg-struct-layout-1/t002 cp_compat_x_tst.o-cp_compat_y_tst.o link
UNRESOLVED: tmpdir-g++.dg-struct-layout-1/t002 cp_compat_x_tst.o-cp_compat_y_tst.o execute
FAIL: g++.dg/opt/alias4.C execution test
WARNING: g++.dg/other/ucnid-1.C compilation failed to produce executable
FAIL: g++.dg/tree-ssa/nothrow-1.C scan-tree-dump-times exception 0
XPASS: g++.old-deja/g++.other/init18.C execution test
XPASS: g++.old-deja/g++.other/init19.C execution test

		=== g++ Summary for unix/-fpic ===

# of expected passes		13109
# of unexpected failures	3
# of unexpected successes	2
# of expected failures		69
# of unresolved testcases	1
# of unsupported tests		159

Running target unix
FAIL: g++.dg/opt/alias4.C execution test
WARNING: g++.dg/other/ucnid-1.C compilation failed to produce executable
XPASS: g++.old-deja/g++.other/init18.C execution test
XPASS: g++.old-deja/g++.other/init19.C execution test

		=== g++ Summary for unix ===

# of expected passes		13112
# of unexpected failures	1
# of unexpected successes	2
# of expected failures		69
# of unsupported tests		159

		=== g++ Summary ===

# of expected passes		52412
# of unexpected failures	7
# of unexpected successes	8
# of expected failures		276
# of unresolved testcases	1
# of unsupported tests		638
/caip/u12/kishgcc/gcc-testing/gcc-testing/43/build/gcc/testsuite/g++/../../g++  version 4.3.0 20061208 (experimental)

		=== gcc tests ===


Running target unix/-m64
FAIL: gcc.c-torture/compile/pr27528.c  -O0  (test for excess errors)
FAIL: gcc.c-torture/compile/pr27528.c  -O1  (test for excess errors)
FAIL: gcc.c-torture/compile/pr27528.c  -O2  (test for excess errors)
FAIL: gcc.c-torture/compile/pr27528.c  -O3 -fomit-frame-pointer  (test for excess errors)
FAIL: gcc.c-torture/compile/pr27528.c  -O3 -g  (test for excess errors)
FAIL: gcc.c-torture/compile/pr27528.c  -Os  (test for excess errors)
FAIL: gcc.c-torture/execute/mayalias-2.c compilation,  -O3 -g  (internal compiler error)
UNRESOLVED: gcc.c-torture/execute/mayalias-2.c execution,  -O3 -g
FAIL: gcc.c-torture/execute/mayalias-3.c compilation,  -O3 -g  (internal compiler error)
UNRESOLVED: gcc.c-torture/execute/mayalias-3.c execution,  -O3 -g
FAIL: gcc.dg/builtin-bswap-4.c execution test
WARNING: gcc.dg/ucnid-2.c compilation failed to produce executable
WARNING: gcc.dg/ucnid-3.c compilation failed to produce executable
WARNING: gcc.dg/ucnid-4.c compilation failed to produce executable
FAIL: gcc.dg/tree-ssa/loadpre1.c scan-tree-dump-times Eliminated: 1 1
FAIL: gcc.dg/vect/vect-101.c scan-tree-dump-times vectorized 1 loops 0
FAIL: gcc.dg/vect/vect-101.c scan-tree-dump-times can't determine dependence 1
FAIL: gcc.dg/vect/no-section-anchors-vect-69.c scan-tree-dump-times Alignment of access forced using peeling 3
FAIL: gcc.target/sparc/noresult.c (internal compiler error)
FAIL: gcc.target/sparc/noresult.c (test for excess errors)
ERROR: gcc.target/sparc/noresult.c: error executing dg-final: couldn't open "noresult.s": no such file or directory
UNRESOLVED: gcc.target/sparc/noresult.c: error executing dg-final: couldn't open "noresult.s": no such file or directory

		=== gcc Summary for unix/-m64 ===

# of expected passes		41314
# of unexpected failures	15
# of expected failures		132
# of unresolved testcases	3
# of untested testcases		28
# of unsupported tests		456

Running target unix/-fPIC
FAIL: gcc.c-torture/compile/pr27528.c  -O0  (test for excess errors)
FAIL: gcc.c-torture/compile/pr27528.c  -O1  (test for excess errors)
FAIL: gcc.c-torture/compile/pr27528.c  -O2  (test for excess errors)
FAIL: gcc.c-torture/compile/pr27528.c  -O3 -fomit-frame-pointer  (test for excess errors)
FAIL: gcc.c-torture/compile/pr27528.c  -O3 -g  (test for excess errors)
FAIL: gcc.c-torture/compile/pr27528.c  -Os  (test for excess errors)
FAIL: gcc.c-torture/execute/builtins/sprintf-chk.c execution,  -O1
FAIL: gcc.c-torture/execute/builtins/sprintf-chk.c execution,  -O2
FAIL: gcc.c-torture/execute/builtins/sprintf-chk.c execution,  -O3 -fomit-frame-pointer
FAIL: gcc.c-torture/execute/builtins/sprintf-chk.c execution,  -O3 -fomit-frame-pointer -funroll-loops
FAIL: gcc.c-torture/execute/builtins/sprintf-chk.c execution,  -O3 -fomit-frame-pointer -funroll-all-loops -finline-functions
FAIL: gcc.c-torture/execute/builtins/sprintf-chk.c execution,  -O3 -g
FAIL: gcc.c-torture/execute/builtins/sprintf-chk.c execution,  -Os
FAIL: gcc.c-torture/execute/builtins/stpcpy-chk.c execution,  -O1
FAIL: gcc.c-torture/execute/builtins/stpcpy-chk.c execution,  -O2
FAIL: gcc.c-torture/execute/builtins/stpcpy-chk.c execution,  -O3 -fomit-frame-pointer
FAIL: gcc.c-torture/execute/builtins/stpcpy-chk.c execution,  -O3 -fomit-frame-pointer -funroll-loops
FAIL: gcc.c-torture/execute/builtins/stpcpy-chk.c execution,  -O3 -fomit-frame-pointer -funroll-all-loops -finline-functions
FAIL: gcc.c-torture/execute/builtins/stpcpy-chk.c execution,  -O3 -g
FAIL: gcc.c-torture/execute/builtins/stpcpy-chk.c execution,  -Os
FAIL: gcc.c-torture/execute/builtins/strcpy-chk.c execution,  -O1
FAIL: gcc.c-torture/execute/builtins/strcpy-chk.c execution,  -O2
FAIL: gcc.c-torture/execute/builtins/strcpy-chk.c execution,  -O3 -fomit-frame-pointer
FAIL: gcc.c-torture/execute/builtins/strcpy-chk.c execution,  -O3 -fomit-frame-pointer -funroll-loops
FAIL: gcc.c-torture/execute/builtins/strcpy-chk.c execution,  -O3 -fomit-frame-pointer -funroll-all-loops -finline-functions
FAIL: gcc.c-torture/execute/builtins/strcpy-chk.c execution,  -O3 -g
FAIL: gcc.c-torture/execute/builtins/strcpy-chk.c execution,  -Os
FAIL: gcc.c-torture/execute/mayalias-2.c compilation,  -O3 -g  (internal compiler error)
UNRESOLVED: gcc.c-torture/execute/mayalias-2.c execution,  -O3 -g
FAIL: gcc.c-torture/execute/mayalias-3.c compilation,  -O3 -g  (internal compiler error)
UNRESOLVED: gcc.c-torture/execute/mayalias-3.c execution,  -O3 -g
FAIL: gcc.dg/assign-warn-3.c  (test for warnings, line 9)
FAIL: gcc.dg/assign-warn-3.c  (test for warnings, line 13)
FAIL: gcc.dg/pr29254.c  (test for warnings, line )
FAIL: gcc.dg/pr29254.c  (test for warnings, line 21)
WARNING: gcc.dg/ucnid-2.c compilation failed to produce executable
WARNING: gcc.dg/ucnid-3.c compilation failed to produce executable
WARNING: gcc.dg/ucnid-4.c compilation failed to produce executable
FAIL: gcc.dg/torture/asm-subreg-1.c  -O1  (test for excess errors)
FAIL: gcc.dg/torture/asm-subreg-1.c  -O2  (test for excess errors)
FAIL: gcc.dg/torture/asm-subreg-1.c  -O3 -fomit-frame-pointer  (test for excess errors)
FAIL: gcc.dg/torture/asm-subreg-1.c  -O3 -g  (test for excess errors)
FAIL: gcc.dg/torture/asm-subreg-1.c  -Os  (test for excess errors)
FAIL: gcc.dg/tree-ssa/20030714-1.c scan-tree-dump-times if  4
FAIL: gcc.dg/tree-ssa/20030714-1.c scan-tree-dump-times ->code 2
FAIL: gcc.dg/tree-ssa/loadpre1.c scan-tree-dump-times Eliminated: 1 1
FAIL: gcc.dg/tree-ssa/loadpre5.c scan-tree-dump-times Eliminated: 1 1
FAIL: gcc.dg/tree-ssa/loadpre8.c scan-tree-dump-times Eliminated: 1 1
FAIL: gcc.dg/tree-ssa/wholeprogram-1.c scan-tree-dump-not large_function
FAIL: gcc.dg/vect/vect-101.c scan-tree-dump-times vectorized 1 loops 0
FAIL: gcc.dg/vect/vect-101.c scan-tree-dump-times can't determine dependence 1
FAIL: gcc.dg/vect/vect-multitypes-5.c scan-tree-dump-times vectorized 1 loops 1
FAIL: gcc.dg/vect/vect-multitypes-6.c scan-tree-dump-times vectorized 1 loops 1
FAIL: gcc.dg/vect/no-section-anchors-vect-69.c scan-tree-dump-times Alignment of access forced using peeling 3
FAIL: gcc.target/sparc/noresult.c (internal compiler error)
FAIL: gcc.target/sparc/noresult.c (test for excess errors)
ERROR: gcc.target/sparc/noresult.c: error executing dg-final: couldn't open "noresult.s": no such file or directory
UNRESOLVED: gcc.target/sparc/noresult.c: error executing dg-final: couldn't open "noresult.s": no such file or directory

		=== gcc Summary for unix/-fPIC ===

# of expected passes		41270
# of unexpected failures	51
# of expected failures		132
# of unresolved testcases	3
# of untested testcases		28
# of unsupported tests		459

Running target unix/-fpic
FAIL: gcc.c-torture/compile/pr27528.c  -O0  (test for excess errors)
FAIL: gcc.c-torture/compile/pr27528.c  -O1  (test for excess errors)
FAIL: gcc.c-torture/compile/pr27528.c  -O2  (test for excess errors)
FAIL: gcc.c-torture/compile/pr27528.c  -O3 -fomit-frame-pointer  (test for excess errors)
FAIL: gcc.c-torture/compile/pr27528.c  -O3 -g  (test for excess errors)
FAIL: gcc.c-torture/compile/pr27528.c  -Os  (test for excess errors)
FAIL: gcc.c-torture/execute/builtins/sprintf-chk.c execution,  -O1
FAIL: gcc.c-torture/execute/builtins/sprintf-chk.c execution,  -O2
FAIL: gcc.c-torture/execute/builtins/sprintf-chk.c execution,  -O3 -fomit-frame-pointer
FAIL: gcc.c-torture/execute/builtins/sprintf-chk.c execution,  -O3 -fomit-frame-pointer -funroll-loops
FAIL: gcc.c-torture/execute/builtins/sprintf-chk.c execution,  -O3 -fomit-frame-pointer -funroll-all-loops -finline-functions
FAIL: gcc.c-torture/execute/builtins/sprintf-chk.c execution,  -O3 -g
FAIL: gcc.c-torture/execute/builtins/sprintf-chk.c execution,  -Os
FAIL: gcc.c-torture/execute/builtins/stpcpy-chk.c execution,  -O1
FAIL: gcc.c-torture/execute/builtins/stpcpy-chk.c execution,  -O2
FAIL: gcc.c-torture/execute/builtins/stpcpy-chk.c execution,  -O3 -fomit-frame-pointer
FAIL: gcc.c-torture/execute/builtins/stpcpy-chk.c execution,  -O3 -fomit-frame-pointer -funroll-loops
FAIL: gcc.c-torture/execute/builtins/stpcpy-chk.c execution,  -O3 -fomit-frame-pointer -funroll-all-loops -finline-functions
FAIL: gcc.c-torture/execute/builtins/stpcpy-chk.c execution,  -O3 -g
FAIL: gcc.c-torture/execute/builtins/stpcpy-chk.c execution,  -Os
FAIL: gcc.c-torture/execute/builtins/strcpy-chk.c execution,  -O1
FAIL: gcc.c-torture/execute/builtins/strcpy-chk.c execution,  -O2
FAIL: gcc.c-torture/execute/builtins/strcpy-chk.c execution,  -O3 -fomit-frame-pointer
FAIL: gcc.c-torture/execute/builtins/strcpy-chk.c execution,  -O3 -fomit-frame-pointer -funroll-loops
FAIL: gcc.c-torture/execute/builtins/strcpy-chk.c execution,  -O3 -fomit-frame-pointer -funroll-all-loops -finline-functions
FAIL: gcc.c-torture/execute/builtins/strcpy-chk.c execution,  -O3 -g
FAIL: gcc.c-torture/execute/builtins/strcpy-chk.c execution,  -Os
FAIL: gcc.c-torture/execute/mayalias-2.c compilation,  -O3 -g  (internal compiler error)
UNRESOLVED: gcc.c-torture/execute/mayalias-2.c execution,  -O3 -g
FAIL: gcc.c-torture/execute/mayalias-3.c compilation,  -O3 -g  (internal compiler error)
UNRESOLVED: gcc.c-torture/execute/mayalias-3.c execution,  -O3 -g
FAIL: tmpdir-gcc.dg-struct-layout-1/t002 c_compat_x_tst.o-c_compat_y_tst.o link
UNRESOLVED: tmpdir-gcc.dg-struct-layout-1/t002 c_compat_x_tst.o-c_compat_y_tst.o execute
FAIL: gcc.dg/assign-warn-3.c  (test for warnings, line 9)
FAIL: gcc.dg/assign-warn-3.c  (test for warnings, line 13)
FAIL: gcc.dg/pr29254.c  (test for warnings, line )
FAIL: gcc.dg/pr29254.c  (test for warnings, line 21)
WARNING: gcc.dg/ucnid-2.c compilation failed to produce executable
WARNING: gcc.dg/ucnid-3.c compilation failed to produce executable
WARNING: gcc.dg/ucnid-4.c compilation failed to produce executable
FAIL: gcc.dg/tree-ssa/20030714-1.c scan-tree-dump-times if  4
FAIL: gcc.dg/tree-ssa/20030714-1.c scan-tree-dump-times ->code 2
FAIL: gcc.dg/tree-ssa/loadpre1.c scan-tree-dump-times Eliminated: 1 1
FAIL: gcc.dg/tree-ssa/loadpre5.c scan-tree-dump-times Eliminated: 1 1
FAIL: gcc.dg/tree-ssa/loadpre8.c scan-tree-dump-times Eliminated: 1 1
FAIL: gcc.dg/tree-ssa/wholeprogram-1.c scan-tree-dump-not large_function
FAIL: gcc.dg/vect/vect-101.c scan-tree-dump-times vectorized 1 loops 0
FAIL: gcc.dg/vect/vect-101.c scan-tree-dump-times can't determine dependence 1
FAIL: gcc.dg/vect/vect-multitypes-5.c scan-tree-dump-times vectorized 1 loops 1
FAIL: gcc.dg/vect/vect-multitypes-6.c scan-tree-dump-times vectorized 1 loops 1
FAIL: gcc.dg/vect/no-section-anchors-vect-69.c scan-tree-dump-times Alignment of access forced using peeling 3
FAIL: gcc.target/sparc/noresult.c (internal compiler error)
FAIL: gcc.target/sparc/noresult.c (test for excess errors)
ERROR: gcc.target/sparc/noresult.c: error executing dg-final: couldn't open "noresult.s": no such file or directory
UNRESOLVED: gcc.target/sparc/noresult.c: error executing dg-final: couldn't open "noresult.s": no such file or directory

		=== gcc Summary for unix/-fpic ===

# of expected passes		41273
# of unexpected failures	47
# of expected failures		132
# of unresolved testcases	4
# of untested testcases		28
# of unsupported tests		459

Running target unix
FAIL: gcc.c-torture/compile/pr27528.c  -O0  (test for excess errors)
FAIL: gcc.c-torture/compile/pr27528.c  -O1  (test for excess errors)
FAIL: gcc.c-torture/compile/pr27528.c  -O2  (test for excess errors)
FAIL: gcc.c-torture/compile/pr27528.c  -O3 -fomit-frame-pointer  (test for excess errors)
FAIL: gcc.c-torture/compile/pr27528.c  -O3 -g  (test for excess errors)
FAIL: gcc.c-torture/compile/pr27528.c  -Os  (test for excess errors)
FAIL: gcc.c-torture/execute/mayalias-2.c compilation,  -O3 -g  (internal compiler error)
UNRESOLVED: gcc.c-torture/execute/mayalias-2.c execution,  -O3 -g
FAIL: gcc.c-torture/execute/mayalias-3.c compilation,  -O3 -g  (internal compiler error)
UNRESOLVED: gcc.c-torture/execute/mayalias-3.c execution,  -O3 -g
WARNING: gcc.dg/ucnid-2.c compilation failed to produce executable
WARNING: gcc.dg/ucnid-3.c compilation failed to produce executable
WARNING: gcc.dg/ucnid-4.c compilation failed to produce executable
FAIL: gcc.dg/tree-ssa/loadpre1.c scan-tree-dump-times Eliminated: 1 1
FAIL: gcc.dg/vect/vect-101.c scan-tree-dump-times vectorized 1 loops 0
FAIL: gcc.dg/vect/vect-101.c scan-tree-dump-times can't determine dependence 1
FAIL: gcc.dg/vect/vect-multitypes-5.c scan-tree-dump-times vectorized 1 loops 1
FAIL: gcc.dg/vect/vect-multitypes-6.c scan-tree-dump-times vectorized 1 loops 1
FAIL: gcc.dg/vect/no-section-anchors-vect-69.c scan-tree-dump-times Alignment of access forced using peeling 3
FAIL: gcc.target/sparc/noresult.c (internal compiler error)
FAIL: gcc.target/sparc/noresult.c (test for excess errors)
ERROR: gcc.target/sparc/noresult.c: error executing dg-final: couldn't open "noresult.s": no such file or directory
UNRESOLVED: gcc.target/sparc/noresult.c: error executing dg-final: couldn't open "noresult.s": no such file or directory

		=== gcc Summary for unix ===

# of expected passes		41320
# of unexpected failures	16
# of expected failures		132
# of unresolved testcases	3
# of untested testcases		28
# of unsupported tests		454

		=== gcc Summary ===

# of expected passes		165177
# of unexpected failures	129
# of expected failures		528
# of unresolved testcases	13
# of untested testcases		112
# of unsupported tests		1828
/caip/u12/kishgcc/gcc-testing/gcc-testing/43/build/gcc/xgcc  version 4.3.0 20061208 (experimental)

		=== gfortran tests ===


Running target unix/-m64

		=== gfortran Summary for unix/-m64 ===

# of expected passes		15489
# of expected failures		8
# of unsupported tests		32

Running target unix/-fPIC

		=== gfortran Summary for unix/-fPIC ===

# of expected passes		15458
# of expected failures		8
# of unsupported tests		48

Running target unix/-fpic
FAIL: gfortran.dg/cray_pointers_2.f90  -O0  (test for excess errors)
WARNING: gfortran.dg/cray_pointers_2.f90  -O0  compilation failed to produce executable

		=== gfortran Summary for unix/-fpic ===

# of expected passes		15456
# of unexpected failures	1
# of expected failures		8
# of unsupported tests		48

Running target unix

		=== gfortran Summary for unix ===

# of expected passes		15458
# of expected failures		8
# of unsupported tests		48

		=== gfortran Summary ===

# of expected passes		61861
# of unexpected failures	1
# of expected failures		32
# of unsupported tests		176
/caip/u12/kishgcc/gcc-testing/gcc-testing/43/build/gcc/testsuite/gfortran/../../gfortran  version 4.3.0 20061208 (experimental)

		=== obj-c++ tests ===


Running target unix/-m64
FAIL: obj-c++.dg/bitfield-1.mm (test for excess errors)
FAIL: obj-c++.dg/bitfield-4.mm (test for excess errors)
FAIL: obj-c++.dg/comp-types-10.mm (internal compiler error)
FAIL: obj-c++.dg/comp-types-10.mm (test for excess errors)
FAIL: obj-c++.dg/cxx-ivars-2.mm execution test
FAIL: obj-c++.dg/encode-8.mm execution test
FAIL: obj-c++.dg/gnu-runtime-2.mm (test for excess errors)
FAIL: obj-c++.dg/isa-field-1.mm (test for excess errors)
FAIL: obj-c++.dg/layout-1.mm (test for excess errors)
FAIL: obj-c++.dg/lookup-2.mm (test for excess errors)
WARNING: obj-c++.dg/lookup-2.mm compilation failed to produce executable
FAIL: obj-c++.dg/try-catch-2.mm (test for excess errors)
WARNING: obj-c++.dg/try-catch-2.mm compilation failed to produce executable
FAIL: obj-c++.dg/try-catch-9.mm (internal compiler error)
FAIL: obj-c++.dg/try-catch-9.mm (test for excess errors)
WARNING: obj-c++.dg/try-catch-9.mm compilation failed to produce executable

		=== obj-c++ Summary for unix/-m64 ===

# of expected passes		424
# of unexpected failures	13
# of unsupported tests		13

Running target unix/-fPIC
FAIL: obj-c++.dg/comp-types-10.mm (internal compiler error)
FAIL: obj-c++.dg/comp-types-10.mm (test for excess errors)
FAIL: obj-c++.dg/cxx-ivars-2.mm execution test
FAIL: obj-c++.dg/encode-8.mm execution test
FAIL: obj-c++.dg/gnu-runtime-2.mm (test for excess errors)
FAIL: obj-c++.dg/isa-field-1.mm (test for excess errors)
FAIL: obj-c++.dg/lookup-2.mm (test for excess errors)
WARNING: obj-c++.dg/lookup-2.mm compilation failed to produce executable
FAIL: obj-c++.dg/try-catch-2.mm (test for excess errors)
WARNING: obj-c++.dg/try-catch-2.mm compilation failed to produce executable
FAIL: obj-c++.dg/try-catch-9.mm (internal compiler error)
FAIL: obj-c++.dg/try-catch-9.mm (test for excess errors)
WARNING: obj-c++.dg/try-catch-9.mm compilation failed to produce executable

		=== obj-c++ Summary for unix/-fPIC ===

# of expected passes		427
# of unexpected failures	10
# of unsupported tests		13

Running target unix/-fpic
FAIL: obj-c++.dg/comp-types-10.mm (internal compiler error)
FAIL: obj-c++.dg/comp-types-10.mm (test for excess errors)
FAIL: obj-c++.dg/cxx-ivars-2.mm execution test
FAIL: obj-c++.dg/encode-8.mm execution test
FAIL: obj-c++.dg/gnu-runtime-2.mm (test for excess errors)
FAIL: obj-c++.dg/isa-field-1.mm (test for excess errors)
FAIL: obj-c++.dg/lookup-2.mm (test for excess errors)
WARNING: obj-c++.dg/lookup-2.mm compilation failed to produce executable
FAIL: obj-c++.dg/try-catch-2.mm (test for excess errors)
WARNING: obj-c++.dg/try-catch-2.mm compilation failed to produce executable
FAIL: obj-c++.dg/try-catch-9.mm (internal compiler error)
FAIL: obj-c++.dg/try-catch-9.mm (test for excess errors)
WARNING: obj-c++.dg/try-catch-9.mm compilation failed to produce executable

		=== obj-c++ Summary for unix/-fpic ===

# of expected passes		427
# of unexpected failures	10
# of unsupported tests		13

Running target unix
FAIL: obj-c++.dg/comp-types-10.mm (internal compiler error)
FAIL: obj-c++.dg/comp-types-10.mm (test for excess errors)
FAIL: obj-c++.dg/cxx-ivars-2.mm execution test
FAIL: obj-c++.dg/encode-8.mm execution test
FAIL: obj-c++.dg/gnu-runtime-2.mm (test for excess errors)
FAIL: obj-c++.dg/isa-field-1.mm (test for excess errors)
FAIL: obj-c++.dg/lookup-2.mm (test for excess errors)
WARNING: obj-c++.dg/lookup-2.mm compilation failed to produce executable
FAIL: obj-c++.dg/try-catch-2.mm (test for excess errors)
WARNING: obj-c++.dg/try-catch-2.mm compilation failed to produce executable
FAIL: obj-c++.dg/try-catch-9.mm (internal compiler error)
FAIL: obj-c++.dg/try-catch-9.mm (test for excess errors)
WARNING: obj-c++.dg/try-catch-9.mm compilation failed to produce executable

		=== obj-c++ Summary for unix ===

# of expected passes		427
# of unexpected failures	10
# of unsupported tests		13

		=== obj-c++ Summary ===

# of expected passes		1705
# of unexpected failures	43
# of unsupported tests		52
/caip/u12/kishgcc/gcc-testing/gcc-testing/43/build/gcc/testsuite/obj-c++/../../g++  version 4.3.0 20061208 (experimental)

		=== objc tests ===


Running target unix/-m64

		=== objc Summary for unix/-m64 ===

# of expected passes		1760
# of expected failures		7
# of unsupported tests		24

Running target unix/-fPIC

		=== objc Summary for unix/-fPIC ===

# of expected passes		1760
# of expected failures		7
# of unsupported tests		24

Running target unix/-fpic

		=== objc Summary for unix/-fpic ===

# of expected passes		1760
# of expected failures		7
# of unsupported tests		24

Running target unix

		=== objc Summary for unix ===

# of expected passes		1760
# of expected failures		7
# of unsupported tests		24

		=== objc Summary ===

# of expected passes		7040
# of expected failures		28
# of unsupported tests		96
/caip/u12/kishgcc/gcc-testing/gcc-testing/43/build/gcc/xgcc  version 4.3.0 20061208 (experimental)

		=== treelang tests ===


Running target unix/-m64

		=== treelang Summary for unix/-m64 ===

# of expected passes		52

Running target unix/-fPIC

		=== treelang Summary for unix/-fPIC ===

# of expected passes		52

Running target unix/-fpic

		=== treelang Summary for unix/-fpic ===

# of expected passes		52

Running target unix

		=== treelang Summary for unix ===

# of expected passes		52

		=== treelang Summary ===

# of expected passes		208
		=== libffi tests ===


Running target unix/-m64

		=== libffi Summary for unix/-m64 ===

# of expected passes		1084
# of unsupported tests		8

Running target unix/-fPIC

		=== libffi Summary for unix/-fPIC ===

# of expected passes		1084
# of unsupported tests		8

Running target unix/-fpic

		=== libffi Summary for unix/-fpic ===

# of expected passes		1084
# of unsupported tests		8

Running target unix

		=== libffi Summary for unix ===

# of expected passes		1084
# of unsupported tests		8

		=== libffi Summary ===

# of expected passes		4336
# of unsupported tests		32
		=== libgomp tests ===


Running target unix/-m64
FAIL: libgomp.c++/ctor-5.C  -O0  (test for excess errors)
WARNING: libgomp.c++/ctor-5.C  -O0  compilation failed to produce executable
FAIL: libgomp.c++/ctor-5.C  -O1  (test for excess errors)
WARNING: libgomp.c++/ctor-5.C  -O1  compilation failed to produce executable
FAIL: libgomp.c++/ctor-5.C  -O2  (test for excess errors)
WARNING: libgomp.c++/ctor-5.C  -O2  compilation failed to produce executable
FAIL: libgomp.c++/ctor-5.C  -O3 -fomit-frame-pointer  (test for excess errors)
WARNING: libgomp.c++/ctor-5.C  -O3 -fomit-frame-pointer  compilation failed to produce executable
FAIL: libgomp.c++/ctor-5.C  -O3 -fomit-frame-pointer -funroll-loops  (test for excess errors)
WARNING: libgomp.c++/ctor-5.C  -O3 -fomit-frame-pointer -funroll-loops  compilation failed to produce executable
FAIL: libgomp.c++/ctor-5.C  -O3 -fomit-frame-pointer -funroll-all-loops -finline-functions  (test for excess errors)
WARNING: libgomp.c++/ctor-5.C  -O3 -fomit-frame-pointer -funroll-all-loops -finline-functions  compilation failed to produce executable
FAIL: libgomp.c++/ctor-5.C  -O3 -g  (test for excess errors)
WARNING: libgomp.c++/ctor-5.C  -O3 -g  compilation failed to produce executable
FAIL: libgomp.c++/ctor-5.C  -Os  (test for excess errors)
WARNING: libgomp.c++/ctor-5.C  -Os  compilation failed to produce executable
FAIL: libgomp.c++/ctor-8.C  -O0  (test for excess errors)
WARNING: libgomp.c++/ctor-8.C  -O0  compilation failed to produce executable
FAIL: libgomp.c++/ctor-8.C  -O1  (test for excess errors)
WARNING: libgomp.c++/ctor-8.C  -O1  compilation failed to produce executable
FAIL: libgomp.c++/ctor-8.C  -O2  (test for excess errors)
WARNING: libgomp.c++/ctor-8.C  -O2  compilation failed to produce executable
FAIL: libgomp.c++/ctor-8.C  -O3 -fomit-frame-pointer  (test for excess errors)
WARNING: libgomp.c++/ctor-8.C  -O3 -fomit-frame-pointer  compilation failed to produce executable
FAIL: libgomp.c++/ctor-8.C  -O3 -fomit-frame-pointer -funroll-loops  (test for excess errors)
WARNING: libgomp.c++/ctor-8.C  -O3 -fomit-frame-pointer -funroll-loops  compilation failed to produce executable
FAIL: libgomp.c++/ctor-8.C  -O3 -fomit-frame-pointer -funroll-all-loops -finline-functions  (test for excess errors)
WARNING: libgomp.c++/ctor-8.C  -O3 -fomit-frame-pointer -funroll-all-loops -finline-functions  compilation failed to produce executable
FAIL: libgomp.c++/ctor-8.C  -O3 -g  (test for excess errors)
WARNING: libgomp.c++/ctor-8.C  -O3 -g  compilation failed to produce executable
FAIL: libgomp.c++/ctor-8.C  -Os  (test for excess errors)
WARNING: libgomp.c++/ctor-8.C  -Os  compilation failed to produce executable
FAIL: libgomp.c++/ctor-9.C  -O0  (test for excess errors)
WARNING: libgomp.c++/ctor-9.C  -O0  compilation failed to produce executable
FAIL: libgomp.c++/ctor-9.C  -O1  (test for excess errors)
WARNING: libgomp.c++/ctor-9.C  -O1  compilation failed to produce executable
FAIL: libgomp.c++/ctor-9.C  -O2  (test for excess errors)
WARNING: libgomp.c++/ctor-9.C  -O2  compilation failed to produce executable
FAIL: libgomp.c++/ctor-9.C  -O3 -fomit-frame-pointer  (test for excess errors)
WARNING: libgomp.c++/ctor-9.C  -O3 -fomit-frame-pointer  compilation failed to produce executable
FAIL: libgomp.c++/ctor-9.C  -O3 -fomit-frame-pointer -funroll-loops  (test for excess errors)
WARNING: libgomp.c++/ctor-9.C  -O3 -fomit-frame-pointer -funroll-loops  compilation failed to produce executable
FAIL: libgomp.c++/ctor-9.C  -O3 -fomit-frame-pointer -funroll-all-loops -finline-functions  (test for excess errors)
WARNING: libgomp.c++/ctor-9.C  -O3 -fomit-frame-pointer -funroll-all-loops -finline-functions  compilation failed to produce executable
FAIL: libgomp.c++/ctor-9.C  -O3 -g  (test for excess errors)
WARNING: libgomp.c++/ctor-9.C  -O3 -g  compilation failed to produce executable
FAIL: libgomp.c++/ctor-9.C  -Os  (test for excess errors)
WARNING: libgomp.c++/ctor-9.C  -Os  compilation failed to produce executable
FAIL: libgomp.fortran/appendix-a/a.22.7.f90  -O0  (test for excess errors)
WARNING: libgomp.fortran/appendix-a/a.22.7.f90  -O0  compilation failed to produce executable
FAIL: libgomp.fortran/appendix-a/a.22.7.f90  -O1  (test for excess errors)
WARNING: libgomp.fortran/appendix-a/a.22.7.f90  -O1  compilation failed to produce executable
FAIL: libgomp.fortran/appendix-a/a.22.7.f90  -O2  (test for excess errors)
WARNING: libgomp.fortran/appendix-a/a.22.7.f90  -O2  compilation failed to produce executable
FAIL: libgomp.fortran/appendix-a/a.22.7.f90  -O3 -fomit-frame-pointer  (test for excess errors)
WARNING: libgomp.fortran/appendix-a/a.22.7.f90  -O3 -fomit-frame-pointer  compilation failed to produce executable
FAIL: libgomp.fortran/appendix-a/a.22.7.f90  -O3 -fomit-frame-pointer -funroll-loops  (test for excess errors)
WARNING: libgomp.fortran/appendix-a/a.22.7.f90  -O3 -fomit-frame-pointer -funroll-loops  compilation failed to produce executable
FAIL: libgomp.fortran/appendix-a/a.22.7.f90  -O3 -fomit-frame-pointer -funroll-all-loops -finline-functions  (test for excess errors)
WARNING: libgomp.fortran/appendix-a/a.22.7.f90  -O3 -fomit-frame-pointer -funroll-all-loops -finline-functions  compilation failed to produce executable
FAIL: libgomp.fortran/appendix-a/a.22.7.f90  -O3 -g  (test for excess errors)
WARNING: libgomp.fortran/appendix-a/a.22.7.f90  -O3 -g  compilation failed to produce executable
FAIL: libgomp.fortran/appendix-a/a.22.7.f90  -Os  (test for excess errors)
WARNING: libgomp.fortran/appendix-a/a.22.7.f90  -Os  compilation failed to produce executable
FAIL: libgomp.fortran/omp_parse3.f90  -O0  (test for excess errors)
WARNING: libgomp.fortran/omp_parse3.f90  -O0  compilation failed to produce executable
FAIL: libgomp.fortran/omp_parse3.f90  -O1  (test for excess errors)
WARNING: libgomp.fortran/omp_parse3.f90  -O1  compilation failed to produce executable
FAIL: libgomp.fortran/omp_parse3.f90  -O2  (test for excess errors)
WARNING: libgomp.fortran/omp_parse3.f90  -O2  compilation failed to produce executable
FAIL: libgomp.fortran/omp_parse3.f90  -O3 -fomit-frame-pointer  (test for excess errors)
WARNING: libgomp.fortran/omp_parse3.f90  -O3 -fomit-frame-pointer  compilation failed to produce executable
FAIL: libgomp.fortran/omp_parse3.f90  -O3 -fomit-frame-pointer -funroll-loops  (test for excess errors)
WARNING: libgomp.fortran/omp_parse3.f90  -O3 -fomit-frame-pointer -funroll-loops  compilation failed to produce executable
FAIL: libgomp.fortran/omp_parse3.f90  -O3 -fomit-frame-pointer -funroll-all-loops -finline-functions  (test for excess errors)
WARNING: libgomp.fortran/omp_parse3.f90  -O3 -fomit-frame-pointer -funroll-all-loops -finline-functions  compilation failed to produce executable
FAIL: libgomp.fortran/omp_parse3.f90  -O3 -g  (test for excess errors)
WARNING: libgomp.fortran/omp_parse3.f90  -O3 -g  compilation failed to produce executable
FAIL: libgomp.fortran/omp_parse3.f90  -Os  (test for excess errors)
WARNING: libgomp.fortran/omp_parse3.f90  -Os  compilation failed to produce executable
FAIL: libgomp.fortran/threadprivate2.f90  -O0  (test for excess errors)
WARNING: libgomp.fortran/threadprivate2.f90  -O0  compilation failed to produce executable
FAIL: libgomp.fortran/threadprivate2.f90  -O1  (test for excess errors)
WARNING: libgomp.fortran/threadprivate2.f90  -O1  compilation failed to produce executable
FAIL: libgomp.fortran/threadprivate2.f90  -O2  (test for excess errors)
WARNING: libgomp.fortran/threadprivate2.f90  -O2  compilation failed to produce executable
FAIL: libgomp.fortran/threadprivate2.f90  -O3 -fomit-frame-pointer  (test for excess errors)
WARNING: libgomp.fortran/threadprivate2.f90  -O3 -fomit-frame-pointer  compilation failed to produce executable
FAIL: libgomp.fortran/threadprivate2.f90  -O3 -fomit-frame-pointer -funroll-loops  (test for excess errors)
WARNING: libgomp.fortran/threadprivate2.f90  -O3 -fomit-frame-pointer -funroll-loops  compilation failed to produce executable
FAIL: libgomp.fortran/threadprivate2.f90  -O3 -fomit-frame-pointer -funroll-all-loops -finline-functions  (test for excess errors)
WARNING: libgomp.fortran/threadprivate2.f90  -O3 -fomit-frame-pointer -funroll-all-loops -finline-functions  compilation failed to produce executable
FAIL: libgomp.fortran/threadprivate2.f90  -O3 -g  (test for excess errors)
WARNING: libgomp.fortran/threadprivate2.f90  -O3 -g  compilation failed to produce executable
FAIL: libgomp.fortran/threadprivate2.f90  -Os  (test for excess errors)
WARNING: libgomp.fortran/threadprivate2.f90  -Os  compilation failed to produce executable
FAIL: libgomp.fortran/threadprivate3.f90  -O0  (test for excess errors)
WARNING: libgomp.fortran/threadprivate3.f90  -O0  compilation failed to produce executable
FAIL: libgomp.fortran/threadprivate3.f90  -O1  (test for excess errors)
WARNING: libgomp.fortran/threadprivate3.f90  -O1  compilation failed to produce executable
FAIL: libgomp.fortran/threadprivate3.f90  -O2  (test for excess errors)
WARNING: libgomp.fortran/threadprivate3.f90  -O2  compilation failed to produce executable
FAIL: libgomp.fortran/threadprivate3.f90  -O3 -fomit-frame-pointer  (test for excess errors)
WARNING: libgomp.fortran/threadprivate3.f90  -O3 -fomit-frame-pointer  compilation failed to produce executable
FAIL: libgomp.fortran/threadprivate3.f90  -O3 -fomit-frame-pointer -funroll-loops  (test for excess errors)
WARNING: libgomp.fortran/threadprivate3.f90  -O3 -fomit-frame-pointer -funroll-loops  compilation failed to produce executable
FAIL: libgomp.fortran/threadprivate3.f90  -O3 -fomit-frame-pointer -funroll-all-loops -finline-functions  (test for excess errors)
WARNING: libgomp.fortran/threadprivate3.f90  -O3 -fomit-frame-pointer -funroll-all-loops -finline-functions  compilation failed to produce executable
FAIL: libgomp.fortran/threadprivate3.f90  -O3 -g  (test for excess errors)
WARNING: libgomp.fortran/threadprivate3.f90  -O3 -g  compilation failed to produce executable
FAIL: libgomp.fortran/threadprivate3.f90  -Os  (test for excess errors)
WARNING: libgomp.fortran/threadprivate3.f90  -Os  compilation failed to produce executable

		=== libgomp Summary for unix/-m64 ===

# of expected passes		1422
# of unexpected failures	56
# of unsupported tests		7

Running target unix/-fPIC
FAIL: libgomp.c++/ctor-9.C  -O0  (test for excess errors)
WARNING: libgomp.c++/ctor-9.C  -O0  compilation failed to produce executable
FAIL: libgomp.c++/ctor-9.C  -O1  (test for excess errors)
WARNING: libgomp.c++/ctor-9.C  -O1  compilation failed to produce executable
FAIL: libgomp.c++/ctor-9.C  -O2  (test for excess errors)
WARNING: libgomp.c++/ctor-9.C  -O2  compilation failed to produce executable
FAIL: libgomp.c++/ctor-9.C  -O3 -fomit-frame-pointer  (test for excess errors)
WARNING: libgomp.c++/ctor-9.C  -O3 -fomit-frame-pointer  compilation failed to produce executable
FAIL: libgomp.c++/ctor-9.C  -O3 -fomit-frame-pointer -funroll-loops  (test for excess errors)
WARNING: libgomp.c++/ctor-9.C  -O3 -fomit-frame-pointer -funroll-loops  compilation failed to produce executable
FAIL: libgomp.c++/ctor-9.C  -O3 -fomit-frame-pointer -funroll-all-loops -finline-functions  (test for excess errors)
WARNING: libgomp.c++/ctor-9.C  -O3 -fomit-frame-pointer -funroll-all-loops -finline-functions  compilation failed to produce executable
FAIL: libgomp.c++/ctor-9.C  -O3 -g  (test for excess errors)
WARNING: libgomp.c++/ctor-9.C  -O3 -g  compilation failed to produce executable
FAIL: libgomp.c++/ctor-9.C  -Os  (test for excess errors)
WARNING: libgomp.c++/ctor-9.C  -Os  compilation failed to produce executable
FAIL: libgomp.fortran/appendix-a/a.22.7.f90  -O3 -fomit-frame-pointer -funroll-loops  execution test
FAIL: libgomp.fortran/appendix-a/a.22.7.f90  -O3 -fomit-frame-pointer -funroll-all-loops -finline-functions  execution test

		=== libgomp Summary for unix/-fPIC ===

# of expected passes		1516
# of unexpected failures	10
# of unsupported tests		7

Running target unix/-fpic
FAIL: libgomp.c++/ctor-9.C  -O0  (test for excess errors)
WARNING: libgomp.c++/ctor-9.C  -O0  compilation failed to produce executable
FAIL: libgomp.c++/ctor-9.C  -O1  (test for excess errors)
WARNING: libgomp.c++/ctor-9.C  -O1  compilation failed to produce executable
FAIL: libgomp.c++/ctor-9.C  -O2  (test for excess errors)
WARNING: libgomp.c++/ctor-9.C  -O2  compilation failed to produce executable
FAIL: libgomp.c++/ctor-9.C  -O3 -fomit-frame-pointer  (test for excess errors)
WARNING: libgomp.c++/ctor-9.C  -O3 -fomit-frame-pointer  compilation failed to produce executable
FAIL: libgomp.c++/ctor-9.C  -O3 -fomit-frame-pointer -funroll-loops  (test for excess errors)
WARNING: libgomp.c++/ctor-9.C  -O3 -fomit-frame-pointer -funroll-loops  compilation failed to produce executable
FAIL: libgomp.c++/ctor-9.C  -O3 -fomit-frame-pointer -funroll-all-loops -finline-functions  (test for excess errors)
WARNING: libgomp.c++/ctor-9.C  -O3 -fomit-frame-pointer -funroll-all-loops -finline-functions  compilation failed to produce executable
FAIL: libgomp.c++/ctor-9.C  -O3 -g  (test for excess errors)
WARNING: libgomp.c++/ctor-9.C  -O3 -g  compilation failed to produce executable
FAIL: libgomp.c++/ctor-9.C  -Os  (test for excess errors)
WARNING: libgomp.c++/ctor-9.C  -Os  compilation failed to produce executable

		=== libgomp Summary for unix/-fpic ===

# of expected passes		1518
# of unexpected failures	8
# of unsupported tests		7

Running target unix
FAIL: libgomp.c++/ctor-5.C  -O0  (test for excess errors)
WARNING: libgomp.c++/ctor-5.C  -O0  compilation failed to produce executable
FAIL: libgomp.c++/ctor-5.C  -O1  (test for excess errors)
WARNING: libgomp.c++/ctor-5.C  -O1  compilation failed to produce executable
FAIL: libgomp.c++/ctor-5.C  -O2  (test for excess errors)
WARNING: libgomp.c++/ctor-5.C  -O2  compilation failed to produce executable
FAIL: libgomp.c++/ctor-5.C  -O3 -fomit-frame-pointer  (test for excess errors)
WARNING: libgomp.c++/ctor-5.C  -O3 -fomit-frame-pointer  compilation failed to produce executable
FAIL: libgomp.c++/ctor-5.C  -O3 -fomit-frame-pointer -funroll-loops  (test for excess errors)
WARNING: libgomp.c++/ctor-5.C  -O3 -fomit-frame-pointer -funroll-loops  compilation failed to produce executable
FAIL: libgomp.c++/ctor-5.C  -O3 -fomit-frame-pointer -funroll-all-loops -finline-functions  (test for excess errors)
WARNING: libgomp.c++/ctor-5.C  -O3 -fomit-frame-pointer -funroll-all-loops -finline-functions  compilation failed to produce executable
FAIL: libgomp.c++/ctor-5.C  -O3 -g  (test for excess errors)
WARNING: libgomp.c++/ctor-5.C  -O3 -g  compilation failed to produce executable
FAIL: libgomp.c++/ctor-5.C  -Os  (test for excess errors)
WARNING: libgomp.c++/ctor-5.C  -Os  compilation failed to produce executable
FAIL: libgomp.c++/ctor-8.C  -O0  (test for excess errors)
WARNING: libgomp.c++/ctor-8.C  -O0  compilation failed to produce executable
FAIL: libgomp.c++/ctor-8.C  -O1  (test for excess errors)
WARNING: libgomp.c++/ctor-8.C  -O1  compilation failed to produce executable
FAIL: libgomp.c++/ctor-8.C  -O2  (test for excess errors)
WARNING: libgomp.c++/ctor-8.C  -O2  compilation failed to produce executable
FAIL: libgomp.c++/ctor-8.C  -O3 -fomit-frame-pointer  (test for excess errors)
WARNING: libgomp.c++/ctor-8.C  -O3 -fomit-frame-pointer  compilation failed to produce executable
FAIL: libgomp.c++/ctor-8.C  -O3 -fomit-frame-pointer -funroll-loops  (test for excess errors)
WARNING: libgomp.c++/ctor-8.C  -O3 -fomit-frame-pointer -funroll-loops  compilation failed to produce executable
FAIL: libgomp.c++/ctor-8.C  -O3 -fomit-frame-pointer -funroll-all-loops -finline-functions  (test for excess errors)
WARNING: libgomp.c++/ctor-8.C  -O3 -fomit-frame-pointer -funroll-all-loops -finline-functions  compilation failed to produce executable
FAIL: libgomp.c++/ctor-8.C  -O3 -g  (test for excess errors)
WARNING: libgomp.c++/ctor-8.C  -O3 -g  compilation failed to produce executable
FAIL: libgomp.c++/ctor-8.C  -Os  (test for excess errors)
WARNING: libgomp.c++/ctor-8.C  -Os  compilation failed to produce executable
FAIL: libgomp.c++/ctor-9.C  -O0  (test for excess errors)
WARNING: libgomp.c++/ctor-9.C  -O0  compilation failed to produce executable
FAIL: libgomp.c++/ctor-9.C  -O1  (test for excess errors)
WARNING: libgomp.c++/ctor-9.C  -O1  compilation failed to produce executable
FAIL: libgomp.c++/ctor-9.C  -O2  (test for excess errors)
WARNING: libgomp.c++/ctor-9.C  -O2  compilation failed to produce executable
FAIL: libgomp.c++/ctor-9.C  -O3 -fomit-frame-pointer  (test for excess errors)
WARNING: libgomp.c++/ctor-9.C  -O3 -fomit-frame-pointer  compilation failed to produce executable
FAIL: libgomp.c++/ctor-9.C  -O3 -fomit-frame-pointer -funroll-loops  (test for excess errors)
WARNING: libgomp.c++/ctor-9.C  -O3 -fomit-frame-pointer -funroll-loops  compilation failed to produce executable
FAIL: libgomp.c++/ctor-9.C  -O3 -fomit-frame-pointer -funroll-all-loops -finline-functions  (test for excess errors)
WARNING: libgomp.c++/ctor-9.C  -O3 -fomit-frame-pointer -funroll-all-loops -finline-functions  compilation failed to produce executable
FAIL: libgomp.c++/ctor-9.C  -O3 -g  (test for excess errors)
WARNING: libgomp.c++/ctor-9.C  -O3 -g  compilation failed to produce executable
FAIL: libgomp.c++/ctor-9.C  -Os  (test for excess errors)
WARNING: libgomp.c++/ctor-9.C  -Os  compilation failed to produce executable
FAIL: libgomp.fortran/appendix-a/a.22.7.f90  -O0  (test for excess errors)
WARNING: libgomp.fortran/appendix-a/a.22.7.f90  -O0  compilation failed to produce executable
FAIL: libgomp.fortran/appendix-a/a.22.7.f90  -O1  (test for excess errors)
WARNING: libgomp.fortran/appendix-a/a.22.7.f90  -O1  compilation failed to produce executable
FAIL: libgomp.fortran/appendix-a/a.22.7.f90  -O2  (test for excess errors)
WARNING: libgomp.fortran/appendix-a/a.22.7.f90  -O2  compilation failed to produce executable
FAIL: libgomp.fortran/appendix-a/a.22.7.f90  -O3 -fomit-frame-pointer  (test for excess errors)
WARNING: libgomp.fortran/appendix-a/a.22.7.f90  -O3 -fomit-frame-pointer  compilation failed to produce executable
FAIL: libgomp.fortran/appendix-a/a.22.7.f90  -O3 -fomit-frame-pointer -funroll-loops  (test for excess errors)
WARNING: libgomp.fortran/appendix-a/a.22.7.f90  -O3 -fomit-frame-pointer -funroll-loops  compilation failed to produce executable
FAIL: libgomp.fortran/appendix-a/a.22.7.f90  -O3 -fomit-frame-pointer -funroll-all-loops -finline-functions  (test for excess errors)
WARNING: libgomp.fortran/appendix-a/a.22.7.f90  -O3 -fomit-frame-pointer -funroll-all-loops -finline-functions  compilation failed to produce executable
FAIL: libgomp.fortran/appendix-a/a.22.7.f90  -O3 -g  (test for excess errors)
WARNING: libgomp.fortran/appendix-a/a.22.7.f90  -O3 -g  compilation failed to produce executable
FAIL: libgomp.fortran/appendix-a/a.22.7.f90  -Os  (test for excess errors)
WARNING: libgomp.fortran/appendix-a/a.22.7.f90  -Os  compilation failed to produce executable
FAIL: libgomp.fortran/omp_parse3.f90  -O0  (test for excess errors)
WARNING: libgomp.fortran/omp_parse3.f90  -O0  compilation failed to produce executable
FAIL: libgomp.fortran/omp_parse3.f90  -O1  (test for excess errors)
WARNING: libgomp.fortran/omp_parse3.f90  -O1  compilation failed to produce executable
FAIL: libgomp.fortran/omp_parse3.f90  -O2  (test for excess errors)
WARNING: libgomp.fortran/omp_parse3.f90  -O2  compilation failed to produce executable
FAIL: libgomp.fortran/omp_parse3.f90  -O3 -fomit-frame-pointer  (test for excess errors)
WARNING: libgomp.fortran/omp_parse3.f90  -O3 -fomit-frame-pointer  compilation failed to produce executable
FAIL: libgomp.fortran/omp_parse3.f90  -O3 -fomit-frame-pointer -funroll-loops  (test for excess errors)
WARNING: libgomp.fortran/omp_parse3.f90  -O3 -fomit-frame-pointer -funroll-loops  compilation failed to produce executable
FAIL: libgomp.fortran/omp_parse3.f90  -O3 -fomit-frame-pointer -funroll-all-loops -finline-functions  (test for excess errors)
WARNING: libgomp.fortran/omp_parse3.f90  -O3 -fomit-frame-pointer -funroll-all-loops -finline-functions  compilation failed to produce executable
FAIL: libgomp.fortran/omp_parse3.f90  -O3 -g  (test for excess errors)
WARNING: libgomp.fortran/omp_parse3.f90  -O3 -g  compilation failed to produce executable
FAIL: libgomp.fortran/omp_parse3.f90  -Os  (test for excess errors)
WARNING: libgomp.fortran/omp_parse3.f90  -Os  compilation failed to produce executable
FAIL: libgomp.fortran/threadprivate2.f90  -O0  (test for excess errors)
WARNING: libgomp.fortran/threadprivate2.f90  -O0  compilation failed to produce executable
FAIL: libgomp.fortran/threadprivate2.f90  -O1  (test for excess errors)
WARNING: libgomp.fortran/threadprivate2.f90  -O1  compilation failed to produce executable
FAIL: libgomp.fortran/threadprivate2.f90  -O2  (test for excess errors)
WARNING: libgomp.fortran/threadprivate2.f90  -O2  compilation failed to produce executable
FAIL: libgomp.fortran/threadprivate2.f90  -O3 -fomit-frame-pointer  (test for excess errors)
WARNING: libgomp.fortran/threadprivate2.f90  -O3 -fomit-frame-pointer  compilation failed to produce executable
FAIL: libgomp.fortran/threadprivate2.f90  -O3 -fomit-frame-pointer -funroll-loops  (test for excess errors)
WARNING: libgomp.fortran/threadprivate2.f90  -O3 -fomit-frame-pointer -funroll-loops  compilation failed to produce executable
FAIL: libgomp.fortran/threadprivate2.f90  -O3 -fomit-frame-pointer -funroll-all-loops -finline-functions  (test for excess errors)
WARNING: libgomp.fortran/threadprivate2.f90  -O3 -fomit-frame-pointer -funroll-all-loops -finline-functions  compilation failed to produce executable
FAIL: libgomp.fortran/threadprivate2.f90  -O3 -g  (test for excess errors)
WARNING: libgomp.fortran/threadprivate2.f90  -O3 -g  compilation failed to produce executable
FAIL: libgomp.fortran/threadprivate2.f90  -Os  (test for excess errors)
WARNING: libgomp.fortran/threadprivate2.f90  -Os  compilation failed to produce executable
FAIL: libgomp.fortran/threadprivate3.f90  -O0  (test for excess errors)
WARNING: libgomp.fortran/threadprivate3.f90  -O0  compilation failed to produce executable
FAIL: libgomp.fortran/threadprivate3.f90  -O1  (test for excess errors)
WARNING: libgomp.fortran/threadprivate3.f90  -O1  compilation failed to produce executable
FAIL: libgomp.fortran/threadprivate3.f90  -O2  (test for excess errors)
WARNING: libgomp.fortran/threadprivate3.f90  -O2  compilation failed to produce executable
FAIL: libgomp.fortran/threadprivate3.f90  -O3 -fomit-frame-pointer  (test for excess errors)
WARNING: libgomp.fortran/threadprivate3.f90  -O3 -fomit-frame-pointer  compilation failed to produce executable
FAIL: libgomp.fortran/threadprivate3.f90  -O3 -fomit-frame-pointer -funroll-loops  (test for excess errors)
WARNING: libgomp.fortran/threadprivate3.f90  -O3 -fomit-frame-pointer -funroll-loops  compilation failed to produce executable
FAIL: libgomp.fortran/threadprivate3.f90  -O3 -fomit-frame-pointer -funroll-all-loops -finline-functions  (test for excess errors)
WARNING: libgomp.fortran/threadprivate3.f90  -O3 -fomit-frame-pointer -funroll-all-loops -finline-functions  compilation failed to produce executable
FAIL: libgomp.fortran/threadprivate3.f90  -O3 -g  (test for excess errors)
WARNING: libgomp.fortran/threadprivate3.f90  -O3 -g  compilation failed to produce executable
FAIL: libgomp.fortran/threadprivate3.f90  -Os  (test for excess errors)
WARNING: libgomp.fortran/threadprivate3.f90  -Os  compilation failed to produce executable

		=== libgomp Summary for unix ===

# of expected passes		1422
# of unexpected failures	56
# of unsupported tests		7

		=== libgomp Summary ===

# of expected passes		5878
# of unexpected failures	130
# of unsupported tests		28
		=== libjava tests ===


Running target unix/-m64
FAIL: events output
FAIL: Array_3 execution - gij test
FAIL: Array_3 execution - gij test
FAIL: Array_3 execution - gij test
FAIL: Array_3 execution - gij test
FAIL: FileHandleGcTest execution - source compiled test
FAIL: FileHandleGcTest execution - gij test
FAIL: FileHandleGcTest execution - bytecode->native test
FAIL: FileHandleGcTest execution - gij test
FAIL: FileHandleGcTest -findirect-dispatch execution - bytecode->native test
FAIL: FileHandleGcTest -O3 execution - source compiled test
FAIL: FileHandleGcTest execution - gij test
FAIL: FileHandleGcTest -O3 execution - bytecode->native test
FAIL: FileHandleGcTest execution - gij test
FAIL: FileHandleGcTest -O3 -findirect-dispatch execution - bytecode->native test
FAIL: PR27908 execution - bytecode->native test
FAIL: PR27908 -findirect-dispatch execution - bytecode->native test
FAIL: PR27908 -O3 execution - source compiled test
FAIL: PR27908 execution - gij test
FAIL: PR27908 -O3 execution - bytecode->native test
FAIL: PR27908 execution - gij test
FAIL: PR27908 -O3 -findirect-dispatch execution - bytecode->native test
WARNING: program timed out.
FAIL: Process_1 -findirect-dispatch execution - bytecode->native test
WARNING: program timed out.
FAIL: Process_1 -O3 -findirect-dispatch execution - bytecode->native test
WARNING: program timed out.
FAIL: Process_2 -findirect-dispatch execution - bytecode->native test
WARNING: program timed out.
FAIL: Process_3 -findirect-dispatch execution - bytecode->native test
WARNING: program timed out.
FAIL: Process_3 -O3 -findirect-dispatch execution - bytecode->native test
WARNING: program timed out.
FAIL: Process_4 -findirect-dispatch execution - bytecode->native test
WARNING: program timed out.
FAIL: Process_5 -findirect-dispatch execution - bytecode->native test
WARNING: program timed out.
FAIL: Process_5 -O3 -findirect-dispatch execution - bytecode->native test
FAIL: Throw_2 execution - source compiled test
FAIL: Throw_2 execution - bytecode->native test
FAIL: Throw_2 -O3 execution - source compiled test
FAIL: Throw_2 -O3 execution - bytecode->native test

		=== libjava Summary for unix/-m64 ===

# of expected passes		6969
# of unexpected failures	34
# of expected failures		12
# of untested testcases		41

Running target unix/-fPIC
FAIL: events output
FAIL: Array_3 execution - gij test
FAIL: Array_3 execution - gij test
FAIL: Array_3 execution - gij test
FAIL: Array_3 execution - gij test
FAIL: FileHandleGcTest execution - source compiled test
FAIL: FileHandleGcTest execution - gij test
FAIL: FileHandleGcTest execution - bytecode->native test
FAIL: FileHandleGcTest execution - gij test
FAIL: FileHandleGcTest -findirect-dispatch execution - bytecode->native test
FAIL: FileHandleGcTest -O3 execution - source compiled test
FAIL: FileHandleGcTest execution - gij test
FAIL: FileHandleGcTest -O3 execution - bytecode->native test
FAIL: FileHandleGcTest execution - gij test
FAIL: FileHandleGcTest -O3 -findirect-dispatch execution - bytecode->native test
FAIL: PR27908 execution - bytecode->native test
FAIL: PR27908 execution - gij test
FAIL: PR27908 -findirect-dispatch execution - bytecode->native test
FAIL: PR27908 -O3 execution - source compiled test
FAIL: PR27908 -O3 execution - bytecode->native test
FAIL: PR27908 execution - gij test
FAIL: PR27908 -O3 -findirect-dispatch execution - bytecode->native test
WARNING: program timed out.
FAIL: Process_1 -findirect-dispatch execution - bytecode->native test
WARNING: program timed out.
FAIL: Process_1 -O3 -findirect-dispatch execution - bytecode->native test
WARNING: program timed out.
FAIL: Process_2 -findirect-dispatch execution - bytecode->native test
WARNING: program timed out.
FAIL: Process_2 -O3 -findirect-dispatch execution - bytecode->native test
WARNING: program timed out.
FAIL: Process_3 -findirect-dispatch execution - bytecode->native test
WARNING: program timed out.
FAIL: Process_3 -O3 -findirect-dispatch execution - bytecode->native test
WARNING: program timed out.
FAIL: Process_4 -findirect-dispatch execution - bytecode->native test
WARNING: program timed out.
FAIL: Process_4 -O3 -findirect-dispatch execution - bytecode->native test
WARNING: program timed out.
FAIL: Process_5 -findirect-dispatch execution - bytecode->native test
WARNING: program timed out.
FAIL: Process_5 -O3 -findirect-dispatch execution - bytecode->native test
FAIL: SyncTest execution - gij test
FAIL: SyncTest execution - gij test
FAIL: SyncTest execution - gij test
FAIL: Throw_2 execution - source compiled test
FAIL: Throw_2 execution - gij test
FAIL: Throw_2 execution - bytecode->native test
FAIL: Throw_2 execution - gij test
FAIL: Throw_2 -findirect-dispatch execution - bytecode->native test
FAIL: Throw_2 -O3 execution - source compiled test
FAIL: Throw_2 execution - gij test
FAIL: Throw_2 -O3 execution - bytecode->native test
FAIL: Throw_2 execution - gij test
FAIL: Throw_2 -O3 -findirect-dispatch execution - bytecode->native test

		=== libjava Summary for unix/-fPIC ===

# of expected passes		6947
# of unexpected failures	45
# of expected failures		12
# of untested testcases		52

Running target unix/-fpic
FAIL: events output
FAIL: Array_3 execution - gij test
FAIL: Array_3 execution - gij test
FAIL: Array_3 execution - gij test
FAIL: Array_3 execution - gij test
FAIL: FileHandleGcTest execution - source compiled test
FAIL: FileHandleGcTest execution - gij test
FAIL: FileHandleGcTest execution - bytecode->native test
FAIL: FileHandleGcTest execution - gij test
FAIL: FileHandleGcTest -findirect-dispatch execution - bytecode->native test
FAIL: FileHandleGcTest -O3 execution - source compiled test
FAIL: FileHandleGcTest execution - gij test
FAIL: FileHandleGcTest -O3 execution - bytecode->native test
FAIL: FileHandleGcTest execution - gij test
FAIL: FileHandleGcTest -O3 -findirect-dispatch execution - bytecode->native test
FAIL: PR27908 execution - source compiled test
FAIL: PR27908 execution - gij test
FAIL: PR27908 execution - bytecode->native test
FAIL: PR27908 execution - gij test
FAIL: PR27908 -O3 execution - source compiled test
FAIL: PR27908 execution - gij test
FAIL: PR27908 execution - gij test
FAIL: PR27908 -O3 -findirect-dispatch execution - bytecode->native test
WARNING: program timed out.
FAIL: Process_1 -findirect-dispatch execution - bytecode->native test
WARNING: program timed out.
FAIL: Process_1 -O3 -findirect-dispatch execution - bytecode->native test
WARNING: program timed out.
FAIL: Process_2 -findirect-dispatch execution - bytecode->native test
WARNING: program timed out.
FAIL: Process_2 -O3 -findirect-dispatch execution - bytecode->native test
WARNING: program timed out.
FAIL: Process_3 -findirect-dispatch execution - bytecode->native test
WARNING: program timed out.
FAIL: Process_3 -O3 -findirect-dispatch execution - bytecode->native test
WARNING: program timed out.
FAIL: Process_4 -findirect-dispatch execution - bytecode->native test
WARNING: program timed out.
FAIL: Process_4 -O3 -findirect-dispatch execution - bytecode->native test
WARNING: program timed out.
FAIL: Process_5 -findirect-dispatch execution - bytecode->native test
WARNING: program timed out.
FAIL: Process_5 -O3 -findirect-dispatch execution - bytecode->native test
FAIL: Thread_Join execution - gij test
FAIL: Throw_2 execution - source compiled test
FAIL: Throw_2 execution - gij test
FAIL: Throw_2 execution - bytecode->native test
FAIL: Throw_2 execution - gij test
FAIL: Throw_2 -findirect-dispatch execution - bytecode->native test
FAIL: Throw_2 -O3 execution - source compiled test
FAIL: Throw_2 execution - gij test
FAIL: Throw_2 -O3 execution - bytecode->native test
FAIL: Throw_2 execution - gij test
FAIL: Throw_2 -O3 -findirect-dispatch execution - bytecode->native test

		=== libjava Summary for unix/-fpic ===

# of expected passes		6949
# of unexpected failures	44
# of expected failures		12
# of untested testcases		51

Running target unix
FAIL: events output
FAIL: Array_3 execution - gij test
FAIL: Array_3 execution - gij test
FAIL: Array_3 execution - gij test
FAIL: Array_3 execution - gij test
FAIL: FileHandleGcTest execution - source compiled test
FAIL: FileHandleGcTest execution - gij test
FAIL: FileHandleGcTest execution - bytecode->native test
FAIL: FileHandleGcTest execution - gij test
FAIL: FileHandleGcTest -findirect-dispatch execution - bytecode->native test
FAIL: FileHandleGcTest -O3 execution - source compiled test
FAIL: FileHandleGcTest execution - gij test
FAIL: FileHandleGcTest -O3 execution - bytecode->native test
FAIL: FileHandleGcTest execution - gij test
FAIL: FileHandleGcTest -O3 -findirect-dispatch execution - bytecode->native test
FAIL: PR27908 execution - source compiled test
FAIL: PR27908 execution - gij test
FAIL: PR27908 execution - bytecode->native test
FAIL: PR27908 execution - gij test
FAIL: PR27908 -findirect-dispatch execution - bytecode->native test
FAIL: PR27908 -O3 execution - source compiled test
FAIL: PR27908 execution - gij test
FAIL: PR27908 -O3 execution - bytecode->native test
FAIL: PR27908 execution - gij test
FAIL: PR27908 -O3 -findirect-dispatch execution - bytecode->native test
WARNING: program timed out.
FAIL: Process_1 -findirect-dispatch execution - bytecode->native test
WARNING: program timed out.
FAIL: Process_1 -O3 -findirect-dispatch execution - bytecode->native test
WARNING: program timed out.
FAIL: Process_2 -findirect-dispatch execution - bytecode->native test
WARNING: program timed out.
FAIL: Process_2 -O3 -findirect-dispatch execution - bytecode->native test
WARNING: program timed out.
FAIL: Process_3 -findirect-dispatch execution - bytecode->native test
WARNING: program timed out.
FAIL: Process_3 -O3 -findirect-dispatch execution - bytecode->native test
WARNING: program timed out.
FAIL: Process_4 -findirect-dispatch execution - bytecode->native test
WARNING: program timed out.
FAIL: Process_4 -O3 -findirect-dispatch execution - bytecode->native test
WARNING: program timed out.
FAIL: Process_5 -findirect-dispatch execution - bytecode->native test
WARNING: program timed out.
FAIL: Process_5 -O3 -findirect-dispatch execution - bytecode->native test
FAIL: Throw_2 execution - source compiled test
FAIL: Throw_2 execution - gij test
FAIL: Throw_2 execution - bytecode->native test
FAIL: Throw_2 execution - gij test
FAIL: Throw_2 -findirect-dispatch execution - bytecode->native test
FAIL: Throw_2 -O3 execution - source compiled test
FAIL: Throw_2 execution - gij test
FAIL: Throw_2 -O3 execution - bytecode->native test
FAIL: Throw_2 execution - gij test
FAIL: Throw_2 -O3 -findirect-dispatch execution - bytecode->native test

		=== libjava Summary for unix ===

# of expected passes		6947
# of unexpected failures	45
# of expected failures		12
# of untested testcases		52

		=== libjava Summary ===

# of expected passes		27812
# of unexpected failures	168
# of expected failures		48
# of untested testcases		196
		=== libstdc++ tests ===


Running target unix/-m64
XPASS: 27_io/basic_istream/extractors_arithmetic/char/12.cc execution test
XPASS: 27_io/basic_istream/extractors_arithmetic/wchar_t/12.cc execution test
XPASS: 27_io/fpos/14320-1.cc execution test
FAIL: abi/cxx_runtime_only_linkage.cc (test for excess errors)

		=== libstdc++ Summary for unix/-m64 ===

# of expected passes		3818
# of unexpected failures	1
# of unexpected successes	3
# of expected failures		14
# of unsupported tests		322

Running target unix/-fPIC
XPASS: 27_io/basic_istream/extractors_arithmetic/char/12.cc execution test
XPASS: 27_io/basic_istream/extractors_arithmetic/wchar_t/12.cc execution test

		=== libstdc++ Summary for unix/-fPIC ===

# of expected passes		3819
# of unexpected successes	2
# of expected failures		15
# of unsupported tests		322

Running target unix/-fpic
XPASS: 27_io/basic_istream/extractors_arithmetic/char/12.cc execution test
XPASS: 27_io/basic_istream/extractors_arithmetic/wchar_t/12.cc execution test

		=== libstdc++ Summary for unix/-fpic ===

# of expected passes		3819
# of unexpected successes	2
# of expected failures		15
# of unsupported tests		322

Running target unix
XPASS: 27_io/basic_istream/extractors_arithmetic/char/12.cc execution test
XPASS: 27_io/basic_istream/extractors_arithmetic/wchar_t/12.cc execution test

		=== libstdc++ Summary for unix ===

# of expected passes		3819
# of unexpected successes	2
# of expected failures		15
# of unsupported tests		322

		=== libstdc++ Summary ===

# of expected passes		15275
# of unexpected failures	1
# of unexpected successes	9
# of expected failures		59
# of unsupported tests		1288

Compiler version: 4.3.0 20061208 (experimental)
Platform: sparc-sun-solaris2.10
configure flags: --verbose --with-local-prefix=/tmp/local --without-libiconv-prefix --with-mpfr=/caip/u12/kishgcc/gcc-testing/421-221/_gmp --enable-languages=c,c++,fortran,java,objc,obj-c++,treelang


Index Nav: [Date Index] [Subject Index] [Author Index] [Thread Index]
Message Nav: [Date Prev] [Date Next] [Thread Prev] [Thread Next]