This is the mail archive of the gcc-testresults@gcc.gnu.org mailing list for the GCC project.


Index Nav: [Date Index] [Subject Index] [Author Index] [Thread Index]
Message Nav: [Date Prev] [Date Next] [Thread Prev] [Thread Next]
Other format: [Raw text]

Results for 4.3.0 20061209 (experimental) testsuite on ia64-suse-linux-gnu


LAST_UPDATED: Sat Dec  9 09:00:28 UTC 2006 (revision 119686M)

		=== acats tests ===
FAIL:	c38005a
FAIL:	c99005a
FAIL:	cxh1001

		=== acats Summary ===
# of expected passes		2312
# of unexpected failures	3
Native configuration is ia64-suse-linux-gnu

		=== g++ tests ===


Running target unix
FAIL: g++.dg/opt/alias4.C execution test

		=== g++ Summary ===

# of expected passes		12666
# of unexpected failures	1
# of expected failures		67
# of unsupported tests		114
/tmp/cvs/gcc-20061209/Build/gcc/testsuite/g++/../../g++  version 4.3.0 20061209 (experimental)

		=== gcc tests ===


Running target unix
FAIL: gcc.c-torture/execute/mayalias-2.c compilation,  -O3 -g  (internal compiler error)
UNRESOLVED: gcc.c-torture/execute/mayalias-2.c execution,  -O3 -g 
FAIL: gcc.c-torture/execute/mayalias-3.c compilation,  -O3 -g  (internal compiler error)
UNRESOLVED: gcc.c-torture/execute/mayalias-3.c execution,  -O3 -g 
FAIL: gcc.dg/builtin-apply4.c execution test
WARNING: gcc.dg/torture/fp-int-convert-float128-timode.c  -O0  compilation failed to produce executable
WARNING: gcc.dg/torture/fp-int-convert-float128-timode.c  -O1  compilation failed to produce executable
WARNING: gcc.dg/torture/fp-int-convert-float128-timode.c  -O2  compilation failed to produce executable
WARNING: gcc.dg/torture/fp-int-convert-float128-timode.c  -O3 -fomit-frame-pointer  compilation failed to produce executable
WARNING: gcc.dg/torture/fp-int-convert-float128-timode.c  -O3 -g  compilation failed to produce executable
WARNING: gcc.dg/torture/fp-int-convert-float128-timode.c  -Os  compilation failed to produce executable
FAIL: gcc.dg/torture/fp-int-convert-float128.c  -O0  (test for excess errors)
WARNING: gcc.dg/torture/fp-int-convert-float128.c  -O0  compilation failed to produce executable
FAIL: gcc.dg/torture/fp-int-convert-float128.c  -O1  (test for excess errors)
WARNING: gcc.dg/torture/fp-int-convert-float128.c  -O1  compilation failed to produce executable
FAIL: gcc.dg/torture/fp-int-convert-float128.c  -O2  (test for excess errors)
WARNING: gcc.dg/torture/fp-int-convert-float128.c  -O2  compilation failed to produce executable
FAIL: gcc.dg/torture/fp-int-convert-float128.c  -O3 -fomit-frame-pointer  (test for excess errors)
WARNING: gcc.dg/torture/fp-int-convert-float128.c  -O3 -fomit-frame-pointer  compilation failed to produce executable
FAIL: gcc.dg/torture/fp-int-convert-float128.c  -O3 -g  (test for excess errors)
WARNING: gcc.dg/torture/fp-int-convert-float128.c  -O3 -g  compilation failed to produce executable
FAIL: gcc.dg/torture/fp-int-convert-float128.c  -Os  (test for excess errors)
WARNING: gcc.dg/torture/fp-int-convert-float128.c  -Os  compilation failed to produce executable
FAIL: gcc.dg/tree-ssa/loadpre1.c scan-tree-dump-times Eliminated: 1 1
XPASS: gcc.dg/tree-ssa/loop-1.c scan-assembler-times foo 5
FAIL: gcc.dg/vect/vect-101.c scan-tree-dump-times vectorized 1 loops 0
FAIL: gcc.dg/vect/vect-101.c scan-tree-dump-times can't determine dependence 1
FAIL: gcc.dg/vect/vect-reduc-dot-s16b.c (test for excess errors)
WARNING: gcc.dg/vect/vect-reduc-dot-s16b.c compilation failed to produce executable
FAIL: gcc.dg/vect/vect-reduc-dot-s8a.c (test for excess errors)
WARNING: gcc.dg/vect/vect-reduc-dot-s8a.c compilation failed to produce executable
FAIL: gcc.dg/vect/vect-reduc-dot-s8a.c scan-tree-dump-times vect_recog_dot_prod_pattern: detected 1
FAIL: gcc.dg/vect/vect-reduc-dot-u16a.c (test for excess errors)
WARNING: gcc.dg/vect/vect-reduc-dot-u16a.c compilation failed to produce executable
FAIL: gcc.dg/vect/vect-reduc-dot-u8a.c (test for excess errors)
WARNING: gcc.dg/vect/vect-reduc-dot-u8a.c compilation failed to produce executable
FAIL: gcc.dg/vect/vect-reduc-dot-u8a.c scan-tree-dump-times vect_recog_dot_prod_pattern: detected 1
FAIL: gcc.dg/vect/vect-reduc-pattern-1a.c (test for excess errors)
WARNING: gcc.dg/vect/vect-reduc-pattern-1a.c compilation failed to produce executable
FAIL: gcc.dg/vect/vect-reduc-pattern-1c.c (test for excess errors)
WARNING: gcc.dg/vect/vect-reduc-pattern-1c.c compilation failed to produce executable
FAIL: gcc.dg/vect/vect-reduc-pattern-2a.c (test for excess errors)
WARNING: gcc.dg/vect/vect-reduc-pattern-2a.c compilation failed to produce executable
FAIL: gcc.dg/vect/wrapv-vect-reduc-pattern-2c.c (test for excess errors)
WARNING: gcc.dg/vect/wrapv-vect-reduc-pattern-2c.c compilation failed to produce executable
FAIL: gcc.dg/vect/no-section-anchors-vect-69.c scan-tree-dump-times Alignment of access forced using peeling 3

		=== gcc Summary ===

# of expected passes		40988
# of unexpected failures	23
# of unexpected successes	1
# of expected failures		157
# of unresolved testcases	2
# of untested testcases		28
# of unsupported tests		352
/tmp/cvs/gcc-20061209/Build/gcc/xgcc  version 4.3.0 20061209 (experimental)

		=== gfortran tests ===


Running target unix
FAIL: gfortran.dg/vect/vect-4.f90  -O  scan-tree-dump-times Alignment of access forced using peeling 1
FAIL: gfortran.dg/vect/vect-4.f90  -O  scan-tree-dump-times Vectorizing an unaligned access 1

		=== gfortran Summary ===

# of expected passes		15518
# of unexpected failures	2
# of expected failures		11
# of unsupported tests		27
/tmp/cvs/gcc-20061209/Build/gcc/testsuite/gfortran/../../gfortran  version 4.3.0 20061209 (experimental)

		=== gnat tests ===


Running target unix
FAIL: gnat.dg/address_conversion.adb execution test
FAIL: gnat.dg/frame_overflow.adb  (test for errors, line 12)
FAIL: gnat.dg/frame_overflow.adb  (test for errors, line 21)

		=== gnat Summary ===

# of expected passes		112
# of unexpected failures	3
		=== objc tests ===


Running target unix

		=== objc Summary ===

# of expected passes		1758
# of expected failures		7
# of unsupported tests		25
/tmp/cvs/gcc-20061209/Build/gcc/xgcc  version 4.3.0 20061209 (experimental)

		=== libffi tests ===


Running target unix

		=== libffi Summary ===

# of expected passes		1084
# of unsupported tests		8
		=== libgomp tests ===


Running target unix

		=== libgomp Summary ===

# of expected passes		1548
		=== libjava tests ===


Running target unix
FAIL: SyncTest execution - gij test
FAIL: Throw_3 -O3 output - source compiled test
FAIL: Throw_3 -O3 output - bytecode->native test
FAIL: Throw_3 -O3 -findirect-dispatch output - bytecode->native test

		=== libjava Summary ===

# of expected passes		7031
# of unexpected failures	4
# of expected failures		12
# of untested testcases		9
		=== libmudflap tests ===


Running target unix
FAIL: libmudflap.cth/pass39-frag.c (rerun 1) execution test
FAIL: libmudflap.cth/pass39-frag.c (rerun 1) output pattern test
FAIL: libmudflap.cth/pass59-frag.c (test for excess errors)
FAIL: libmudflap.cth/pass59-frag.c (-O2) (test for excess errors)
FAIL: libmudflap.cth/pass59-frag.c (-O3) (test for excess errors)

		=== libmudflap Summary ===

# of expected passes		1370
# of unexpected failures	5
		=== libstdc++ tests ===


Running target unix
FAIL: abi_check
XPASS: 26_numerics/cmath/c99_classification_macros_c.cc (test for excess errors)
XPASS: 27_io/fpos/14320-1.cc execution test

		=== libstdc++ Summary ===

# of expected passes		4464
# of unexpected failures	1
# of unexpected successes	2
# of expected failures		14

Compiler version: 4.3.0 20061209 (experimental) 
Platform: ia64-suse-linux-gnu
configure flags: --prefix=/tmp/cvs/gcc-20061209/Build/root --host=ia64-suse-linux --enable-shared --enable-threads --enable-__cxa_atexit --with-system-zlib --with-system-libunwind --enable-languages=c,ada,c++,fortran,java,objc


Index Nav: [Date Index] [Subject Index] [Author Index] [Thread Index]
Message Nav: [Date Prev] [Date Next] [Thread Prev] [Thread Next]