This is the mail archive of the gcc-testresults@gcc.gnu.org mailing list for the GCC project.


Index Nav: [Date Index] [Subject Index] [Author Index] [Thread Index]
Message Nav: [Date Prev] [Date Next] [Thread Prev] [Thread Next]
Other format: [Raw text]

Results for 4.3.0 20061208 (experimental) testsuite on x86_64-redhat-linux-gnu


LAST_UPDATED: Fri Dec 8 17:23:23 UTC 2006 (revision 119660)

Native configuration is x86_64-redhat-linux-gnu

=== g++ tests ===


Running target unix
FAIL: g++.dg/opt/alias4.C execution test
XPASS: g++.dg/tree-ssa/ivopts-1.C scan-tree-dump-not &x\[5\]

=== g++ Summary ===

# of expected passes 13244
# of unexpected failures 1
# of unexpected successes 1
# of expected failures 68
# of unsupported tests 104
/home/testbot/bootstrap/008110/bld/gcc/testsuite/g++/../../g++ version 4.3.0 20061208 (experimental)

=== gcc tests ===


Running target unix
FAIL: gcc.c-torture/execute/mayalias-2.c compilation, -O3 -g (internal compiler error)
UNRESOLVED: gcc.c-torture/execute/mayalias-2.c execution, -O3 -g
FAIL: gcc.c-torture/execute/mayalias-3.c compilation, -O3 -g (internal compiler error)
UNRESOLVED: gcc.c-torture/execute/mayalias-3.c execution, -O3 -g
WARNING: gcc.dg/torture/fp-int-convert-float128-timode.c -O0 compilation failed to produce executable
WARNING: gcc.dg/torture/fp-int-convert-float128-timode.c -O1 compilation failed to produce executable
WARNING: gcc.dg/torture/fp-int-convert-float128-timode.c -O2 compilation failed to produce executable
WARNING: gcc.dg/torture/fp-int-convert-float128-timode.c -O3 -fomit-frame-pointer compilation failed to produce executable
WARNING: gcc.dg/torture/fp-int-convert-float128-timode.c -O3 -g compilation failed to produce executable
WARNING: gcc.dg/torture/fp-int-convert-float128-timode.c -Os compilation failed to produce executable
WARNING: gcc.dg/torture/fp-int-convert-float128.c -O0 compilation failed to produce executable
WARNING: gcc.dg/torture/fp-int-convert-float128.c -O1 compilation failed to produce executable
WARNING: gcc.dg/torture/fp-int-convert-float128.c -O2 compilation failed to produce executable
WARNING: gcc.dg/torture/fp-int-convert-float128.c -O3 -fomit-frame-pointer compilation failed to produce executable
WARNING: gcc.dg/torture/fp-int-convert-float128.c -O3 -g compilation failed to produce executable
WARNING: gcc.dg/torture/fp-int-convert-float128.c -Os compilation failed to produce executable
FAIL: gcc.dg/tree-ssa/loadpre1.c scan-tree-dump-times Eliminated: 1 1
FAIL: gcc.dg/vect/vect-101.c scan-tree-dump-times vectorized 1 loops 0
FAIL: gcc.dg/vect/vect-101.c scan-tree-dump-times can't determine dependence 1

=== gcc Summary ===

# of expected passes 42251
# of unexpected failures 5
# of expected failures 123
# of unresolved testcases 2
# of untested testcases 28
# of unsupported tests 410
/home/testbot/bootstrap/008110/bld/gcc/xgcc version 4.3.0 20061208 (experimental)

=== gfortran tests ===


Running target unix
FAIL: gfortran.dg/csqrt_2.f -O0 execution test
FAIL: gfortran.dg/csqrt_2.f -O1 execution test
FAIL: gfortran.dg/csqrt_2.f -O2 execution test
FAIL: gfortran.dg/csqrt_2.f -O3 -fomit-frame-pointer execution test
FAIL: gfortran.dg/csqrt_2.f -O3 -fomit-frame-pointer -funroll-loops execution test
FAIL: gfortran.dg/csqrt_2.f -O3 -fomit-frame-pointer -funroll-all-loops -finline-functions execution test
FAIL: gfortran.dg/csqrt_2.f -O3 -g execution test
FAIL: gfortran.dg/csqrt_2.f -Os execution test

=== gfortran Summary ===

# of expected passes 15536
# of unexpected failures 8
# of expected failures 7
# of unsupported tests 17
/home/testbot/bootstrap/008110/bld/gcc/testsuite/gfortran/../../gfortran version 4.3.0 20061208 (experimental)

=== objc tests ===


Running target unix

=== objc Summary ===

# of expected passes 1760
# of expected failures 7
# of unsupported tests 24
/home/testbot/bootstrap/008110/bld/gcc/xgcc version 4.3.0 20061208 (experimental)

=== libffi tests ===


Running target unix

=== libffi Summary ===

# of expected passes 1084
# of unsupported tests 8
=== libgomp tests ===


Running target unix
FAIL: libgomp.c/atomic-2.c (test for excess errors)
WARNING: libgomp.c/atomic-2.c compilation failed to produce executable
FAIL: libgomp.c/barrier-1.c execution test
FAIL: libgomp.fortran/pr29629.f90 -O1 execution test

=== libgomp Summary ===

# of expected passes 1544
# of unexpected failures 3
=== libjava tests ===


Running target unix
FAIL: /home/testbot/bootstrap/008110/src/libjava/testsuite/libjava.jar/simple.jar execution - gij test
FAIL: PR15133 run
FAIL: PR18116 execution - gij test
FAIL: PR28178 execution - gij test
FAIL: field execution - gij test
FAIL: final_method run
FAIL: pr23739 execution - gij test
FAIL: simple_int run
FAIL: PR16923 run
FAIL: FileHandleGcTest execution - gij test
FAIL: FileHandleGcTest execution - gij test
FAIL: FileHandleGcTest execution - gij test
FAIL: Invoke_1 execution - gij test
FAIL: N19990310_4 execution - gij test
FAIL: PR12350 execution - gij test
FAIL: PR12656 execution - gij test
FAIL: PR141 execution - gij test
FAIL: PR27908 -O3 execution - source compiled test
FAIL: PR5057 execution - gij test
FAIL: Process_1 execution - gij test
FAIL: Process_3 execution - source compiled test
FAIL: Process_3 execution - bytecode->native test
FAIL: Process_3 execution - gij test
FAIL: Process_3 -findirect-dispatch execution - bytecode->native test
FAIL: Process_3 -O3 execution - source compiled test
FAIL: StackTrace2 execution - bytecode->native test
FAIL: Throw_1 execution - gij test
FAIL: anonarray2 execution - gij test
FAIL: anonarray3 execution - gij test
FAIL: direct_read execution - gij test
FAIL: err1 execution - gij test
FAIL: err2 execution - gij test
FAIL: err3 execution - gij test
FAIL: err3 execution - gij test
FAIL: err3 execution - gij test
FAIL: err5 execution - gij test
FAIL: err7 execution - gij test
FAIL: final_inner execution - gij test
FAIL: inner2 execution - gij test
FAIL: instinit execution - gij test
FAIL: klass execution - gij test
FAIL: md5test execution - gij test
FAIL: pr13107_2 execution - gij test
FAIL: pr21785 execution - gij test
FAIL: pr27171 -findirect-dispatch execution - bytecode->native test
FAIL: pr6388 execution - gij test
FAIL: pr8945 execution - gij test
FAIL: private_direct_read execution - gij test
FAIL: search_outer execution - gij test
FAIL: stacktrace -O3 -findirect-dispatch execution - bytecode->native test
FAIL: /home/testbot/bootstrap/008110/bld/x86_64-redhat-linux/libjava/testsuite/TestMultiple.exe execution - /home/testbot/bootstrap/008110/bld/x86_64-redhat-linux/libjava/testsuite/TestMultiple.exe

=== libjava Summary ===

# of expected passes 6932
# of unexpected failures 51
# of expected failures 12
# of untested testcases 59
=== libmudflap tests ===


Running target unix
FAIL: libmudflap.cth/pass59-frag.c (test for excess errors)
FAIL: libmudflap.cth/pass59-frag.c (-static -DSTATIC) (test for excess errors)
FAIL: libmudflap.cth/pass59-frag.c (-O2) (test for excess errors)
FAIL: libmudflap.cth/pass59-frag.c (-O3) (test for excess errors)

=== libmudflap Summary ===

# of expected passes 1822
# of unexpected failures 4
=== libstdc++ tests ===


Running target unix
FAIL: abi_check
XPASS: 26_numerics/cmath/c99_classification_macros_c.cc (test for excess errors)
XPASS: 27_io/fpos/14320-1.cc execution test

=== libstdc++ Summary ===

# of expected passes 4464
# of unexpected failures 1
# of unexpected successes 2
# of expected failures 14

Compiler version: 4.3.0 20061208 (experimental)
Platform: x86_64-redhat-linux-gnu
configure flags: --prefix=/home/testbot/bootstrap/008110/usr --program-suffix=-43 -enable-shared --enable-threads=posix --enable-checking --with-system-zlib --enable-__cxa_atexit --host=x86_64-redhat-linux --enable-languages=c,c++,fortran,java,objc


Index Nav: [Date Index] [Subject Index] [Author Index] [Thread Index]
Message Nav: [Date Prev] [Date Next] [Thread Prev] [Thread Next]