This is the mail archive of the
gcc-testresults@gcc.gnu.org
mailing list for the GCC project.
Results for 4.2.0 20061207 (prerelease) testsuite on i386-apple-darwin9.0.0d5
- From: mrs at apple dot com (Mike Stump)
- To: gcc-testresults at gcc dot gnu dot org
- Date: Thu, 7 Dec 2006 09:14:56 -0800 (PST)
- Subject: Results for 4.2.0 20061207 (prerelease) testsuite on i386-apple-darwin9.0.0d5
This has the boehm and libjava work from:
http://gcc.gnu.org/ml/gcc-patches/2006-11/msg01790.html
in it. I did a make install during the libjava build to get libgomp to test
out better this time. Tested on Leopard9A319.
LAST_UPDATED: Thu Dec 7 07:35:00 UTC 2006 (revision 119608)
Native configuration is i386-apple-darwin9.0.0d5
=== g++ tests ===
Running target unix
FAIL: tmpdir-g++.dg-struct-layout-1/t026 cp_compat_x_tst.o-cp_compat_y_tst.o execute
FAIL: g++.dg/abi/rtti3.C scan-assembler .weak[ \\t]_?_ZTSPP1A
FAIL: g++.dg/abi/thunk4.C scan-assembler .weak[ \\t]_?_ZThn._N7Derived3FooEv
FAIL: g++.dg/ext/visibility/class1.C scan-assembler InitEv@PLT
FAIL: g++.dg/other/unused1.C scan-assembler (string|ascii?)z?\\t"class2("|\\\\\\\\000)
FAIL: g++.dg/other/unused1.C scan-assembler (string|ascii?)z?\\t"printer("|\\\\\\\\000)
XPASS: g++.dg/tree-ssa/ivopts-1.C scan-tree-dump-not offset: -4B
XPASS: g++.dg/tree-ssa/ivopts-1.C scan-tree-dump-not &x\\[5\\]
FAIL: g++.dg/warn/weak1.C (test for excess errors)
WARNING: g++.dg/warn/weak1.C compilation failed to produce executable
FAIL: g++.dg/special/conpr-3.C execution test
=== g++ Summary ===
# of expected passes 13148
# of unexpected failures 8
# of unexpected successes 2
# of expected failures 67
# of unsupported tests 108
/Volumes/mrs5/net/gcc-4.2-fsf/gcc-darwinO2/gcc/testsuite/g++/../../g++ version 4.2.0 20061207 (prerelease)
=== gcc tests ===
Running target unix
FAIL: gcc.c-torture/compile/pr27528.c -O0 (test for excess errors)
FAIL: gcc.c-torture/compile/pr27528.c -O1 (test for excess errors)
FAIL: gcc.c-torture/compile/pr27528.c -O2 (test for excess errors)
FAIL: gcc.c-torture/compile/pr27528.c -O3 -fomit-frame-pointer (test for excess errors)
FAIL: gcc.c-torture/compile/pr27528.c -O3 -g (test for excess errors)
FAIL: gcc.c-torture/compile/pr27528.c -Os (test for excess errors)
FAIL: gcc.dg/builtin-apply4.c execution test
FAIL: gcc.dg/setjmp-3.c (test for excess errors)
FAIL: gcc.dg/setjmp-4.c (test for excess errors)
FAIL: gcc.dg/sibcall-6.c execution test
FAIL: gcc.dg/tree-ssa/gen-vect-11b.c scan-tree-dump-times vectorized 0 loops 1
FAIL: gcc.dg/tree-ssa/gen-vect-11c.c scan-tree-dump-times vectorized 0 loops 1
FAIL: gcc.dg/tree-ssa/loadpre1.c scan-tree-dump-times Eliminated: 1 1
FAIL: gcc.dg/tree-ssa/loadpre14.c scan-tree-dump-times Eliminated: 1 1
FAIL: gcc.dg/tree-ssa/loadpre15.c scan-tree-dump-times Eliminated: 1 1
FAIL: gcc.dg/tree-ssa/loop-3.c scan-tree-dump-times step: 1
FAIL: gcc.target/i386/980211-1.c (test for excess errors)
FAIL: gcc.target/i386/local2.c scan-assembler-not sub[^\\\\n]*sp
FAIL: gcc.target/i386/pr21291.c (test for excess errors)
FAIL: gcc.target/i386/pr27827.c scan-assembler fmul[ \\t]*%st
FAIL: gcc.target/i386/ssefn-1.c scan-assembler-not movsd
FAIL: gcc.target/i386/ssefn-1.c scan-assembler-not mulsd
FAIL: gcc.target/i386/vectorize1.c (internal compiler error)
FAIL: gcc.target/i386/vectorize1.c (test for excess errors)
=== gcc Summary ===
# of expected passes 41382
# of unexpected failures 24
# of expected failures 111
# of untested testcases 28
# of unsupported tests 390
/Volumes/mrs5/net/gcc-4.2-fsf/gcc-darwinO2/gcc/xgcc version 4.2.0 20061207 (prerelease)
=== gfortran tests ===
Running target unix
FAIL: gfortran.dg/char_transpose_1.f90 -O0 execution test
FAIL: gfortran.dg/char_transpose_1.f90 -O1 execution test
FAIL: gfortran.dg/char_transpose_1.f90 -O2 execution test
FAIL: gfortran.dg/char_transpose_1.f90 -O3 -fomit-frame-pointer execution test
FAIL: gfortran.dg/char_transpose_1.f90 -O3 -fomit-frame-pointer -funroll-loops execution test
FAIL: gfortran.dg/char_transpose_1.f90 -O3 -fomit-frame-pointer -funroll-all-loops -finline-functions execution test
FAIL: gfortran.dg/char_transpose_1.f90 -O3 -g execution test
FAIL: gfortran.dg/char_transpose_1.f90 -Os execution test
FAIL: gfortran.dg/matmul_3.f90 -O0 execution test
FAIL: gfortran.dg/matmul_3.f90 -O1 execution test
FAIL: gfortran.dg/matmul_3.f90 -O2 execution test
FAIL: gfortran.dg/matmul_3.f90 -O3 -fomit-frame-pointer execution test
FAIL: gfortran.dg/matmul_3.f90 -O3 -fomit-frame-pointer -funroll-loops execution test
FAIL: gfortran.dg/matmul_3.f90 -O3 -fomit-frame-pointer -funroll-all-loops -finline-functions execution test
FAIL: gfortran.dg/matmul_3.f90 -O3 -g execution test
FAIL: gfortran.dg/matmul_3.f90 -Os execution test
FAIL: gfortran.dg/matmul_4.f90 -O0 execution test
FAIL: gfortran.dg/matmul_4.f90 -O1 execution test
FAIL: gfortran.dg/matmul_4.f90 -O2 execution test
FAIL: gfortran.dg/matmul_4.f90 -O3 -fomit-frame-pointer execution test
FAIL: gfortran.dg/matmul_4.f90 -O3 -fomit-frame-pointer -funroll-loops execution test
FAIL: gfortran.dg/matmul_4.f90 -O3 -fomit-frame-pointer -funroll-all-loops -finline-functions execution test
FAIL: gfortran.dg/matmul_4.f90 -O3 -g execution test
FAIL: gfortran.dg/matmul_4.f90 -Os execution test
FAIL: gfortran.dg/ret_array_1.f90 -O0 execution test
FAIL: gfortran.dg/ret_array_1.f90 -O1 execution test
FAIL: gfortran.dg/ret_array_1.f90 -O2 execution test
FAIL: gfortran.dg/ret_array_1.f90 -O3 -fomit-frame-pointer execution test
FAIL: gfortran.dg/ret_array_1.f90 -O3 -fomit-frame-pointer -funroll-loops execution test
FAIL: gfortran.dg/ret_array_1.f90 -O3 -fomit-frame-pointer -funroll-all-loops -finline-functions execution test
FAIL: gfortran.dg/ret_array_1.f90 -O3 -g execution test
FAIL: gfortran.dg/ret_array_1.f90 -Os execution test
FAIL: gfortran.dg/stat_1.f90 -O0 execution test
FAIL: gfortran.dg/stat_1.f90 -O1 execution test
FAIL: gfortran.dg/stat_1.f90 -O2 execution test
FAIL: gfortran.dg/stat_1.f90 -O3 -fomit-frame-pointer execution test
FAIL: gfortran.dg/stat_1.f90 -O3 -fomit-frame-pointer -funroll-loops execution test
FAIL: gfortran.dg/stat_1.f90 -O3 -fomit-frame-pointer -funroll-all-loops -finline-functions execution test
FAIL: gfortran.dg/stat_1.f90 -O3 -g execution test
FAIL: gfortran.dg/stat_1.f90 -Os execution test
FAIL: gfortran.dg/stat_2.f90 -O0 execution test
FAIL: gfortran.dg/stat_2.f90 -O1 execution test
FAIL: gfortran.dg/stat_2.f90 -O2 execution test
FAIL: gfortran.dg/stat_2.f90 -O3 -fomit-frame-pointer execution test
FAIL: gfortran.dg/stat_2.f90 -O3 -fomit-frame-pointer -funroll-loops execution test
FAIL: gfortran.dg/stat_2.f90 -O3 -fomit-frame-pointer -funroll-all-loops -finline-functions execution test
FAIL: gfortran.dg/stat_2.f90 -O3 -g execution test
FAIL: gfortran.dg/stat_2.f90 -Os execution test
FAIL: gfortran.dg/temporary_1.f90 -O0 execution test
FAIL: gfortran.dg/temporary_1.f90 -O1 execution test
FAIL: gfortran.dg/temporary_1.f90 -O2 execution test
FAIL: gfortran.dg/temporary_1.f90 -O3 -fomit-frame-pointer execution test
FAIL: gfortran.dg/temporary_1.f90 -O3 -fomit-frame-pointer -funroll-loops execution test
FAIL: gfortran.dg/temporary_1.f90 -O3 -fomit-frame-pointer -funroll-all-loops -finline-functions execution test
FAIL: gfortran.dg/temporary_1.f90 -O3 -g execution test
FAIL: gfortran.dg/temporary_1.f90 -Os execution test
=== gfortran Summary ===
# of expected passes 14942
# of unexpected failures 56
# of expected failures 7
# of unsupported tests 46
/Volumes/mrs5/net/gcc-4.2-fsf/gcc-darwinO2/gcc/testsuite/gfortran/../../gfortran version 4.2.0 20061207 (prerelease)
=== obj-c++ tests ===
Running target unix
FAIL: obj-c++.dg/stubify-1.mm (test for excess errors)
ERROR: obj-c++.dg/stubify-1.mm: error executing dg-final: couldn't open "stubify-1.s": no such file or directory
UNRESOLVED: obj-c++.dg/stubify-1.mm: error executing dg-final: couldn't open "stubify-1.s": no such file or directory
FAIL: obj-c++.dg/stubify-2.mm (test for excess errors)
ERROR: obj-c++.dg/stubify-2.mm: error executing dg-final: couldn't open "stubify-2.mm.08.jump": no such file or directory
UNRESOLVED: obj-c++.dg/stubify-2.mm: error executing dg-final: couldn't open "stubify-2.mm.08.jump": no such file or directory
=== obj-c++ Summary ===
# of expected passes 461
# of unexpected failures 2
# of unresolved testcases 2
/Volumes/mrs5/net/gcc-4.2-fsf/gcc-darwinO2/gcc/testsuite/obj-c++/../../g++ version 4.2.0 20061207 (prerelease)
=== objc tests ===
Running target unix
FAIL: objc.dg/no-extra-load.m (test for excess errors)
ERROR: objc.dg/no-extra-load.m: error executing dg-final: couldn't open "no-extra-load.s": no such file or directory
UNRESOLVED: objc.dg/no-extra-load.m: error executing dg-final: couldn't open "no-extra-load.s": no such file or directory
FAIL: objc.dg/stret-2.m scan-assembler objc_msgSend_stret
FAIL: objc.dg/stret-2.m scan-assembler-not objc_msgSend[^_S]
FAIL: objc.dg/stret-2.m scan-assembler-not objc_msgSendSuper[^_]
FAIL: objc.dg/stubify-1.m (test for excess errors)
ERROR: objc.dg/stubify-1.m: error executing dg-final: couldn't open "stubify-1.s": no such file or directory
UNRESOLVED: objc.dg/stubify-1.m: error executing dg-final: couldn't open "stubify-1.s": no such file or directory
FAIL: objc.dg/stubify-2.m (test for excess errors)
ERROR: objc.dg/stubify-2.m: error executing dg-final: no files matched glob pattern "stubify-2.m.[0-9][0-9][0-9]r.jump"
UNRESOLVED: objc.dg/stubify-2.m: error executing dg-final: no files matched glob pattern "stubify-2.m.[0-9][0-9][0-9]r.jump"
FAIL: objc.dg/symtab-1.m scan-assembler L_OBJC_SYMBOLS.*:\\n\\t.long\\t0\\n\\t.long\\t0\\n\\t.short\\t2\\n\\t.short\\t0\\n\\t.long\\tL_OBJC_CLASS_Derived.*\\n\\t.long\\tL_OBJC_CLASS_Base.*\\n
=== objc Summary ===
# of expected passes 2972
# of unexpected failures 7
# of expected failures 7
# of unresolved testcases 3
# of unsupported tests 2
/Volumes/mrs5/net/gcc-4.2-fsf/gcc-darwinO2/gcc/xgcc version 4.2.0 20061207 (prerelease)
=== treelang tests ===
Running target unix
=== treelang Summary ===
# of expected passes 52
=== libffi tests ===
Running target unix
=== libffi Summary ===
# of expected passes 1084
# of unsupported tests 8
=== libgomp tests ===
Running target unix
=== libgomp Summary ===
# of expected passes 1328
# of unsupported tests 111
=== libjava tests ===
Running target unix
FAIL: Array_1 -O3 compilation from bytecode
FAIL: Class_1 -O3 compilation from bytecode
FAIL: ExtraClassLoader -O3 compilation from bytecode
FAIL: FileHandleGcTest execution - source compiled test
FAIL: FileHandleGcTest execution - gij test
FAIL: FileHandleGcTest execution - bytecode->native test
FAIL: FileHandleGcTest execution - gij test
FAIL: FileHandleGcTest -findirect-dispatch execution - bytecode->native test
FAIL: FileHandleGcTest -O3 execution - source compiled test
FAIL: FileHandleGcTest execution - gij test
FAIL: FileHandleGcTest -O3 execution - bytecode->native test
FAIL: FileHandleGcTest execution - gij test
FAIL: FileHandleGcTest -O3 -findirect-dispatch execution - bytecode->native test
FAIL: InvokeInterface -O3 compilation from bytecode
FAIL: PR12350 -O3 compilation from bytecode
FAIL: PR12416 -O3 compilation from bytecode
FAIL: PR18699 execution - source compiled test
FAIL: PR18699 execution - gij test
FAIL: PR18699 execution - bytecode->native test
FAIL: PR18699 execution - gij test
FAIL: PR18699 -findirect-dispatch execution - bytecode->native test
FAIL: PR18699 -O3 execution - source compiled test
FAIL: PR18699 execution - gij test
FAIL: PR18699 -O3 execution - bytecode->native test
FAIL: PR18699 execution - gij test
FAIL: PR18699 -O3 -findirect-dispatch execution - bytecode->native test
FAIL: PR25535 -O3 compilation from bytecode
FAIL: PR260 -O3 compilation from bytecode
FAIL: PR26858 execution - gij test
FAIL: PR26858 execution - gij test
FAIL: PR26858 execution - gij test
FAIL: PR26858 execution - gij test
FAIL: PR27908 execution - source compiled test
FAIL: StackTrace2 output - gij test
FAIL: StackTrace2 output - gij test
FAIL: StackTrace2 output - gij test
FAIL: StackTrace2 output - gij test
FAIL: String_overflow execution - source compiled test
FAIL: String_overflow execution - gij test
FAIL: String_overflow execution - bytecode->native test
FAIL: String_overflow execution - gij test
FAIL: String_overflow -findirect-dispatch execution - bytecode->native test
FAIL: String_overflow -O3 execution - source compiled test
FAIL: String_overflow execution - gij test
FAIL: String_overflow -O3 execution - bytecode->native test
FAIL: String_overflow execution - gij test
FAIL: String_overflow -O3 -findirect-dispatch execution - bytecode->native test
FAIL: SyncTest -O3 compilation from bytecode
WARNING: program timed out.
FAIL: TLtest execution - bytecode->native test
WARNING: program timed out.
FAIL: TLtest execution - gij test
WARNING: program timed out.
FAIL: TLtest execution - gij test
WARNING: program timed out.
FAIL: TLtest execution - gij test
WARNING: program timed out.
FAIL: TLtest -O3 -findirect-dispatch execution - bytecode->native test
FAIL: TestProxy -O3 compilation from bytecode
FAIL: Throw_2 execution - source compiled test
FAIL: Throw_2 execution - gij test
FAIL: Throw_2 execution - bytecode->native test
FAIL: Throw_2 execution - gij test
FAIL: Throw_2 -findirect-dispatch execution - bytecode->native test
FAIL: Throw_2 -O3 execution - source compiled test
FAIL: Throw_2 execution - gij test
FAIL: Throw_2 -O3 execution - bytecode->native test
FAIL: Throw_2 execution - gij test
FAIL: Throw_2 -O3 -findirect-dispatch execution - bytecode->native test
FAIL: initexc execution - gij test
FAIL: initexc execution - gij test
FAIL: initexc execution - gij test
FAIL: initexc execution - gij test
FAIL: invokethrow -O3 compilation from bytecode
FAIL: pr17536 -O3 compilation from bytecode
FAIL: pr179 -O3 compilation from bytecode
FAIL: pr24321 -O3 compilation from bytecode
FAIL: pr8415 -O3 compilation from bytecode
FAIL: stacktrace output - gij test
FAIL: stacktrace output - gij test
FAIL: stacktrace output - gij test
FAIL: stacktrace output - gij test
FAIL: stringconst2 -O3 compilation from bytecode
FAIL: /Volumes/mrs5/net/gcc-4.2-fsf/gcc-darwinO2/i386-apple-darwin9.0.0d5/libjava/testsuite/TestEarlyGC.exe execution - /Volumes/mrs5/net/gcc-4.2-fsf/gcc-darwinO2/i386-apple-darwin9.0.0d5/libjava/testsuite/TestEarlyGC.exe
FAIL: /Volumes/mrs5/net/gcc-4.2-fsf/gcc-darwinO2/i386-apple-darwin9.0.0d5/libjava/testsuite/TestLeak.exe execution - /Volumes/mrs5/net/gcc-4.2-fsf/gcc-darwinO2/i386-apple-darwin9.0.0d5/libjava/testsuite/TestLeak.exe
=== libjava Summary ===
# of expected passes 6838
# of unexpected failures 80
# of expected failures 12
# of untested testcases 96
Compiler version: 4.2.0 20061207 (prerelease)
Platform: i386-apple-darwin9.0.0d5
configure flags: --with-arch=nocona --with-tune=generic --enable-werror --prefix=/tmp/gcc-061206 --enable-languages=c,c++,fortran,java,objc,obj-c++,treelang
BOOT_CFLAGS=-O2 -g -fomit-frame-pointer