This is the mail archive of the gcc-testresults@gcc.gnu.org mailing list for the GCC project.


Index Nav: [Date Index] [Subject Index] [Author Index] [Thread Index]
Message Nav: [Date Prev] [Date Next] [Thread Prev] [Thread Next]
Other format: [Raw text]

Results for 4.3.0 20061206 (experimental) testsuite on powerpc64-apple-darwin8.8.0


LAST_UPDATED: Wed Dec  6 19:19:16 UTC 2006 (revision 119591M)

Native configuration is powerpc64-apple-darwin8.8.0

		=== g++ tests ===


Running target unix
FAIL: tmpdir-g++.dg-struct-layout-1/t003 cp_compat_x_tst.o-cp_compat_y_tst.o execute 
FAIL: tmpdir-g++.dg-struct-layout-1/t006 cp_compat_x_tst.o-cp_compat_y_tst.o execute 
FAIL: tmpdir-g++.dg-struct-layout-1/t007 cp_compat_x_tst.o-cp_compat_y_tst.o execute 
FAIL: tmpdir-g++.dg-struct-layout-1/t008 cp_compat_x_tst.o-cp_compat_y_tst.o execute 
FAIL: tmpdir-g++.dg-struct-layout-1/t010 cp_compat_x_tst.o-cp_compat_y_tst.o execute 
FAIL: tmpdir-g++.dg-struct-layout-1/t011 cp_compat_x_tst.o-cp_compat_y_tst.o execute 
FAIL: tmpdir-g++.dg-struct-layout-1/t020 cp_compat_x_tst.o-cp_compat_y_tst.o execute 
FAIL: tmpdir-g++.dg-struct-layout-1/t026 cp_compat_x_tst.o-cp_compat_y_tst.o execute 
FAIL: tmpdir-g++.dg-struct-layout-1/t027 cp_compat_x_tst.o-cp_compat_y_tst.o execute 
FAIL: g++.dg/abi/rtti3.C scan-assembler .weak[ \\t]_?_ZTSPP1A
FAIL: g++.dg/abi/thunk4.C scan-assembler .weak[ \\t]_?_ZThn._N7Derived3FooEv
FAIL: g++.dg/eh/forced1.C execution test
FAIL: g++.dg/opt/alias4.C execution test
FAIL: g++.dg/opt/inline4.C (test for excess errors)
FAIL: g++.dg/other/unused1.C scan-assembler (string|ascii?)z?\\t"class2("|\\\\\\\\000)
FAIL: g++.dg/other/unused1.C scan-assembler (string|ascii?)z?\\t"printer("|\\\\\\\\000)
FAIL: g++.dg/rtti/repo1.C (test for excess errors)
FAIL: g++.dg/template/repo1.C (test for excess errors)
FAIL: g++.dg/template/repo3.C (test for excess errors)
FAIL: g++.dg/warn/weak1.C (test for excess errors)
WARNING: g++.dg/warn/weak1.C compilation failed to produce executable
FAIL: g++.dg/special/conpr-3.C execution test
FAIL: g++.old-deja/g++.eh/terminate2.C execution test
FAIL: g++.old-deja/g++.pt/instantiate4.C (test for excess errors)
FAIL: g++.old-deja/g++.pt/instantiate6.C (test for excess errors)
FAIL: g++.old-deja/g++.pt/repo1.C (test for excess errors)
FAIL: g++.old-deja/g++.pt/repo2.C (test for excess errors)
FAIL: g++.old-deja/g++.pt/repo3.C (test for excess errors)
FAIL: g++.old-deja/g++.pt/repo4.C (test for excess errors)

		=== g++ Summary ===

# of expected passes		13107
# of unexpected failures	28
# of expected failures		67
# of unsupported tests		133
/Users/gcc-test/programs/gcc/mainline/objdir/gcc/testsuite/g++/../../g++  version 4.3.0 20061206 (experimental)

		=== gcc tests ===


Running target unix
WARNING: program timed out.
FAIL: gcc.c-torture/compile/20001226-1.c  -O2  (test for excess errors)
WARNING: program timed out.
FAIL: gcc.c-torture/compile/20001226-1.c  -O3 -fomit-frame-pointer  (test for excess errors)
WARNING: program timed out.
FAIL: gcc.c-torture/compile/20001226-1.c  -O3 -g  (test for excess errors)
WARNING: program timed out.
FAIL: gcc.c-torture/compile/20001226-1.c  -Os  (test for excess errors)
FAIL: tmpdir-gcc.dg-struct-layout-1/t001 c_compat_x_tst.o-c_compat_y_tst.o execute 
FAIL: tmpdir-gcc.dg-struct-layout-1/t003 c_compat_x_tst.o-c_compat_y_tst.o execute 
FAIL: tmpdir-gcc.dg-struct-layout-1/t005 c_compat_x_tst.o-c_compat_y_tst.o execute 
FAIL: tmpdir-gcc.dg-struct-layout-1/t006 c_compat_x_tst.o-c_compat_y_tst.o execute 
FAIL: tmpdir-gcc.dg-struct-layout-1/t008 c_compat_x_tst.o-c_compat_y_tst.o execute 
FAIL: tmpdir-gcc.dg-struct-layout-1/t016 c_compat_x_tst.o-c_compat_y_tst.o execute 
FAIL: tmpdir-gcc.dg-struct-layout-1/t024 c_compat_x_tst.o-c_compat_y_tst.o execute 
FAIL: tmpdir-gcc.dg-struct-layout-1/t026 c_compat_x_tst.o-c_compat_y_tst.o execute 
FAIL: tmpdir-gcc.dg-struct-layout-1/t028 c_compat_x_tst.o-c_compat_y_tst.o execute 
FAIL: gcc.dg/20020425-1.c (test for excess errors)
FAIL: gcc.dg/20020919-1.c  (test for errors, line 108)
FAIL: gcc.dg/20020919-1.c  (test for errors, line 126)
FAIL: gcc.dg/20020919-1.c  (test for errors, line 135)
FAIL: gcc.dg/20020919-1.c  (test for errors, line 162)
FAIL: gcc.dg/20020919-1.c  (test for errors, line 180)
FAIL: gcc.dg/20020919-1.c  (test for errors, line 234)
FAIL: gcc.dg/asm-b.c execution test
FAIL: gcc.dg/builtin-bswap-4.c execution test
WARNING: program timed out.
FAIL: gcc.dg/cleanup-10.c execution test
WARNING: program timed out.
FAIL: gcc.dg/cleanup-11.c execution test
WARNING: program timed out.
FAIL: gcc.dg/cleanup-8.c execution test
WARNING: program timed out.
FAIL: gcc.dg/cleanup-9.c execution test
FAIL: gcc.dg/framework-1.c (test for excess errors)
FAIL: gcc.dg/torture/fp-int-convert-timode.c  -O0  execution test
FAIL: gcc.dg/torture/fp-int-convert-timode.c  -O1  execution test
FAIL: gcc.dg/torture/fp-int-convert-timode.c  -O2  execution test
FAIL: gcc.dg/torture/fp-int-convert-timode.c  -O3 -fomit-frame-pointer  execution test
FAIL: gcc.dg/torture/fp-int-convert-timode.c  -O3 -g  execution test
FAIL: gcc.dg/torture/fp-int-convert-timode.c  -Os  execution test
FAIL: gcc.dg/tree-ssa/loadpre1.c scan-tree-dump-times Eliminated: 1 1
XPASS: gcc.dg/tree-ssa/sra-2.c scan-tree-dump-times link_error 0
FAIL: gcc.dg/vect/pr16105.c (internal compiler error)
FAIL: gcc.dg/vect/pr16105.c (test for excess errors)
FAIL: gcc.dg/vect/pr16105.c scan-tree-dump-times vectorized 1 loops 1
FAIL: gcc.dg/vect/pr20122.c (internal compiler error)
FAIL: gcc.dg/vect/pr20122.c (test for excess errors)
WARNING: gcc.dg/vect/pr20122.c compilation failed to produce executable
FAIL: gcc.dg/vect/pr20122.c scan-tree-dump-times vectorized 1 loops 2
FAIL: gcc.dg/vect/pr21591.c (internal compiler error)
FAIL: gcc.dg/vect/pr21591.c (test for excess errors)
FAIL: gcc.dg/vect/pr21591.c scan-tree-dump-times vectorized 1 loops 1
FAIL: gcc.dg/vect/pr23816-1.c (internal compiler error)
FAIL: gcc.dg/vect/pr23816-1.c (test for excess errors)
FAIL: gcc.dg/vect/pr24300.c (internal compiler error)
FAIL: gcc.dg/vect/pr24300.c (test for excess errors)
FAIL: gcc.dg/vect/vect-101.c scan-tree-dump-times vectorized 1 loops 0
FAIL: gcc.dg/vect/vect-101.c scan-tree-dump-times can't determine dependence 1
FAIL: gcc.dg/vect/vect-105.c (internal compiler error)
FAIL: gcc.dg/vect/vect-105.c (test for excess errors)
WARNING: gcc.dg/vect/vect-105.c compilation failed to produce executable
FAIL: gcc.dg/vect/vect-105.c scan-tree-dump-times vectorized 1 loops 1
FAIL: gcc.dg/vect/vect-27.c (internal compiler error)
FAIL: gcc.dg/vect/vect-27.c (test for excess errors)
WARNING: gcc.dg/vect/vect-27.c compilation failed to produce executable
FAIL: gcc.dg/vect/vect-27.c scan-tree-dump-times vectorized 1 loops 1
FAIL: gcc.dg/vect/vect-29.c (internal compiler error)
FAIL: gcc.dg/vect/vect-29.c (test for excess errors)
WARNING: gcc.dg/vect/vect-29.c compilation failed to produce executable
FAIL: gcc.dg/vect/vect-29.c scan-tree-dump-times vectorized 1 loops 1
FAIL: gcc.dg/vect/vect-42.c (internal compiler error)
FAIL: gcc.dg/vect/vect-42.c (test for excess errors)
WARNING: gcc.dg/vect/vect-42.c compilation failed to produce executable
FAIL: gcc.dg/vect/vect-42.c scan-tree-dump-times vectorized 1 loops 1
FAIL: gcc.dg/vect/vect-43.c (internal compiler error)
FAIL: gcc.dg/vect/vect-43.c (test for excess errors)
WARNING: gcc.dg/vect/vect-43.c compilation failed to produce executable
FAIL: gcc.dg/vect/vect-43.c scan-tree-dump-times vectorized 1 loops 1
FAIL: gcc.dg/vect/vect-44.c (internal compiler error)
FAIL: gcc.dg/vect/vect-44.c (test for excess errors)
WARNING: gcc.dg/vect/vect-44.c compilation failed to produce executable
FAIL: gcc.dg/vect/vect-44.c scan-tree-dump-times vectorized 1 loops 1
FAIL: gcc.dg/vect/vect-48.c (internal compiler error)
FAIL: gcc.dg/vect/vect-48.c (test for excess errors)
WARNING: gcc.dg/vect/vect-48.c compilation failed to produce executable
FAIL: gcc.dg/vect/vect-48.c scan-tree-dump-times vectorized 1 loops 1
FAIL: gcc.dg/vect/vect-50.c (internal compiler error)
FAIL: gcc.dg/vect/vect-50.c (test for excess errors)
WARNING: gcc.dg/vect/vect-50.c compilation failed to produce executable
FAIL: gcc.dg/vect/vect-50.c scan-tree-dump-times vectorized 1 loops 1
FAIL: gcc.dg/vect/vect-52.c (internal compiler error)
FAIL: gcc.dg/vect/vect-52.c (test for excess errors)
WARNING: gcc.dg/vect/vect-52.c compilation failed to produce executable
FAIL: gcc.dg/vect/vect-52.c scan-tree-dump-times vectorized 1 loops 1
FAIL: gcc.dg/vect/vect-56.c (internal compiler error)
FAIL: gcc.dg/vect/vect-56.c (test for excess errors)
WARNING: gcc.dg/vect/vect-56.c compilation failed to produce executable
FAIL: gcc.dg/vect/vect-56.c scan-tree-dump-times vectorized 1 loops 1
FAIL: gcc.dg/vect/vect-60.c (internal compiler error)
FAIL: gcc.dg/vect/vect-60.c (test for excess errors)
WARNING: gcc.dg/vect/vect-60.c compilation failed to produce executable
FAIL: gcc.dg/vect/vect-60.c scan-tree-dump-times vectorized 1 loops 1
FAIL: gcc.dg/vect/vect-72.c (internal compiler error)
FAIL: gcc.dg/vect/vect-72.c (test for excess errors)
WARNING: gcc.dg/vect/vect-72.c compilation failed to produce executable
FAIL: gcc.dg/vect/vect-72.c scan-tree-dump-times vectorized 1 loops 1
FAIL: gcc.dg/vect/vect-74.c (internal compiler error)
FAIL: gcc.dg/vect/vect-74.c (test for excess errors)
WARNING: gcc.dg/vect/vect-74.c compilation failed to produce executable
FAIL: gcc.dg/vect/vect-74.c scan-tree-dump-times vectorized 1 loops 1
FAIL: gcc.dg/vect/vect-75.c (internal compiler error)
FAIL: gcc.dg/vect/vect-75.c (test for excess errors)
WARNING: gcc.dg/vect/vect-75.c compilation failed to produce executable
FAIL: gcc.dg/vect/vect-75.c scan-tree-dump-times vectorized 1 loops 1
FAIL: gcc.dg/vect/vect-76.c (internal compiler error)
FAIL: gcc.dg/vect/vect-76.c (test for excess errors)
WARNING: gcc.dg/vect/vect-76.c compilation failed to produce executable
FAIL: gcc.dg/vect/vect-76.c scan-tree-dump-times vectorized 3 loops 1
FAIL: gcc.dg/vect/vect-76.c scan-tree-dump-times Vectorizing an unaligned access 2
FAIL: gcc.dg/vect/vect-77.c (internal compiler error)
FAIL: gcc.dg/vect/vect-77.c (test for excess errors)
WARNING: gcc.dg/vect/vect-77.c compilation failed to produce executable
FAIL: gcc.dg/vect/vect-77.c scan-tree-dump-times vectorized 1 loops 1
FAIL: gcc.dg/vect/vect-78.c (internal compiler error)
FAIL: gcc.dg/vect/vect-78.c (test for excess errors)
WARNING: gcc.dg/vect/vect-78.c compilation failed to produce executable
FAIL: gcc.dg/vect/vect-78.c scan-tree-dump-times vectorized 1 loops 1
FAIL: gcc.dg/vect/vect-80.c (internal compiler error)
FAIL: gcc.dg/vect/vect-80.c (test for excess errors)
WARNING: gcc.dg/vect/vect-80.c compilation failed to produce executable
FAIL: gcc.dg/vect/vect-80.c scan-tree-dump-times vectorized 1 loops 1
FAIL: gcc.dg/vect/vect-93.c (internal compiler error)
FAIL: gcc.dg/vect/vect-93.c (test for excess errors)
WARNING: gcc.dg/vect/vect-93.c compilation failed to produce executable
FAIL: gcc.dg/vect/vect-93.c scan-tree-dump-times vectorized 1 loops 1
FAIL: gcc.dg/vect/vect-95.c (internal compiler error)
FAIL: gcc.dg/vect/vect-95.c (test for excess errors)
WARNING: gcc.dg/vect/vect-95.c compilation failed to produce executable
FAIL: gcc.dg/vect/vect-95.c scan-tree-dump-times vectorized 1 loops 1
FAIL: gcc.dg/vect/vect-96.c (internal compiler error)
FAIL: gcc.dg/vect/vect-96.c (test for excess errors)
WARNING: gcc.dg/vect/vect-96.c compilation failed to produce executable
FAIL: gcc.dg/vect/vect-96.c scan-tree-dump-times vectorized 1 loops 1
FAIL: gcc.dg/vect/vect-98.c (internal compiler error)
FAIL: gcc.dg/vect/vect-98.c (test for excess errors)
WARNING: gcc.dg/vect/vect-98.c compilation failed to produce executable
FAIL: gcc.dg/vect/vect-98.c scan-tree-dump-times vectorized 1 loops 1
XPASS: gcc.dg/vect/vect-98.c scan-tree-dump-times vectorized 1 loops 0
FAIL: gcc.dg/vect/vect-multitypes-1.c (internal compiler error)
FAIL: gcc.dg/vect/vect-multitypes-1.c (test for excess errors)
WARNING: gcc.dg/vect/vect-multitypes-1.c compilation failed to produce executable
FAIL: gcc.dg/vect/vect-multitypes-1.c scan-tree-dump-times vectorized 1 loops 2
FAIL: gcc.dg/vect/vect-multitypes-1.c scan-tree-dump-times Alignment of access forced using peeling 2
FAIL: gcc.dg/vect/vect-multitypes-1.c scan-tree-dump-times Vectorizing an unaligned access 4
FAIL: gcc.dg/vect/vect-multitypes-3.c (internal compiler error)
FAIL: gcc.dg/vect/vect-multitypes-3.c (test for excess errors)
WARNING: gcc.dg/vect/vect-multitypes-3.c compilation failed to produce executable
FAIL: gcc.dg/vect/vect-multitypes-3.c scan-tree-dump-times vectorized 1 loops 1
FAIL: gcc.dg/vect/vect-multitypes-4.c (internal compiler error)
FAIL: gcc.dg/vect/vect-multitypes-4.c (test for excess errors)
WARNING: gcc.dg/vect/vect-multitypes-4.c compilation failed to produce executable
FAIL: gcc.dg/vect/vect-multitypes-4.c scan-tree-dump-times vectorized 1 loops 2
FAIL: gcc.dg/vect/vect-multitypes-4.c scan-tree-dump-times Alignment of access forced using peeling 2
FAIL: gcc.dg/vect/vect-multitypes-4.c scan-tree-dump-times Vectorizing an unaligned access 8
FAIL: gcc.dg/vect/vect-multitypes-6.c (internal compiler error)
FAIL: gcc.dg/vect/vect-multitypes-6.c (test for excess errors)
WARNING: gcc.dg/vect/vect-multitypes-6.c compilation failed to produce executable
FAIL: gcc.dg/vect/vect-multitypes-6.c scan-tree-dump-times vectorized 1 loops 1
FAIL: gcc.dg/vect/vect-reduc-dot-s16b.c (internal compiler error)
FAIL: gcc.dg/vect/vect-reduc-dot-s16b.c (test for excess errors)
WARNING: gcc.dg/vect/vect-reduc-dot-s16b.c compilation failed to produce executable
FAIL: gcc.dg/vect/vect-reduc-dot-s8a.c (internal compiler error)
FAIL: gcc.dg/vect/vect-reduc-dot-s8a.c (test for excess errors)
WARNING: gcc.dg/vect/vect-reduc-dot-s8a.c compilation failed to produce executable
FAIL: gcc.dg/vect/vect-reduc-dot-s8a.c scan-tree-dump-times vect_recog_dot_prod_pattern: detected 1
FAIL: gcc.dg/vect/vect-reduc-dot-s8a.c scan-tree-dump-times vectorized 1 loops 1
FAIL: gcc.dg/vect/vect-reduc-dot-u16a.c (internal compiler error)
FAIL: gcc.dg/vect/vect-reduc-dot-u16a.c (test for excess errors)
WARNING: gcc.dg/vect/vect-reduc-dot-u16a.c compilation failed to produce executable
FAIL: gcc.dg/vect/vect-reduc-dot-u8a.c (internal compiler error)
FAIL: gcc.dg/vect/vect-reduc-dot-u8a.c (test for excess errors)
WARNING: gcc.dg/vect/vect-reduc-dot-u8a.c compilation failed to produce executable
FAIL: gcc.dg/vect/vect-reduc-dot-u8a.c scan-tree-dump-times vect_recog_dot_prod_pattern: detected 1
FAIL: gcc.dg/vect/vect-reduc-dot-u8a.c scan-tree-dump-times vectorized 1 loops 1
FAIL: gcc.dg/vect/vect-reduc-dot-u8a.c scan-tree-dump-times vectorized 1 loops 1
FAIL: gcc.dg/vect/vect-reduc-pattern-1a.c (internal compiler error)
FAIL: gcc.dg/vect/vect-reduc-pattern-1a.c (test for excess errors)
WARNING: gcc.dg/vect/vect-reduc-pattern-1a.c compilation failed to produce executable
FAIL: gcc.dg/vect/vect-reduc-pattern-1a.c scan-tree-dump-times vectorized 1 loops 1
FAIL: gcc.dg/vect/vect-reduc-pattern-1b.c (internal compiler error)
FAIL: gcc.dg/vect/vect-reduc-pattern-1b.c (test for excess errors)
WARNING: gcc.dg/vect/vect-reduc-pattern-1b.c compilation failed to produce executable
FAIL: gcc.dg/vect/vect-reduc-pattern-1b.c scan-tree-dump-times vectorized 1 loops 1
FAIL: gcc.dg/vect/vect-reduc-pattern-2a.c (internal compiler error)
FAIL: gcc.dg/vect/vect-reduc-pattern-2a.c (test for excess errors)
WARNING: gcc.dg/vect/vect-reduc-pattern-2a.c compilation failed to produce executable
FAIL: gcc.dg/vect/vect-reduc-pattern-2a.c scan-tree-dump-times vectorized 1 loops 1
FAIL: gcc.dg/vect/vect-reduc-pattern-2b.c (internal compiler error)
FAIL: gcc.dg/vect/vect-reduc-pattern-2b.c (test for excess errors)
WARNING: gcc.dg/vect/vect-reduc-pattern-2b.c compilation failed to produce executable
FAIL: gcc.dg/vect/vect-reduc-pattern-2b.c scan-tree-dump-times vectorized 1 loops 1
FAIL: gcc.dg/vect/vect-strided-a-mult.c (internal compiler error)
FAIL: gcc.dg/vect/vect-strided-a-mult.c (test for excess errors)
WARNING: gcc.dg/vect/vect-strided-a-mult.c compilation failed to produce executable
FAIL: gcc.dg/vect/vect-strided-a-mult.c scan-tree-dump-times vectorized 1 loops 1
FAIL: gcc.dg/vect/vect-strided-a-u16-i2.c (internal compiler error)
FAIL: gcc.dg/vect/vect-strided-a-u16-i2.c (test for excess errors)
WARNING: gcc.dg/vect/vect-strided-a-u16-i2.c compilation failed to produce executable
FAIL: gcc.dg/vect/vect-strided-a-u16-i2.c scan-tree-dump-times vectorized 1 loops 1
FAIL: gcc.dg/vect/vect-strided-a-u16-i4.c (internal compiler error)
FAIL: gcc.dg/vect/vect-strided-a-u16-i4.c (test for excess errors)
WARNING: gcc.dg/vect/vect-strided-a-u16-i4.c compilation failed to produce executable
FAIL: gcc.dg/vect/vect-strided-a-u16-i4.c scan-tree-dump-times vectorized 1 loops 1
FAIL: gcc.dg/vect/vect-strided-a-u16-mult.c (internal compiler error)
FAIL: gcc.dg/vect/vect-strided-a-u16-mult.c (test for excess errors)
WARNING: gcc.dg/vect/vect-strided-a-u16-mult.c compilation failed to produce executable
FAIL: gcc.dg/vect/vect-strided-a-u16-mult.c scan-tree-dump-times vectorized 1 loops 1
FAIL: gcc.dg/vect/vect-strided-a-u32-mult.c (internal compiler error)
FAIL: gcc.dg/vect/vect-strided-a-u32-mult.c (test for excess errors)
WARNING: gcc.dg/vect/vect-strided-a-u32-mult.c compilation failed to produce executable
FAIL: gcc.dg/vect/vect-strided-a-u32-mult.c scan-tree-dump-times vectorized 1 loops 1
FAIL: gcc.dg/vect/vect-strided-a-u8-i2-gap.c (internal compiler error)
FAIL: gcc.dg/vect/vect-strided-a-u8-i2-gap.c (test for excess errors)
WARNING: gcc.dg/vect/vect-strided-a-u8-i2-gap.c compilation failed to produce executable
FAIL: gcc.dg/vect/vect-strided-a-u8-i2-gap.c scan-tree-dump-times vectorized 1 loops 1
FAIL: gcc.dg/vect/vect-strided-a-u8-i8-gap2.c (internal compiler error)
FAIL: gcc.dg/vect/vect-strided-a-u8-i8-gap2.c (test for excess errors)
WARNING: gcc.dg/vect/vect-strided-a-u8-i8-gap2.c compilation failed to produce executable
FAIL: gcc.dg/vect/vect-strided-a-u8-i8-gap2.c scan-tree-dump-times vectorized 1 loops 1
FAIL: gcc.dg/vect/vect-strided-a-u8-i8-gap7.c (internal compiler error)
FAIL: gcc.dg/vect/vect-strided-a-u8-i8-gap7.c (test for excess errors)
WARNING: gcc.dg/vect/vect-strided-a-u8-i8-gap7.c compilation failed to produce executable
FAIL: gcc.dg/vect/vect-strided-a-u8-i8-gap7.c scan-tree-dump-times vectorized 1 loops 1
FAIL: gcc.dg/vect/vect-strided-float.c (internal compiler error)
FAIL: gcc.dg/vect/vect-strided-float.c (test for excess errors)
WARNING: gcc.dg/vect/vect-strided-float.c compilation failed to produce executable
FAIL: gcc.dg/vect/vect-strided-float.c scan-tree-dump-times vectorized 1 loops 1
FAIL: gcc.dg/vect/vect-strided-mult-char-ls.c (internal compiler error)
FAIL: gcc.dg/vect/vect-strided-mult-char-ls.c (test for excess errors)
WARNING: gcc.dg/vect/vect-strided-mult-char-ls.c compilation failed to produce executable
FAIL: gcc.dg/vect/vect-strided-mult-char-ls.c scan-tree-dump-times vectorized 1 loops 1
FAIL: gcc.dg/vect/vect-strided-mult.c (internal compiler error)
FAIL: gcc.dg/vect/vect-strided-mult.c (test for excess errors)
WARNING: gcc.dg/vect/vect-strided-mult.c compilation failed to produce executable
FAIL: gcc.dg/vect/vect-strided-mult.c scan-tree-dump-times vectorized 1 loops 1
FAIL: gcc.dg/vect/vect-strided-u16-i2.c (internal compiler error)
FAIL: gcc.dg/vect/vect-strided-u16-i2.c (test for excess errors)
WARNING: gcc.dg/vect/vect-strided-u16-i2.c compilation failed to produce executable
FAIL: gcc.dg/vect/vect-strided-u16-i2.c scan-tree-dump-times vectorized 1 loops 1
FAIL: gcc.dg/vect/vect-strided-u16-i4.c (internal compiler error)
FAIL: gcc.dg/vect/vect-strided-u16-i4.c (test for excess errors)
WARNING: gcc.dg/vect/vect-strided-u16-i4.c compilation failed to produce executable
FAIL: gcc.dg/vect/vect-strided-u16-i4.c scan-tree-dump-times vectorized 1 loops 1
FAIL: gcc.dg/vect/vect-strided-u32-i4.c (internal compiler error)
FAIL: gcc.dg/vect/vect-strided-u32-i4.c (test for excess errors)
WARNING: gcc.dg/vect/vect-strided-u32-i4.c compilation failed to produce executable
FAIL: gcc.dg/vect/vect-strided-u32-i4.c scan-tree-dump-times vectorized 1 loops 1
FAIL: gcc.dg/vect/vect-strided-u32-i8.c (internal compiler error)
FAIL: gcc.dg/vect/vect-strided-u32-i8.c (test for excess errors)
WARNING: gcc.dg/vect/vect-strided-u32-i8.c compilation failed to produce executable
FAIL: gcc.dg/vect/vect-strided-u32-i8.c scan-tree-dump-times vectorized 1 loops 1
FAIL: gcc.dg/vect/vect-strided-u32-mult.c (internal compiler error)
FAIL: gcc.dg/vect/vect-strided-u32-mult.c (test for excess errors)
WARNING: gcc.dg/vect/vect-strided-u32-mult.c compilation failed to produce executable
FAIL: gcc.dg/vect/vect-strided-u32-mult.c scan-tree-dump-times vectorized 1 loops 1
FAIL: gcc.dg/vect/vect-strided-u8-i2-gap.c (internal compiler error)
FAIL: gcc.dg/vect/vect-strided-u8-i2-gap.c (test for excess errors)
WARNING: gcc.dg/vect/vect-strided-u8-i2-gap.c compilation failed to produce executable
FAIL: gcc.dg/vect/vect-strided-u8-i2-gap.c scan-tree-dump-times vectorized 1 loops 1
FAIL: gcc.dg/vect/vect-strided-u8-i2.c (internal compiler error)
FAIL: gcc.dg/vect/vect-strided-u8-i2.c (test for excess errors)
WARNING: gcc.dg/vect/vect-strided-u8-i2.c compilation failed to produce executable
FAIL: gcc.dg/vect/vect-strided-u8-i2.c scan-tree-dump-times vectorized 1 loops 1
FAIL: gcc.dg/vect/vect-strided-u8-i8-gap2.c (internal compiler error)
FAIL: gcc.dg/vect/vect-strided-u8-i8-gap2.c (test for excess errors)
WARNING: gcc.dg/vect/vect-strided-u8-i8-gap2.c compilation failed to produce executable
FAIL: gcc.dg/vect/vect-strided-u8-i8-gap2.c scan-tree-dump-times vectorized 1 loops 1
FAIL: gcc.dg/vect/vect-strided-u8-i8-gap4.c (internal compiler error)
FAIL: gcc.dg/vect/vect-strided-u8-i8-gap4.c (test for excess errors)
WARNING: gcc.dg/vect/vect-strided-u8-i8-gap4.c compilation failed to produce executable
FAIL: gcc.dg/vect/vect-strided-u8-i8-gap4.c scan-tree-dump-times vectorized 1 loops 1
FAIL: gcc.dg/vect/vect-strided-u8-i8-gap7.c (internal compiler error)
FAIL: gcc.dg/vect/vect-strided-u8-i8-gap7.c (test for excess errors)
WARNING: gcc.dg/vect/vect-strided-u8-i8-gap7.c compilation failed to produce executable
FAIL: gcc.dg/vect/vect-strided-u8-i8-gap7.c scan-tree-dump-times vectorized 1 loops 1
FAIL: gcc.dg/vect/vect-strided-u8-i8.c (internal compiler error)
FAIL: gcc.dg/vect/vect-strided-u8-i8.c (test for excess errors)
WARNING: gcc.dg/vect/vect-strided-u8-i8.c compilation failed to produce executable
FAIL: gcc.dg/vect/vect-strided-u8-i8.c scan-tree-dump-times vectorized 1 loops 1
FAIL: gcc.dg/vect/vect-widen-mult-sum.c (internal compiler error)
FAIL: gcc.dg/vect/vect-widen-mult-sum.c (test for excess errors)
WARNING: gcc.dg/vect/vect-widen-mult-sum.c compilation failed to produce executable
FAIL: gcc.dg/vect/vect-widen-mult-sum.c scan-tree-dump-times vectorized 1 loops 1
FAIL: gcc.dg/vect/section-anchors-pr27770.c (test for excess errors)
FAIL: gcc.dg/vect/section-anchors-vect-69.c (test for excess errors)
FAIL: gcc.dg/vect/section-anchors-vect-69.c scan-tree-dump-times Alignment of access forced using peeling 4
FAIL: gcc.target/powerpc/darwin-bool-1.c (test for excess errors)
WARNING: gcc.target/powerpc/darwin-bool-1.c compilation failed to produce executable
FAIL: gcc.target/powerpc/ppc-negeq0-1.c scan-assembler-not cntlzw
FAIL: gcc.target/powerpc/ppc64-abi-1.c (test for excess errors)
WARNING: gcc.target/powerpc/ppc64-abi-1.c compilation failed to produce executable
FAIL: gcc.target/powerpc/stabs-attrib-vect-darwin.c scan-assembler .stabs.*vi:\\\\(0,16\\\\)=@V

		=== gcc Summary ===

# of expected passes		42531
# of unexpected failures	233
# of unexpected successes	2
# of expected failures		111
# of untested testcases		28
# of unsupported tests		526
/Users/gcc-test/programs/gcc/mainline/objdir/gcc/xgcc  version 4.3.0 20061206 (experimental)

		=== gfortran tests ===


Running target unix
FAIL: gfortran.dg/large_real_kind_1.f90  -O0  execution test
FAIL: gfortran.dg/large_real_kind_1.f90  -O1  execution test
FAIL: gfortran.dg/large_real_kind_1.f90  -O2  execution test
FAIL: gfortran.dg/large_real_kind_1.f90  -O3 -fomit-frame-pointer  execution test
FAIL: gfortran.dg/large_real_kind_1.f90  -O3 -fomit-frame-pointer -funroll-loops  execution test
FAIL: gfortran.dg/large_real_kind_1.f90  -O3 -fomit-frame-pointer -funroll-all-loops -finline-functions  execution test
FAIL: gfortran.dg/large_real_kind_1.f90  -O3 -g  execution test
FAIL: gfortran.dg/large_real_kind_1.f90  -Os  execution test
FAIL: gfortran.dg/large_real_kind_2.F90  -O0  execution test
FAIL: gfortran.dg/large_real_kind_2.F90  -O1  execution test
FAIL: gfortran.dg/large_real_kind_2.F90  -O2  execution test
FAIL: gfortran.dg/large_real_kind_2.F90  -O3 -fomit-frame-pointer  execution test
FAIL: gfortran.dg/large_real_kind_2.F90  -O3 -fomit-frame-pointer -funroll-loops  execution test
FAIL: gfortran.dg/large_real_kind_2.F90  -O3 -fomit-frame-pointer -funroll-all-loops -finline-functions  execution test
FAIL: gfortran.dg/large_real_kind_2.F90  -O3 -g  execution test
FAIL: gfortran.dg/large_real_kind_2.F90  -Os  execution test
FAIL: gfortran.dg/large_real_kind_form_io_2.f90  -O0  execution test
FAIL: gfortran.dg/large_real_kind_form_io_2.f90  -O1  execution test
FAIL: gfortran.dg/large_real_kind_form_io_2.f90  -O2  execution test
FAIL: gfortran.dg/large_real_kind_form_io_2.f90  -O3 -fomit-frame-pointer  execution test
FAIL: gfortran.dg/large_real_kind_form_io_2.f90  -O3 -fomit-frame-pointer -funroll-loops  execution test
FAIL: gfortran.dg/large_real_kind_form_io_2.f90  -O3 -fomit-frame-pointer -funroll-all-loops -finline-functions  execution test
FAIL: gfortran.dg/large_real_kind_form_io_2.f90  -O3 -g  execution test
FAIL: gfortran.dg/large_real_kind_form_io_2.f90  -Os  execution test
FAIL: gfortran.dg/vect/pr19049.f90  -O  (test for excess errors)
FAIL: gfortran.dg/vect/vect-1.f90  -O  (test for excess errors)
FAIL: gfortran.dg/vect/vect-2.f90  -O  (internal compiler error)
FAIL: gfortran.dg/vect/vect-2.f90  -O  (test for excess errors)
FAIL: gfortran.dg/vect/vect-2.f90  -O  scan-tree-dump-times vectorized 3 loops 1
FAIL: gfortran.dg/vect/vect-3.f90  -O  (internal compiler error)
FAIL: gfortran.dg/vect/vect-3.f90  -O  (test for excess errors)
FAIL: gfortran.dg/vect/vect-4.f90  -O  (internal compiler error)
FAIL: gfortran.dg/vect/vect-4.f90  -O  (test for excess errors)
FAIL: gfortran.dg/vect/vect-4.f90  -O  scan-tree-dump-times vectorized 1 loops 1
FAIL: gfortran.dg/vect/vect-5.f90  -O  (internal compiler error)
FAIL: gfortran.dg/vect/vect-5.f90  -O  (test for excess errors)
WARNING: gfortran.dg/vect/vect-5.f90  -O  compilation failed to produce executable
FAIL: gfortran.dg/vect/vect-5.f90  -O  scan-tree-dump-times vectorized 2 loops 1
FAIL: gfortran.dg/vect/vect-5.f90  -O  scan-tree-dump-times Alignment of access forced using peeling 1
FAIL: gfortran.dg/vect/vect-5.f90  -O  scan-tree-dump-times Vectorizing an unaligned access 2
FAIL: gfortran.fortran-torture/execute/nan_inf_fmt.f90 execution,  -O0 
FAIL: gfortran.fortran-torture/execute/nan_inf_fmt.f90 execution,  -O1 
FAIL: gfortran.fortran-torture/execute/nan_inf_fmt.f90 execution,  -O2 
FAIL: gfortran.fortran-torture/execute/nan_inf_fmt.f90 execution,  -O3 -fomit-frame-pointer 
FAIL: gfortran.fortran-torture/execute/nan_inf_fmt.f90 execution,  -O3 -fomit-frame-pointer -funroll-loops 
FAIL: gfortran.fortran-torture/execute/nan_inf_fmt.f90 execution,  -O3 -fomit-frame-pointer -funroll-all-loops -finline-functions 
FAIL: gfortran.fortran-torture/execute/nan_inf_fmt.f90 execution,  -O3 -g 
FAIL: gfortran.fortran-torture/execute/nan_inf_fmt.f90 execution,  -Os 

		=== gfortran Summary ===

# of expected passes		15361
# of unexpected failures	47
# of expected failures		7
# of unsupported tests		41
/Users/gcc-test/programs/gcc/mainline/objdir/gcc/testsuite/gfortran/../../gfortran  version 4.3.0 20061206 (experimental)

		=== objc tests ===


Running target unix
FAIL: objc/execute/bf-10.m execution,  -O0  -fgnu-runtime
FAIL: objc/execute/bf-10.m execution,  -O1  -fgnu-runtime
FAIL: objc/execute/bf-10.m execution,  -O2  -fgnu-runtime
FAIL: objc/execute/bf-10.m execution,  -O3 -fomit-frame-pointer  -fgnu-runtime
FAIL: objc/execute/bf-10.m execution,  -O3 -g  -fgnu-runtime
FAIL: objc/execute/bf-10.m execution,  -Os  -fgnu-runtime
FAIL: objc/execute/bf-14.m execution,  -O0  -fgnu-runtime
FAIL: objc/execute/bf-14.m execution,  -O1  -fgnu-runtime
FAIL: objc/execute/bf-14.m execution,  -O2  -fgnu-runtime
FAIL: objc/execute/bf-14.m execution,  -O3 -fomit-frame-pointer  -fgnu-runtime
FAIL: objc/execute/bf-14.m execution,  -O3 -g  -fgnu-runtime
FAIL: objc/execute/bf-14.m execution,  -Os  -fgnu-runtime
FAIL: objc/execute/bf-16.m execution,  -O0  -fgnu-runtime
FAIL: objc/execute/bf-16.m execution,  -O1  -fgnu-runtime
FAIL: objc/execute/bf-16.m execution,  -O2  -fgnu-runtime
FAIL: objc/execute/bf-16.m execution,  -O3 -fomit-frame-pointer  -fgnu-runtime
FAIL: objc/execute/bf-16.m execution,  -O3 -g  -fgnu-runtime
FAIL: objc/execute/bf-16.m execution,  -Os  -fgnu-runtime
FAIL: objc/execute/bf-17.m execution,  -O0  -fgnu-runtime
FAIL: objc/execute/bf-17.m execution,  -O1  -fgnu-runtime
FAIL: objc/execute/bf-17.m execution,  -O2  -fgnu-runtime
FAIL: objc/execute/bf-17.m execution,  -O3 -fomit-frame-pointer  -fgnu-runtime
FAIL: objc/execute/bf-17.m execution,  -O3 -g  -fgnu-runtime
FAIL: objc/execute/bf-17.m execution,  -Os  -fgnu-runtime
FAIL: objc/execute/bf-19.m execution,  -O0  -fgnu-runtime
FAIL: objc/execute/bf-19.m execution,  -O1  -fgnu-runtime
FAIL: objc/execute/bf-19.m execution,  -O2  -fgnu-runtime
FAIL: objc/execute/bf-19.m execution,  -O3 -fomit-frame-pointer  -fgnu-runtime
FAIL: objc/execute/bf-19.m execution,  -O3 -g  -fgnu-runtime
FAIL: objc/execute/bf-19.m execution,  -Os  -fgnu-runtime
FAIL: objc/execute/bf-5.m execution,  -O0  -fgnu-runtime
FAIL: objc/execute/bf-5.m execution,  -O1  -fgnu-runtime
FAIL: objc/execute/bf-5.m execution,  -O2  -fgnu-runtime
FAIL: objc/execute/bf-5.m execution,  -O3 -fomit-frame-pointer  -fgnu-runtime
FAIL: objc/execute/bf-5.m execution,  -O3 -g  -fgnu-runtime
FAIL: objc/execute/bf-5.m execution,  -Os  -fgnu-runtime
FAIL: objc/execute/bf-6.m execution,  -O0  -fgnu-runtime
FAIL: objc/execute/bf-6.m execution,  -O1  -fgnu-runtime
FAIL: objc/execute/bf-6.m execution,  -O2  -fgnu-runtime
FAIL: objc/execute/bf-6.m execution,  -O3 -fomit-frame-pointer  -fgnu-runtime
FAIL: objc/execute/bf-6.m execution,  -O3 -g  -fgnu-runtime
FAIL: objc/execute/bf-6.m execution,  -Os  -fgnu-runtime
FAIL: objc/execute/bf-7.m execution,  -O0  -fgnu-runtime
FAIL: objc/execute/bf-7.m execution,  -O1  -fgnu-runtime
FAIL: objc/execute/bf-7.m execution,  -O2  -fgnu-runtime
FAIL: objc/execute/bf-7.m execution,  -O3 -fomit-frame-pointer  -fgnu-runtime
FAIL: objc/execute/bf-7.m execution,  -O3 -g  -fgnu-runtime
FAIL: objc/execute/bf-7.m execution,  -Os  -fgnu-runtime
FAIL: objc/execute/bf-8.m execution,  -O0  -fgnu-runtime
FAIL: objc/execute/bf-8.m execution,  -O1  -fgnu-runtime
FAIL: objc/execute/bf-8.m execution,  -O2  -fgnu-runtime
FAIL: objc/execute/bf-8.m execution,  -O3 -fomit-frame-pointer  -fgnu-runtime
FAIL: objc/execute/bf-8.m execution,  -O3 -g  -fgnu-runtime
FAIL: objc/execute/bf-8.m execution,  -Os  -fgnu-runtime
FAIL: objc/execute/bf-9.m execution,  -O0  -fgnu-runtime
FAIL: objc/execute/bf-9.m execution,  -O1  -fgnu-runtime
FAIL: objc/execute/bf-9.m execution,  -O2  -fgnu-runtime
FAIL: objc/execute/bf-9.m execution,  -O3 -fomit-frame-pointer  -fgnu-runtime
FAIL: objc/execute/bf-9.m execution,  -O3 -g  -fgnu-runtime
FAIL: objc/execute/bf-9.m execution,  -Os  -fgnu-runtime
FAIL: objc.dg/bitfield-1.m (test for excess errors)
WARNING: objc.dg/bitfield-1.m compilation failed to produce executable
FAIL: objc.dg/bitfield-2.m (test for excess errors)
FAIL: objc.dg/bitfield-3.m (test for excess errors)
FAIL: objc.dg/bitfield-5.m (test for excess errors)
FAIL: objc.dg/call-super-1.m (test for excess errors)
WARNING: objc.dg/call-super-1.m compilation failed to produce executable
FAIL: objc.dg/call-super-3.m (test for excess errors)
WARNING: objc.dg/call-super-3.m compilation failed to produce executable
FAIL: objc.dg/category-1.m (test for excess errors)
WARNING: objc.dg/category-1.m compilation failed to produce executable
FAIL: objc.dg/const-str-10.m scan-assembler .long\\t__NSConstantStringClassReference\\n\\t.long\\t.*\\n\\t.long\\t5\\n\\t.data
FAIL: objc.dg/const-str-11.m scan-assembler .long\\t__XStrClassReference\\n\\t.long\\t.*\\n\\t.long\\t5\\n\\t.data
FAIL: objc.dg/const-str-3.m (test for excess errors)
WARNING: objc.dg/const-str-3.m compilation failed to produce executable
FAIL: objc.dg/const-str-4.m (test for excess errors)
FAIL: objc.dg/const-str-7.m (test for excess errors)
WARNING: objc.dg/const-str-7.m compilation failed to produce executable
FAIL: objc.dg/const-str-8.m (test for excess errors)
WARNING: objc.dg/const-str-8.m compilation failed to produce executable
FAIL: objc.dg/const-str-9.m scan-assembler .long\\t__NSConstantStringClassReference\\n\\t.long\\t.*\\n\\t.long\\t5\\n\\t.data
FAIL: objc.dg/defs.m (test for excess errors)
WARNING: objc.dg/defs.m compilation failed to produce executable
FAIL: objc.dg/desig-init-1.m (test for excess errors)
WARNING: objc.dg/desig-init-1.m compilation failed to produce executable
FAIL: objc.dg/encode-1.m (test for excess errors)
FAIL: objc.dg/encode-2.m (test for excess errors)
WARNING: objc.dg/encode-2.m compilation failed to produce executable
FAIL: objc.dg/encode-3.m (test for excess errors)
WARNING: objc.dg/encode-3.m compilation failed to produce executable
FAIL: objc.dg/encode-4.m (test for excess errors)
WARNING: objc.dg/encode-4.m compilation failed to produce executable
FAIL: objc.dg/encode-8.m execution test
FAIL: objc.dg/fix-and-continue-1.m (test for excess errors)
WARNING: objc.dg/fix-and-continue-1.m compilation failed to produce executable
FAIL: objc.dg/func-ptr-1.m (test for excess errors)
WARNING: objc.dg/func-ptr-1.m compilation failed to produce executable
FAIL: objc.dg/func-ptr-2.m (test for excess errors)
WARNING: objc.dg/func-ptr-2.m compilation failed to produce executable
FAIL: objc.dg/lookup-1.m (test for excess errors)
WARNING: objc.dg/lookup-1.m compilation failed to produce executable
FAIL: objc.dg/method-10.m (test for excess errors)
WARNING: objc.dg/method-10.m compilation failed to produce executable
FAIL: objc.dg/method-13.m (test for excess errors)
WARNING: objc.dg/method-13.m compilation failed to produce executable
FAIL: objc.dg/method-3.m (test for excess errors)
WARNING: objc.dg/method-3.m compilation failed to produce executable
FAIL: objc.dg/next-runtime-1.m scan-assembler L_OBJC_MODULES:\\n[ \\t]*.long\\t6\\n
FAIL: objc.dg/no-extra-load.m (test for excess errors)
ERROR: objc.dg/no-extra-load.m: error executing dg-final: couldn't open "no-extra-load.s": no such file or directory
UNRESOLVED: objc.dg/no-extra-load.m: error executing dg-final: couldn't open "no-extra-load.s": no such file or directory
FAIL: objc.dg/proto-lossage-3.m (test for excess errors)
WARNING: objc.dg/proto-lossage-3.m compilation failed to produce executable
FAIL: objc.dg/proto-qual-1.m (test for excess errors)
WARNING: objc.dg/proto-qual-1.m compilation failed to produce executable
FAIL: objc.dg/sizeof-1.m (test for excess errors)
WARNING: objc.dg/sizeof-1.m compilation failed to produce executable
FAIL: objc.dg/stret-1.m (test for excess errors)
WARNING: objc.dg/stret-1.m compilation failed to produce executable
FAIL: objc.dg/stret-2.m scan-assembler objc_msgSend_stret
FAIL: objc.dg/stret-2.m scan-assembler objc_msgSendSuper_stret
FAIL: objc.dg/stret-2.m scan-assembler-not objc_msgSend[^_S]
FAIL: objc.dg/stret-2.m scan-assembler-not objc_msgSendSuper[^_]
FAIL: objc.dg/super-class-3.m (test for excess errors)
WARNING: objc.dg/super-class-3.m compilation failed to produce executable
FAIL: objc.dg/symtab-1.m scan-assembler L_OBJC_SYMBOLS.*:\\n\\t.long\\t0\\n\\t.long\\t0\\n\\t.short\\t2\\n\\t.short\\t0\\n\\t.long\\tL_OBJC_CLASS_Derived.*\\n\\t.long\\tL_OBJC_CLASS_Base.*\\n
FAIL: objc.dg/type-size-2.m (test for excess errors)
WARNING: objc.dg/type-size-2.m compilation failed to produce executable
FAIL: objc.dg/va-meth-1.m (test for excess errors)
WARNING: objc.dg/va-meth-1.m compilation failed to produce executable
FAIL: objc.dg/zero-link-3.m (test for excess errors)
WARNING: objc.dg/zero-link-3.m compilation failed to produce executable
FAIL: objc.dg-struct-layout-encoding-1/t001_main.m execution test
FAIL: objc.dg-struct-layout-encoding-1/t005_main.m execution test
FAIL: objc.dg-struct-layout-encoding-1/t009_main.m execution test
FAIL: objc.dg-struct-layout-encoding-1/t010_main.m execution test
FAIL: objc.dg-struct-layout-encoding-1/t013_main.m execution test
FAIL: objc.dg-struct-layout-encoding-1/t014_main.m execution test
FAIL: objc.dg-struct-layout-encoding-1/t016_main.m execution test
FAIL: objc.dg-struct-layout-encoding-1/t017_main.m execution test
FAIL: objc.dg-struct-layout-encoding-1/t018_main.m execution test
FAIL: objc.dg-struct-layout-encoding-1/t019_main.m execution test
FAIL: objc.dg-struct-layout-encoding-1/t020_main.m execution test
FAIL: objc.dg-struct-layout-encoding-1/t021_main.m execution test
FAIL: objc.dg-struct-layout-encoding-1/t023_main.m execution test
FAIL: objc.dg-struct-layout-encoding-1/t024_main.m execution test
FAIL: objc.dg/special/unclaimed-category-1.m unclaimed-category-1a.o (test for excess errors)
WARNING: objc.dg/special/unclaimed-category-1.m unclaimed-category-1a.o compilation failed to produce executable

		=== objc Summary ===

# of expected passes		1656
# of unexpected failures	118
# of expected failures		17
# of unresolved testcases	1
# of unsupported tests		1
/Users/gcc-test/programs/gcc/mainline/objdir/gcc/xgcc  version 4.3.0 20061206 (experimental)

		=== libgomp tests ===


Running target unix

		=== libgomp Summary ===

# of expected passes		1328
# of unsupported tests		111
		=== libstdc++ tests ===


Running target unix
FAIL: 21_strings/basic_string/cons/char/1.cc execution test
FAIL: 21_strings/basic_string/cons/wchar_t/1.cc execution test
XPASS: 21_strings/basic_string/element_access/char/21674.cc execution test
XPASS: 21_strings/basic_string/element_access/wchar_t/21674.cc execution test
FAIL: 21_strings/basic_string/insert/char/1.cc execution test
FAIL: 21_strings/basic_string/insert/wchar_t/1.cc execution test
XPASS: 26_numerics/cmath/c99_classification_macros_c.cc (test for excess errors)
WARNING: program timed out.
FAIL: 27_io/ios_base/storage/2.cc execution test
FAIL: ext/mt_allocator/deallocate_local_thread-5.cc execution test
FAIL: ext/mt_allocator/deallocate_local_thread-7.cc execution test
FAIL: ext/pb_ds/example/priority_queue_dijkstra.cc execution test
WARNING: program timed out.
FAIL: ext/pb_ds/regression/tree_data_map_rand.cc (test for excess errors)
WARNING: ext/pb_ds/regression/tree_data_map_rand.cc compilation failed to produce executable
WARNING: program timed out.
FAIL: ext/pb_ds/regression/tree_no_data_map_rand.cc (test for excess errors)
WARNING: ext/pb_ds/regression/tree_no_data_map_rand.cc compilation failed to produce executable

		=== libstdc++ Summary ===

# of expected passes		3816
# of unexpected failures	10
# of unexpected successes	3
# of expected failures		13
# of unsupported tests		318

Compiler version: 4.3.0 20061206 (experimental) 
Platform: powerpc64-apple-darwin8.8.0
configure flags: --build=powerpc64-apple-darwin8.8.0 --host=powerpc64-apple-darwin8.8.0 --target=powerpc64-apple-darwin8.8.0 --with-gmp=/pkgs/gmp-4.2.1-64/ --with-mpfr=/pkgs/gmp-4.2.1-64/ --prefix=/pkgs/gcc-4.3.0-64 --enable-languages=c,c++,fortran,java,objc
BOOT_CFLAGS=-g -O2
Counting all warnings,
there are 0 warnings in stage3 of this bootstrap.

Number of warnings per file:

Number of warning types:


Index Nav: [Date Index] [Subject Index] [Author Index] [Thread Index]
Message Nav: [Date Prev] [Date Next] [Thread Prev] [Thread Next]