This is the mail archive of the gcc-testresults@gcc.gnu.org mailing list for the GCC project.


Index Nav: [Date Index] [Subject Index] [Author Index] [Thread Index]
Message Nav: [Date Prev] [Date Next] [Thread Prev] [Thread Next]
Other format: [Raw text]

Results for 4.2.0 20061206 (prerelease) testsuite on i686-pc-linux-gnu


This is a Red Hat Enterprise (GNU/)Linux WS release 3 system
(yes, horribly old) running on a dual 2.2 GHz Intel Xeon system.

boot compiler: gcc 3.4.2

kernel: 2.4.21-32.EL (from Red Hat)
glibc: 2.3.2-95.33 (from Red Hat)
binutils: 2.17 (FSF release)
MPFR: 2.2.1

Only C, C++, ObjC, and Fortran are tested (no Java).
LAST_UPDATED: Wed Dec  6 08:43:21 UTC 2006 (revision 119576)

Native configuration is i686-pc-linux-gnu

		=== g++ tests ===


Running target unix
XPASS: g++.dg/tree-ssa/ivopts-1.C scan-tree-dump-not &x\\[5\\]

		=== g++ Summary ===

# of expected passes		13283
# of unexpected successes	1
# of expected failures		68
# of unsupported tests		73
/var/tmp/gccbuild/4_2_branch/gcc/testsuite/g++/../../g++  version 4.2.0 20061206 (prerelease)

		=== gcc tests ===


Running target unix
FAIL: gcc.c-torture/execute/mayalias-2.c compilation,  -O3 -g  (internal compiler error)
UNRESOLVED: gcc.c-torture/execute/mayalias-2.c execution,  -O3 -g 
FAIL: gcc.dg/tree-ssa/loadpre1.c scan-tree-dump-times Eliminated: 1 1
FAIL: gcc.dg/tree-ssa/loadpre14.c scan-tree-dump-times Eliminated: 1 1
FAIL: gcc.dg/tree-ssa/loadpre15.c scan-tree-dump-times Eliminated: 1 1
FAIL: gcc.target/i386/vectorize1.c (internal compiler error)
FAIL: gcc.target/i386/vectorize1.c (test for excess errors)

		=== gcc Summary ===

# of expected passes		41665
# of unexpected failures	6
# of expected failures		112
# of unresolved testcases	1
# of untested testcases		28
# of unsupported tests		292
/var/tmp/gccbuild/4_2_branch/gcc/xgcc  version 4.2.0 20061206 (prerelease)

		=== gfortran tests ===


Running target unix

		=== gfortran Summary ===

# of expected passes		15091
# of expected failures		15
# of unsupported tests		16
/var/tmp/gccbuild/4_2_branch/gcc/testsuite/gfortran/../../gfortran  version 4.2.0 20061206 (prerelease)

		=== objc tests ===


Running target unix

		=== objc Summary ===

# of expected passes		1760
# of expected failures		7
# of unsupported tests		24
/var/tmp/gccbuild/4_2_branch/gcc/xgcc  version 4.2.0 20061206 (prerelease)

		=== libgomp tests ===


Running target unix

		=== libgomp Summary ===

# of expected passes		1548
		=== libmudflap tests ===


Running target unix

		=== libmudflap Summary ===

# of expected passes		1814
		=== libstdc++ tests ===


Running target unix
XPASS: 26_numerics/cmath/c99_classification_macros_c.cc (test for excess errors)

		=== libstdc++ Summary ===

# of expected passes		1731
# of unexpected successes	1
# of expected failures		8

Compiler version: 4.2.0 20061206 (prerelease) 
Platform: i686-pc-linux-gnu
configure flags: --prefix=/usr/localdisk/gcc-cvs/4_2_branch --with-gnu-as --with-as=/remote/atg5/jbuck/binutils-2.17-linux/bin/as --with-gnu-ld --with-ld=/remote/atg5/jbuck/binutils-2.17-linux/bin/ld --with-mpfr=/remote/atg5/jbuck/mpfr-linux --enable-languages=c,c++,fortran,objc


Index Nav: [Date Index] [Subject Index] [Author Index] [Thread Index]
Message Nav: [Date Prev] [Date Next] [Thread Prev] [Thread Next]