This is the mail archive of the gcc-testresults@gcc.gnu.org mailing list for the GCC project.


Index Nav: [Date Index] [Subject Index] [Author Index] [Thread Index]
Message Nav: [Date Prev] [Date Next] [Thread Prev] [Thread Next]
Other format: [Raw text]

Results for 4.3.0 20061205 (experimental) testsuite on i686-pc-linux-gnu


LAST_UPDATED: Tue Dec  5 12:07:10 UTC 2006 (revision 119539)

Native configuration is i686-pc-linux-gnu

		=== g++ tests ===


Running target unix
FAIL: g++.dg/opt/alias4.C execution test
XPASS: g++.dg/tree-ssa/ivopts-1.C scan-tree-dump-not &x\\[5\\]

		=== g++ Summary ===

# of expected passes		13319
# of unexpected failures	1
# of unexpected successes	1
# of expected failures		68
# of unsupported tests		75
/home/cuiwd/gcc4/obj/gcc/testsuite/g++/../../g++  version 4.3.0 20061205 (experimental)

		=== gcc tests ===


Running target unix
WARNING: program timed out.
FAIL: gcc.c-torture/compile/20001226-1.c  -O0  (test for excess errors)
FAIL: gcc.c-torture/execute/mayalias-2.c compilation,  -O3 -g  (internal compiler error)
UNRESOLVED: gcc.c-torture/execute/mayalias-2.c execution,  -O3 -g 
FAIL: gcc.c-torture/execute/mayalias-3.c compilation,  -O3 -g  (internal compiler error)
UNRESOLVED: gcc.c-torture/execute/mayalias-3.c execution,  -O3 -g 
FAIL: gcc.c-torture/execute/pr29156.c execution,  -O2 
FAIL: gcc.dg/alias-10.c scan-tree-dump-times Unswitching 1
FAIL: gcc.dg/tree-ssa/loadpre1.c scan-tree-dump-times Eliminated: 1 1
FAIL: gcc.dg/vect/vect-101.c scan-tree-dump-times vectorized 1 loops 0
FAIL: gcc.dg/vect/vect-101.c scan-tree-dump-times can't determine dependence 1
FAIL: gcc.dg/vect/vect-pow-2.c scan-tree-dump pattern recognized

		=== gcc Summary ===

# of expected passes		42403
# of unexpected failures	9
# of expected failures		112
# of unresolved testcases	2
# of untested testcases		28
# of unsupported tests		297
/home/cuiwd/gcc4/obj/gcc/xgcc  version 4.3.0 20061205 (experimental)

		=== libstdc++ tests ===


Running target unix
FAIL: abi_check
FAIL: 17_intro/no_assert_neg.cc (test for excess errors)
FAIL: 20_util/memory/auto_ptr/assign_neg.cc (test for excess errors)
FAIL: 23_containers/list/23781.cc (test for excess errors)
FAIL: 23_containers/map/23781.cc (test for excess errors)
FAIL: 23_containers/map/operators/1_neg.cc (test for excess errors)
FAIL: 23_containers/multimap/23781.cc (test for excess errors)
FAIL: 23_containers/multiset/23781.cc (test for excess errors)
FAIL: 23_containers/set/23781.cc (test for excess errors)
FAIL: 23_containers/set/operators/1_neg.cc (test for excess errors)
FAIL: 27_io/ios_base/cons/assign_neg.cc (test for excess errors)
FAIL: 27_io/ios_base/cons/copy_neg.cc (test for excess errors)
FAIL: ext/pb_ds/example/hash_find_neg.cc (test for excess errors)
FAIL: ext/slist/23781.cc (test for excess errors)
FAIL: ext/type_traits/add_unsigned_integer_neg.cc (test for excess errors)
FAIL: ext/type_traits/remove_unsigned_integer_neg.cc (test for excess errors)
FAIL: tr1/2_general_utilities/memory/shared_ptr/assign/shared_ptr_neg.cc (test for excess errors)
FAIL: tr1/2_general_utilities/memory/shared_ptr/modifiers/reset_neg.cc (test for excess errors)
FAIL: tr1/2_general_utilities/memory/shared_ptr/modifiers/swap_neg.cc (test for excess errors)
FAIL: tr1/5_numerical_facilities/random/linear_congruential/requirements/non_uint_neg.cc (test for excess errors)
FAIL: tr1/6_containers/unordered/23781.cc (test for excess errors)
FAIL: tr1/6_containers/unordered/types/map_iterator.cc (test for excess errors)
FAIL: tr1/6_containers/unordered/types/multimap_iterator.cc (test for excess errors)
FAIL: tr1/6_containers/unordered/types/multiset_iterator.cc (test for excess errors)
FAIL: tr1/6_containers/unordered/types/set_iterator.cc (test for excess errors)

		=== libstdc++ Summary ===

# of expected passes		3806
# of unexpected failures	25
# of expected failures		16
# of unsupported tests		316

Compiler version: 4.3.0 20061205 (experimental) 
Platform: i686-pc-linux-gnu
configure flags: --enable-shared --enable-threads --disable-libmudflap --disable-libssp --disable-libgomp --disable-libstdcxx-pch --enable-target=all --with-gnu-as --with-gnug-ld --prefix=/home/cuiwd/gcc4/ins/ --disable-nls --with-mpfr=/usr/local --enable-languages=c,c++


Index Nav: [Date Index] [Subject Index] [Author Index] [Thread Index]
Message Nav: [Date Prev] [Date Next] [Thread Prev] [Thread Next]