This is the mail archive of the gcc-testresults@gcc.gnu.org mailing list for the GCC project.


Index Nav: [Date Index] [Subject Index] [Author Index] [Thread Index]
Message Nav: [Date Prev] [Date Next] [Thread Prev] [Thread Next]
Other format: [Raw text]

Results for 4.3.0 20061203 (experimental) testsuite on ia64-suse-linux-gnu


LAST_UPDATED: Mon Dec  4 09:00:10 UTC 2006 (revision 119461M)

		=== acats tests ===
FAIL:	c38005a
FAIL:	c99005a
FAIL:	cxh1001

		=== acats Summary ===
# of expected passes		2312
# of unexpected failures	3
Native configuration is ia64-suse-linux-gnu

		=== g++ tests ===


Running target unix

		=== g++ Summary ===

# of expected passes		12642
# of expected failures		67
# of unsupported tests		114
/tmp/cvs/gcc-20061204/Build/gcc/testsuite/g++/../../g++  version 4.3.0 20061203 (experimental)

		=== gcc tests ===


Running target unix
FAIL: gcc.c-torture/execute/mayalias-2.c compilation,  -O3 -g  (internal compiler error)
UNRESOLVED: gcc.c-torture/execute/mayalias-2.c execution,  -O3 -g 
FAIL: gcc.c-torture/execute/mayalias-3.c compilation,  -O3 -g  (internal compiler error)
UNRESOLVED: gcc.c-torture/execute/mayalias-3.c execution,  -O3 -g 
FAIL: gcc.dg/alias-10.c scan-tree-dump-times Unswitching 1
FAIL: gcc.dg/builtin-apply4.c execution test
FAIL: gcc.dg/nrv2.c scan-assembler-not memcpy
WARNING: gcc.dg/torture/fp-int-convert-float128-timode.c  -O0  compilation failed to produce executable
WARNING: gcc.dg/torture/fp-int-convert-float128-timode.c  -O1  compilation failed to produce executable
WARNING: gcc.dg/torture/fp-int-convert-float128-timode.c  -O2  compilation failed to produce executable
WARNING: gcc.dg/torture/fp-int-convert-float128-timode.c  -O3 -fomit-frame-pointer  compilation failed to produce executable
WARNING: gcc.dg/torture/fp-int-convert-float128-timode.c  -O3 -g  compilation failed to produce executable
WARNING: gcc.dg/torture/fp-int-convert-float128-timode.c  -Os  compilation failed to produce executable
FAIL: gcc.dg/torture/fp-int-convert-float128.c  -O0  (test for excess errors)
WARNING: gcc.dg/torture/fp-int-convert-float128.c  -O0  compilation failed to produce executable
FAIL: gcc.dg/torture/fp-int-convert-float128.c  -O1  (test for excess errors)
WARNING: gcc.dg/torture/fp-int-convert-float128.c  -O1  compilation failed to produce executable
FAIL: gcc.dg/torture/fp-int-convert-float128.c  -O2  (test for excess errors)
WARNING: gcc.dg/torture/fp-int-convert-float128.c  -O2  compilation failed to produce executable
FAIL: gcc.dg/torture/fp-int-convert-float128.c  -O3 -fomit-frame-pointer  (test for excess errors)
WARNING: gcc.dg/torture/fp-int-convert-float128.c  -O3 -fomit-frame-pointer  compilation failed to produce executable
FAIL: gcc.dg/torture/fp-int-convert-float128.c  -O3 -g  (test for excess errors)
WARNING: gcc.dg/torture/fp-int-convert-float128.c  -O3 -g  compilation failed to produce executable
FAIL: gcc.dg/torture/fp-int-convert-float128.c  -Os  (test for excess errors)
WARNING: gcc.dg/torture/fp-int-convert-float128.c  -Os  compilation failed to produce executable
FAIL: gcc.dg/tree-ssa/loadpre1.c scan-tree-dump-times Eliminated: 1 1
FAIL: gcc.dg/tree-ssa/loadpre14.c scan-tree-dump-times Eliminated: 1 1
FAIL: gcc.dg/tree-ssa/loadpre15.c scan-tree-dump-times Eliminated: 1 1
XPASS: gcc.dg/tree-ssa/loop-1.c scan-assembler-times foo 5
XPASS: gcc.dg/vect/pr16105.c scan-tree-dump-times vectorized 1 loops 1
XPASS: gcc.dg/vect/pr20122.c scan-tree-dump-times vectorized 1 loops 2
XPASS: gcc.dg/vect/vect-105.c scan-tree-dump-times vectorized 1 loops 1
XPASS: gcc.dg/vect/vect-30.c scan-tree-dump-times vectorized 1 loops 2
XPASS: gcc.dg/vect/vect-42.c scan-tree-dump-times vectorized 1 loops 1
XPASS: gcc.dg/vect/vect-43.c scan-tree-dump-times vectorized 1 loops 1
XPASS: gcc.dg/vect/vect-74.c scan-tree-dump-times vectorized 1 loops 1
XPASS: gcc.dg/vect/vect-75.c scan-tree-dump-times vectorized 1 loops 1
XPASS: gcc.dg/vect/vect-8.c scan-tree-dump-times vectorized 1 loops 1
XPASS: gcc.dg/vect/vect-multitypes-3.c scan-tree-dump-times vectorized 1 loops 1
XPASS: gcc.dg/vect/vect-multitypes-6.c scan-tree-dump-times vectorized 1 loops 1
FAIL: gcc.dg/vect/vect-pow-2.c scan-tree-dump pattern recognized
FAIL: gcc.dg/vect/vect-reduc-dot-s16b.c scan-tree-dump-times vectorized 1 loops 0
FAIL: gcc.dg/vect/vect-reduc-pattern-1a.c scan-tree-dump-times vectorized 1 loops 0
FAIL: gcc.dg/vect/vect-reduc-pattern-1c.c scan-tree-dump-times vectorized 1 loops 0
FAIL: gcc.dg/vect/vect-reduc-pattern-2a.c scan-tree-dump-times vectorized 1 loops 0
FAIL: gcc.dg/vect/wrapv-vect-reduc-pattern-2c.c scan-tree-dump-times vectorized 1 loops 0

		=== gcc Summary ===

# of expected passes		40957
# of unexpected failures	20
# of unexpected successes	12
# of expected failures		157
# of unresolved testcases	2
# of untested testcases		28
# of unsupported tests		351
/tmp/cvs/gcc-20061204/Build/gcc/xgcc  version 4.3.0 20061203 (experimental)

		=== gfortran tests ===


Running target unix
FAIL: gfortran.dg/vect/vect-4.f90  -O  scan-tree-dump-times Alignment of access forced using peeling 1
FAIL: gfortran.dg/vect/vect-4.f90  -O  scan-tree-dump-times Vectorizing an unaligned access 1

		=== gfortran Summary ===

# of expected passes		15420
# of unexpected failures	2
# of expected failures		11
# of unsupported tests		27
/tmp/cvs/gcc-20061204/Build/gcc/testsuite/gfortran/../../gfortran  version 4.3.0 20061203 (experimental)

		=== gnat tests ===


Running target unix
FAIL: gnat.dg/frame_overflow.adb  (test for errors, line 12)
FAIL: gnat.dg/frame_overflow.adb  (test for errors, line 21)

		=== gnat Summary ===

# of expected passes		112
# of unexpected failures	2
		=== objc tests ===


Running target unix

		=== objc Summary ===

# of expected passes		1758
# of expected failures		7
# of unsupported tests		25
/tmp/cvs/gcc-20061204/Build/gcc/xgcc  version 4.3.0 20061203 (experimental)

		=== libffi tests ===


Running target unix

		=== libffi Summary ===

# of expected passes		1084
# of unsupported tests		8
		=== libgomp tests ===


Running target unix
FAIL: libgomp.c++/pr27337.C  -O0  execution test
FAIL: libgomp.fortran/character1.f90  -O0  execution test
FAIL: libgomp.fortran/reference1.f90  -O0  execution test
FAIL: libgomp.fortran/reference2.f90  -O0  execution test

		=== libgomp Summary ===

# of expected passes		1540
# of unexpected failures	4
		=== libjava tests ===


Running target unix
FAIL: Throw_3 -O3 output - source compiled test
FAIL: Throw_3 -O3 output - bytecode->native test
FAIL: Throw_3 -O3 -findirect-dispatch output - bytecode->native test

		=== libjava Summary ===

# of expected passes		7033
# of unexpected failures	3
# of expected failures		12
# of untested testcases		8
		=== libmudflap tests ===


Running target unix
FAIL: libmudflap.cth/pass59-frag.c (test for excess errors)
FAIL: libmudflap.cth/pass59-frag.c (-O2) (test for excess errors)
FAIL: libmudflap.cth/pass59-frag.c (-O3) (test for excess errors)

		=== libmudflap Summary ===

# of expected passes		1372
# of unexpected failures	3
		=== libstdc++ tests ===


Running target unix
FAIL: abi_check
XPASS: 26_numerics/cmath/c99_classification_macros_c.cc (test for excess errors)
XPASS: 27_io/fpos/14320-1.cc execution test

		=== libstdc++ Summary ===

# of expected passes		4461
# of unexpected failures	1
# of unexpected successes	2
# of expected failures		14

Compiler version: 4.3.0 20061203 (experimental) 
Platform: ia64-suse-linux-gnu
configure flags: --prefix=/tmp/cvs/gcc-20061204/Build/root --host=ia64-suse-linux --enable-shared --enable-threads --enable-__cxa_atexit --with-system-zlib --with-system-libunwind --enable-languages=c,ada,c++,fortran,java,objc


Index Nav: [Date Index] [Subject Index] [Author Index] [Thread Index]
Message Nav: [Date Prev] [Date Next] [Thread Prev] [Thread Next]