This is the mail archive of the gcc-testresults@gcc.gnu.org mailing list for the GCC project.


Index Nav: [Date Index] [Subject Index] [Author Index] [Thread Index]
Message Nav: [Date Prev] [Date Next] [Thread Prev] [Thread Next]
Other format: [Raw text]

Results for 4.3.0 20061202 (experimental) testsuite on hppa2.0w-hp-hpux11.11


LAST_UPDATED: Sat Dec  2 22:08:46 UTC 2006 (revision 119453M)

		=== acats tests ===
FAIL:	cxh1001

		=== acats Summary ===
# of expected passes		2314
# of unexpected failures	1
Native configuration is hppa2.0w-hp-hpux11.11

		=== g++ tests ===


Running target unix
XPASS: g++.dg/tree-ssa/ivopts-1.C scan-tree-dump-not &x\\[5\\]
FAIL: g++.old-deja/g++.abi/cxa_vec.C execution test

		=== g++ Summary ===

# of expected passes		12677
# of unexpected failures	1
# of unexpected successes	1
# of expected failures		71
# of unsupported tests		184
/test/gnu/gcc/objdir/gcc/testsuite/g++/../../g++  version 4.3.0 20061202 (experimental)

		=== gcc tests ===


Running target unix
XPASS: gcc.dg/cpp/cmdlne-dI-M.c scan-file (^|\\\\n)cmdlne-dI-M.*:[^\\\\n]*cmdlne-dI-M.c
XPASS: gcc.dg/cpp/cmdlne-dM-M.c scan-file (^|\\\\n)cmdlne-dM-M[^\\\\n]*:[^\\\\n]*cmdlne-dM-M.c
FAIL: gcc.dg/alias-10.c scan-tree-dump-times Unswitching 1
FAIL: gcc.dg/builtin-bswap-1.c (test for excess errors)
ERROR: gcc.dg/builtin-bswap-1.c: error executing dg-final: couldn't open "builtin-bswap-1.s": no such file or directory
UNRESOLVED: gcc.dg/builtin-bswap-1.c: error executing dg-final: couldn't open "builtin-bswap-1.s": no such file or directory
FAIL: gcc.dg/builtin-bswap-2.c (test for excess errors)
WARNING: gcc.dg/builtin-bswap-2.c compilation failed to produce executable
FAIL: gcc.dg/builtin-bswap-3.c (test for excess errors)
WARNING: gcc.dg/builtin-bswap-3.c compilation failed to produce executable
FAIL: gcc.dg/builtin-bswap-4.c (test for excess errors)
WARNING: gcc.dg/builtin-bswap-4.c compilation failed to produce executable
FAIL: gcc.dg/builtins-57.c scan-tree-dump trunc
FAIL: gcc.dg/nrv2.c scan-assembler-not memcpy
FAIL: gcc.dg/pr28796-2.c (test for excess errors)
WARNING: gcc.dg/pr28796-2.c compilation failed to produce executable
FAIL: gcc.dg/noncompile/pr16876.c  -O0   (test for errors, line 10)
FAIL: gcc.dg/noncompile/pr16876.c  -O1   (test for errors, line 10)
FAIL: gcc.dg/noncompile/pr16876.c  -O2   (test for errors, line 10)
FAIL: gcc.dg/noncompile/pr16876.c  -O3 -fomit-frame-pointer   (test for errors, line 10)
FAIL: gcc.dg/noncompile/pr16876.c  -O3 -g   (test for errors, line 10)
FAIL: gcc.dg/noncompile/pr16876.c  -Os   (test for errors, line 10)
FAIL: gcc.dg/torture/builtin-sin-mpfr-1.c  -O0  (test for excess errors)
FAIL: gcc.dg/torture/builtin-sin-mpfr-1.c  -O1  (test for excess errors)
FAIL: gcc.dg/torture/builtin-sin-mpfr-1.c  -O2  (test for excess errors)
FAIL: gcc.dg/torture/builtin-sin-mpfr-1.c  -O3 -fomit-frame-pointer  (test for excess errors)
FAIL: gcc.dg/torture/builtin-sin-mpfr-1.c  -O3 -fomit-frame-pointer -funroll-loops  (test for excess errors)
FAIL: gcc.dg/torture/builtin-sin-mpfr-1.c  -O3 -fomit-frame-pointer -funroll-all-loops -finline-functions  (test for excess errors)
FAIL: gcc.dg/torture/builtin-sin-mpfr-1.c  -O3 -g  (test for excess errors)
FAIL: gcc.dg/torture/builtin-sin-mpfr-1.c  -Os  (test for excess errors)
FAIL: gcc.dg/tree-ssa/loadpre1.c scan-tree-dump-times Eliminated: 1 1
FAIL: gcc.dg/tree-ssa/loadpre14.c scan-tree-dump-times Eliminated: 1 1
FAIL: gcc.dg/tree-ssa/loadpre15.c scan-tree-dump-times Eliminated: 1 1

		=== gcc Summary ===

# of expected passes		40094
# of unexpected failures	25
# of unexpected successes	2
# of expected failures		80
# of unresolved testcases	1
# of untested testcases		28
# of unsupported tests		504
/test/gnu/gcc/objdir/gcc/xgcc  version 4.3.0 20061202 (experimental)

		=== gfortran tests ===


Running target unix

		=== gfortran Summary ===

# of expected passes		15163
# of expected failures		6
# of unsupported tests		105
/test/gnu/gcc/objdir/gcc/testsuite/gfortran/../../gfortran  version 4.3.0 20061202 (experimental)

		=== gnat tests ===


Running target unix

		=== gnat Summary ===

# of expected passes		114
		=== obj-c++ tests ===


Running target unix
FAIL: obj-c++.dg/bitfield-1.mm (internal compiler error)
FAIL: obj-c++.dg/bitfield-1.mm (test for excess errors)
WARNING: obj-c++.dg/bitfield-1.mm compilation failed to produce executable
FAIL: obj-c++.dg/comp-types-10.mm (internal compiler error)
FAIL: obj-c++.dg/comp-types-10.mm (test for excess errors)
FAIL: obj-c++.dg/cxx-ivars-2.mm execution test
FAIL: obj-c++.dg/encode-8.mm execution test
FAIL: obj-c++.dg/gnu-runtime-2.mm (test for excess errors)
FAIL: obj-c++.dg/isa-field-1.mm (test for excess errors)
FAIL: obj-c++.dg/lookup-2.mm (test for excess errors)
WARNING: obj-c++.dg/lookup-2.mm compilation failed to produce executable
FAIL: obj-c++.dg/try-catch-2.mm (test for excess errors)
WARNING: obj-c++.dg/try-catch-2.mm compilation failed to produce executable
FAIL: obj-c++.dg/try-catch-9.mm (internal compiler error)
FAIL: obj-c++.dg/try-catch-9.mm (test for excess errors)
WARNING: obj-c++.dg/try-catch-9.mm compilation failed to produce executable

		=== obj-c++ Summary ===

# of expected passes		423
# of unexpected failures	12
# of unsupported tests		14
/test/gnu/gcc/objdir/gcc/testsuite/obj-c++/../../g++  version 4.3.0 20061202 (experimental)

		=== objc tests ===


Running target unix

		=== objc Summary ===

# of expected passes		1754
# of expected failures		7
# of unsupported tests		27
/test/gnu/gcc/objdir/gcc/xgcc  version 4.3.0 20061202 (experimental)

		=== libffi tests ===


Running target unix

		=== libffi Summary ===

# of expected passes		1084
# of unsupported tests		8
		=== libgomp tests ===


Running target unix
WARNING: program timed out.
FAIL: libgomp.c++/nested-1.C  -O0  execution test
FAIL: libgomp.c++/nested-1.C  -O1  execution test
FAIL: libgomp.c++/pr27337.C  -O0  execution test
FAIL: libgomp.fortran/character1.f90  -O0  execution test
FAIL: libgomp.fortran/reference1.f90  -O0  execution test
FAIL: libgomp.fortran/reference2.f90  -O0  execution test

		=== libgomp Summary ===

# of expected passes		1304
# of unexpected failures	6
# of unsupported tests		118
		=== libjava tests ===


Running target unix
FAIL: LargeFile execution - source compiled test
FAIL: LargeFile execution - gij test
FAIL: LargeFile execution - bytecode->native test
FAIL: LargeFile execution - gij test
FAIL: LargeFile -findirect-dispatch execution - bytecode->native test
FAIL: LargeFile -O3 execution - source compiled test
FAIL: LargeFile execution - gij test
FAIL: LargeFile -O3 execution - bytecode->native test
FAIL: LargeFile execution - gij test
FAIL: LargeFile -O3 -findirect-dispatch execution - bytecode->native test
FAIL: SyncTest execution - gij test

		=== libjava Summary ===

# of expected passes		7014
# of unexpected failures	11
# of expected failures		12
# of untested testcases		19
		=== libstdc++ tests ===


Running target unix
FAIL: 23_containers/deque/check_construct_destroy.cc (test for excess errors)
WARNING: 23_containers/deque/check_construct_destroy.cc compilation failed to produce executable
FAIL: 23_containers/deque/cons/2.cc (test for excess errors)
WARNING: 23_containers/deque/cons/2.cc compilation failed to produce executable
FAIL: 23_containers/list/check_construct_destroy.cc (test for excess errors)
WARNING: 23_containers/list/check_construct_destroy.cc compilation failed to produce executable
FAIL: 23_containers/set/check_construct_destroy.cc (test for excess errors)
WARNING: 23_containers/set/check_construct_destroy.cc compilation failed to produce executable
FAIL: 23_containers/vector/capacity/2.cc (test for excess errors)
WARNING: 23_containers/vector/capacity/2.cc compilation failed to produce executable
FAIL: 23_containers/vector/check_construct_destroy.cc (test for excess errors)
WARNING: 23_containers/vector/check_construct_destroy.cc compilation failed to produce executable
FAIL: 23_containers/vector/cons/4.cc (test for excess errors)
WARNING: 23_containers/vector/cons/4.cc compilation failed to produce executable
FAIL: ext/hash_set/check_construct_destroy.cc (test for excess errors)
WARNING: ext/hash_set/check_construct_destroy.cc compilation failed to produce executable
FAIL: ext/pool_allocator/allocate_chunk.cc execution test
FAIL: ext/slist/check_construct_destroy.cc (test for excess errors)
WARNING: ext/slist/check_construct_destroy.cc compilation failed to produce executable

		=== libstdc++ Summary ===

# of expected passes		3779
# of unexpected failures	10
# of expected failures		15
# of unsupported tests		332

Compiler version: 4.3.0 20061202 (experimental) 
Platform: hppa2.0w-hp-hpux11.11
configure flags: --with-gnu-as --with-as=/opt/gnu/bin/as --enable-shared --disable-nls --with-local-prefix=/opt/gnu --prefix=/opt/gnu/gcc/gcc-4.3.0 --enable-debug=no --enable-threads=posix --with-mpfr=/opt/gnu/gcc/gcc-4.3.0 --with-gmp=/opt/gnu/gcc/gcc-4.3.0 --disable-libmudflap --enable-languages=c,ada,c++,fortran,java,objc,obj-c++


Index Nav: [Date Index] [Subject Index] [Author Index] [Thread Index]
Message Nav: [Date Prev] [Date Next] [Thread Prev] [Thread Next]