This is the mail archive of the gcc-testresults@gcc.gnu.org mailing list for the GCC project.


Index Nav: [Date Index] [Subject Index] [Author Index] [Thread Index]
Message Nav: [Date Prev] [Date Next] [Thread Prev] [Thread Next]
Other format: [Raw text]

Results for 4.3.0 20061201 (experimental) [trunk revision 119401] testsuite on i686-pc-linux-gnu


LAST_UPDATED: Fri Dec  1 15:05:26 UTC 2006 (revision 119401)

Native configuration is i686-pc-linux-gnu

		=== gcc tests ===


Running target unix
FAIL: gcc.c-torture/execute/mayalias-2.c compilation,  -O3 -g  (internal compiler error)
UNRESOLVED: gcc.c-torture/execute/mayalias-2.c execution,  -O3 -g 
FAIL: gcc.c-torture/execute/mayalias-3.c compilation,  -O3 -g  (internal compiler error)
UNRESOLVED: gcc.c-torture/execute/mayalias-3.c execution,  -O3 -g 
FAIL: gcc.dg/alias-10.c scan-tree-dump-times Unswitching 1
FAIL: gcc.dg/visibility-11.c scan-assembler memcpy@PLT
FAIL: gcc.dg/tree-ssa/loadpre1.c scan-tree-dump-times Eliminated: 1 1
FAIL: gcc.dg/tree-ssa/loadpre14.c scan-tree-dump-times Eliminated: 1 1
FAIL: gcc.dg/tree-ssa/loadpre15.c scan-tree-dump-times Eliminated: 1 1
FAIL: gcc.dg/vect/vect-pow-2.c scan-tree-dump pattern recognized

		=== gcc Summary ===

# of expected passes		42394
# of unexpected failures	8
# of expected failures		112
# of unresolved testcases	2
# of untested testcases		28
# of unsupported tests		297
/export/build/gnu/gcc/build-i686-linux/gcc/xgcc  version 4.3.0 20061201 (experimental) [trunk revision 119401]

		=== gfortran tests ===


Running target unix

		=== gfortran Summary ===

# of expected passes		15387
# of expected failures		7
# of unsupported tests		16
/export/build/gnu/gcc/build-i686-linux/gcc/testsuite/gfortran/../../gfortran  version 4.3.0 20061201 (experimental) [trunk revision 119401]

		=== g++ tests ===


Running target unix
XPASS: g++.dg/tree-ssa/ivopts-1.C scan-tree-dump-not &x\\[5\\]

		=== g++ Summary ===

# of expected passes		13297
# of unexpected successes	1
# of expected failures		68
# of unsupported tests		75
/export/build/gnu/gcc/build-i686-linux/gcc/testsuite/g++/../../g++  version 4.3.0 20061201 (experimental) [trunk revision 119401]

		=== objc tests ===


Running target unix

		=== objc Summary ===

# of expected passes		1760
# of expected failures		7
# of unsupported tests		24
/export/build/gnu/gcc/build-i686-linux/gcc/xgcc  version 4.3.0 20061201 (experimental) [trunk revision 119401]

		=== libffi tests ===


Running target unix
FAIL: libffi.call/return_fl2.c -O0 -W -Wall execution test
FAIL: libffi.call/return_fl2.c -O2 execution test
FAIL: libffi.call/return_fl2.c -O3 execution test
FAIL: libffi.call/return_fl2.c -Os execution test

		=== libffi Summary ===

# of expected passes		1080
# of unexpected failures	4
# of unsupported tests		8
		=== libgomp tests ===


Running target unix
FAIL: libgomp.c++/pr27337.C  -O0  execution test
FAIL: libgomp.c++/pr27337.C  -O1  execution test
FAIL: libgomp.fortran/character1.f90  -O0  execution test
FAIL: libgomp.fortran/omp_parse1.f90  -O0  execution test
FAIL: libgomp.fortran/reference1.f90  -O0  execution test
FAIL: libgomp.fortran/reference2.f90  -O0  execution test

		=== libgomp Summary ===

# of expected passes		1538
# of unexpected failures	6
		=== libjava tests ===


Running target unix

		=== libjava Summary ===

# of expected passes		7036
# of expected failures		12
# of untested testcases		8
		=== libmudflap tests ===


Running target unix
FAIL: libmudflap.cth/pass37-frag.c (-static -DSTATIC) execution test
FAIL: libmudflap.cth/pass37-frag.c (-static -DSTATIC) output pattern test
FAIL: libmudflap.cth/pass37-frag.c (-static -DSTATIC) (rerun 1) execution test
FAIL: libmudflap.cth/pass37-frag.c (-static -DSTATIC) (rerun 1) output pattern test
FAIL: libmudflap.cth/pass37-frag.c (-static -DSTATIC) (rerun 2) execution test
FAIL: libmudflap.cth/pass37-frag.c (-static -DSTATIC) (rerun 2) output pattern test
FAIL: libmudflap.cth/pass37-frag.c (-static -DSTATIC) (rerun 3) execution test
FAIL: libmudflap.cth/pass37-frag.c (-static -DSTATIC) (rerun 3) output pattern test
FAIL: libmudflap.cth/pass37-frag.c (-static -DSTATIC) (rerun 4) execution test
FAIL: libmudflap.cth/pass37-frag.c (-static -DSTATIC) (rerun 4) output pattern test
FAIL: libmudflap.cth/pass37-frag.c (-static -DSTATIC) (rerun 5) execution test
FAIL: libmudflap.cth/pass37-frag.c (-static -DSTATIC) (rerun 5) output pattern test
FAIL: libmudflap.cth/pass37-frag.c (-static -DSTATIC) (rerun 6) execution test
FAIL: libmudflap.cth/pass37-frag.c (-static -DSTATIC) (rerun 6) output pattern test
FAIL: libmudflap.cth/pass37-frag.c (-static -DSTATIC) (rerun 7) execution test
FAIL: libmudflap.cth/pass37-frag.c (-static -DSTATIC) (rerun 7) output pattern test
FAIL: libmudflap.cth/pass37-frag.c (-static -DSTATIC) (rerun 8) execution test
FAIL: libmudflap.cth/pass37-frag.c (-static -DSTATIC) (rerun 8) output pattern test
FAIL: libmudflap.cth/pass37-frag.c (-static -DSTATIC) (rerun 9) execution test
FAIL: libmudflap.cth/pass37-frag.c (-static -DSTATIC) (rerun 9) output pattern test
FAIL: libmudflap.cth/pass37-frag.c (-static -DSTATIC) (rerun 10) execution test
FAIL: libmudflap.cth/pass37-frag.c (-static -DSTATIC) (rerun 10) output pattern test
FAIL: libmudflap.cth/pass37-frag.c (-static -DSTATIC) (rerun 11) execution test
FAIL: libmudflap.cth/pass37-frag.c (-static -DSTATIC) (rerun 11) output pattern test
FAIL: libmudflap.cth/pass37-frag.c (-static -DSTATIC) (rerun 12) execution test
FAIL: libmudflap.cth/pass37-frag.c (-static -DSTATIC) (rerun 12) output pattern test
FAIL: libmudflap.cth/pass37-frag.c (-static -DSTATIC) (rerun 13) execution test
FAIL: libmudflap.cth/pass37-frag.c (-static -DSTATIC) (rerun 13) output pattern test
FAIL: libmudflap.cth/pass37-frag.c (-static -DSTATIC) (rerun 14) execution test
FAIL: libmudflap.cth/pass37-frag.c (-static -DSTATIC) (rerun 14) output pattern test
FAIL: libmudflap.cth/pass37-frag.c (-static -DSTATIC) (rerun 15) execution test
FAIL: libmudflap.cth/pass37-frag.c (-static -DSTATIC) (rerun 15) output pattern test
FAIL: libmudflap.cth/pass37-frag.c (-static -DSTATIC) (rerun 16) execution test
FAIL: libmudflap.cth/pass37-frag.c (-static -DSTATIC) (rerun 16) output pattern test
FAIL: libmudflap.cth/pass37-frag.c (-static -DSTATIC) (rerun 17) execution test
FAIL: libmudflap.cth/pass37-frag.c (-static -DSTATIC) (rerun 17) output pattern test
FAIL: libmudflap.cth/pass37-frag.c (-static -DSTATIC) (rerun 18) execution test
FAIL: libmudflap.cth/pass37-frag.c (-static -DSTATIC) (rerun 18) output pattern test
FAIL: libmudflap.cth/pass37-frag.c (-static -DSTATIC) (rerun 19) execution test
FAIL: libmudflap.cth/pass37-frag.c (-static -DSTATIC) (rerun 19) output pattern test
FAIL: libmudflap.cth/pass39-frag.c (-static -DSTATIC) execution test
FAIL: libmudflap.cth/pass39-frag.c (-static -DSTATIC) output pattern test
FAIL: libmudflap.cth/pass39-frag.c (-static -DSTATIC) (rerun 1) execution test
FAIL: libmudflap.cth/pass39-frag.c (-static -DSTATIC) (rerun 1) output pattern test
FAIL: libmudflap.cth/pass39-frag.c (-static -DSTATIC) (rerun 2) execution test
FAIL: libmudflap.cth/pass39-frag.c (-static -DSTATIC) (rerun 2) output pattern test
FAIL: libmudflap.cth/pass39-frag.c (-static -DSTATIC) (rerun 3) execution test
FAIL: libmudflap.cth/pass39-frag.c (-static -DSTATIC) (rerun 3) output pattern test
FAIL: libmudflap.cth/pass39-frag.c (-static -DSTATIC) (rerun 4) execution test
FAIL: libmudflap.cth/pass39-frag.c (-static -DSTATIC) (rerun 4) output pattern test
FAIL: libmudflap.cth/pass39-frag.c (-static -DSTATIC) (rerun 5) execution test
FAIL: libmudflap.cth/pass39-frag.c (-static -DSTATIC) (rerun 5) output pattern test
FAIL: libmudflap.cth/pass39-frag.c (-static -DSTATIC) (rerun 6) execution test
FAIL: libmudflap.cth/pass39-frag.c (-static -DSTATIC) (rerun 6) output pattern test
FAIL: libmudflap.cth/pass39-frag.c (-static -DSTATIC) (rerun 7) execution test
FAIL: libmudflap.cth/pass39-frag.c (-static -DSTATIC) (rerun 7) output pattern test
FAIL: libmudflap.cth/pass39-frag.c (-static -DSTATIC) (rerun 8) execution test
FAIL: libmudflap.cth/pass39-frag.c (-static -DSTATIC) (rerun 8) output pattern test
FAIL: libmudflap.cth/pass39-frag.c (-static -DSTATIC) (rerun 9) execution test
FAIL: libmudflap.cth/pass39-frag.c (-static -DSTATIC) (rerun 9) output pattern test
FAIL: libmudflap.cth/pass39-frag.c (-static -DSTATIC) (rerun 10) execution test
FAIL: libmudflap.cth/pass39-frag.c (-static -DSTATIC) (rerun 10) output pattern test
FAIL: libmudflap.cth/pass39-frag.c (-static -DSTATIC) (rerun 11) execution test
FAIL: libmudflap.cth/pass39-frag.c (-static -DSTATIC) (rerun 11) output pattern test
FAIL: libmudflap.cth/pass39-frag.c (-static -DSTATIC) (rerun 12) execution test
FAIL: libmudflap.cth/pass39-frag.c (-static -DSTATIC) (rerun 12) output pattern test
FAIL: libmudflap.cth/pass39-frag.c (-static -DSTATIC) (rerun 13) execution test
FAIL: libmudflap.cth/pass39-frag.c (-static -DSTATIC) (rerun 13) output pattern test
FAIL: libmudflap.cth/pass39-frag.c (-static -DSTATIC) (rerun 14) execution test
FAIL: libmudflap.cth/pass39-frag.c (-static -DSTATIC) (rerun 14) output pattern test
FAIL: libmudflap.cth/pass39-frag.c (-static -DSTATIC) (rerun 15) execution test
FAIL: libmudflap.cth/pass39-frag.c (-static -DSTATIC) (rerun 15) output pattern test
FAIL: libmudflap.cth/pass39-frag.c (-static -DSTATIC) (rerun 16) execution test
FAIL: libmudflap.cth/pass39-frag.c (-static -DSTATIC) (rerun 16) output pattern test
FAIL: libmudflap.cth/pass39-frag.c (-static -DSTATIC) (rerun 17) execution test
FAIL: libmudflap.cth/pass39-frag.c (-static -DSTATIC) (rerun 17) output pattern test
FAIL: libmudflap.cth/pass39-frag.c (-static -DSTATIC) (rerun 18) execution test
FAIL: libmudflap.cth/pass39-frag.c (-static -DSTATIC) (rerun 18) output pattern test
FAIL: libmudflap.cth/pass39-frag.c (-static -DSTATIC) (rerun 19) execution test
FAIL: libmudflap.cth/pass39-frag.c (-static -DSTATIC) (rerun 19) output pattern test
FAIL: libmudflap.cth/pass40-frag.c (-static -DSTATIC) execution test
FAIL: libmudflap.cth/pass40-frag.c (-static -DSTATIC) output pattern test
FAIL: libmudflap.cth/pass59-frag.c (-static -DSTATIC) execution test
FAIL: libmudflap.cth/pass59-frag.c (-static -DSTATIC) output pattern test

		=== libmudflap Summary ===

# of expected passes		1742
# of unexpected failures	84
		=== libstdc++ tests ===


Running target unix
FAIL: abi_check
XPASS: 26_numerics/cmath/c99_classification_macros_c.cc (test for excess errors)

		=== libstdc++ Summary ===

# of expected passes		4461
# of unexpected failures	1
# of unexpected successes	1
# of expected failures		15

Compiler version: 4.3.0 20061201 (experimental) [trunk revision 119401] 
Platform: i686-pc-linux-gnu
configure flags: --enable-clocale=gnu --with-system-zlib --with-demangler-in-ld --enable-shared --enable-threads=posix --enable-haifa --enable-checking=assert --prefix=/usr/gcc-4.3 --with-local-prefix=/usr/local --enable-languages=c,c++,fortran,java,objc


Index Nav: [Date Index] [Subject Index] [Author Index] [Thread Index]
Message Nav: [Date Prev] [Date Next] [Thread Prev] [Thread Next]