This is the mail archive of the
gcc-testresults@gcc.gnu.org
mailing list for the GCC project.
Results for 4.1.2 20061130 (prerelease) testsuite on sparc-sun-solaris2.6
- From: ebotcazou at libertysurf dot fr (Eric Botcazou)
- To: gcc-testresults at gcc dot gnu dot org
- Date: Fri, 01 Dec 2006 16:55:33 +0100
- Subject: Results for 4.1.2 20061130 (prerelease) testsuite on sparc-sun-solaris2.6
LAST_UPDATED: Thu Nov 30 11:24:40 UTC 2006 (revision 119360M)
Native configuration is sparc-sun-solaris2.6
=== g++ tests ===
Running target unix
WARNING: g++.dg/other/ucnid-1.C compilation failed to produce executable
XPASS: g++.dg/tree-ssa/pr14814.C scan-tree-dump-times &this 0
FAIL: g++.dg/pch/externc-1.C -g assembly comparison
FAIL: g++.dg/pch/externc-1.C -O2 -g assembly comparison
FAIL: g++.dg/pch/static-1.C -g assembly comparison
FAIL: g++.dg/pch/static-1.C -O2 -g assembly comparison
FAIL: g++.dg/pch/system-1.C -g assembly comparison
FAIL: g++.dg/pch/system-1.C -O2 -g assembly comparison
FAIL: g++.dg/pch/system-2.C -g assembly comparison
FAIL: g++.dg/pch/system-2.C -O2 -g assembly comparison
FAIL: g++.dg/pch/uninst.C -g assembly comparison
FAIL: g++.dg/pch/uninst.C -O2 -g assembly comparison
FAIL: g++.dg/pch/wchar-1.C -g assembly comparison
FAIL: g++.dg/pch/wchar-1.C -O2 -g assembly comparison
=== g++ Summary ===
# of expected passes 11922
# of unexpected failures 12
# of unexpected successes 1
# of expected failures 69
# of unsupported tests 143
/opt/build/eric/gcc-4_1-branch/gcc/testsuite/g++/../../g++ version 4.1.2 20061130 (prerelease)
=== gcc tests ===
Running target unix
FAIL: gcc.c-torture/execute/20061101-1.c execution, -O2
WARNING: gcc.dg/ucnid-2.c compilation failed to produce executable
WARNING: gcc.dg/ucnid-3.c compilation failed to produce executable
WARNING: gcc.dg/ucnid-4.c compilation failed to produce executable
XPASS: gcc.dg/vect/pr20122.c scan-tree-dump-times vectorized 1 loops 2
XPASS: gcc.dg/vect/vect-105.c scan-tree-dump-times vectorized 1 loops 1
XPASS: gcc.dg/vect/vect-75.c scan-tree-dump-times vectorized 1 loops 1
=== gcc Summary ===
# of expected passes 37662
# of unexpected failures 1
# of unexpected successes 3
# of expected failures 110
# of untested testcases 28
# of unsupported tests 413
/opt/build/eric/gcc-4_1-branch/gcc/xgcc version 4.1.2 20061130 (prerelease)
=== obj-c++ tests ===
Running target unix
FAIL: obj-c++.dg/cxx-ivars-2.mm execution test
FAIL: obj-c++.dg/encode-8.mm execution test
FAIL: obj-c++.dg/isa-field-1.mm (test for excess errors)
FAIL: obj-c++.dg/lookup-2.mm (test for excess errors)
WARNING: obj-c++.dg/lookup-2.mm compilation failed to produce executable
FAIL: obj-c++.dg/try-catch-2.mm (test for excess errors)
WARNING: obj-c++.dg/try-catch-2.mm compilation failed to produce executable
FAIL: obj-c++.dg/try-catch-9.mm (test for excess errors)
WARNING: obj-c++.dg/try-catch-9.mm compilation failed to produce executable
=== obj-c++ Summary ===
# of expected passes 423
# of unexpected failures 6
# of unsupported tests 13
/opt/build/eric/gcc-4_1-branch/gcc/testsuite/obj-c++/../../g++ version 4.1.2 20061130 (prerelease)
=== objc tests ===
Running target unix
=== objc Summary ===
# of expected passes 1692
# of unsupported tests 22
/opt/build/eric/gcc-4_1-branch/gcc/xgcc version 4.1.2 20061130 (prerelease)
=== libstdc++ tests ===
Running target unix
FAIL: 22_locale/ctype/is/char/1.cc execution test
FAIL: 27_io/basic_filebuf/sgetn/char/1-in.cc execution test
FAIL: 27_io/basic_filebuf/sgetn/char/1-io.cc execution test
FAIL: 27_io/basic_filebuf/sgetn/char/2-in.cc execution test
FAIL: 27_io/basic_filebuf/sgetn/char/2-io.cc execution test
FAIL: 27_io/basic_istream/readsome/char/6746-2.cc execution test
=== libstdc++ Summary ===
# of expected passes 2629
# of unexpected failures 6
# of expected failures 11
# of unsupported tests 158
Compiler version: 4.1.2 20061130 (prerelease)
Platform: sparc-sun-solaris2.6
configure flags: --prefix=/opt/build/eric/gcc-4_1-branch --with-gmp=/opt/build/eric/local --with-mpfr=/opt/build/eric/local --with-local-prefix=/opt/build/eric/local --enable-languages=c,c++,fortran,objc,obj-c++
BOOT_CFLAGS=-g -O2