This is the mail archive of the gcc-testresults@gcc.gnu.org mailing list for the GCC project.


Index Nav: [Date Index] [Subject Index] [Author Index] [Thread Index]
Message Nav: [Date Prev] [Date Next] [Thread Prev] [Thread Next]
Other format: [Raw text]

Results for 4.2.0 20061130 (prerelease) testsuite on sparc-unknown-linux-gnu


Fedora Core release 5.92 (FC6 Test3)/TI UltraSparc IIi (Sabre) sun4u:

binutils-2.17.50.0.3-6.sparc.sparc
bison-2.3-2.1.sparc
dejagnu-1.4.4-5.1.noarch
expect-5.43.0-5.1.sparc
gcc-4.1.1-14.sparc.sparc
glibc-2.5-3.sparcv9
glibc-devel-2.5-3.sparc
glibc-headers-2.5-3.sparc
glibc-kernheaders-3.0-45.3.sparc
gmp-4.1.4-7.sparc
gmp-devel-4.1.4-7.sparc
kernel-2.6.16-1.2241sp7.sparc64
libgcc-4.1.1-14.sparc.sparc
libgcj-4.1.1-14.sparc.sparc
libgcj-devel-4.1.1-14.sparc.sparc
libstdc++-4.1.1-14.sparc.sparc
libstdc++-devel-4.1.1-14.sparc.sparc
make-3.81-1.1.sparc
tcl-8.4.13-3.al3.sparc

LAST_UPDATED: Thu Nov 30 07:40:38 UTC 2006 (revision 119358)

Native configuration is sparc-unknown-linux-gnu

=== gcc tests ===


Running target unix FAIL: gcc.c-torture/execute/mayalias-2.c compilation, -O3 -g (internal compiler error) UNRESOLVED: gcc.c-torture/execute/mayalias-2.c execution, -O3 -g FAIL: gcc.dg/tree-ssa/loadpre1.c scan-tree-dump-times Eliminated: 1 1 FAIL: gcc.dg/tree-ssa/loadpre14.c scan-tree-dump-times Eliminated: 1 1 FAIL: gcc.dg/tree-ssa/loadpre15.c scan-tree-dump-times Eliminated: 1 1 XPASS: gcc.dg/vect/pr20122.c scan-tree-dump-times vectorized 1 loops 2 XPASS: gcc.dg/vect/vect-105.c scan-tree-dump-times vectorized 1 loops 1 XPASS: gcc.dg/vect/vect-75.c scan-tree-dump-times vectorized 1 loops 1

=== gcc Summary ===

# of expected passes		40787
# of unexpected failures	4
# of unexpected successes	3
# of expected failures		121
# of unresolved testcases	1
# of untested testcases		28
# of unsupported tests		420
/usr/local/src/branch/objdir32/gcc/xgcc  version 4.2.0 20061130 (prerelease)

=== gfortran tests ===


Running target unix XPASS: gfortran.dg/csqrt_2.f -O0 execution test XPASS: gfortran.dg/csqrt_2.f -O1 execution test XPASS: gfortran.dg/csqrt_2.f -O2 execution test XPASS: gfortran.dg/csqrt_2.f -O3 -fomit-frame-pointer execution test XPASS: gfortran.dg/csqrt_2.f -O3 -fomit-frame-pointer -funroll-loops execution test XPASS: gfortran.dg/csqrt_2.f -O3 -fomit-frame-pointer -funroll-all-loops -finline-functions execution test XPASS: gfortran.dg/csqrt_2.f -O3 -g execution test XPASS: gfortran.dg/csqrt_2.f -Os execution test FAIL: gfortran.dg/exponent_1.f90 -O0 execution test FAIL: gfortran.dg/exponent_1.f90 -O1 execution test FAIL: gfortran.dg/exponent_1.f90 -O2 execution test FAIL: gfortran.dg/exponent_1.f90 -O3 -fomit-frame-pointer execution test FAIL: gfortran.dg/exponent_1.f90 -O3 -fomit-frame-pointer -funroll-loops execution test FAIL: gfortran.dg/exponent_1.f90 -O3 -fomit-frame-pointer -funroll-all-loops -finline-functions execution test FAIL: gfortran.dg/exponent_1.f90 -O3 -g execution test FAIL: gfortran.dg/exponent_1.f90 -Os execution test FAIL: gfortran.dg/nearest_1.f90 -O0 execution test FAIL: gfortran.dg/nearest_1.f90 -O1 execution test FAIL: gfortran.dg/nearest_1.f90 -O2 execution test FAIL: gfortran.dg/nearest_1.f90 -O3 -fomit-frame-pointer execution test FAIL: gfortran.dg/nearest_1.f90 -O3 -fomit-frame-pointer -funroll-loops execution test FAIL: gfortran.dg/nearest_1.f90 -O3 -fomit-frame-pointer -funroll-all-loops -finline-functions execution test FAIL: gfortran.dg/nearest_1.f90 -O3 -g execution test FAIL: gfortran.dg/nearest_1.f90 -Os execution test

=== gfortran Summary ===

# of expected passes		15020
# of unexpected failures	16
# of unexpected successes	8
# of expected failures		8
# of unsupported tests		40
/usr/local/src/branch/objdir32/gcc/testsuite/gfortran/../../gfortran
version 4.2.0 20061130 (prerelease)

=== g++ tests ===


Running target unix


=== g++ Summary ===

# of expected passes		13189
# of expected failures		67
# of unsupported tests		112
/usr/local/src/branch/objdir32/gcc/testsuite/g++/../../g++  version
4.2.0 20061130 (prerelease)

=== obj-c++ tests ===


Running target unix FAIL: obj-c++.dg/cxx-ivars-2.mm execution test FAIL: obj-c++.dg/encode-8.mm execution test FAIL: obj-c++.dg/isa-field-1.mm (test for excess errors) FAIL: obj-c++.dg/lookup-2.mm (test for excess errors) WARNING: obj-c++.dg/lookup-2.mm compilation failed to produce executable FAIL: obj-c++.dg/try-catch-2.mm (test for excess errors) WARNING: obj-c++.dg/try-catch-2.mm compilation failed to produce executable FAIL: obj-c++.dg/try-catch-9.mm (test for excess errors) WARNING: obj-c++.dg/try-catch-9.mm compilation failed to produce executable

=== obj-c++ Summary ===

# of expected passes		429
# of unexpected failures	6
# of unsupported tests		13
/usr/local/src/branch/objdir32/gcc/testsuite/obj-c++/../../g++
version 4.2.0 20061130 (prerelease)

=== objc tests ===


Running target unix


=== objc Summary ===

# of expected passes		1760
# of expected failures		7
# of unsupported tests		24
/usr/local/src/branch/objdir32/gcc/xgcc  version 4.2.0 20061130 (prerelease)

=== treelang tests ===


Running target unix FAIL: treelang/compile/var_defs.tree (test for excess errors)

=== treelang Summary ===

# of expected passes		49
# of unexpected failures	1
		=== libffi tests ===


Running target unix


=== libffi Summary ===

# of expected passes		1084
# of unsupported tests		8
		=== libgomp tests ===


Running target unix


=== libgomp Summary ===

# of expected passes		1530
# of unsupported tests		7
		=== libjava tests ===


Running target unix


=== libjava Summary ===

# of expected passes		7006
# of expected failures		12
# of untested testcases		8
		=== libmudflap tests ===


Running target unix FAIL: libmudflap.c/pass54-frag.c execution test FAIL: libmudflap.c/pass54-frag.c execution test FAIL: libmudflap.c/pass54-frag.c (-static) execution test FAIL: libmudflap.c/pass54-frag.c (-static) execution test

=== libmudflap Summary ===

# of expected passes		1810
# of unexpected failures	4
		=== libstdc++ tests ===


Running target unix XPASS: 26_numerics/cmath/c99_classification_macros_c.cc (test for excess errors)

=== libstdc++ Summary ===

# of expected passes		4454
# of unexpected successes	1
# of expected failures		15

Compiler version: 4.2.0 20061130 (prerelease)
Platform: sparc-unknown-linux-gnu
configure flags: sparc-linux --enable-__cxa_atexit --enable-shared
--disable-multilib
--enable-languages=c,c++,fortran,java,objc,obj-c++,treelang


Index Nav: [Date Index] [Subject Index] [Author Index] [Thread Index]
Message Nav: [Date Prev] [Date Next] [Thread Prev] [Thread Next]