This is the mail archive of the
gcc-testresults@gcc.gnu.org
mailing list for the GCC project.
Results for 4.3.0 20061130 (experimental) testsuite on x86_64-redhat-linux-gnu
- From: Grigory Zagorodnev <grigory_zagorodnev at linux dot intel dot com>
- To: gcc-testresults at gcc dot gnu dot org
- Date: Thu, 30 Nov 2006 23:59:15 +0300
- Subject: Results for 4.3.0 20061130 (experimental) testsuite on x86_64-redhat-linux-gnu
LAST_UPDATED: Thu Nov 30 17:23:29 UTC 2006 (revision 119365)
Native configuration is x86_64-redhat-linux-gnu
=== g++ tests ===
Running target unix
XPASS: g++.dg/tree-ssa/ivopts-1.C scan-tree-dump-not &x\[5\]
=== g++ Summary ===
# of expected passes 13202
# of unexpected successes 1
# of expected failures 68
# of unsupported tests 104
/home/testbot/bootstrap/007850/bld/gcc/testsuite/g++/../../g++ version 4.3.0 20061130 (experimental)
=== gcc tests ===
Running target unix
FAIL: gcc.c-torture/execute/mayalias-2.c compilation, -O3 -g (internal compiler error)
UNRESOLVED: gcc.c-torture/execute/mayalias-2.c execution, -O3 -g
FAIL: gcc.c-torture/execute/mayalias-3.c compilation, -O3 -g (internal compiler error)
UNRESOLVED: gcc.c-torture/execute/mayalias-3.c execution, -O3 -g
FAIL: gcc.dg/alias-10.c scan-tree-dump-times Unswitching 1
FAIL: gcc.dg/visibility-11.c scan-assembler memcpy@PLT
WARNING: gcc.dg/torture/fp-int-convert-float128-timode.c -O0 compilation failed to produce executable
WARNING: gcc.dg/torture/fp-int-convert-float128-timode.c -O1 compilation failed to produce executable
WARNING: gcc.dg/torture/fp-int-convert-float128-timode.c -O2 compilation failed to produce executable
WARNING: gcc.dg/torture/fp-int-convert-float128-timode.c -O3 -fomit-frame-pointer compilation failed to produce executable
WARNING: gcc.dg/torture/fp-int-convert-float128-timode.c -O3 -g compilation failed to produce executable
WARNING: gcc.dg/torture/fp-int-convert-float128-timode.c -Os compilation failed to produce executable
WARNING: gcc.dg/torture/fp-int-convert-float128.c -O0 compilation failed to produce executable
WARNING: gcc.dg/torture/fp-int-convert-float128.c -O1 compilation failed to produce executable
WARNING: gcc.dg/torture/fp-int-convert-float128.c -O2 compilation failed to produce executable
WARNING: gcc.dg/torture/fp-int-convert-float128.c -O3 -fomit-frame-pointer compilation failed to produce executable
WARNING: gcc.dg/torture/fp-int-convert-float128.c -O3 -g compilation failed to produce executable
WARNING: gcc.dg/torture/fp-int-convert-float128.c -Os compilation failed to produce executable
FAIL: gcc.dg/tree-ssa/loadpre1.c scan-tree-dump-times Eliminated: 1 1
FAIL: gcc.dg/tree-ssa/loadpre14.c scan-tree-dump-times Eliminated: 1 1
FAIL: gcc.dg/tree-ssa/loadpre15.c scan-tree-dump-times Eliminated: 1 1
FAIL: gcc.dg/vect/vect-pow-2.c scan-tree-dump pattern recognized
=== gcc Summary ===
# of expected passes 42200
# of unexpected failures 8
# of expected failures 123
# of unresolved testcases 2
# of untested testcases 28
# of unsupported tests 410
/home/testbot/bootstrap/007850/bld/gcc/xgcc version 4.3.0 20061130 (experimental)
=== gfortran tests ===
Running target unix
FAIL: gfortran.dg/csqrt_2.f -O0 execution test
FAIL: gfortran.dg/csqrt_2.f -O1 execution test
FAIL: gfortran.dg/csqrt_2.f -O2 execution test
FAIL: gfortran.dg/csqrt_2.f -O3 -fomit-frame-pointer execution test
FAIL: gfortran.dg/csqrt_2.f -O3 -fomit-frame-pointer -funroll-loops execution test
FAIL: gfortran.dg/csqrt_2.f -O3 -fomit-frame-pointer -funroll-all-loops -finline-functions execution test
FAIL: gfortran.dg/csqrt_2.f -O3 -g execution test
FAIL: gfortran.dg/csqrt_2.f -Os execution test
=== gfortran Summary ===
# of expected passes 15378
# of unexpected failures 8
# of expected failures 7
# of unsupported tests 17
/home/testbot/bootstrap/007850/bld/gcc/testsuite/gfortran/../../gfortran version 4.3.0 20061130 (experimental)
=== objc tests ===
Running target unix
=== objc Summary ===
# of expected passes 1760
# of expected failures 7
# of unsupported tests 24
/home/testbot/bootstrap/007850/bld/gcc/xgcc version 4.3.0 20061130 (experimental)
=== libffi tests ===
Running target unix
=== libffi Summary ===
# of expected passes 1084
# of unsupported tests 8
=== libgomp tests ===
Running target unix
FAIL: libgomp.c/atomic-2.c (test for excess errors)
WARNING: libgomp.c/atomic-2.c compilation failed to produce executable
FAIL: libgomp.c/critical-1.c execution test
FAIL: libgomp.c++/nested-1.C -O0 execution test
FAIL: libgomp.c++/nested-1.C -O1 execution test
FAIL: libgomp.c++/pr27337.C -O1 execution test
FAIL: libgomp.fortran/character1.f90 -O0 execution test
FAIL: libgomp.fortran/omp_parse4.f90 -O1 execution test
FAIL: libgomp.fortran/reference1.f90 -O0 execution test
FAIL: libgomp.fortran/reference2.f90 -O0 execution test
FAIL: libgomp.fortran/vla2.f90 -O2 execution test
=== libgomp Summary ===
# of expected passes 1533
# of unexpected failures 10
=== libjava tests ===
Running target unix
FAIL: cxxtest run
FAIL: directbuffer execution - gij test
FAIL: field execution - gij test
FAIL: invoke execution - gij test
FAIL: noclass execution - gij test
FAIL: pr18278 execution - gij test
FAIL: pr23739 execution - gij test
FAIL: ArrayStore2 execution - gij test
FAIL: Array_1 execution - gij test
FAIL: Array_1 execution - gij test
FAIL: FileHandleGcTest execution - gij test
FAIL: FileHandleGcTest execution - gij test
FAIL: FileHandleGcTest execution - gij test
FAIL: Final execution - gij test
FAIL: G19990302_02 execution - gij test
FAIL: Invoke_1 execution - gij test
FAIL: KeepInline execution - gij test
FAIL: Overflow execution - gij test
FAIL: PR141 execution - gij test
FAIL: PR141 execution - gij test
FAIL: PR160 execution - gij test
FAIL: PR160 execution - gij test
FAIL: PR16867 execution - gij test
FAIL: PR25535 execution - gij test
FAIL: PR260 execution - gij test
FAIL: PR3731 execution - gij test
FAIL: PR5057 execution - gij test
FAIL: PR55 execution - gij test
FAIL: StaticConstructor execution - gij test
FAIL: SyncTest -O3 execution - source compiled test
FAIL: TestProxy execution - gij test
FAIL: Thread_Monitor execution - gij test
FAIL: Throw_2 execution - gij test
FAIL: anonarray2 execution - gij test
FAIL: emptystring execution - gij test
FAIL: err3 execution - gij test
FAIL: indirect_read execution - gij test
FAIL: initfield execution - gij test
FAIL: invokethrow execution - gij test
FAIL: multiple_finit execution - gij test
FAIL: override execution - gij test
FAIL: override execution - gij test
FAIL: pr13107_3 execution - gij test
FAIL: pr16789 execution - gij test
FAIL: pr17536 execution - gij test
FAIL: pr179 execution - gij test
FAIL: pr184 execution - gij test
FAIL: pr25676 execution - gij test
FAIL: pr27171 execution - gij test
FAIL: pr8676 execution - gij test
FAIL: pr8945 execution - gij test
FAIL: shatest execution - gij test
FAIL: stringconst2 execution - gij test
FAIL: test_long execution - gij test
FAIL: update_outer execution - gij test
FAIL: utilTest execution - gij test
=== libjava Summary ===
# of expected passes 6923
# of unexpected failures 56
# of expected failures 12
# of untested testcases 64
=== libmudflap tests ===
Running target unix
FAIL: libmudflap.cth/pass59-frag.c (test for excess errors)
FAIL: libmudflap.cth/pass59-frag.c (-static -DSTATIC) (test for excess errors)
FAIL: libmudflap.cth/pass59-frag.c (-O2) (test for excess errors)
FAIL: libmudflap.cth/pass59-frag.c (-O3) (test for excess errors)
=== libmudflap Summary ===
# of expected passes 1822
# of unexpected failures 4
=== libstdc++ tests ===
Running target unix
FAIL: abi_check
XPASS: 26_numerics/cmath/c99_classification_macros_c.cc (test for excess errors)
XPASS: 27_io/fpos/14320-1.cc execution test
=== libstdc++ Summary ===
# of expected passes 4461
# of unexpected failures 1
# of unexpected successes 2
# of expected failures 14
Compiler version: 4.3.0 20061130 (experimental)
Platform: x86_64-redhat-linux-gnu
configure flags: --prefix=/home/testbot/bootstrap/007850/usr --program-suffix=-43 -enable-shared --enable-threads=posix --enable-checking --with-system-zlib --enable-__cxa_atexit --host=x86_64-redhat-linux --enable-languages=c,c++,fortran,java,objc