This is the mail archive of the gcc-testresults@gcc.gnu.org mailing list for the GCC project.
Index Nav: | [Date Index] [Subject Index] [Author Index] [Thread Index] | |
---|---|---|
Message Nav: | [Date Prev] [Date Next] | [Thread Prev] [Thread Next] |
Other format: | [Raw text] |
LAST_UPDATED: Thu Nov 30 07:59:45 UTC 2006 (revision 119358) === acats tests === FAIL: cxh1001 === acats Summary === # of expected passes 2314 # of unexpected failures 1 Native configuration is s390x-ibm-linux-gnu === g++ tests === Running target unix === g++ Summary === # of expected passes 13173 # of expected failures 67 # of unsupported tests 117 /31bit/build/BUILD/gcc/obj-s390x-redhat-linux/gcc/testsuite/g++/../../g++ version 4.3.0 20061130 (experimental) === gcc tests === Running target unix FAIL: gcc.c-torture/execute/builtins/memops-asm.c execution, -O1 FAIL: gcc.c-torture/execute/builtins/memops-asm.c execution, -O2 FAIL: gcc.c-torture/execute/builtins/memops-asm.c execution, -O3 -fomit-frame-pointer FAIL: gcc.c-torture/execute/builtins/memops-asm.c execution, -O3 -g FAIL: gcc.c-torture/execute/builtins/memops-asm.c execution, -Os FAIL: gcc.c-torture/execute/mayalias-2.c compilation, -O3 -g (internal compiler error) UNRESOLVED: gcc.c-torture/execute/mayalias-2.c execution, -O3 -g FAIL: gcc.c-torture/execute/mayalias-3.c compilation, -O3 -g (internal compiler error) UNRESOLVED: gcc.c-torture/execute/mayalias-3.c execution, -O3 -g XPASS: gcc.dg/cpp/cmdlne-dI-M.c scan-file (^|\\\\n)cmdlne-dI-M.*:[^\\\\n]*cmdlne-dI-M.c XPASS: gcc.dg/cpp/cmdlne-dM-M.c scan-file (^|\\\\n)cmdlne-dM-M[^\\\\n]*:[^\\\\n]*cmdlne-dM-M.c FAIL: gcc.dg/Wconversion-integer.c (test for warnings, line 23) FAIL: gcc.dg/Wconversion-integer.c (test for warnings, line 24) FAIL: gcc.dg/Wconversion-integer.c (test for warnings, line 62) FAIL: gcc.dg/Wconversion-integer.c (test for warnings, line 63) FAIL: gcc.dg/alias-10.c scan-tree-dump-times Unswitching 1 FAIL: gcc.dg/builtin-bswap-4.c execution test XPASS: gcc.dg/tree-ssa/20040204-1.c scan-tree-dump-times link_error 0 FAIL: gcc.dg/tree-ssa/loadpre1.c scan-tree-dump-times Eliminated: 1 1 FAIL: gcc.dg/tree-ssa/loadpre14.c scan-tree-dump-times Eliminated: 1 1 FAIL: gcc.dg/tree-ssa/loadpre15.c scan-tree-dump-times Eliminated: 1 1 XPASS: gcc.dg/tree-ssa/sra-2.c scan-tree-dump-times link_error 0 === gcc Summary === # of expected passes 40911 # of unexpected failures 16 # of unexpected successes 4 # of expected failures 77 # of unresolved testcases 2 # of untested testcases 28 # of unsupported tests 360 /31bit/build/BUILD/gcc/obj-s390x-redhat-linux/gcc/xgcc version 4.3.0 20061130 (experimental) === gfortran tests === Running target unix === gfortran Summary === # of expected passes 15360 # of expected failures 6 # of unsupported tests 19 /31bit/build/BUILD/gcc/obj-s390x-redhat-linux/gcc/testsuite/gfortran/../../gfortran version 4.3.0 20061130 (experimental) === gnat tests === Running target unix FAIL: gnat.dg/frame_overflow.adb (test for errors, line 12) FAIL: gnat.dg/frame_overflow.adb (test for errors, line 21) === gnat Summary === # of expected passes 112 # of unexpected failures 2 === obj-c++ tests === Running target unix FAIL: obj-c++.dg/bitfield-1.mm (test for excess errors) FAIL: obj-c++.dg/bitfield-4.mm (test for excess errors) FAIL: obj-c++.dg/cxx-ivars-2.mm execution test FAIL: obj-c++.dg/encode-8.mm execution test FAIL: obj-c++.dg/gnu-runtime-2.mm (test for excess errors) FAIL: obj-c++.dg/isa-field-1.mm (test for excess errors) FAIL: obj-c++.dg/layout-1.mm (test for excess errors) FAIL: obj-c++.dg/lookup-2.mm (test for excess errors) WARNING: obj-c++.dg/lookup-2.mm compilation failed to produce executable FAIL: obj-c++.dg/try-catch-2.mm (test for excess errors) WARNING: obj-c++.dg/try-catch-2.mm compilation failed to produce executable FAIL: obj-c++.dg/try-catch-9.mm (test for excess errors) WARNING: obj-c++.dg/try-catch-9.mm compilation failed to produce executable === obj-c++ Summary === # of expected passes 425 # of unexpected failures 10 # of unsupported tests 13 /31bit/build/BUILD/gcc/obj-s390x-redhat-linux/gcc/testsuite/obj-c++/../../g++ version 4.3.0 20061130 (experimental) === objc tests === Running target unix === objc Summary === # of expected passes 1760 # of expected failures 7 # of unsupported tests 24 /31bit/build/BUILD/gcc/obj-s390x-redhat-linux/gcc/xgcc version 4.3.0 20061130 (experimental) === libffi tests === Running target unix FAIL: libffi.call/float.c -O0 -W -Wall execution test FAIL: libffi.call/float2.c -O0 -W -Wall execution test FAIL: libffi.call/float.c -O2 execution test FAIL: libffi.call/float2.c -O2 execution test FAIL: libffi.call/float3.c -O2 execution test FAIL: libffi.call/float.c -O3 execution test FAIL: libffi.call/float2.c -O3 execution test FAIL: libffi.call/float.c -Os execution test FAIL: libffi.call/float2.c -Os execution test === libffi Summary === # of expected passes 1075 # of unexpected failures 9 # of unsupported tests 8 === libgomp tests === Running target unix FAIL: libgomp.c++/nested-1.C -O0 execution test FAIL: libgomp.c++/pr27337.C -O0 execution test FAIL: libgomp.fortran/character1.f90 -O0 execution test FAIL: libgomp.fortran/omp_parse4.f90 -O1 execution test FAIL: libgomp.fortran/reference1.f90 -O0 execution test FAIL: libgomp.fortran/reference2.f90 -O0 execution test === libgomp Summary === # of expected passes 1538 # of unexpected failures 6 === libjava tests === Running target unix FAIL: events output === libjava Summary === # of expected passes 7035 # of unexpected failures 1 # of expected failures 12 # of untested testcases 8 === libmudflap tests === Running target unix FAIL: libmudflap.cth/pass59-frag.c (test for excess errors) FAIL: libmudflap.cth/pass59-frag.c (-static -DSTATIC) (test for excess errors) FAIL: libmudflap.cth/pass59-frag.c (-O2) (test for excess errors) FAIL: libmudflap.cth/pass59-frag.c (-O3) (test for excess errors) === libmudflap Summary === # of expected passes 1822 # of unexpected failures 4 === libstdc++ tests === Running target unix FAIL: abi_check XPASS: 26_numerics/cmath/c99_classification_macros_c.cc (test for excess errors) XPASS: 27_io/fpos/14320-1.cc execution test === libstdc++ Summary === # of expected passes 4461 # of unexpected failures 1 # of unexpected successes 2 # of expected failures 14 Compiler version: 4.3.0 20061130 (experimental) Platform: s390x-ibm-linux-gnu configure flags: --prefix=/usr --mandir=/usr/share/man --infodir=/usr/share/info --enable-shared --enable-threads=posix --enable-checking=release --with-system-zlib --enable-__cxa_atexit --with-long-double-128 --host=s390x-redhat-linux --enable-languages=c,ada,c++,fortran,java,objc,obj-c++
Index Nav: | [Date Index] [Subject Index] [Author Index] [Thread Index] | |
---|---|---|
Message Nav: | [Date Prev] [Date Next] | [Thread Prev] [Thread Next] |