This is the mail archive of the
gcc-testresults@gcc.gnu.org
mailing list for the GCC project.
Results for 4.3.0 20061127 (experimental) testsuite on sparc-sun-solaris2.10
- From: ebotcazou at libertysurf dot fr (Eric Botcazou)
- To: gcc-testresults at gcc dot gnu dot org
- Date: Tue, 28 Nov 2006 23:04:52 +0100
- Subject: Results for 4.3.0 20061127 (experimental) testsuite on sparc-sun-solaris2.10
LAST_UPDATED: Mon Nov 27 05:40:30 UTC 2006 (revision 119245M)
Native configuration is sparc-sun-solaris2.10
=== g++ tests ===
Running target unix
WARNING: g++.dg/other/ucnid-1.C compilation failed to produce executable
XPASS: g++.old-deja/g++.other/init18.C execution test
XPASS: g++.old-deja/g++.other/init19.C execution test
=== g++ Summary for unix ===
# of expected passes 13064
# of unexpected successes 2
# of expected failures 69
# of unsupported tests 159
Running target unix/-m64
WARNING: g++.dg/other/ucnid-1.C compilation failed to produce executable
XPASS: g++.old-deja/g++.other/init18.C execution test
XPASS: g++.old-deja/g++.other/init19.C execution test
=== g++ Summary for unix/-m64 ===
# of expected passes 13032
# of unexpected successes 2
# of expected failures 69
# of unsupported tests 161
=== g++ Summary ===
# of expected passes 26096
# of unexpected successes 4
# of expected failures 138
# of unsupported tests 320
/opt/build/eric/gcc/gcc/testsuite/g++/../../g++ version 4.3.0 20061127 (experimental)
=== gcc tests ===
Running target unix
FAIL: gcc.c-torture/compile/pr27528.c -O0 (test for excess errors)
FAIL: gcc.c-torture/compile/pr27528.c -O1 (test for excess errors)
FAIL: gcc.c-torture/compile/pr27528.c -O2 (test for excess errors)
FAIL: gcc.c-torture/compile/pr27528.c -O3 -fomit-frame-pointer (test for excess errors)
FAIL: gcc.c-torture/compile/pr27528.c -O3 -g (test for excess errors)
FAIL: gcc.c-torture/compile/pr27528.c -Os (test for excess errors)
FAIL: gcc.c-torture/execute/mayalias-2.c compilation, -O3 -g (internal compiler error)
UNRESOLVED: gcc.c-torture/execute/mayalias-2.c execution, -O3 -g
FAIL: gcc.c-torture/execute/mayalias-3.c compilation, -O3 -g (internal compiler error)
UNRESOLVED: gcc.c-torture/execute/mayalias-3.c execution, -O3 -g
XPASS: gcc.dg/cpp/cmdlne-dI-M.c scan-file (^|\\\\n)cmdlne-dI-M.*:[^\\\\n]*cmdlne-dI-M.c
XPASS: gcc.dg/cpp/cmdlne-dM-M.c scan-file (^|\\\\n)cmdlne-dM-M[^\\\\n]*:[^\\\\n]*cmdlne-dM-M.c
FAIL: gcc.dg/alias-10.c scan-tree-dump-times Unswitching 1
WARNING: gcc.dg/ucnid-2.c compilation failed to produce executable
WARNING: gcc.dg/ucnid-3.c compilation failed to produce executable
WARNING: gcc.dg/ucnid-4.c compilation failed to produce executable
FAIL: gcc.dg/torture/builtin-sin-mpfr-1.c -O0 (test for excess errors)
FAIL: gcc.dg/torture/builtin-sin-mpfr-1.c -O1 (test for excess errors)
FAIL: gcc.dg/torture/builtin-sin-mpfr-1.c -O2 (test for excess errors)
FAIL: gcc.dg/torture/builtin-sin-mpfr-1.c -O3 -fomit-frame-pointer (test for excess errors)
FAIL: gcc.dg/torture/builtin-sin-mpfr-1.c -O3 -fomit-frame-pointer -funroll-loops (test for excess errors)
FAIL: gcc.dg/torture/builtin-sin-mpfr-1.c -O3 -fomit-frame-pointer -funroll-all-loops -finline-functions (test for excess errors)
FAIL: gcc.dg/torture/builtin-sin-mpfr-1.c -O3 -g (test for excess errors)
FAIL: gcc.dg/torture/builtin-sin-mpfr-1.c -Os (test for excess errors)
FAIL: gcc.dg/tree-ssa/loadpre1.c scan-tree-dump-times Eliminated: 1 1
FAIL: gcc.dg/tree-ssa/loadpre14.c scan-tree-dump-times Eliminated: 1 1
FAIL: gcc.dg/tree-ssa/loadpre15.c scan-tree-dump-times Eliminated: 1 1
XPASS: gcc.dg/vect/pr20122.c scan-tree-dump-times vectorized 1 loops 2
XPASS: gcc.dg/vect/vect-105.c scan-tree-dump-times vectorized 1 loops 1
XPASS: gcc.dg/vect/vect-75.c scan-tree-dump-times vectorized 1 loops 1
XPASS: gcc.dg/vect/vect-multitypes-3.c scan-tree-dump-times vectorized 1 loops 1
FAIL: gcc.dg/vect/vect-multitypes-5.c scan-tree-dump-times vectorized 1 loops 1
FAIL: gcc.dg/vect/vect-pow-1.c scan-tree-dump pattern recognized
FAIL: gcc.dg/vect/vect-pow-2.c scan-tree-dump pattern recognized
FAIL: gcc.target/sparc/noresult.c (internal compiler error)
FAIL: gcc.target/sparc/noresult.c (test for excess errors)
ERROR: gcc.target/sparc/noresult.c: error executing dg-final: couldn't open "noresult.s": no such file or directory
UNRESOLVED: gcc.target/sparc/noresult.c: error executing dg-final: couldn't open "noresult.s": no such file or directory
=== gcc Summary for unix ===
# of expected passes 41271
# of unexpected failures 25
# of unexpected successes 6
# of expected failures 130
# of unresolved testcases 3
# of untested testcases 28
# of unsupported tests 451
Running target unix/-m64
FAIL: gcc.c-torture/compile/pr27528.c -O0 (test for excess errors)
FAIL: gcc.c-torture/compile/pr27528.c -O1 (test for excess errors)
FAIL: gcc.c-torture/compile/pr27528.c -O2 (test for excess errors)
FAIL: gcc.c-torture/compile/pr27528.c -O3 -fomit-frame-pointer (test for excess errors)
FAIL: gcc.c-torture/compile/pr27528.c -O3 -g (test for excess errors)
FAIL: gcc.c-torture/compile/pr27528.c -Os (test for excess errors)
FAIL: gcc.c-torture/execute/mayalias-2.c compilation, -O3 -g (internal compiler error)
UNRESOLVED: gcc.c-torture/execute/mayalias-2.c execution, -O3 -g
FAIL: gcc.c-torture/execute/mayalias-3.c compilation, -O3 -g (internal compiler error)
UNRESOLVED: gcc.c-torture/execute/mayalias-3.c execution, -O3 -g
XPASS: gcc.dg/cpp/cmdlne-dI-M.c scan-file (^|\\\\n)cmdlne-dI-M.*:[^\\\\n]*cmdlne-dI-M.c
XPASS: gcc.dg/cpp/cmdlne-dM-M.c scan-file (^|\\\\n)cmdlne-dM-M[^\\\\n]*:[^\\\\n]*cmdlne-dM-M.c
FAIL: gcc.dg/alias-10.c scan-tree-dump-times Unswitching 1
FAIL: gcc.dg/builtin-bswap-4.c execution test
WARNING: program timed out.
FAIL: gcc.dg/c99-intconst-1.c (test for excess errors)
WARNING: gcc.dg/ucnid-2.c compilation failed to produce executable
WARNING: gcc.dg/ucnid-3.c compilation failed to produce executable
WARNING: gcc.dg/ucnid-4.c compilation failed to produce executable
FAIL: gcc.dg/torture/builtin-sin-mpfr-1.c -O0 (test for excess errors)
FAIL: gcc.dg/torture/builtin-sin-mpfr-1.c -O1 (test for excess errors)
FAIL: gcc.dg/torture/builtin-sin-mpfr-1.c -O2 (test for excess errors)
FAIL: gcc.dg/torture/builtin-sin-mpfr-1.c -O3 -fomit-frame-pointer (test for excess errors)
FAIL: gcc.dg/torture/builtin-sin-mpfr-1.c -O3 -fomit-frame-pointer -funroll-loops (test for excess errors)
FAIL: gcc.dg/torture/builtin-sin-mpfr-1.c -O3 -fomit-frame-pointer -funroll-all-loops -finline-functions (test for excess errors)
FAIL: gcc.dg/torture/builtin-sin-mpfr-1.c -O3 -g (test for excess errors)
FAIL: gcc.dg/torture/builtin-sin-mpfr-1.c -Os (test for excess errors)
FAIL: gcc.dg/tree-ssa/loadpre1.c scan-tree-dump-times Eliminated: 1 1
FAIL: gcc.dg/tree-ssa/loadpre14.c scan-tree-dump-times Eliminated: 1 1
FAIL: gcc.dg/tree-ssa/loadpre15.c scan-tree-dump-times Eliminated: 1 1
XPASS: gcc.dg/vect/pr20122.c scan-tree-dump-times vectorized 1 loops 2
XPASS: gcc.dg/vect/vect-105.c scan-tree-dump-times vectorized 1 loops 1
XPASS: gcc.dg/vect/vect-75.c scan-tree-dump-times vectorized 1 loops 1
XPASS: gcc.dg/vect/vect-multitypes-3.c scan-tree-dump-times vectorized 1 loops 1
XPASS: gcc.dg/vect/vect-multitypes-6.c scan-tree-dump-times vectorized 1 loops 1
FAIL: gcc.dg/vect/vect-pow-1.c scan-tree-dump pattern recognized
FAIL: gcc.dg/vect/vect-pow-2.c scan-tree-dump pattern recognized
FAIL: gcc.target/sparc/noresult.c (internal compiler error)
FAIL: gcc.target/sparc/noresult.c (test for excess errors)
ERROR: gcc.target/sparc/noresult.c: error executing dg-final: couldn't open "noresult.s": no such file or directory
UNRESOLVED: gcc.target/sparc/noresult.c: error executing dg-final: couldn't open "noresult.s": no such file or directory
=== gcc Summary for unix/-m64 ===
# of expected passes 41262
# of unexpected failures 26
# of unexpected successes 7
# of expected failures 129
# of unresolved testcases 3
# of untested testcases 28
# of unsupported tests 454
=== gcc Summary ===
# of expected passes 82533
# of unexpected failures 51
# of unexpected successes 13
# of expected failures 259
# of unresolved testcases 6
# of untested testcases 56
# of unsupported tests 905
/opt/build/eric/gcc/gcc/xgcc version 4.3.0 20061127 (experimental)
=== gfortran tests ===
Running target unix
=== gfortran Summary for unix ===
# of expected passes 15315
# of expected failures 8
# of unsupported tests 48
Running target unix/-m64
=== gfortran Summary for unix/-m64 ===
# of expected passes 15346
# of expected failures 8
# of unsupported tests 32
=== gfortran Summary ===
# of expected passes 30661
# of expected failures 16
# of unsupported tests 80
/opt/build/eric/gcc/gcc/testsuite/gfortran/../../gfortran version 4.3.0 20061127 (experimental)
=== obj-c++ tests ===
Running target unix
FAIL: obj-c++.dg/comp-types-10.mm (internal compiler error)
FAIL: obj-c++.dg/comp-types-10.mm (test for excess errors)
FAIL: obj-c++.dg/cxx-ivars-2.mm execution test
FAIL: obj-c++.dg/encode-8.mm execution test
FAIL: obj-c++.dg/gnu-runtime-2.mm (test for excess errors)
FAIL: obj-c++.dg/isa-field-1.mm (test for excess errors)
FAIL: obj-c++.dg/lookup-2.mm (test for excess errors)
WARNING: obj-c++.dg/lookup-2.mm compilation failed to produce executable
FAIL: obj-c++.dg/try-catch-2.mm (test for excess errors)
WARNING: obj-c++.dg/try-catch-2.mm compilation failed to produce executable
FAIL: obj-c++.dg/try-catch-9.mm (internal compiler error)
FAIL: obj-c++.dg/try-catch-9.mm (test for excess errors)
WARNING: obj-c++.dg/try-catch-9.mm compilation failed to produce executable
=== obj-c++ Summary for unix ===
# of expected passes 427
# of unexpected failures 10
# of unsupported tests 13
Running target unix/-m64
FAIL: obj-c++.dg/bitfield-1.mm (test for excess errors)
FAIL: obj-c++.dg/bitfield-4.mm (test for excess errors)
FAIL: obj-c++.dg/comp-types-10.mm (internal compiler error)
FAIL: obj-c++.dg/comp-types-10.mm (test for excess errors)
FAIL: obj-c++.dg/cxx-ivars-2.mm execution test
FAIL: obj-c++.dg/encode-8.mm execution test
FAIL: obj-c++.dg/gnu-runtime-2.mm (test for excess errors)
FAIL: obj-c++.dg/isa-field-1.mm (test for excess errors)
FAIL: obj-c++.dg/layout-1.mm (test for excess errors)
FAIL: obj-c++.dg/lookup-2.mm (test for excess errors)
WARNING: obj-c++.dg/lookup-2.mm compilation failed to produce executable
FAIL: obj-c++.dg/try-catch-2.mm (test for excess errors)
WARNING: obj-c++.dg/try-catch-2.mm compilation failed to produce executable
FAIL: obj-c++.dg/try-catch-9.mm (internal compiler error)
FAIL: obj-c++.dg/try-catch-9.mm (test for excess errors)
WARNING: obj-c++.dg/try-catch-9.mm compilation failed to produce executable
=== obj-c++ Summary for unix/-m64 ===
# of expected passes 424
# of unexpected failures 13
# of unsupported tests 13
=== obj-c++ Summary ===
# of expected passes 851
# of unexpected failures 23
# of unsupported tests 26
/opt/build/eric/gcc/gcc/testsuite/obj-c++/../../g++ version 4.3.0 20061127 (experimental)
=== objc tests ===
Running target unix
=== objc Summary for unix ===
# of expected passes 1760
# of expected failures 7
# of unsupported tests 24
Running target unix/-m64
=== objc Summary for unix/-m64 ===
# of expected passes 1760
# of expected failures 7
# of unsupported tests 24
=== objc Summary ===
# of expected passes 3520
# of expected failures 14
# of unsupported tests 48
/opt/build/eric/gcc/gcc/xgcc version 4.3.0 20061127 (experimental)
=== libgomp tests ===
Running target unix
FAIL: libgomp.c++/ctor-5.C -O0 (test for excess errors)
WARNING: libgomp.c++/ctor-5.C -O0 compilation failed to produce executable
FAIL: libgomp.c++/ctor-5.C -O1 (test for excess errors)
WARNING: libgomp.c++/ctor-5.C -O1 compilation failed to produce executable
FAIL: libgomp.c++/ctor-5.C -O2 (test for excess errors)
WARNING: libgomp.c++/ctor-5.C -O2 compilation failed to produce executable
FAIL: libgomp.c++/ctor-5.C -O3 -fomit-frame-pointer (test for excess errors)
WARNING: libgomp.c++/ctor-5.C -O3 -fomit-frame-pointer compilation failed to produce executable
FAIL: libgomp.c++/ctor-5.C -O3 -fomit-frame-pointer -funroll-loops (test for excess errors)
WARNING: libgomp.c++/ctor-5.C -O3 -fomit-frame-pointer -funroll-loops compilation failed to produce executable
FAIL: libgomp.c++/ctor-5.C -O3 -fomit-frame-pointer -funroll-all-loops -finline-functions (test for excess errors)
WARNING: libgomp.c++/ctor-5.C -O3 -fomit-frame-pointer -funroll-all-loops -finline-functions compilation failed to produce executable
FAIL: libgomp.c++/ctor-5.C -O3 -g (test for excess errors)
WARNING: libgomp.c++/ctor-5.C -O3 -g compilation failed to produce executable
FAIL: libgomp.c++/ctor-5.C -Os (test for excess errors)
WARNING: libgomp.c++/ctor-5.C -Os compilation failed to produce executable
FAIL: libgomp.c++/ctor-8.C -O0 (test for excess errors)
WARNING: libgomp.c++/ctor-8.C -O0 compilation failed to produce executable
FAIL: libgomp.c++/ctor-8.C -O1 (test for excess errors)
WARNING: libgomp.c++/ctor-8.C -O1 compilation failed to produce executable
FAIL: libgomp.c++/ctor-8.C -O2 (test for excess errors)
WARNING: libgomp.c++/ctor-8.C -O2 compilation failed to produce executable
FAIL: libgomp.c++/ctor-8.C -O3 -fomit-frame-pointer (test for excess errors)
WARNING: libgomp.c++/ctor-8.C -O3 -fomit-frame-pointer compilation failed to produce executable
FAIL: libgomp.c++/ctor-8.C -O3 -fomit-frame-pointer -funroll-loops (test for excess errors)
WARNING: libgomp.c++/ctor-8.C -O3 -fomit-frame-pointer -funroll-loops compilation failed to produce executable
FAIL: libgomp.c++/ctor-8.C -O3 -fomit-frame-pointer -funroll-all-loops -finline-functions (test for excess errors)
WARNING: libgomp.c++/ctor-8.C -O3 -fomit-frame-pointer -funroll-all-loops -finline-functions compilation failed to produce executable
FAIL: libgomp.c++/ctor-8.C -O3 -g (test for excess errors)
WARNING: libgomp.c++/ctor-8.C -O3 -g compilation failed to produce executable
FAIL: libgomp.c++/ctor-8.C -Os (test for excess errors)
WARNING: libgomp.c++/ctor-8.C -Os compilation failed to produce executable
FAIL: libgomp.c++/ctor-9.C -O0 (test for excess errors)
WARNING: libgomp.c++/ctor-9.C -O0 compilation failed to produce executable
FAIL: libgomp.c++/ctor-9.C -O1 (test for excess errors)
WARNING: libgomp.c++/ctor-9.C -O1 compilation failed to produce executable
FAIL: libgomp.c++/ctor-9.C -O2 (test for excess errors)
WARNING: libgomp.c++/ctor-9.C -O2 compilation failed to produce executable
FAIL: libgomp.c++/ctor-9.C -O3 -fomit-frame-pointer (test for excess errors)
WARNING: libgomp.c++/ctor-9.C -O3 -fomit-frame-pointer compilation failed to produce executable
FAIL: libgomp.c++/ctor-9.C -O3 -fomit-frame-pointer -funroll-loops (test for excess errors)
WARNING: libgomp.c++/ctor-9.C -O3 -fomit-frame-pointer -funroll-loops compilation failed to produce executable
FAIL: libgomp.c++/ctor-9.C -O3 -fomit-frame-pointer -funroll-all-loops -finline-functions (test for excess errors)
WARNING: libgomp.c++/ctor-9.C -O3 -fomit-frame-pointer -funroll-all-loops -finline-functions compilation failed to produce executable
FAIL: libgomp.c++/ctor-9.C -O3 -g (test for excess errors)
WARNING: libgomp.c++/ctor-9.C -O3 -g compilation failed to produce executable
FAIL: libgomp.c++/ctor-9.C -Os (test for excess errors)
WARNING: libgomp.c++/ctor-9.C -Os compilation failed to produce executable
FAIL: libgomp.fortran/appendix-a/a.22.7.f90 -O0 (test for excess errors)
WARNING: libgomp.fortran/appendix-a/a.22.7.f90 -O0 compilation failed to produce executable
FAIL: libgomp.fortran/appendix-a/a.22.7.f90 -O1 (test for excess errors)
WARNING: libgomp.fortran/appendix-a/a.22.7.f90 -O1 compilation failed to produce executable
FAIL: libgomp.fortran/appendix-a/a.22.7.f90 -O2 (test for excess errors)
WARNING: libgomp.fortran/appendix-a/a.22.7.f90 -O2 compilation failed to produce executable
FAIL: libgomp.fortran/appendix-a/a.22.7.f90 -O3 -fomit-frame-pointer (test for excess errors)
WARNING: libgomp.fortran/appendix-a/a.22.7.f90 -O3 -fomit-frame-pointer compilation failed to produce executable
FAIL: libgomp.fortran/appendix-a/a.22.7.f90 -O3 -fomit-frame-pointer -funroll-loops (test for excess errors)
WARNING: libgomp.fortran/appendix-a/a.22.7.f90 -O3 -fomit-frame-pointer -funroll-loops compilation failed to produce executable
FAIL: libgomp.fortran/appendix-a/a.22.7.f90 -O3 -fomit-frame-pointer -funroll-all-loops -finline-functions (test for excess errors)
WARNING: libgomp.fortran/appendix-a/a.22.7.f90 -O3 -fomit-frame-pointer -funroll-all-loops -finline-functions compilation failed to produce executable
FAIL: libgomp.fortran/appendix-a/a.22.7.f90 -O3 -g (test for excess errors)
WARNING: libgomp.fortran/appendix-a/a.22.7.f90 -O3 -g compilation failed to produce executable
FAIL: libgomp.fortran/appendix-a/a.22.7.f90 -Os (test for excess errors)
WARNING: libgomp.fortran/appendix-a/a.22.7.f90 -Os compilation failed to produce executable
FAIL: libgomp.fortran/omp_parse3.f90 -O0 (test for excess errors)
WARNING: libgomp.fortran/omp_parse3.f90 -O0 compilation failed to produce executable
FAIL: libgomp.fortran/omp_parse3.f90 -O1 (test for excess errors)
WARNING: libgomp.fortran/omp_parse3.f90 -O1 compilation failed to produce executable
FAIL: libgomp.fortran/omp_parse3.f90 -O2 (test for excess errors)
WARNING: libgomp.fortran/omp_parse3.f90 -O2 compilation failed to produce executable
FAIL: libgomp.fortran/omp_parse3.f90 -O3 -fomit-frame-pointer (test for excess errors)
WARNING: libgomp.fortran/omp_parse3.f90 -O3 -fomit-frame-pointer compilation failed to produce executable
FAIL: libgomp.fortran/omp_parse3.f90 -O3 -fomit-frame-pointer -funroll-loops (test for excess errors)
WARNING: libgomp.fortran/omp_parse3.f90 -O3 -fomit-frame-pointer -funroll-loops compilation failed to produce executable
FAIL: libgomp.fortran/omp_parse3.f90 -O3 -fomit-frame-pointer -funroll-all-loops -finline-functions (test for excess errors)
WARNING: libgomp.fortran/omp_parse3.f90 -O3 -fomit-frame-pointer -funroll-all-loops -finline-functions compilation failed to produce executable
FAIL: libgomp.fortran/omp_parse3.f90 -O3 -g (test for excess errors)
WARNING: libgomp.fortran/omp_parse3.f90 -O3 -g compilation failed to produce executable
FAIL: libgomp.fortran/omp_parse3.f90 -Os (test for excess errors)
WARNING: libgomp.fortran/omp_parse3.f90 -Os compilation failed to produce executable
FAIL: libgomp.fortran/threadprivate2.f90 -O0 (test for excess errors)
WARNING: libgomp.fortran/threadprivate2.f90 -O0 compilation failed to produce executable
FAIL: libgomp.fortran/threadprivate2.f90 -O1 (test for excess errors)
WARNING: libgomp.fortran/threadprivate2.f90 -O1 compilation failed to produce executable
FAIL: libgomp.fortran/threadprivate2.f90 -O2 (test for excess errors)
WARNING: libgomp.fortran/threadprivate2.f90 -O2 compilation failed to produce executable
FAIL: libgomp.fortran/threadprivate2.f90 -O3 -fomit-frame-pointer (test for excess errors)
WARNING: libgomp.fortran/threadprivate2.f90 -O3 -fomit-frame-pointer compilation failed to produce executable
FAIL: libgomp.fortran/threadprivate2.f90 -O3 -fomit-frame-pointer -funroll-loops (test for excess errors)
WARNING: libgomp.fortran/threadprivate2.f90 -O3 -fomit-frame-pointer -funroll-loops compilation failed to produce executable
FAIL: libgomp.fortran/threadprivate2.f90 -O3 -fomit-frame-pointer -funroll-all-loops -finline-functions (test for excess errors)
WARNING: libgomp.fortran/threadprivate2.f90 -O3 -fomit-frame-pointer -funroll-all-loops -finline-functions compilation failed to produce executable
FAIL: libgomp.fortran/threadprivate2.f90 -O3 -g (test for excess errors)
WARNING: libgomp.fortran/threadprivate2.f90 -O3 -g compilation failed to produce executable
FAIL: libgomp.fortran/threadprivate2.f90 -Os (test for excess errors)
WARNING: libgomp.fortran/threadprivate2.f90 -Os compilation failed to produce executable
FAIL: libgomp.fortran/threadprivate3.f90 -O0 (test for excess errors)
WARNING: libgomp.fortran/threadprivate3.f90 -O0 compilation failed to produce executable
FAIL: libgomp.fortran/threadprivate3.f90 -O1 (test for excess errors)
WARNING: libgomp.fortran/threadprivate3.f90 -O1 compilation failed to produce executable
FAIL: libgomp.fortran/threadprivate3.f90 -O2 (test for excess errors)
WARNING: libgomp.fortran/threadprivate3.f90 -O2 compilation failed to produce executable
FAIL: libgomp.fortran/threadprivate3.f90 -O3 -fomit-frame-pointer (test for excess errors)
WARNING: libgomp.fortran/threadprivate3.f90 -O3 -fomit-frame-pointer compilation failed to produce executable
FAIL: libgomp.fortran/threadprivate3.f90 -O3 -fomit-frame-pointer -funroll-loops (test for excess errors)
WARNING: libgomp.fortran/threadprivate3.f90 -O3 -fomit-frame-pointer -funroll-loops compilation failed to produce executable
FAIL: libgomp.fortran/threadprivate3.f90 -O3 -fomit-frame-pointer -funroll-all-loops -finline-functions (test for excess errors)
WARNING: libgomp.fortran/threadprivate3.f90 -O3 -fomit-frame-pointer -funroll-all-loops -finline-functions compilation failed to produce executable
FAIL: libgomp.fortran/threadprivate3.f90 -O3 -g (test for excess errors)
WARNING: libgomp.fortran/threadprivate3.f90 -O3 -g compilation failed to produce executable
FAIL: libgomp.fortran/threadprivate3.f90 -Os (test for excess errors)
WARNING: libgomp.fortran/threadprivate3.f90 -Os compilation failed to produce executable
=== libgomp Summary for unix ===
# of expected passes 1418
# of unexpected failures 56
# of unsupported tests 7
Running target unix/-m64
FAIL: libgomp.c++/ctor-5.C -O0 (test for excess errors)
WARNING: libgomp.c++/ctor-5.C -O0 compilation failed to produce executable
FAIL: libgomp.c++/ctor-5.C -O1 (test for excess errors)
WARNING: libgomp.c++/ctor-5.C -O1 compilation failed to produce executable
FAIL: libgomp.c++/ctor-5.C -O2 (test for excess errors)
WARNING: libgomp.c++/ctor-5.C -O2 compilation failed to produce executable
FAIL: libgomp.c++/ctor-5.C -O3 -fomit-frame-pointer (test for excess errors)
WARNING: libgomp.c++/ctor-5.C -O3 -fomit-frame-pointer compilation failed to produce executable
FAIL: libgomp.c++/ctor-5.C -O3 -fomit-frame-pointer -funroll-loops (test for excess errors)
WARNING: libgomp.c++/ctor-5.C -O3 -fomit-frame-pointer -funroll-loops compilation failed to produce executable
FAIL: libgomp.c++/ctor-5.C -O3 -fomit-frame-pointer -funroll-all-loops -finline-functions (test for excess errors)
WARNING: libgomp.c++/ctor-5.C -O3 -fomit-frame-pointer -funroll-all-loops -finline-functions compilation failed to produce executable
FAIL: libgomp.c++/ctor-5.C -O3 -g (test for excess errors)
WARNING: libgomp.c++/ctor-5.C -O3 -g compilation failed to produce executable
FAIL: libgomp.c++/ctor-5.C -Os (test for excess errors)
WARNING: libgomp.c++/ctor-5.C -Os compilation failed to produce executable
FAIL: libgomp.c++/ctor-8.C -O0 (test for excess errors)
WARNING: libgomp.c++/ctor-8.C -O0 compilation failed to produce executable
FAIL: libgomp.c++/ctor-8.C -O1 (test for excess errors)
WARNING: libgomp.c++/ctor-8.C -O1 compilation failed to produce executable
FAIL: libgomp.c++/ctor-8.C -O2 (test for excess errors)
WARNING: libgomp.c++/ctor-8.C -O2 compilation failed to produce executable
FAIL: libgomp.c++/ctor-8.C -O3 -fomit-frame-pointer (test for excess errors)
WARNING: libgomp.c++/ctor-8.C -O3 -fomit-frame-pointer compilation failed to produce executable
FAIL: libgomp.c++/ctor-8.C -O3 -fomit-frame-pointer -funroll-loops (test for excess errors)
WARNING: libgomp.c++/ctor-8.C -O3 -fomit-frame-pointer -funroll-loops compilation failed to produce executable
FAIL: libgomp.c++/ctor-8.C -O3 -fomit-frame-pointer -funroll-all-loops -finline-functions (test for excess errors)
WARNING: libgomp.c++/ctor-8.C -O3 -fomit-frame-pointer -funroll-all-loops -finline-functions compilation failed to produce executable
FAIL: libgomp.c++/ctor-8.C -O3 -g (test for excess errors)
WARNING: libgomp.c++/ctor-8.C -O3 -g compilation failed to produce executable
FAIL: libgomp.c++/ctor-8.C -Os (test for excess errors)
WARNING: libgomp.c++/ctor-8.C -Os compilation failed to produce executable
FAIL: libgomp.c++/ctor-9.C -O0 (test for excess errors)
WARNING: libgomp.c++/ctor-9.C -O0 compilation failed to produce executable
FAIL: libgomp.c++/ctor-9.C -O1 (test for excess errors)
WARNING: libgomp.c++/ctor-9.C -O1 compilation failed to produce executable
FAIL: libgomp.c++/ctor-9.C -O2 (test for excess errors)
WARNING: libgomp.c++/ctor-9.C -O2 compilation failed to produce executable
FAIL: libgomp.c++/ctor-9.C -O3 -fomit-frame-pointer (test for excess errors)
WARNING: libgomp.c++/ctor-9.C -O3 -fomit-frame-pointer compilation failed to produce executable
FAIL: libgomp.c++/ctor-9.C -O3 -fomit-frame-pointer -funroll-loops (test for excess errors)
WARNING: libgomp.c++/ctor-9.C -O3 -fomit-frame-pointer -funroll-loops compilation failed to produce executable
FAIL: libgomp.c++/ctor-9.C -O3 -fomit-frame-pointer -funroll-all-loops -finline-functions (test for excess errors)
WARNING: libgomp.c++/ctor-9.C -O3 -fomit-frame-pointer -funroll-all-loops -finline-functions compilation failed to produce executable
FAIL: libgomp.c++/ctor-9.C -O3 -g (test for excess errors)
WARNING: libgomp.c++/ctor-9.C -O3 -g compilation failed to produce executable
FAIL: libgomp.c++/ctor-9.C -Os (test for excess errors)
WARNING: libgomp.c++/ctor-9.C -Os compilation failed to produce executable
FAIL: libgomp.fortran/appendix-a/a.22.7.f90 -O0 (test for excess errors)
WARNING: libgomp.fortran/appendix-a/a.22.7.f90 -O0 compilation failed to produce executable
FAIL: libgomp.fortran/appendix-a/a.22.7.f90 -O1 (test for excess errors)
WARNING: libgomp.fortran/appendix-a/a.22.7.f90 -O1 compilation failed to produce executable
FAIL: libgomp.fortran/appendix-a/a.22.7.f90 -O2 (test for excess errors)
WARNING: libgomp.fortran/appendix-a/a.22.7.f90 -O2 compilation failed to produce executable
FAIL: libgomp.fortran/appendix-a/a.22.7.f90 -O3 -fomit-frame-pointer (test for excess errors)
WARNING: libgomp.fortran/appendix-a/a.22.7.f90 -O3 -fomit-frame-pointer compilation failed to produce executable
FAIL: libgomp.fortran/appendix-a/a.22.7.f90 -O3 -fomit-frame-pointer -funroll-loops (test for excess errors)
WARNING: libgomp.fortran/appendix-a/a.22.7.f90 -O3 -fomit-frame-pointer -funroll-loops compilation failed to produce executable
FAIL: libgomp.fortran/appendix-a/a.22.7.f90 -O3 -fomit-frame-pointer -funroll-all-loops -finline-functions (test for excess errors)
WARNING: libgomp.fortran/appendix-a/a.22.7.f90 -O3 -fomit-frame-pointer -funroll-all-loops -finline-functions compilation failed to produce executable
FAIL: libgomp.fortran/appendix-a/a.22.7.f90 -O3 -g (test for excess errors)
WARNING: libgomp.fortran/appendix-a/a.22.7.f90 -O3 -g compilation failed to produce executable
FAIL: libgomp.fortran/appendix-a/a.22.7.f90 -Os (test for excess errors)
WARNING: libgomp.fortran/appendix-a/a.22.7.f90 -Os compilation failed to produce executable
FAIL: libgomp.fortran/omp_parse3.f90 -O0 (test for excess errors)
WARNING: libgomp.fortran/omp_parse3.f90 -O0 compilation failed to produce executable
FAIL: libgomp.fortran/omp_parse3.f90 -O1 (test for excess errors)
WARNING: libgomp.fortran/omp_parse3.f90 -O1 compilation failed to produce executable
FAIL: libgomp.fortran/omp_parse3.f90 -O2 (test for excess errors)
WARNING: libgomp.fortran/omp_parse3.f90 -O2 compilation failed to produce executable
FAIL: libgomp.fortran/omp_parse3.f90 -O3 -fomit-frame-pointer (test for excess errors)
WARNING: libgomp.fortran/omp_parse3.f90 -O3 -fomit-frame-pointer compilation failed to produce executable
FAIL: libgomp.fortran/omp_parse3.f90 -O3 -fomit-frame-pointer -funroll-loops (test for excess errors)
WARNING: libgomp.fortran/omp_parse3.f90 -O3 -fomit-frame-pointer -funroll-loops compilation failed to produce executable
FAIL: libgomp.fortran/omp_parse3.f90 -O3 -fomit-frame-pointer -funroll-all-loops -finline-functions (test for excess errors)
WARNING: libgomp.fortran/omp_parse3.f90 -O3 -fomit-frame-pointer -funroll-all-loops -finline-functions compilation failed to produce executable
FAIL: libgomp.fortran/omp_parse3.f90 -O3 -g (test for excess errors)
WARNING: libgomp.fortran/omp_parse3.f90 -O3 -g compilation failed to produce executable
FAIL: libgomp.fortran/omp_parse3.f90 -Os (test for excess errors)
WARNING: libgomp.fortran/omp_parse3.f90 -Os compilation failed to produce executable
FAIL: libgomp.fortran/threadprivate2.f90 -O0 (test for excess errors)
WARNING: libgomp.fortran/threadprivate2.f90 -O0 compilation failed to produce executable
FAIL: libgomp.fortran/threadprivate2.f90 -O1 (test for excess errors)
WARNING: libgomp.fortran/threadprivate2.f90 -O1 compilation failed to produce executable
FAIL: libgomp.fortran/threadprivate2.f90 -O2 (test for excess errors)
WARNING: libgomp.fortran/threadprivate2.f90 -O2 compilation failed to produce executable
FAIL: libgomp.fortran/threadprivate2.f90 -O3 -fomit-frame-pointer (test for excess errors)
WARNING: libgomp.fortran/threadprivate2.f90 -O3 -fomit-frame-pointer compilation failed to produce executable
FAIL: libgomp.fortran/threadprivate2.f90 -O3 -fomit-frame-pointer -funroll-loops (test for excess errors)
WARNING: libgomp.fortran/threadprivate2.f90 -O3 -fomit-frame-pointer -funroll-loops compilation failed to produce executable
FAIL: libgomp.fortran/threadprivate2.f90 -O3 -fomit-frame-pointer -funroll-all-loops -finline-functions (test for excess errors)
WARNING: libgomp.fortran/threadprivate2.f90 -O3 -fomit-frame-pointer -funroll-all-loops -finline-functions compilation failed to produce executable
FAIL: libgomp.fortran/threadprivate2.f90 -O3 -g (test for excess errors)
WARNING: libgomp.fortran/threadprivate2.f90 -O3 -g compilation failed to produce executable
FAIL: libgomp.fortran/threadprivate2.f90 -Os (test for excess errors)
WARNING: libgomp.fortran/threadprivate2.f90 -Os compilation failed to produce executable
FAIL: libgomp.fortran/threadprivate3.f90 -O0 (test for excess errors)
WARNING: libgomp.fortran/threadprivate3.f90 -O0 compilation failed to produce executable
FAIL: libgomp.fortran/threadprivate3.f90 -O1 (test for excess errors)
WARNING: libgomp.fortran/threadprivate3.f90 -O1 compilation failed to produce executable
FAIL: libgomp.fortran/threadprivate3.f90 -O2 (test for excess errors)
WARNING: libgomp.fortran/threadprivate3.f90 -O2 compilation failed to produce executable
FAIL: libgomp.fortran/threadprivate3.f90 -O3 -fomit-frame-pointer (test for excess errors)
WARNING: libgomp.fortran/threadprivate3.f90 -O3 -fomit-frame-pointer compilation failed to produce executable
FAIL: libgomp.fortran/threadprivate3.f90 -O3 -fomit-frame-pointer -funroll-loops (test for excess errors)
WARNING: libgomp.fortran/threadprivate3.f90 -O3 -fomit-frame-pointer -funroll-loops compilation failed to produce executable
FAIL: libgomp.fortran/threadprivate3.f90 -O3 -fomit-frame-pointer -funroll-all-loops -finline-functions (test for excess errors)
WARNING: libgomp.fortran/threadprivate3.f90 -O3 -fomit-frame-pointer -funroll-all-loops -finline-functions compilation failed to produce executable
FAIL: libgomp.fortran/threadprivate3.f90 -O3 -g (test for excess errors)
WARNING: libgomp.fortran/threadprivate3.f90 -O3 -g compilation failed to produce executable
FAIL: libgomp.fortran/threadprivate3.f90 -Os (test for excess errors)
WARNING: libgomp.fortran/threadprivate3.f90 -Os compilation failed to produce executable
=== libgomp Summary for unix/-m64 ===
# of expected passes 1418
# of unexpected failures 56
# of unsupported tests 7
=== libgomp Summary ===
# of expected passes 2836
# of unexpected failures 112
# of unsupported tests 14
=== libstdc++ tests ===
Running target unix
XPASS: 27_io/basic_istream/extractors_arithmetic/char/12.cc execution test
XPASS: 27_io/basic_istream/extractors_arithmetic/wchar_t/12.cc execution test
=== libstdc++ Summary for unix ===
# of expected passes 3816
# of unexpected successes 2
# of expected failures 15
# of unsupported tests 322
Running target unix/-m64
XPASS: 27_io/basic_istream/extractors_arithmetic/char/12.cc execution test
XPASS: 27_io/basic_istream/extractors_arithmetic/wchar_t/12.cc execution test
XPASS: 27_io/fpos/14320-1.cc execution test
FAIL: abi/cxx_runtime_only_linkage.cc (test for excess errors)
=== libstdc++ Summary for unix/-m64 ===
# of expected passes 3815
# of unexpected failures 1
# of unexpected successes 3
# of expected failures 14
# of unsupported tests 322
=== libstdc++ Summary ===
# of expected passes 7631
# of unexpected failures 1
# of unexpected successes 5
# of expected failures 29
# of unsupported tests 644
Compiler version: 4.3.0 20061127 (experimental)
Platform: sparc-sun-solaris2.10
configure flags: --prefix=/opt/build/eric/local/gcc --with-gmp=/opt/build/eric/local --with-mpfr=/opt/build/eric/local --with-local-prefix=/opt/build/eric/local --enable-checking=assert,gc,misc,rtl,rtlflag,runtime,tree --disable-libgcj --enable-languages=c,c++,fortran,java,objc,obj-c++
BOOT_CFLAGS=-g -O2