This is the mail archive of the
gcc-testresults@gcc.gnu.org
mailing list for the GCC project.
Results for 4.3.0 20061127 (experimental) testsuite on sparc-sun-solaris2.7
- From: ebotcazou at libertysurf dot fr (Eric Botcazou)
- To: gcc-testresults at gcc dot gnu dot org
- Date: Tue, 28 Nov 2006 23:01:12 +0100
- Subject: Results for 4.3.0 20061127 (experimental) testsuite on sparc-sun-solaris2.7
LAST_UPDATED: Mon Nov 27 05:40:30 UTC 2006 (revision 119245M)
Native configuration is sparc-sun-solaris2.7
=== g++ tests ===
Running target unix
WARNING: g++.dg/other/ucnid-1.C compilation failed to produce executable
XPASS: g++.old-deja/g++.other/init18.C execution test
XPASS: g++.old-deja/g++.other/init19.C execution test
=== g++ Summary ===
# of expected passes 12981
# of unexpected successes 2
# of expected failures 70
# of unsupported tests 172
/opt/build/eric/gcc/gcc/testsuite/g++/../../g++ version 4.3.0 20061127 (experimental)
=== gcc tests ===
Running target unix
FAIL: gcc.c-torture/compile/pr27528.c -O0 (test for excess errors)
FAIL: gcc.c-torture/compile/pr27528.c -O1 (test for excess errors)
FAIL: gcc.c-torture/compile/pr27528.c -O2 (test for excess errors)
FAIL: gcc.c-torture/compile/pr27528.c -O3 -fomit-frame-pointer (test for excess errors)
FAIL: gcc.c-torture/compile/pr27528.c -O3 -g (test for excess errors)
FAIL: gcc.c-torture/compile/pr27528.c -Os (test for excess errors)
FAIL: gcc.c-torture/execute/mayalias-2.c compilation, -O3 -g (internal compiler error)
UNRESOLVED: gcc.c-torture/execute/mayalias-2.c execution, -O3 -g
FAIL: gcc.c-torture/execute/mayalias-3.c compilation, -O3 -g (internal compiler error)
UNRESOLVED: gcc.c-torture/execute/mayalias-3.c execution, -O3 -g
XPASS: gcc.dg/cpp/cmdlne-dI-M.c scan-file (^|\\\\n)cmdlne-dI-M.*:[^\\\\n]*cmdlne-dI-M.c
XPASS: gcc.dg/cpp/cmdlne-dM-M.c scan-file (^|\\\\n)cmdlne-dM-M[^\\\\n]*:[^\\\\n]*cmdlne-dM-M.c
FAIL: gcc.dg/alias-10.c scan-tree-dump-times Unswitching 1
FAIL: gcc.dg/builtin-bswap-1.c (test for excess errors)
ERROR: gcc.dg/builtin-bswap-1.c: error executing dg-final: couldn't open "builtin-bswap-1.s": no such file or directory
UNRESOLVED: gcc.dg/builtin-bswap-1.c: error executing dg-final: couldn't open "builtin-bswap-1.s": no such file or directory
FAIL: gcc.dg/builtin-bswap-2.c (test for excess errors)
WARNING: gcc.dg/builtin-bswap-2.c compilation failed to produce executable
FAIL: gcc.dg/builtin-bswap-3.c (test for excess errors)
WARNING: gcc.dg/builtin-bswap-3.c compilation failed to produce executable
FAIL: gcc.dg/builtin-bswap-4.c (test for excess errors)
WARNING: gcc.dg/builtin-bswap-4.c compilation failed to produce executable
FAIL: gcc.dg/builtins-57.c scan-tree-dump trunc
WARNING: gcc.dg/ucnid-2.c compilation failed to produce executable
WARNING: gcc.dg/ucnid-3.c compilation failed to produce executable
WARNING: gcc.dg/ucnid-4.c compilation failed to produce executable
FAIL: gcc.dg/torture/builtin-sin-mpfr-1.c -O0 (test for excess errors)
FAIL: gcc.dg/torture/builtin-sin-mpfr-1.c -O1 (test for excess errors)
FAIL: gcc.dg/torture/builtin-sin-mpfr-1.c -O2 (test for excess errors)
FAIL: gcc.dg/torture/builtin-sin-mpfr-1.c -O3 -fomit-frame-pointer (test for excess errors)
FAIL: gcc.dg/torture/builtin-sin-mpfr-1.c -O3 -fomit-frame-pointer -funroll-loops (test for excess errors)
FAIL: gcc.dg/torture/builtin-sin-mpfr-1.c -O3 -fomit-frame-pointer -funroll-all-loops -finline-functions (test for excess errors)
FAIL: gcc.dg/torture/builtin-sin-mpfr-1.c -O3 -g (test for excess errors)
FAIL: gcc.dg/torture/builtin-sin-mpfr-1.c -Os (test for excess errors)
FAIL: gcc.dg/tree-ssa/loadpre1.c scan-tree-dump-times Eliminated: 1 1
FAIL: gcc.dg/tree-ssa/loadpre14.c scan-tree-dump-times Eliminated: 1 1
FAIL: gcc.dg/tree-ssa/loadpre15.c scan-tree-dump-times Eliminated: 1 1
XPASS: gcc.dg/vect/pr20122.c scan-tree-dump-times vectorized 1 loops 2
XPASS: gcc.dg/vect/vect-105.c scan-tree-dump-times vectorized 1 loops 1
XPASS: gcc.dg/vect/vect-75.c scan-tree-dump-times vectorized 1 loops 1
XPASS: gcc.dg/vect/vect-multitypes-3.c scan-tree-dump-times vectorized 1 loops 1
FAIL: gcc.dg/vect/vect-multitypes-5.c scan-tree-dump-times vectorized 1 loops 1
FAIL: gcc.dg/vect/vect-pow-1.c scan-tree-dump pattern recognized
FAIL: gcc.dg/vect/vect-pow-2.c scan-tree-dump pattern recognized
FAIL: gcc.target/sparc/noresult.c (internal compiler error)
FAIL: gcc.target/sparc/noresult.c (test for excess errors)
ERROR: gcc.target/sparc/noresult.c: error executing dg-final: couldn't open "noresult.s": no such file or directory
UNRESOLVED: gcc.target/sparc/noresult.c: error executing dg-final: couldn't open "noresult.s": no such file or directory
=== gcc Summary ===
# of expected passes 41143
# of unexpected failures 30
# of unexpected successes 6
# of expected failures 129
# of unresolved testcases 4
# of untested testcases 28
# of unsupported tests 491
/opt/build/eric/gcc/gcc/xgcc version 4.3.0 20061127 (experimental)
=== obj-c++ tests ===
Running target unix
FAIL: obj-c++.dg/cxx-ivars-2.mm execution test
FAIL: obj-c++.dg/encode-8.mm execution test
FAIL: obj-c++.dg/gnu-runtime-2.mm (test for excess errors)
FAIL: obj-c++.dg/isa-field-1.mm (test for excess errors)
FAIL: obj-c++.dg/lookup-2.mm (test for excess errors)
WARNING: obj-c++.dg/lookup-2.mm compilation failed to produce executable
FAIL: obj-c++.dg/try-catch-2.mm (test for excess errors)
WARNING: obj-c++.dg/try-catch-2.mm compilation failed to produce executable
FAIL: obj-c++.dg/try-catch-9.mm (test for excess errors)
WARNING: obj-c++.dg/try-catch-9.mm compilation failed to produce executable
=== obj-c++ Summary ===
# of expected passes 428
# of unexpected failures 7
# of unsupported tests 13
/opt/build/eric/gcc/gcc/testsuite/obj-c++/../../g++ version 4.3.0 20061127 (experimental)
=== objc tests ===
Running target unix
=== objc Summary ===
# of expected passes 1760
# of expected failures 7
# of unsupported tests 24
/opt/build/eric/gcc/gcc/xgcc version 4.3.0 20061127 (experimental)
=== libstdc++ tests ===
Running target unix
FAIL: 23_containers/vector/modifiers/erase/1.cc (test for excess errors)
WARNING: 23_containers/vector/modifiers/erase/1.cc compilation failed to produce executable
WARNING: program timed out.
FAIL: ext/pb_ds/regression/tree_data_map_rand.cc (test for excess errors)
WARNING: ext/pb_ds/regression/tree_data_map_rand.cc compilation failed to produce executable
WARNING: program timed out.
FAIL: ext/pb_ds/regression/tree_no_data_map_rand.cc (test for excess errors)
WARNING: ext/pb_ds/regression/tree_no_data_map_rand.cc compilation failed to produce executable
=== libstdc++ Summary ===
# of expected passes 3810
# of unexpected failures 3
# of expected failures 17
# of unsupported tests 322
Compiler version: 4.3.0 20061127 (experimental)
Platform: sparc-sun-solaris2.7
configure flags: --prefix=/opt/build/eric/local/gcc --with-gmp=/opt/build/eric/local --with-mpfr=/opt/build/eric/local --with-local-prefix=/opt/build/eric/local --enable-checking=assert,misc,runtime --enable-languages=c,c++,fortran,objc,obj-c++
BOOT_CFLAGS=-g -O2