This is the mail archive of the
gcc-testresults@gcc.gnu.org
mailing list for the GCC project.
Results for 4.3.0 20061128 (experimental) testsuite on x86_64-redhat-linux-gnu
- From: Grigory Zagorodnev <grigory_zagorodnev at linux dot intel dot com>
- To: gcc-testresults at gcc dot gnu dot org
- Date: Wed, 29 Nov 2006 00:04:08 +0300
- Subject: Results for 4.3.0 20061128 (experimental) testsuite on x86_64-redhat-linux-gnu
LAST_UPDATED: Tue Nov 28 17:22:38 UTC 2006 (revision 119287)
Native configuration is x86_64-redhat-linux-gnu
=== g++ tests ===
Running target unix
XPASS: g++.dg/tree-ssa/ivopts-1.C scan-tree-dump-not &x\[5\]
=== g++ Summary ===
# of expected passes 13195
# of unexpected successes 1
# of expected failures 68
# of unsupported tests 104
/home/testbot/bootstrap/007762/bld/gcc/testsuite/g++/../../g++ version 4.3.0 20061128 (experimental)
=== gcc tests ===
Running target unix
FAIL: gcc.c-torture/execute/mayalias-2.c compilation, -O3 -g (internal compiler error)
UNRESOLVED: gcc.c-torture/execute/mayalias-2.c execution, -O3 -g
FAIL: gcc.c-torture/execute/mayalias-3.c compilation, -O3 -g (internal compiler error)
UNRESOLVED: gcc.c-torture/execute/mayalias-3.c execution, -O3 -g
FAIL: gcc.dg/alias-10.c scan-tree-dump-times Unswitching 1
FAIL: gcc.dg/visibility-11.c scan-assembler memcpy@PLT
WARNING: gcc.dg/torture/fp-int-convert-float128-timode.c -O0 compilation failed to produce executable
WARNING: gcc.dg/torture/fp-int-convert-float128-timode.c -O1 compilation failed to produce executable
WARNING: gcc.dg/torture/fp-int-convert-float128-timode.c -O2 compilation failed to produce executable
WARNING: gcc.dg/torture/fp-int-convert-float128-timode.c -O3 -fomit-frame-pointer compilation failed to produce executable
WARNING: gcc.dg/torture/fp-int-convert-float128-timode.c -O3 -g compilation failed to produce executable
WARNING: gcc.dg/torture/fp-int-convert-float128-timode.c -Os compilation failed to produce executable
WARNING: gcc.dg/torture/fp-int-convert-float128.c -O0 compilation failed to produce executable
WARNING: gcc.dg/torture/fp-int-convert-float128.c -O1 compilation failed to produce executable
WARNING: gcc.dg/torture/fp-int-convert-float128.c -O2 compilation failed to produce executable
WARNING: gcc.dg/torture/fp-int-convert-float128.c -O3 -fomit-frame-pointer compilation failed to produce executable
WARNING: gcc.dg/torture/fp-int-convert-float128.c -O3 -g compilation failed to produce executable
WARNING: gcc.dg/torture/fp-int-convert-float128.c -Os compilation failed to produce executable
FAIL: gcc.dg/tree-ssa/loadpre1.c scan-tree-dump-times Eliminated: 1 1
FAIL: gcc.dg/tree-ssa/loadpre14.c scan-tree-dump-times Eliminated: 1 1
FAIL: gcc.dg/tree-ssa/loadpre15.c scan-tree-dump-times Eliminated: 1 1
=== gcc Summary ===
# of expected passes 42190
# of unexpected failures 7
# of expected failures 122
# of unresolved testcases 2
# of untested testcases 28
# of unsupported tests 410
/home/testbot/bootstrap/007762/bld/gcc/xgcc version 4.3.0 20061128 (experimental)
=== gfortran tests ===
Running target unix
FAIL: gfortran.dg/csqrt_2.f -O0 execution test
FAIL: gfortran.dg/csqrt_2.f -O1 execution test
FAIL: gfortran.dg/csqrt_2.f -O2 execution test
FAIL: gfortran.dg/csqrt_2.f -O3 -fomit-frame-pointer execution test
FAIL: gfortran.dg/csqrt_2.f -O3 -fomit-frame-pointer -funroll-loops execution test
FAIL: gfortran.dg/csqrt_2.f -O3 -fomit-frame-pointer -funroll-all-loops -finline-functions execution test
FAIL: gfortran.dg/csqrt_2.f -O3 -g execution test
FAIL: gfortran.dg/csqrt_2.f -Os execution test
=== gfortran Summary ===
# of expected passes 15378
# of unexpected failures 8
# of expected failures 7
# of unsupported tests 17
/home/testbot/bootstrap/007762/bld/gcc/testsuite/gfortran/../../gfortran version 4.3.0 20061128 (experimental)
=== objc tests ===
Running target unix
=== objc Summary ===
# of expected passes 1760
# of expected failures 7
# of unsupported tests 24
/home/testbot/bootstrap/007762/bld/gcc/xgcc version 4.3.0 20061128 (experimental)
=== libffi tests ===
Running target unix
=== libffi Summary ===
# of expected passes 1084
# of unsupported tests 8
=== libgomp tests ===
Running target unix
FAIL: libgomp.c/appendix-a/a.2.1.c execution test
FAIL: libgomp.c/atomic-2.c (test for excess errors)
WARNING: libgomp.c/atomic-2.c compilation failed to produce executable
FAIL: libgomp.c++/nested-1.C -O0 execution test
FAIL: libgomp.c++/nested-1.C -O1 execution test
FAIL: libgomp.c++/pr27337.C -O1 execution test
FAIL: libgomp.fortran/character1.f90 -O0 execution test
FAIL: libgomp.fortran/omp_parse4.f90 -O1 execution test
FAIL: libgomp.fortran/reference1.f90 -O0 execution test
FAIL: libgomp.fortran/reference2.f90 -O0 execution test
=== libgomp Summary ===
# of expected passes 1534
# of unexpected failures 9
=== libjava tests ===
Running target unix
FAIL: calls execution - gij test
FAIL: findclass execution - gij test
FAIL: jniutf execution - gij test
FAIL: virtual execution - gij test
FAIL: Divide_1 execution - gij test
FAIL: FileHandleGcTest execution - gij test
FAIL: FileHandleGcTest execution - gij test
FAIL: G19990303_02 execution - gij test
FAIL: G19990304_01 execution - gij test
FAIL: InterfaceDispatch execution - gij test
FAIL: Matrix4f execution - gij test
FAIL: N19990310_3 execution - gij test
FAIL: N19990310_5 execution - gij test
FAIL: Overflow execution - gij test
FAIL: Overflow execution - gij test
FAIL: PR141 execution - gij test
FAIL: PR160 execution - gij test
FAIL: PR18699 execution - gij test
FAIL: PR18699 -findirect-dispatch execution - bytecode->native test
FAIL: PR19870 execution - gij test
FAIL: PR56 execution - gij test
FAIL: PR6085 execution - gij test
FAIL: PR7482 execution - gij test
FAIL: Process_3 execution - source compiled test
FAIL: Process_3 -O3 execution - bytecode->native test
FAIL: Process_4 execution - gij test
FAIL: SyncTest execution - bytecode->native test
FAIL: Thread_HoldsLock execution - gij test
FAIL: anon4 execution - gij test
FAIL: anon_ctor_itf_arg execution - gij test
FAIL: anonarray2 execution - gij test
FAIL: bclink execution - gij test
FAIL: bytearray execution - gij test
FAIL: direct_read execution - gij test
FAIL: direct_write execution - gij test
FAIL: direct_write execution - gij test
FAIL: err10 execution - gij test
FAIL: err10 -findirect-dispatch execution - bytecode->native test
FAIL: err12 execution - gij test
FAIL: err13 execution - gij test
FAIL: err2 execution - gij test
FAIL: err7 execution - gij test
FAIL: final_int execution - gij test
FAIL: indirect execution - gij test
FAIL: initexc execution - gij test
FAIL: inner2 execution - gij test
FAIL: inner4 execution - gij test
FAIL: inner_interface execution - gij test
FAIL: klass execution - gij test
FAIL: klass execution - gij test
FAIL: multiple_finit execution - gij test
FAIL: nested_with_ctor execution - gij test
FAIL: pr13107_3 execution - gij test
FAIL: pr133 execution - gij test
FAIL: pr184 execution - gij test
FAIL: pr25676 execution - gij test
FAIL: pr25676 -O3 execution - bytecode->native test
FAIL: pr6388 execution - gij test
FAIL: pr8676 execution - gij test
FAIL: pr8823 execution - gij test
FAIL: shatest execution - gij test
FAIL: stacktrace execution - gij test
FAIL: stringconst execution - gij test
FAIL: stub execution - gij test
FAIL: tp execution - gij test
FAIL: update_outer execution - gij test
=== libjava Summary ===
# of expected passes 6904
# of unexpected failures 66
# of expected failures 12
# of untested testcases 74
=== libmudflap tests ===
Running target unix
FAIL: libmudflap.cth/pass59-frag.c (test for excess errors)
FAIL: libmudflap.cth/pass59-frag.c (-static -DSTATIC) (test for excess errors)
FAIL: libmudflap.cth/pass59-frag.c (-O2) (test for excess errors)
FAIL: libmudflap.cth/pass59-frag.c (-O3) (test for excess errors)
=== libmudflap Summary ===
# of expected passes 1822
# of unexpected failures 4
=== libstdc++ tests ===
Running target unix
FAIL: abi_check
XPASS: 26_numerics/cmath/c99_classification_macros_c.cc (test for excess errors)
XPASS: 27_io/fpos/14320-1.cc execution test
=== libstdc++ Summary ===
# of expected passes 4461
# of unexpected failures 1
# of unexpected successes 2
# of expected failures 14
Compiler version: 4.3.0 20061128 (experimental)
Platform: x86_64-redhat-linux-gnu
configure flags: --prefix=/home/testbot/bootstrap/007762/usr --program-suffix=-43 -enable-shared --enable-threads=posix --enable-checking --with-system-zlib --enable-__cxa_atexit --host=x86_64-redhat-linux --enable-languages=c,c++,fortran,java,objc