This is the mail archive of the
gcc-testresults@gcc.gnu.org
mailing list for the GCC project.
Results for 4.3.0 20061128 (experimental) testsuite on i686-pc-linux-gnu
- From: Joe Buck <Joe dot Buck at synopsys dot com>
- To: gcc-testresults at gcc dot gnu dot org
- Date: Tue, 28 Nov 2006 07:27:37 -0800
- Subject: Results for 4.3.0 20061128 (experimental) testsuite on i686-pc-linux-gnu
This is a Red Hat Enterprise (GNU/)Linux WS release 3 system
(yes, horribly old) running on a dual 2.2 GHz Intel Xeon system.
boot compiler: gcc 3.4.2
kernel: 2.4.21-4.EL (from Red Hat)
glibc: 2.3.2-95.3 (from Red Hat)
binutils: 2.17 (FSF release)
Only C, C++, ObjC, and Fortran are tested (no Java).
LAST_UPDATED: Tue Nov 28 08:34:03 UTC 2006 (revision 119278)
Native configuration is i686-pc-linux-gnu
=== g++ tests ===
Running target unix
XPASS: g++.dg/tree-ssa/ivopts-1.C scan-tree-dump-not &x\\[5\\]
=== g++ Summary ===
# of expected passes 13277
# of unexpected successes 1
# of expected failures 68
# of unsupported tests 75
/var/tmp/gccbuild/trunk/gcc/testsuite/g++/../../g++ version 4.3.0 20061128 (experimental)
=== gcc tests ===
Running target unix
WARNING: program timed out.
FAIL: gcc.c-torture/compile/20001226-1.c (test for excess errors)
FAIL: gcc.c-torture/execute/mayalias-2.c compilation, -O3 -g (internal compiler error)
UNRESOLVED: gcc.c-torture/execute/mayalias-2.c execution, -O3 -g
FAIL: gcc.c-torture/execute/mayalias-3.c compilation, -O3 -g (internal compiler error)
UNRESOLVED: gcc.c-torture/execute/mayalias-3.c execution, -O3 -g
FAIL: gcc.dg/alias-10.c scan-tree-dump-times Unswitching 1
FAIL: gcc.dg/visibility-11.c scan-assembler memcpy@PLT
FAIL: gcc.dg/torture/builtin-sin-mpfr-1.c (test for excess errors)
FAIL: gcc.dg/torture/builtin-sin-mpfr-1.c (test for excess errors)
FAIL: gcc.dg/torture/builtin-sin-mpfr-1.c (test for excess errors)
FAIL: gcc.dg/torture/builtin-sin-mpfr-1.c (test for excess errors)
FAIL: gcc.dg/torture/builtin-sin-mpfr-1.c (test for excess errors)
FAIL: gcc.dg/torture/builtin-sin-mpfr-1.c (test for excess errors)
FAIL: gcc.dg/torture/builtin-sin-mpfr-1.c (test for excess errors)
FAIL: gcc.dg/torture/builtin-sin-mpfr-1.c (test for excess errors)
FAIL: gcc.dg/tree-ssa/loadpre1.c scan-tree-dump-times Eliminated: 1 1
FAIL: gcc.dg/tree-ssa/loadpre14.c scan-tree-dump-times Eliminated: 1 1
FAIL: gcc.dg/tree-ssa/loadpre15.c scan-tree-dump-times Eliminated: 1 1
FAIL: gcc.dg/vect/vect-pow-1.c scan-tree-dump pattern recognized
FAIL: gcc.dg/vect/vect-pow-2.c scan-tree-dump pattern recognized
=== gcc Summary ===
# of expected passes 42349
# of unexpected failures 18
# of expected failures 111
# of unresolved testcases 2
# of untested testcases 28
# of unsupported tests 296
/var/tmp/gccbuild/trunk/gcc/xgcc version 4.3.0 20061128 (experimental)
=== gfortran tests ===
Running target unix
FAIL: gfortran.dg/csqrt_2.f execution test
FAIL: gfortran.dg/csqrt_2.f execution test
FAIL: gfortran.dg/csqrt_2.f execution test
FAIL: gfortran.dg/csqrt_2.f execution test
FAIL: gfortran.dg/csqrt_2.f execution test
FAIL: gfortran.dg/csqrt_2.f execution test
FAIL: gfortran.dg/csqrt_2.f execution test
FAIL: gfortran.dg/csqrt_2.f execution test
=== gfortran Summary ===
# of expected passes 15379
# of unexpected failures 8
# of expected failures 7
# of unsupported tests 16
/var/tmp/gccbuild/trunk/gcc/testsuite/gfortran/../../gfortran version 4.3.0 20061128 (experimental)
=== objc tests ===
Running target unix
=== objc Summary ===
# of expected passes 1760
# of expected failures 7
# of unsupported tests 24
/var/tmp/gccbuild/trunk/gcc/xgcc version 4.3.0 20061128 (experimental)
=== libgomp tests ===
Running target unix
=== libgomp Summary ===
# of expected passes 1544
=== libmudflap tests ===
Running target unix
=== libmudflap Summary ===
# of expected passes 1826
=== libstdc++ tests ===
Running target unix
XPASS: 26_numerics/cmath/c99_classification_macros_c.cc (test for excess errors)
=== libstdc++ Summary ===
# of expected passes 1774
# of unexpected successes 1
# of expected failures 9
Compiler version: 4.3.0 20061128 (experimental)
Platform: i686-pc-linux-gnu
configure flags: --prefix=/usr/localdisk/gcc-cvs/trunk --with-gnu-as --with-as=/remote/atg5/jbuck/binutils-2.17-linux/bin/as --with-gnu-ld --with-ld=/remote/atg5/jbuck/binutils-2.17-linux/bin/ld --with-mpfr=/remote/atg5/jbuck/mpfr-2.2.0-linux --enable-languages=c,c++,fortran,objc