This is the mail archive of the
gcc-testresults@gcc.gnu.org
mailing list for the GCC project.
Results for 4.1.2 20061127 (prerelease) testsuite on arm-none-linux-gnueabi
- From: CodeSourcery Automatic Testing System <gcc at codesourcery dot com>
- To: gcc-testresults at gcc dot gnu dot org
- Date: Tue, 28 Nov 2006 07:21:55 -0800
- Subject: Results for 4.1.2 20061127 (prerelease) testsuite on arm-none-linux-gnueabi
LAST_UPDATED: Mon Nov 27 08:11:53 UTC 2006 (/branches/gcc-4_1-branch revision 119246)
Target is arm-none-linux-gnueabi
Host is i686-pc-linux-gnu
=== g++ tests ===
Running target qemu-system
FAIL: g++.dg/abi/local1.C execution test
FAIL: g++.dg/ext/visibility/arm3.C scan-not-hidden hidden[ \\t_]*_ZTI1A
FAIL: g++.dg/ext/visibility/arm3.C scan-not-hidden hidden[ \\t_]*_ZTS1A
FAIL: g++.dg/ext/visibility/arm3.C scan-not-hidden hidden[ \\t_]*_ZTV1B
FAIL: g++.dg/ext/visibility/arm3.C scan-not-hidden hidden[ \\t_]*_ZTI1B
FAIL: g++.dg/ext/visibility/arm3.C scan-not-hidden hidden[ \\t_]*_ZTS1B
XPASS: g++.dg/other/packed1.C execution test
FAIL: g++.dg/template/dependent-expr1.C (test for errors, line 22)
XPASS: g++.dg/tree-ssa/pr14814.C scan-tree-dump-times &this 0
XPASS: g++.old-deja/g++.other/init5.C execution test
=== g++ Summary ===
# of expected passes 12253
# of unexpected failures 7
# of unexpected successes 3
# of expected failures 66
# of unsupported tests 124
/scratch/gcc/nightly-2006-11-27-4.1/arm-none-linux-gnueabi/build_gcc/build/test-4.1-0-arm-none-linux-gnueabi/host-i686-pc-linux-gnu/fsf-4.1/bin/arm-none-linux-gnueabi-c++ version 4.1.2 20061127 (prerelease)
Host is i686-pc-linux-gnu
=== gcc tests ===
Running target qemu-system
=== gcc Summary ===
# of expected passes 37725
# of expected failures 77
# of untested testcases 28
# of unsupported tests 334
/scratch/gcc/nightly-2006-11-27-4.1/arm-none-linux-gnueabi/build_gcc/build/test-4.1-0-arm-none-linux-gnueabi/host-i686-pc-linux-gnu/fsf-4.1/bin/arm-none-linux-gnueabi-gcc version 4.1.2 20061127 (prerelease)
Host is i686-pc-linux-gnu
=== libstdc++ tests ===
Running target qemu-system
WARNING: program timed out.
FAIL: 21_strings/basic_string/append/wchar_t/3.cc execution test
WARNING: program timed out.
FAIL: 23_containers/set/modifiers/16728.cc execution test
WARNING: program timed out.
FAIL: 27_io/basic_ifstream/cons/char/1.cc execution test
WARNING: program timed out.
FAIL: 27_io/basic_ofstream/cons/char/2.cc execution test
WARNING: program timed out.
FAIL: 27_io/basic_stringbuf/overflow/char/1.cc execution test
WARNING: program timed out.
FAIL: 27_io/basic_stringbuf/overflow/wchar_t/1.cc execution test
WARNING: program timed out.
FAIL: thread/pthread1.cc execution test
WARNING: program timed out.
FAIL: thread/pthread2.cc execution test
WARNING: program timed out.
FAIL: thread/pthread3.cc execution test
WARNING: program timed out.
FAIL: thread/pthread4.cc execution test
WARNING: program timed out.
FAIL: thread/pthread5.cc execution test
WARNING: program timed out.
FAIL: thread/pthread6.cc execution test
WARNING: program timed out.
FAIL: thread/pthread7-rope.cc execution test
=== libstdc++ Summary ===
# of expected passes 3378
# of unexpected failures 13
# of expected failures 13
# of unsupported tests 327
Host is i686-pc-linux-gnu
=== g++ tests ===
Running target qemu-system/-mthumb
FAIL: g++.dg/abi/local1.C execution test
FAIL: g++.dg/ext/visibility/arm3.C scan-not-hidden hidden[ \\t_]*_ZTI1A
FAIL: g++.dg/ext/visibility/arm3.C scan-not-hidden hidden[ \\t_]*_ZTS1A
FAIL: g++.dg/ext/visibility/arm3.C scan-not-hidden hidden[ \\t_]*_ZTV1B
FAIL: g++.dg/ext/visibility/arm3.C scan-not-hidden hidden[ \\t_]*_ZTI1B
FAIL: g++.dg/ext/visibility/arm3.C scan-not-hidden hidden[ \\t_]*_ZTS1B
XPASS: g++.dg/other/packed1.C execution test
FAIL: g++.dg/template/dependent-expr1.C (test for errors, line 22)
XPASS: g++.dg/tree-ssa/pr14814.C scan-tree-dump-times &this 0
FAIL: g++.old-deja/g++.abi/cxa_vec.C execution test
FAIL: g++.old-deja/g++.brendan/new3.C execution test
XPASS: g++.old-deja/g++.other/init5.C execution test
=== g++ Summary ===
# of expected passes 12249
# of unexpected failures 9
# of unexpected successes 3
# of expected failures 66
# of unsupported tests 125
/scratch/gcc/nightly-2006-11-27-4.1/arm-none-linux-gnueabi/build_gcc/build/test-4.1-0-arm-none-linux-gnueabi/host-i686-pc-linux-gnu/fsf-4.1/bin/arm-none-linux-gnueabi-c++ version 4.1.2 20061127 (prerelease)
Host is i686-pc-linux-gnu
=== gcc tests ===
Running target qemu-system/-mthumb
XPASS: gcc.c-torture/execute/941014-1.c execution, -O0
FAIL: gcc.dg/debug/20050907-1.c -gstabs1 (test for excess errors)
FAIL: gcc.dg/debug/20050907-1.c -gstabs (test for excess errors)
FAIL: gcc.dg/debug/20050907-1.c -gstabs3 (test for excess errors)
FAIL: gcc.dg/debug/20050907-1.c -gstabs+1 (test for excess errors)
FAIL: gcc.dg/debug/20050907-1.c -gstabs+ (test for excess errors)
FAIL: gcc.dg/debug/20050907-1.c -gstabs+3 (test for excess errors)
FAIL: gcc.dg/nested-func-4.c (test for excess errors)
UNRESOLVED: gcc.dg/nested-func-4.c compilation failed to produce executable
FAIL: gcc.dg/sibcall-3.c execution test
FAIL: gcc.dg/sibcall-4.c execution test
XPASS: gcc.dg/tree-ssa/20040204-1.c scan-tree-dump-times link_error 0
=== gcc Summary ===
# of expected passes 37663
# of unexpected failures 9
# of unexpected successes 2
# of expected failures 76
# of unresolved testcases 1
# of untested testcases 28
# of unsupported tests 343
/scratch/gcc/nightly-2006-11-27-4.1/arm-none-linux-gnueabi/build_gcc/build/test-4.1-0-arm-none-linux-gnueabi/host-i686-pc-linux-gnu/fsf-4.1/bin/arm-none-linux-gnueabi-gcc version 4.1.2 20061127 (prerelease)
Host is i686-pc-linux-gnu
=== libstdc++ tests ===
Running target qemu-system/-mthumb
WARNING: program timed out.
FAIL: 21_strings/basic_string/append/wchar_t/3.cc execution test
FAIL: 22_locale/money_put/put/char/4.cc execution test
FAIL: 22_locale/num_put/put/char/4.cc execution test
FAIL: 22_locale/num_put/put/wchar_t/4.cc execution test
WARNING: program timed out.
FAIL: 27_io/basic_ifstream/cons/char/1.cc execution test
WARNING: program timed out.
FAIL: 27_io/basic_ofstream/cons/char/2.cc execution test
WARNING: program timed out.
FAIL: 27_io/basic_stringbuf/overflow/char/1.cc execution test
WARNING: program timed out.
FAIL: 27_io/basic_stringbuf/overflow/wchar_t/1.cc execution test
FAIL: 27_io/ios_base/storage/11584.cc execution test
FAIL: ext/mt_allocator/check_new.cc execution test
FAIL: ext/pool_allocator/check_new.cc execution test
WARNING: program timed out.
FAIL: thread/pthread1.cc execution test
WARNING: program timed out.
FAIL: thread/pthread2.cc execution test
WARNING: program timed out.
FAIL: thread/pthread3.cc execution test
WARNING: program timed out.
FAIL: thread/pthread4.cc execution test
WARNING: program timed out.
FAIL: thread/pthread5.cc execution test
WARNING: program timed out.
FAIL: thread/pthread6.cc execution test
WARNING: program timed out.
FAIL: thread/pthread7-rope.cc execution test
=== libstdc++ Summary ===
# of expected passes 3373
# of unexpected failures 18
# of expected failures 13
# of unsupported tests 327
Compiler version: 4.1.2 20061127 (prerelease)
Platform: arm-none-linux-gnueabi
configure flags: --build=i686-pc-linux-gnu --host=i686-pc-linux-gnu --target=arm-none-linux-gnueabi --enable-shared --enable-threads --disable-libmudflap --disable-libssp --disable-libgomp --disable-libstdcxx-pch --with-gnu-as --with-gnu-ld --prefix=/scratch/gcc/nightly-2006-11-27-4.1/arm-none-linux-gnueabi/build_gcc/install --enable-languages=c,c++ --enable-symvers=gnu --enable-__cxa_atexit --disable-nls --with-sysroot=/scratch/gcc/nightly-2006-11-27-4.1/arm-none-linux-gnueabi/build_gcc/install/arm-none-linux-gnueabi/libc