This is the mail archive of the
gcc-testresults@gcc.gnu.org
mailing list for the GCC project.
Results for 4.1.2 20061115 (prerelease) (Debian 4.1.1-20) testsuite on m68k-unknown-linux-gnu
- From: Matthias Klose <doko at debian dot org>
- To: gcc-testresults at gcc dot gnu dot org
- Cc: debian-gcc at lists dot debian dot org
- Date: Mon, 27 Nov 2006 17:54:04 -0700
- Subject: Results for 4.1.2 20061115 (prerelease) (Debian 4.1.1-20) testsuite on m68k-unknown-linux-gnu
- Reply-to: Matthias Klose <doko at debian dot org>
LAST_UPDATED: Wed Nov 15 17:01:06 UTC 2006 (revision 118860)
Native configuration is m68k-unknown-linux-gnu
=== g++ tests ===
Running target unix
FAIL: g++.dg/ext/visibility/noPLT.C scan-assembler-not methodEv@PLT
FAIL: g++.dg/inherit/access8.C (test for excess errors)
FAIL: g++.dg/lookup/linkage1.C (test for errors, line 3)
FAIL: g++.dg/lookup/linkage1.C (test for errors, line 4)
FAIL: g++.dg/lookup/linkage2.C (test for excess errors)
XPASS: g++.dg/tree-ssa/pr14814.C scan-tree-dump-times &this 0
XPASS: g++.old-deja/g++.other/init5.C execution test
=== g++ Summary ===
# of expected passes 12239
# of unexpected failures 5
# of unexpected successes 2
# of expected failures 66
# of unsupported tests 118
/build/buildd/gcc-4.1-4.1.1ds2/build/gcc/testsuite/g++/../../g++ version 4.1.2 20061115 (prerelease) (Debian 4.1.1-20)
=== gcc tests ===
Running target unix
WARNING: program timed out.
FAIL: gcc.c-torture/compile/20001226-1.c -O1 (test for excess errors)
WARNING: program timed out.
FAIL: gcc.c-torture/compile/20001226-1.c -O2 (test for excess errors)
WARNING: program timed out.
FAIL: gcc.c-torture/compile/20001226-1.c -O3 -fomit-frame-pointer (test for excess errors)
WARNING: program timed out.
FAIL: gcc.c-torture/compile/20001226-1.c -O3 -g (test for excess errors)
WARNING: program timed out.
FAIL: gcc.c-torture/compile/20001226-1.c -Os (test for excess errors)
FAIL: gcc.c-torture/execute/20020418-1.c execution, -O1
FAIL: gcc.c-torture/execute/20020418-1.c execution, -O2
FAIL: gcc.c-torture/execute/20020418-1.c execution, -Os
FAIL: gcc.c-torture/execute/loop-2f.c execution, -O0
FAIL: gcc.c-torture/execute/loop-2f.c execution, -O1
FAIL: gcc.c-torture/execute/loop-2f.c execution, -O2
FAIL: gcc.c-torture/execute/loop-2f.c execution, -O3 -fomit-frame-pointer
FAIL: gcc.c-torture/execute/loop-2f.c execution, -O3 -fomit-frame-pointer -funroll-loops
FAIL: gcc.c-torture/execute/loop-2f.c execution, -O3 -fomit-frame-pointer -funroll-all-loops -finline-functions
FAIL: gcc.c-torture/execute/loop-2f.c execution, -O3 -g
FAIL: gcc.c-torture/execute/loop-2f.c execution, -Os
FAIL: gcc.c-torture/execute/loop-2g.c execution, -O0
FAIL: gcc.c-torture/execute/loop-2g.c execution, -O1
FAIL: gcc.c-torture/execute/loop-2g.c execution, -O2
FAIL: gcc.c-torture/execute/loop-2g.c execution, -O3 -fomit-frame-pointer
FAIL: gcc.c-torture/execute/loop-2g.c execution, -O3 -fomit-frame-pointer -funroll-loops
FAIL: gcc.c-torture/execute/loop-2g.c execution, -O3 -fomit-frame-pointer -funroll-all-loops -finline-functions
FAIL: gcc.c-torture/execute/loop-2g.c execution, -O3 -g
FAIL: gcc.c-torture/execute/loop-2g.c execution, -Os
FAIL: gcc.c-torture/execute/pr17377.c execution, -O3 -fomit-frame-pointer
FAIL: gcc.c-torture/execute/ieee/copysign1.c execution, -O0
FAIL: gcc.c-torture/execute/ieee/copysign1.c execution, -O1
FAIL: gcc.c-torture/execute/ieee/copysign1.c execution, -O2
FAIL: gcc.c-torture/execute/ieee/copysign1.c execution, -O3 -fomit-frame-pointer
FAIL: gcc.c-torture/execute/ieee/copysign1.c execution, -O3 -fomit-frame-pointer -funroll-loops
FAIL: gcc.c-torture/execute/ieee/copysign1.c execution, -O3 -fomit-frame-pointer -funroll-all-loops -finline-functions
FAIL: gcc.c-torture/execute/ieee/copysign1.c execution, -O3 -g
FAIL: gcc.c-torture/execute/ieee/copysign1.c execution, -Os
FAIL: gcc.c-torture/execute/ieee/copysign2.c execution, -O0
FAIL: gcc.c-torture/execute/ieee/copysign2.c execution, -O1
FAIL: gcc.c-torture/execute/ieee/copysign2.c execution, -O2
FAIL: gcc.c-torture/execute/ieee/copysign2.c execution, -O3 -fomit-frame-pointer
FAIL: gcc.c-torture/execute/ieee/copysign2.c execution, -O3 -fomit-frame-pointer -funroll-loops
FAIL: gcc.c-torture/execute/ieee/copysign2.c execution, -O3 -fomit-frame-pointer -funroll-all-loops -finline-functions
FAIL: gcc.c-torture/execute/ieee/copysign2.c execution, -O3 -g
FAIL: gcc.c-torture/execute/ieee/copysign2.c execution, -Os
FAIL: gcc.c-torture/execute/ieee/mul-subnormal-single-1.c execution, -O0
FAIL: gcc.c-torture/execute/ieee/mul-subnormal-single-1.c execution, -O1
FAIL: gcc.c-torture/execute/ieee/mul-subnormal-single-1.c execution, -O2
FAIL: gcc.c-torture/execute/ieee/mul-subnormal-single-1.c execution, -O3 -fomit-frame-pointer
FAIL: gcc.c-torture/execute/ieee/mul-subnormal-single-1.c execution, -O3 -fomit-frame-pointer -funroll-loops
FAIL: gcc.c-torture/execute/ieee/mul-subnormal-single-1.c execution, -O3 -fomit-frame-pointer -funroll-all-loops -finline-functions
FAIL: gcc.c-torture/execute/ieee/mul-subnormal-single-1.c execution, -O3 -g
FAIL: gcc.c-torture/execute/ieee/mul-subnormal-single-1.c execution, -Os
FAIL: gcc.dg/pack-test-1.c (test for excess errors)
FAIL: largefile.c -O0 -g (test for excess errors)
FAIL: largefile.c -O0 (test for excess errors)
FAIL: largefile.c -O1 (test for excess errors)
FAIL: largefile.c -O2 (test for excess errors)
FAIL: largefile.c -O3 -fomit-frame-pointer (test for excess errors)
FAIL: largefile.c -O3 -g (test for excess errors)
FAIL: largefile.c -Os (test for excess errors)
XPASS: gcc.dg/tree-ssa/20040204-1.c scan-tree-dump-times link_error 0
=== gcc Summary ===
# of expected passes 37606
# of unexpected failures 57
# of unexpected successes 1
# of expected failures 78
# of untested testcases 35
# of unsupported tests 344
/build/buildd/gcc-4.1-4.1.1ds2/build/gcc/xgcc version 4.1.2 20061115 (prerelease) (Debian 4.1.1-20)
=== gfortran tests ===
Running target unix
FAIL: gfortran.dg/common_5.f -O (test for warnings, line 6)
XPASS: gfortran.dg/csqrt_2.f -O0 execution test
XPASS: gfortran.dg/csqrt_2.f -O1 execution test
XPASS: gfortran.dg/csqrt_2.f -O2 execution test
XPASS: gfortran.dg/csqrt_2.f -O3 -fomit-frame-pointer execution test
XPASS: gfortran.dg/csqrt_2.f -O3 -fomit-frame-pointer -funroll-loops execution test
XPASS: gfortran.dg/csqrt_2.f -O3 -fomit-frame-pointer -funroll-all-loops -finline-functions execution test
XPASS: gfortran.dg/csqrt_2.f -O3 -g execution test
XPASS: gfortran.dg/csqrt_2.f -Os execution test
FAIL: gfortran.dg/large_real_kind_1.f90 -O0 execution test
FAIL: gfortran.dg/large_real_kind_1.f90 -O1 execution test
FAIL: gfortran.dg/large_real_kind_1.f90 -O2 execution test
FAIL: gfortran.dg/large_real_kind_1.f90 -O3 -fomit-frame-pointer execution test
FAIL: gfortran.dg/large_real_kind_1.f90 -O3 -fomit-frame-pointer -funroll-loops execution test
FAIL: gfortran.dg/large_real_kind_1.f90 -O3 -fomit-frame-pointer -funroll-all-loops -finline-functions execution test
FAIL: gfortran.dg/large_real_kind_1.f90 -O3 -g execution test
FAIL: gfortran.dg/large_real_kind_1.f90 -Os execution test
FAIL: gfortran.dg/large_real_kind_form_io_2.f90 -O0 execution test
FAIL: gfortran.dg/large_real_kind_form_io_2.f90 -O1 execution test
FAIL: gfortran.dg/large_real_kind_form_io_2.f90 -O2 execution test
FAIL: gfortran.dg/large_real_kind_form_io_2.f90 -O3 -fomit-frame-pointer execution test
FAIL: gfortran.dg/large_real_kind_form_io_2.f90 -O3 -fomit-frame-pointer -funroll-loops execution test
FAIL: gfortran.dg/large_real_kind_form_io_2.f90 -O3 -fomit-frame-pointer -funroll-all-loops -finline-functions execution test
FAIL: gfortran.dg/large_real_kind_form_io_2.f90 -O3 -g execution test
FAIL: gfortran.dg/large_real_kind_form_io_2.f90 -Os execution test
=== gfortran Summary ===
# of expected passes 13392
# of unexpected failures 17
# of unexpected successes 8
# of expected failures 4
# of unsupported tests 34
/build/buildd/gcc-4.1-4.1.1ds2/build/gcc/testsuite/gfortran/../../gfortran version 4.1.2 20061115 (prerelease) (Debian 4.1.1-20)
=== obj-c++ tests ===
Running target unix
FAIL: obj-c++.dg/bitfield-1.mm (test for warnings, line 24)
FAIL: obj-c++.dg/bitfield-1.mm (test for warnings, line 27)
FAIL: obj-c++.dg/bitfield-1.mm (test for warnings, line 74)
FAIL: obj-c++.dg/bitfield-4.mm (test for warnings, line 21)
FAIL: obj-c++.dg/bitfield-4.mm (test for warnings, line 33)
FAIL: obj-c++.dg/cxx-ivars-2.mm execution test
FAIL: obj-c++.dg/encode-8.mm execution test
FAIL: obj-c++.dg/isa-field-1.mm (test for excess errors)
FAIL: obj-c++.dg/lookup-2.mm (test for excess errors)
UNRESOLVED: obj-c++.dg/lookup-2.mm compilation failed to produce executable
FAIL: obj-c++.dg/try-catch-2.mm (test for excess errors)
UNRESOLVED: obj-c++.dg/try-catch-2.mm compilation failed to produce executable
FAIL: obj-c++.dg/try-catch-9.mm (test for excess errors)
UNRESOLVED: obj-c++.dg/try-catch-9.mm compilation failed to produce executable
=== obj-c++ Summary ===
# of expected passes 418
# of unexpected failures 11
# of unresolved testcases 3
# of unsupported tests 13
/build/buildd/gcc-4.1-4.1.1ds2/build/gcc/testsuite/obj-c++/../../g++ version 4.1.2 20061115 (prerelease) (Debian 4.1.1-20)
=== objc tests ===
Running target unix
=== objc Summary ===
# of expected passes 1692
# of unsupported tests 22
/build/buildd/gcc-4.1-4.1.1ds2/build/gcc/xgcc version 4.1.2 20061115 (prerelease) (Debian 4.1.1-20)
=== treelang tests ===
Running target unix
=== treelang Summary ===
# of expected passes 50
=== libffi tests ===
Running target unix
FAIL: libffi.call/nested_struct2.c -O0 -W -Wall execution test
FAIL: libffi.call/return_fl2.c -O0 -W -Wall execution test
FAIL: libffi.call/nested_struct2.c -O2 execution test
FAIL: libffi.call/return_fl2.c -O2 execution test
FAIL: libffi.call/nested_struct2.c -O3 execution test
FAIL: libffi.call/return_fl2.c -O3 execution test
FAIL: libffi.call/nested_struct2.c -Os execution test
FAIL: libffi.call/return_fl2.c -Os execution test
=== libffi Summary ===
# of expected passes 1072
# of unexpected failures 8
# of unsupported tests 8
=== libmudflap tests ===
Running target unix
WARNING: program timed out.
FAIL: libmudflap.c/heap-scalestress.c execution test
FAIL: libmudflap.c/heap-scalestress.c output pattern test
WARNING: program timed out.
FAIL: libmudflap.c/heap-scalestress.c (-O2) execution test
FAIL: libmudflap.c/heap-scalestress.c (-O2) output pattern test
WARNING: program timed out.
FAIL: libmudflap.c/heap-scalestress.c (-O3) execution test
FAIL: libmudflap.c/heap-scalestress.c (-O3) output pattern test
WARNING: program timed out.
FAIL: libmudflap.cth/pass40-frag.c execution test
FAIL: libmudflap.cth/pass40-frag.c output pattern test
WARNING: program timed out.
FAIL: libmudflap.cth/pass40-frag.c (-static -DSTATIC) execution test
FAIL: libmudflap.cth/pass40-frag.c (-static -DSTATIC) output pattern test
WARNING: program timed out.
FAIL: libmudflap.cth/pass40-frag.c (-O2) execution test
FAIL: libmudflap.cth/pass40-frag.c (-O2) output pattern test
WARNING: program timed out.
FAIL: libmudflap.cth/pass40-frag.c (-O3) execution test
FAIL: libmudflap.cth/pass40-frag.c (-O3) output pattern test
=== libmudflap Summary ===
# of expected passes 1785
# of unexpected failures 14
=== libstdc++ tests ===
Running target unix
XPASS: 26_numerics/cmath/c99_classification_macros_c.cc (test for excess errors)
=== libstdc++ Summary ===
# of expected passes 3397
# of unexpected successes 1
# of expected failures 12
# of unsupported tests 324
Compiler version: 4.1.2 20061115 (prerelease) (Debian 4.1.1-20)
Platform: m68k-unknown-linux-gnu
configure flags: -v --prefix=/usr --enable-shared --with-system-zlib --libexecdir=/usr/lib --without-included-gettext --enable-threads=posix --enable-nls --program-suffix=-4.1 --enable-__cxa_atexit --enable-clocale=gnu --enable-libstdcxx-debug --enable-mpfr --disable-libssp --disable-werror --enable-checking=release m68k-linux-gnu --enable-languages=c,c++,fortran,objc,obj-c++,treelang
BOOT_CFLAGS=-O2
Build Dependencies:
Desired=Unknown/Install/Remove/Purge/Hold
| Status=Not/Installed/Config-files/Unpacked/Failed-config/Half-installed
|/ Err?=(none)/Hold/Reinst-required/X=both-problems (Status,Err: uppercase=bad)
||/ Name Version Description
+++-==============-==============-==============================================
ii binutils 2.17-3 The GNU assembler, linker and binary utilities
Patches that Debian applied in this version:
svn-updates:
SVN updates from the 4.1 branch upto 20061115.
libjava-backport:
gcc/java / libjava backport / classpath-0.92
libjava-backport2:
updates from the redhat/gcc-4_1-branch for the libjava backport
libjava-backport3:
Apply the libjava/net backport from the redhat/gcc-4_1-branch.
gcc-version:
Add package identification to the gcc version string
gcc-textdomain:
Set gettext's domain and textdomain to the versioned package name.
gcc-driver-extra-langs:
Add options and specs for languages that are not built from a source
(but built from separate sources).
libstdc++-pic:
Build and install libstdc++_pic.a library.
libstdc++-doclink:
adjust hrefs to point to the local documentation
gccbug:
Use sensible-editor instead of vi as fallback editor
gccbug-posix:
Make gccbug POSIX compliant (patch by David Weinehall)
http://www.opengroup.org/onlinepubs/009695399/utilities/test.html
boehm-gc-nocheck:
Disable running the boehm-gc testsuite. Hangs the buildd at least on hppa.
fastjar-version:
Append GCC version to the fastjar version string.
fastjar-doc:
fastjar.texi: Directly define the gcctabopt and gccoptlist macros.
libstdc++-doxygen:
libstdc++ doxygen docs: Set SHORT_NAMES to YES
libjava-subdir:
- Set the libjava sublibdir to /usr/lib/gcj-4.1
- Set the default libgcj database dir to /var/lib/gcj-4.1
libjava-lib32subdir:
- When running the i386 binaries on amd64, look in /usr/lib32/gcj-x.y
libjava-jnipath:
- Add /usr/lib/jni to java.library.path.
- When running the i386 binaries on amd64, look in
- /usr/lib32/gcj-x.y and /usr/lib32/jni instead.
libjava-lib32-properties:
- When running the i386 binaries on amd64, adjust the properties
java.home, gnu.classpath.home.url, sun.boot.class.path,
gnu.gcj.precompiled.db.path.
libjava-stacktrace:
libgcj: Lookup source file name and line number in separated
debug files found in /usr/lib/debug
libjava-hppa:
2006-06-13 John David Anglin <dave.anglin@nrc-cnrc.gc.ca>
* configure.host (hppa*-*): Set 'enable_hash_synchronization_default' to
no.
libjava-plugin-binary:
Make the plugin call the versioned gappletviewer.
libjava-soname:
Bump the libgcj soversion.
libjava-disable-static:
Disable building the static libjava.
libffi-configure:
Add --enable-libffi option to toplevel configure script
libffi-backport:
libffi backport
libffi-backport2:
Add missing bits for the libffi backport from the trunk
- parisc chunks
- missing testcases in testsuite/libffi.call
alpha-no-ev4-directive:
arm-libffi:
Add closure support to libffi for arm
arm-gij:
Enable gij interpreter on arm
hppa-cbranch:
Fix for PR target/26743 (hppa)
Backport from gcc trunk 2006-04-12 by tausq@debian.org
hppa-cbranch2:
Fix for PR target/26743 (hppa)
Backport from gcc trunk 2006-04-12 by tausq@debian.org
m68k-fjump:
gcc/config/m68k/m68k.md:
always use as fjcc pseudo op, we rely heavily on as
to generate the right size for the jump instructions
fixes #359281
m68k-gc:
boehm-gc:
the thread suspend handler has to save all registers
reenable MPROTECT_VDB, it should work, otherwise it's probably a kernel bug
change STACKBOTTOM to LINUX_STACKBOTTOM so it works with 2.6 kernel
m68k-save_pic:
gcc/config/m68k/m68k.c:
correctly save the pic register, when not done by reload()
(fixes _Unwind_RaiseException and thus exception handling)
fixes 345574
m68k-libffi:
add closure support to libffi for m68k
m68k-dwarf:
correct the dwarf frame information, but preserve compatibility
m68k-split_shift:
use correct predicates for long long shifts and use more splits
fixes 381572
m68k-prevent-qipush:
prevent combine from creating a byte push on the stack (invalid on m68k)
m68k-jumptable:
Don't force byte offset when accessing the jumptable, gas can
generate the correct offset size instead.
m68k-peephole:
Convert some text peepholes to rtl peepholes, so the correct
DWARF2 information can be generated for stack manipulations.
(Keep a few peepholes temporarily disabled.)
m68k-return:
don't use single return if fp register have to be restored
fixes 386864
m68k-sig-unwind:
add support for unwinding over signal frames
m68k-align-code:
use "move.l %a4,%a4" to advance within code.
m68k-align-stack:
try to keep the stack word aligned
m68k-dwarf3:
emit correct dwarf info for cfa offset and register with -fomit-frame-pointer
m68k-fpcompare:
bring fp compare early to its desired form to relieve reload
m68k-secondary-addr-reload:
add secondary reloads to allow reload to get byte values into addr regs
m68k-notice-move:
don't set cc_status for fp move without fp register
m68k-symbolic-operand:
better recognize symbolic operands in addresses
m68k-bitfield-offset:
only use constant offset for register bitfields
(combine expects shifts, but does a rotate)
pr25524:
Backport PR libstdc++/25524 from the trunk
pr26885:
Proposed patch for PR driver/26885
pr26864:
Backport fix for PR libmudflap/26864 from the trunk.
pr27227:
Revert the patch to fix PR c++/27227.
pr26208:
PR other/26208
pr26208-r111674:
PR other/26208, fix arm pasto
pr11953:
PR libstdc++/11953, extended for all supported linux architectures
pr29362:
Fix PR classpath/29362, taken from the redhat/gcc-4_1-branch.
pr29408-revert:
Revert PR c++/29408.
pr29138-revert:
Revert PR c++/29138
pr25878-revert:
Revert PR c++/25878.
libjava-sjlj:
Don't try to use _Unwind_Backtrace on SJLJ targets.
See bug #387875, #388505, GCC PR 29206.
pr29805:
Fix PR java/29805
deb-protoize:
build protoize/unprotoize binaries
m68k-bitfield:
Avoid propagation of mem expression past a zero_extract lvalue
pr25514:
fixes: 344041
Revision 113983:
2006-05-22 Richard Sandiford <richard@codesourcery.com>
PR rtl-optimization/25514
* combine.c (replaced_rhs_insn): New variable.
(combine_instructions): Set replaced_rhs_insn when trying to replace
a SET_SRC with a REG_EQUAL note.
(distribute_notes): Use replaced_rhs_insn when determining the live
range of a REG_DEAD register.
pr27736:
PR rtl-optimization/27736
* combine.c (replaced_rhs_value): New variable.
(combine_instructions): Set it.
(distribute_notes): When distributing a note in replaced_rhs_insn,
check whether the value was used in replaced_rhs_value.
m68k-autoinc:
recognize a few more autoinc possibilities
m68k-dwarf2:
Recognize stack adjustments also in the src of an instruction.
m68k-peephole-note:
don't choke on notes while reinserting REG_EH_REGION notes
m68k-java:
java support for m68k
- add m68k info to configure files
- add sysdep/m68k/locks.h
- boehm.c: don't use bitmap as gc_descr if pointer is misaligned
m68k-prevent-swap:
don't swap operands during reloads
m68k-reg-inc:
reinsert REG_INC notes after splitting an instruction
m68k-noautoinc-setjmp:
don't attempt autoinc in a function using setjmp
(otherwise it might modify a variable expected to be unmodified)
link-libs:
cpu-default-i486:
set default 32bit ix86 architecture to i486
reporting:
Add Debian URL for bug reporting instructions.
gcc-ice-hack:
2004-01-23 Jakub Jelinek <jakub@redhat.com>
* system.h (ICE_EXIT_CODE): Define.
* gcc.c (execute): Don't free first string early, but at the end
of the function. Call retry_ice if compiler exited with
ICE_EXIT_CODE.
(retry_ice): New function.
* diagnostic.c (diagnostic_count_diagnostic,
diagnostic_action_after_output, error_recursion): Exit with
ICE_EXIT_CODE instead of FATAL_EXIT_CODE.
multiarch-include:
biarch-include.dpatch
Adds biarch include directories
/usr/local/include/<arch>-linux-gnu
/usr/include/<arch>-linux-gnu
to the system include paths, depending on 32/64 bit mode.
Counting all warnings,
there are 39 warnings in stage3 of this bootstrap.
Number of warnings per file:
11 treelang/lex.c
11 gengtype-lex.c
6 gcc/config/m68k/m68k.md
4 gcc/libgcc2.c
4 gcc/gcc.c
2 gcc/objc/lang-specs.h
1 gcc/protoize.c
Number of warning types:
22 no previous prototype for `???'
5 string length `???' is greater than the length `???' ISO C89 compilers are required to support
4 source missing a mode?
2 operand 1 missing mode?
2 old-style function definition
2 function declaration isn't a prototype
1 passing argument 2 of `???' from incompatible pointer type
1 argument `???' might be clobbered by `???' or `???'