This is the mail archive of the
gcc-testresults@gcc.gnu.org
mailing list for the GCC project.
Results for 4.3.0 20061125 (experimental) testsuite on i686-pc-linux-gnu
- From: rask at localhost dot localdomain
- To: gcc-testresults at gcc dot gnu dot org
- Date: Sun, 26 Nov 2006 09:55:04 +0100 (CET)
- Subject: Results for 4.3.0 20061125 (experimental) testsuite on i686-pc-linux-gnu
CC='gcc -march=pentium3 -fomit-frame-pointer -O1'
../../src/gcc/configure --with-arch=pentium3 --with-system-zlib --disable-nls
gcc version 4.0.2 20050808 (prerelease) (Ubuntu 4.0.1-4ubuntu9)
Path: ../../src/gcc
URL: svn://gcc.gnu.org/svn/gcc/trunk
Repository Root: svn://gcc.gnu.org/svn/gcc
Repository UUID: 138bc75d-0d04-0410-961f-82ee72b054a4
Revision: 119204
Node Kind: directory
Schedule: normal
Last Changed Author: fxcoudert
Last Changed Rev: 119204
Last Changed Date: 2006-11-25 18:22:53 +0100 (Sat, 25 Nov 2006)
LAST_UPDATED:
Native configuration is i686-pc-linux-gnu
=== gcc tests ===
Running target unix
FAIL: gcc.c-torture/compile/20000804-1.c -O0 (test for excess errors)
FAIL: gcc.c-torture/execute/20050316-2.c execution, -O0
FAIL: gcc.c-torture/execute/20050316-2.c execution, -O1
FAIL: gcc.c-torture/execute/20050316-2.c execution, -O2
FAIL: gcc.c-torture/execute/mayalias-2.c compilation, -O3 -g (internal compiler error)
UNRESOLVED: gcc.c-torture/execute/mayalias-2.c execution, -O3 -g
FAIL: gcc.c-torture/execute/mayalias-3.c compilation, -O3 -g (internal compiler error)
UNRESOLVED: gcc.c-torture/execute/mayalias-3.c execution, -O3 -g
FAIL: gcc.dg/compat/vector-2 c_compat_x_tst.o-c_compat_y_tst.o execute
XPASS: gcc.dg/cpp/cmdlne-dI-M.c scan-file (^|\\\\n)cmdlne-dI-M.*:[^\\\\n]*cmdlne-dI-M.c
XPASS: gcc.dg/cpp/cmdlne-dM-M.c scan-file (^|\\\\n)cmdlne-dM-M[^\\\\n]*:[^\\\\n]*cmdlne-dM-M.c
FAIL: gcc.dg/20061124-1.c (test for excess errors)
FAIL: gcc.dg/alias-10.c scan-tree-dump-times Unswitching 1
FAIL: gcc.dg/builtin-apply4.c execution test
FAIL: gcc.dg/torture/builtin-sin-mpfr-1.c -O0 (test for excess errors)
FAIL: gcc.dg/torture/builtin-sin-mpfr-1.c -O1 (test for excess errors)
FAIL: gcc.dg/torture/builtin-sin-mpfr-1.c -O2 (test for excess errors)
FAIL: gcc.dg/torture/builtin-sin-mpfr-1.c -O3 -fomit-frame-pointer (test for excess errors)
FAIL: gcc.dg/torture/builtin-sin-mpfr-1.c -O3 -fomit-frame-pointer -funroll-loops (test for excess errors)
FAIL: gcc.dg/torture/builtin-sin-mpfr-1.c -O3 -fomit-frame-pointer -funroll-all-loops -finline-functions (test for excess errors)
FAIL: gcc.dg/torture/builtin-sin-mpfr-1.c -O3 -g (test for excess errors)
FAIL: gcc.dg/torture/builtin-sin-mpfr-1.c -Os (test for excess errors)
FAIL: gcc.dg/tree-ssa/gen-vect-11.c scan-tree-dump-times vectorized 1 loops 1
FAIL: gcc.dg/tree-ssa/gen-vect-11a.c scan-tree-dump-times vectorized 1 loops 1
FAIL: gcc.dg/tree-ssa/loadpre1.c scan-tree-dump-times Eliminated: 1 1
FAIL: gcc.dg/tree-ssa/loadpre14.c scan-tree-dump-times Eliminated: 1 1
FAIL: gcc.dg/tree-ssa/loadpre15.c scan-tree-dump-times Eliminated: 1 1
FAIL: gcc.dg/vect/vect-pow-1.c scan-tree-dump pattern recognized
FAIL: gcc.dg/vect/vect-pow-2.c scan-tree-dump pattern recognized
FAIL: gcc.target/i386/sse-18.c execution test
=== gcc Summary ===
# of expected passes 42336
# of unexpected failures 26
# of unexpected successes 2
# of expected failures 109
# of unresolved testcases 2
# of untested testcases 28
# of unsupported tests 295
/home/rask/build/gcc/gcc/xgcc version 4.3.0 20061125 (experimental)
=== gfortran tests ===
Running target unix
FAIL: gfortran.dg/csqrt_2.f -O0 execution test
FAIL: gfortran.dg/csqrt_2.f -O1 execution test
FAIL: gfortran.dg/csqrt_2.f -O2 execution test
FAIL: gfortran.dg/csqrt_2.f -O3 -fomit-frame-pointer execution test
FAIL: gfortran.dg/csqrt_2.f -O3 -fomit-frame-pointer -funroll-loops execution test
FAIL: gfortran.dg/csqrt_2.f -O3 -fomit-frame-pointer -funroll-all-loops -finline-functions execution test
FAIL: gfortran.dg/csqrt_2.f -O3 -g execution test
FAIL: gfortran.dg/csqrt_2.f -Os execution test
=== gfortran Summary ===
# of expected passes 15361
# of unexpected failures 8
# of expected failures 7
# of unsupported tests 16
/home/rask/build/gcc/gcc/testsuite/gfortran/../../gfortran version 4.3.0 20061125 (experimental)
=== g++ tests ===
Running target unix
FAIL: tmpdir-g++.dg-struct-layout-1/t024 cp_compat_x_tst.o-cp_compat_y_tst.o execute
XPASS: g++.dg/tree-ssa/ivopts-1.C scan-tree-dump-not &x\\[5\\]
=== g++ Summary ===
# of expected passes 13275
# of unexpected failures 1
# of unexpected successes 1
# of expected failures 68
# of unsupported tests 75
/home/rask/build/gcc/gcc/testsuite/g++/../../g++ version 4.3.0 20061125 (experimental)
=== objc tests ===
Running target unix
=== objc Summary ===
# of expected passes 1760
# of expected failures 7
# of unsupported tests 24
/home/rask/build/gcc/gcc/xgcc version 4.3.0 20061125 (experimental)
=== libffi tests ===
Running target unix
FAIL: libffi.call/return_fl2.c -O0 -W -Wall execution test
FAIL: libffi.call/return_fl2.c -O2 execution test
FAIL: libffi.call/return_fl2.c -O3 execution test
FAIL: libffi.call/return_fl2.c -Os execution test
=== libffi Summary ===
# of expected passes 1080
# of unexpected failures 4
# of unsupported tests 8
=== libgomp tests ===
Running target unix
=== libgomp Summary ===
# of expected passes 1544
=== libjava tests ===
Running target unix
FAIL: SyncTest execution - gij test
FAIL: SyncTest execution - gij test
=== libjava Summary ===
# of expected passes 7032
# of unexpected failures 2
# of expected failures 12
# of untested testcases 10
=== libmudflap tests ===
Running target unix
FAIL: libmudflap.cth/pass39-frag.c (rerun 16) execution test
FAIL: libmudflap.cth/pass39-frag.c (rerun 16) output pattern test
FAIL: libmudflap.cth/pass37-frag.c (-static -DSTATIC) execution test
FAIL: libmudflap.cth/pass37-frag.c (-static -DSTATIC) output pattern test
FAIL: libmudflap.cth/pass37-frag.c (-static -DSTATIC) (rerun 1) execution test
FAIL: libmudflap.cth/pass37-frag.c (-static -DSTATIC) (rerun 1) output pattern test
FAIL: libmudflap.cth/pass37-frag.c (-static -DSTATIC) (rerun 2) execution test
FAIL: libmudflap.cth/pass37-frag.c (-static -DSTATIC) (rerun 2) output pattern test
FAIL: libmudflap.cth/pass37-frag.c (-static -DSTATIC) (rerun 3) execution test
FAIL: libmudflap.cth/pass37-frag.c (-static -DSTATIC) (rerun 3) output pattern test
FAIL: libmudflap.cth/pass37-frag.c (-static -DSTATIC) (rerun 4) execution test
FAIL: libmudflap.cth/pass37-frag.c (-static -DSTATIC) (rerun 4) output pattern test
FAIL: libmudflap.cth/pass37-frag.c (-static -DSTATIC) (rerun 5) execution test
FAIL: libmudflap.cth/pass37-frag.c (-static -DSTATIC) (rerun 5) output pattern test
FAIL: libmudflap.cth/pass37-frag.c (-static -DSTATIC) (rerun 6) execution test
FAIL: libmudflap.cth/pass37-frag.c (-static -DSTATIC) (rerun 6) output pattern test
FAIL: libmudflap.cth/pass37-frag.c (-static -DSTATIC) (rerun 7) execution test
FAIL: libmudflap.cth/pass37-frag.c (-static -DSTATIC) (rerun 7) output pattern test
FAIL: libmudflap.cth/pass37-frag.c (-static -DSTATIC) (rerun 8) execution test
FAIL: libmudflap.cth/pass37-frag.c (-static -DSTATIC) (rerun 8) output pattern test
FAIL: libmudflap.cth/pass37-frag.c (-static -DSTATIC) (rerun 9) execution test
FAIL: libmudflap.cth/pass37-frag.c (-static -DSTATIC) (rerun 9) output pattern test
FAIL: libmudflap.cth/pass37-frag.c (-static -DSTATIC) (rerun 10) execution test
FAIL: libmudflap.cth/pass37-frag.c (-static -DSTATIC) (rerun 10) output pattern test
FAIL: libmudflap.cth/pass37-frag.c (-static -DSTATIC) (rerun 11) execution test
FAIL: libmudflap.cth/pass37-frag.c (-static -DSTATIC) (rerun 11) output pattern test
FAIL: libmudflap.cth/pass37-frag.c (-static -DSTATIC) (rerun 12) execution test
FAIL: libmudflap.cth/pass37-frag.c (-static -DSTATIC) (rerun 12) output pattern test
FAIL: libmudflap.cth/pass37-frag.c (-static -DSTATIC) (rerun 13) execution test
FAIL: libmudflap.cth/pass37-frag.c (-static -DSTATIC) (rerun 13) output pattern test
FAIL: libmudflap.cth/pass37-frag.c (-static -DSTATIC) (rerun 14) execution test
FAIL: libmudflap.cth/pass37-frag.c (-static -DSTATIC) (rerun 14) output pattern test
FAIL: libmudflap.cth/pass37-frag.c (-static -DSTATIC) (rerun 15) execution test
FAIL: libmudflap.cth/pass37-frag.c (-static -DSTATIC) (rerun 15) output pattern test
FAIL: libmudflap.cth/pass37-frag.c (-static -DSTATIC) (rerun 16) execution test
FAIL: libmudflap.cth/pass37-frag.c (-static -DSTATIC) (rerun 16) output pattern test
FAIL: libmudflap.cth/pass37-frag.c (-static -DSTATIC) (rerun 17) execution test
FAIL: libmudflap.cth/pass37-frag.c (-static -DSTATIC) (rerun 17) output pattern test
FAIL: libmudflap.cth/pass37-frag.c (-static -DSTATIC) (rerun 18) execution test
FAIL: libmudflap.cth/pass37-frag.c (-static -DSTATIC) (rerun 18) output pattern test
FAIL: libmudflap.cth/pass37-frag.c (-static -DSTATIC) (rerun 19) execution test
FAIL: libmudflap.cth/pass37-frag.c (-static -DSTATIC) (rerun 19) output pattern test
FAIL: libmudflap.cth/pass39-frag.c (-static -DSTATIC) execution test
FAIL: libmudflap.cth/pass39-frag.c (-static -DSTATIC) output pattern test
FAIL: libmudflap.cth/pass39-frag.c (-static -DSTATIC) (rerun 1) execution test
FAIL: libmudflap.cth/pass39-frag.c (-static -DSTATIC) (rerun 1) output pattern test
FAIL: libmudflap.cth/pass39-frag.c (-static -DSTATIC) (rerun 2) execution test
FAIL: libmudflap.cth/pass39-frag.c (-static -DSTATIC) (rerun 2) output pattern test
FAIL: libmudflap.cth/pass39-frag.c (-static -DSTATIC) (rerun 3) execution test
FAIL: libmudflap.cth/pass39-frag.c (-static -DSTATIC) (rerun 3) output pattern test
FAIL: libmudflap.cth/pass39-frag.c (-static -DSTATIC) (rerun 4) execution test
FAIL: libmudflap.cth/pass39-frag.c (-static -DSTATIC) (rerun 4) output pattern test
FAIL: libmudflap.cth/pass39-frag.c (-static -DSTATIC) (rerun 5) execution test
FAIL: libmudflap.cth/pass39-frag.c (-static -DSTATIC) (rerun 5) output pattern test
FAIL: libmudflap.cth/pass39-frag.c (-static -DSTATIC) (rerun 6) execution test
FAIL: libmudflap.cth/pass39-frag.c (-static -DSTATIC) (rerun 6) output pattern test
FAIL: libmudflap.cth/pass39-frag.c (-static -DSTATIC) (rerun 7) execution test
FAIL: libmudflap.cth/pass39-frag.c (-static -DSTATIC) (rerun 7) output pattern test
FAIL: libmudflap.cth/pass39-frag.c (-static -DSTATIC) (rerun 8) execution test
FAIL: libmudflap.cth/pass39-frag.c (-static -DSTATIC) (rerun 8) output pattern test
FAIL: libmudflap.cth/pass39-frag.c (-static -DSTATIC) (rerun 9) execution test
FAIL: libmudflap.cth/pass39-frag.c (-static -DSTATIC) (rerun 9) output pattern test
FAIL: libmudflap.cth/pass39-frag.c (-static -DSTATIC) (rerun 10) execution test
FAIL: libmudflap.cth/pass39-frag.c (-static -DSTATIC) (rerun 10) output pattern test
FAIL: libmudflap.cth/pass39-frag.c (-static -DSTATIC) (rerun 11) execution test
FAIL: libmudflap.cth/pass39-frag.c (-static -DSTATIC) (rerun 11) output pattern test
FAIL: libmudflap.cth/pass39-frag.c (-static -DSTATIC) (rerun 12) execution test
FAIL: libmudflap.cth/pass39-frag.c (-static -DSTATIC) (rerun 12) output pattern test
FAIL: libmudflap.cth/pass39-frag.c (-static -DSTATIC) (rerun 13) execution test
FAIL: libmudflap.cth/pass39-frag.c (-static -DSTATIC) (rerun 13) output pattern test
FAIL: libmudflap.cth/pass39-frag.c (-static -DSTATIC) (rerun 14) execution test
FAIL: libmudflap.cth/pass39-frag.c (-static -DSTATIC) (rerun 14) output pattern test
FAIL: libmudflap.cth/pass39-frag.c (-static -DSTATIC) (rerun 15) execution test
FAIL: libmudflap.cth/pass39-frag.c (-static -DSTATIC) (rerun 15) output pattern test
FAIL: libmudflap.cth/pass39-frag.c (-static -DSTATIC) (rerun 16) execution test
FAIL: libmudflap.cth/pass39-frag.c (-static -DSTATIC) (rerun 16) output pattern test
FAIL: libmudflap.cth/pass39-frag.c (-static -DSTATIC) (rerun 17) execution test
FAIL: libmudflap.cth/pass39-frag.c (-static -DSTATIC) (rerun 17) output pattern test
FAIL: libmudflap.cth/pass39-frag.c (-static -DSTATIC) (rerun 18) execution test
FAIL: libmudflap.cth/pass39-frag.c (-static -DSTATIC) (rerun 18) output pattern test
FAIL: libmudflap.cth/pass39-frag.c (-static -DSTATIC) (rerun 19) execution test
FAIL: libmudflap.cth/pass39-frag.c (-static -DSTATIC) (rerun 19) output pattern test
FAIL: libmudflap.cth/pass40-frag.c (-static -DSTATIC) execution test
FAIL: libmudflap.cth/pass40-frag.c (-static -DSTATIC) output pattern test
FAIL: libmudflap.cth/pass59-frag.c (-static -DSTATIC) execution test
FAIL: libmudflap.cth/pass59-frag.c (-static -DSTATIC) output pattern test
=== libmudflap Summary ===
# of expected passes 1740
# of unexpected failures 86
=== libstdc++ tests ===
Running target unix
FAIL: abi_check
XPASS: 26_numerics/cmath/c99_classification_macros_c.cc (test for excess errors)
=== libstdc++ Summary ===
# of expected passes 3821
# of unexpected failures 1
# of unexpected successes 1
# of expected failures 15
# of unsupported tests 316
Compiler version: 4.3.0 20061125 (experimental)
Platform: i686-pc-linux-gnu
configure flags: --with-arch=pentium3 --with-system-zlib --disable-nls --enable-languages=c,c++,fortran,java,objc