This is the mail archive of the
gcc-testresults@gcc.gnu.org
mailing list for the GCC project.
Results for 4.1.2 20061115 (prerelease) (Debian 4.1.1-20) testsuite on arm-unknown-linux-gnu
- From: Matthias Klose <doko at debian dot org>
- To: gcc-testresults at gcc dot gnu dot org
- Cc: debian-gcc at lists dot debian dot org
- Date: Sat, 25 Nov 2006 17:54:07 -0700
- Subject: Results for 4.1.2 20061115 (prerelease) (Debian 4.1.1-20) testsuite on arm-unknown-linux-gnu
- Reply-to: Matthias Klose <doko at debian dot org>
LAST_UPDATED: Wed Nov 15 17:01:06 UTC 2006 (revision 118860)
Native configuration is arm-unknown-linux-gnu
=== libffi tests ===
Running target unix
XPASS: libffi.call/closure_fn0.c -O0 -W -Wall execution test
XPASS: libffi.call/closure_fn1.c -O0 -W -Wall execution test
XPASS: libffi.call/closure_fn2.c -O0 -W -Wall execution test
XPASS: libffi.call/closure_fn3.c -O0 -W -Wall execution test
XPASS: libffi.call/closure_fn4.c -O0 -W -Wall execution test
XPASS: libffi.call/closure_fn5.c -O0 -W -Wall execution test
XPASS: libffi.call/closure_fn6.c -O0 -W -Wall execution test
XPASS: libffi.call/cls_12byte.c -O0 -W -Wall execution test
XPASS: libffi.call/cls_16byte.c -O0 -W -Wall execution test
XPASS: libffi.call/cls_18byte.c -O0 -W -Wall execution test
XPASS: libffi.call/cls_19byte.c -O0 -W -Wall execution test
XPASS: libffi.call/cls_20byte.c -O0 -W -Wall execution test
XPASS: libffi.call/cls_20byte1.c -O0 -W -Wall execution test
XPASS: libffi.call/cls_24byte.c -O0 -W -Wall execution test
XPASS: libffi.call/cls_2byte.c -O0 -W -Wall execution test
XPASS: libffi.call/cls_3_1byte.c -O0 -W -Wall execution test
XPASS: libffi.call/cls_3byte1.c -O0 -W -Wall execution test
XPASS: libffi.call/cls_3byte2.c -O0 -W -Wall execution test
XPASS: libffi.call/cls_4_1byte.c -O0 -W -Wall execution test
XPASS: libffi.call/cls_4byte.c -O0 -W -Wall execution test
XPASS: libffi.call/cls_5_1_byte.c -O0 -W -Wall execution test
FAIL: libffi.call/cls_5_1_byte.c -O0 -W -Wall output pattern test, is 127 120 1 3 4 3 4 0 0 108: 130 124 1 3 112
XPASS: libffi.call/cls_5byte.c -O0 -W -Wall execution test
FAIL: libffi.call/cls_5byte.c -O0 -W -Wall output pattern test, is 127 120 1 128 9 172: 255 129 173
XPASS: libffi.call/cls_64byte.c -O0 -W -Wall execution test
XPASS: libffi.call/cls_6_1_byte.c -O0 -W -Wall execution test
FAIL: libffi.call/cls_6_1_byte.c -O0 -W -Wall output pattern test, is 127 120 1 3 4 5 9 3 4 5 176 137: 136 123 5 8 180 142
XPASS: libffi.call/cls_6byte.c -O0 -W -Wall execution test
FAIL: libffi.call/cls_6byte.c -O0 -W -Wall output pattern test, is 127 120 1 128 128 32521 228 137: 255 32641 229 9
XPASS: libffi.call/cls_7_1_byte.c -O0 -W -Wall execution test
FAIL: libffi.call/cls_7_1_byte.c -O0 -W -Wall output pattern test, is 127 120 1 3 4 5 6 128 9 3 4 5 6 0: 255 129 4 7 9 11 6
XPASS: libffi.call/cls_7byte.c -O0 -W -Wall execution test
XPASS: libffi.call/cls_8byte.c -O0 -W -Wall execution test
XPASS: libffi.call/cls_9byte1.c -O0 -W -Wall execution test
XPASS: libffi.call/cls_9byte2.c -O0 -W -Wall execution test
XPASS: libffi.call/cls_align_double.c -O0 -W -Wall execution test
XPASS: libffi.call/cls_align_float.c -O0 -W -Wall execution test
XPASS: libffi.call/cls_align_longdouble.c -O0 -W -Wall execution test
XPASS: libffi.call/cls_align_pointer.c -O0 -W -Wall execution test
XPASS: libffi.call/cls_align_sint16.c -O0 -W -Wall execution test
FAIL: libffi.call/cls_align_sint16.c -O0 -W -Wall output pattern test, is 12 4951 127 104 13 128: 116 4964 255
XPASS: libffi.call/cls_align_sint32.c -O0 -W -Wall execution test
XPASS: libffi.call/cls_align_sint64.c -O0 -W -Wall execution test
XPASS: libffi.call/cls_align_uint16.c -O0 -W -Wall execution test
FAIL: libffi.call/cls_align_uint16.c -O0 -W -Wall output pattern test, is 12 4951 127 104 13 100: 116 4964 227
XPASS: libffi.call/cls_align_uint32.c -O0 -W -Wall execution test
XPASS: libffi.call/cls_align_uint64.c -O0 -W -Wall execution test
XPASS: libffi.call/cls_double.c -O0 -W -Wall execution test
XPASS: libffi.call/cls_float.c -O0 -W -Wall execution test
XPASS: libffi.call/cls_multi_schar.c -O0 -W -Wall execution test
XPASS: libffi.call/cls_multi_sshort.c -O0 -W -Wall execution test
XPASS: libffi.call/cls_multi_sshortchar.c -O0 -W -Wall execution test
XPASS: libffi.call/cls_multi_uchar.c -O0 -W -Wall execution test
XPASS: libffi.call/cls_multi_ushort.c -O0 -W -Wall execution test
XPASS: libffi.call/cls_multi_ushortchar.c -O0 -W -Wall execution test
XPASS: libffi.call/cls_schar.c -O0 -W -Wall execution test
XPASS: libffi.call/cls_sint.c -O0 -W -Wall execution test
XPASS: libffi.call/cls_sshort.c -O0 -W -Wall execution test
XPASS: libffi.call/cls_uchar.c -O0 -W -Wall execution test
XPASS: libffi.call/cls_uint.c -O0 -W -Wall execution test
XPASS: libffi.call/cls_ulonglong.c -O0 -W -Wall execution test
XPASS: libffi.call/cls_ushort.c -O0 -W -Wall execution test
XPASS: libffi.call/nested_struct.c -O0 -W -Wall execution test
XPASS: libffi.call/nested_struct1.c -O0 -W -Wall execution test
XPASS: libffi.call/nested_struct10.c -O0 -W -Wall execution test
XPASS: libffi.call/nested_struct2.c -O0 -W -Wall execution test
XPASS: libffi.call/nested_struct3.c -O0 -W -Wall execution test
XPASS: libffi.call/nested_struct4.c -O0 -W -Wall execution test
XPASS: libffi.call/nested_struct5.c -O0 -W -Wall execution test
XPASS: libffi.call/nested_struct6.c -O0 -W -Wall execution test
XPASS: libffi.call/nested_struct7.c -O0 -W -Wall execution test
XPASS: libffi.call/nested_struct8.c -O0 -W -Wall execution test
XPASS: libffi.call/nested_struct9.c -O0 -W -Wall execution test
XPASS: libffi.call/problem1.c -O0 -W -Wall execution test
FAIL: libffi.call/struct3.c -O0 -W -Wall execution test
XPASS: libffi.call/closure_fn0.c -O2 execution test
XPASS: libffi.call/closure_fn1.c -O2 execution test
XPASS: libffi.call/closure_fn2.c -O2 execution test
XPASS: libffi.call/closure_fn3.c -O2 execution test
XPASS: libffi.call/closure_fn4.c -O2 execution test
XPASS: libffi.call/closure_fn5.c -O2 execution test
XPASS: libffi.call/closure_fn6.c -O2 execution test
XPASS: libffi.call/cls_12byte.c -O2 execution test
XPASS: libffi.call/cls_16byte.c -O2 execution test
XPASS: libffi.call/cls_18byte.c -O2 execution test
XPASS: libffi.call/cls_19byte.c -O2 execution test
XPASS: libffi.call/cls_20byte.c -O2 execution test
XPASS: libffi.call/cls_20byte1.c -O2 execution test
XPASS: libffi.call/cls_24byte.c -O2 execution test
XPASS: libffi.call/cls_2byte.c -O2 execution test
XPASS: libffi.call/cls_3_1byte.c -O2 execution test
XPASS: libffi.call/cls_3byte1.c -O2 execution test
XPASS: libffi.call/cls_3byte2.c -O2 execution test
XPASS: libffi.call/cls_4_1byte.c -O2 execution test
XPASS: libffi.call/cls_4byte.c -O2 execution test
XPASS: libffi.call/cls_5_1_byte.c -O2 execution test
FAIL: libffi.call/cls_5_1_byte.c -O2 output pattern test, is 127 120 1 3 4 3 4 161 190 192: 130 124 162 193 196
XPASS: libffi.call/cls_5byte.c -O2 execution test
FAIL: libffi.call/cls_5byte.c -O2 output pattern test, is 127 120 1 128 9 164: 255 129 165
XPASS: libffi.call/cls_64byte.c -O2 execution test
XPASS: libffi.call/cls_6_1_byte.c -O2 execution test
FAIL: libffi.call/cls_6_1_byte.c -O2 output pattern test, is 127 120 1 3 4 5 9 3 4 5 248 136: 136 123 5 8 252 141
XPASS: libffi.call/cls_6byte.c -O2 execution test
FAIL: libffi.call/cls_6byte.c -O2 output pattern test, is 127 120 1 128 128 32521 216 136: 255 32641 217 8
XPASS: libffi.call/cls_7_1_byte.c -O2 execution test
FAIL: libffi.call/cls_7_1_byte.c -O2 output pattern test, is 127 120 1 3 4 5 6 128 9 3 4 5 6 0: 255 129 4 7 9 11 6
XPASS: libffi.call/cls_7byte.c -O2 execution test
XPASS: libffi.call/cls_8byte.c -O2 execution test
XPASS: libffi.call/cls_9byte1.c -O2 execution test
XPASS: libffi.call/cls_9byte2.c -O2 execution test
XPASS: libffi.call/cls_align_double.c -O2 execution test
XPASS: libffi.call/cls_align_float.c -O2 execution test
XPASS: libffi.call/cls_align_longdouble.c -O2 execution test
XPASS: libffi.call/cls_align_pointer.c -O2 execution test
XPASS: libffi.call/cls_align_sint16.c -O2 execution test
FAIL: libffi.call/cls_align_sint16.c -O2 output pattern test, is 12 4951 127 104 13 160: 116 4964 31
XPASS: libffi.call/cls_align_sint32.c -O2 execution test
XPASS: libffi.call/cls_align_sint64.c -O2 execution test
XPASS: libffi.call/cls_align_uint16.c -O2 execution test
FAIL: libffi.call/cls_align_uint16.c -O2 output pattern test, is 12 4951 127 104 13 140: 116 4964 11
XPASS: libffi.call/cls_align_uint32.c -O2 execution test
XPASS: libffi.call/cls_align_uint64.c -O2 execution test
XPASS: libffi.call/cls_double.c -O2 execution test
XPASS: libffi.call/cls_float.c -O2 execution test
XPASS: libffi.call/cls_multi_schar.c -O2 execution test
XPASS: libffi.call/cls_multi_sshort.c -O2 execution test
XPASS: libffi.call/cls_multi_sshortchar.c -O2 execution test
XPASS: libffi.call/cls_multi_uchar.c -O2 execution test
XPASS: libffi.call/cls_multi_ushort.c -O2 execution test
XPASS: libffi.call/cls_multi_ushortchar.c -O2 execution test
XPASS: libffi.call/cls_schar.c -O2 execution test
XPASS: libffi.call/cls_sint.c -O2 execution test
XPASS: libffi.call/cls_sshort.c -O2 execution test
XPASS: libffi.call/cls_uchar.c -O2 execution test
XPASS: libffi.call/cls_uint.c -O2 execution test
XPASS: libffi.call/cls_ulonglong.c -O2 execution test
XPASS: libffi.call/cls_ushort.c -O2 execution test
XPASS: libffi.call/nested_struct.c -O2 execution test
XPASS: libffi.call/nested_struct1.c -O2 execution test
XPASS: libffi.call/nested_struct10.c -O2 execution test
XPASS: libffi.call/nested_struct2.c -O2 execution test
XPASS: libffi.call/nested_struct3.c -O2 execution test
XPASS: libffi.call/nested_struct4.c -O2 execution test
XPASS: libffi.call/nested_struct5.c -O2 execution test
XPASS: libffi.call/nested_struct6.c -O2 execution test
XPASS: libffi.call/nested_struct7.c -O2 execution test
XPASS: libffi.call/nested_struct8.c -O2 execution test
XPASS: libffi.call/nested_struct9.c -O2 execution test
XPASS: libffi.call/problem1.c -O2 execution test
FAIL: libffi.call/struct3.c -O2 execution test
XPASS: libffi.call/closure_fn0.c -O3 execution test
XPASS: libffi.call/closure_fn1.c -O3 execution test
XPASS: libffi.call/closure_fn2.c -O3 execution test
XPASS: libffi.call/closure_fn3.c -O3 execution test
XPASS: libffi.call/closure_fn4.c -O3 execution test
XPASS: libffi.call/closure_fn5.c -O3 execution test
XPASS: libffi.call/closure_fn6.c -O3 execution test
XPASS: libffi.call/cls_12byte.c -O3 execution test
XPASS: libffi.call/cls_16byte.c -O3 execution test
XPASS: libffi.call/cls_18byte.c -O3 execution test
XPASS: libffi.call/cls_19byte.c -O3 execution test
XPASS: libffi.call/cls_20byte.c -O3 execution test
XPASS: libffi.call/cls_20byte1.c -O3 execution test
XPASS: libffi.call/cls_24byte.c -O3 execution test
XPASS: libffi.call/cls_2byte.c -O3 execution test
XPASS: libffi.call/cls_3_1byte.c -O3 execution test
XPASS: libffi.call/cls_3byte1.c -O3 execution test
XPASS: libffi.call/cls_3byte2.c -O3 execution test
XPASS: libffi.call/cls_4_1byte.c -O3 execution test
XPASS: libffi.call/cls_4byte.c -O3 execution test
XPASS: libffi.call/cls_5_1_byte.c -O3 execution test
FAIL: libffi.call/cls_5_1_byte.c -O3 output pattern test, is 127 120 1 3 4 3 4 142 190 128: 130 124 143 193 132
XPASS: libffi.call/cls_5byte.c -O3 execution test
FAIL: libffi.call/cls_5byte.c -O3 output pattern test, is 127 120 1 128 9 100: 255 129 101
XPASS: libffi.call/cls_64byte.c -O3 execution test
XPASS: libffi.call/cls_6_1_byte.c -O3 execution test
FAIL: libffi.call/cls_6_1_byte.c -O3 output pattern test, is 127 120 1 3 4 5 9 3 4 5 184 136: 136 123 5 8 188 141
XPASS: libffi.call/cls_6byte.c -O3 execution test
FAIL: libffi.call/cls_6byte.c -O3 output pattern test, is 127 120 1 128 128 32521 152 136: 255 32641 153 8
XPASS: libffi.call/cls_7_1_byte.c -O3 execution test
FAIL: libffi.call/cls_7_1_byte.c -O3 output pattern test, is 127 120 1 3 4 5 6 128 9 3 4 5 6 0: 255 129 4 7 9 11 6
XPASS: libffi.call/cls_7byte.c -O3 execution test
XPASS: libffi.call/cls_8byte.c -O3 execution test
XPASS: libffi.call/cls_9byte1.c -O3 execution test
XPASS: libffi.call/cls_9byte2.c -O3 execution test
XPASS: libffi.call/cls_align_double.c -O3 execution test
XPASS: libffi.call/cls_align_float.c -O3 execution test
XPASS: libffi.call/cls_align_longdouble.c -O3 execution test
XPASS: libffi.call/cls_align_pointer.c -O3 execution test
XPASS: libffi.call/cls_align_sint16.c -O3 execution test
FAIL: libffi.call/cls_align_sint16.c -O3 output pattern test, is 12 4951 127 104 13 96: 116 4964 223
XPASS: libffi.call/cls_align_sint32.c -O3 execution test
XPASS: libffi.call/cls_align_sint64.c -O3 execution test
XPASS: libffi.call/cls_align_uint16.c -O3 execution test
FAIL: libffi.call/cls_align_uint16.c -O3 output pattern test, is 12 4951 127 104 13 76: 116 4964 203
XPASS: libffi.call/cls_align_uint32.c -O3 execution test
XPASS: libffi.call/cls_align_uint64.c -O3 execution test
XPASS: libffi.call/cls_double.c -O3 execution test
XPASS: libffi.call/cls_float.c -O3 execution test
XPASS: libffi.call/cls_multi_schar.c -O3 execution test
XPASS: libffi.call/cls_multi_sshort.c -O3 execution test
XPASS: libffi.call/cls_multi_sshortchar.c -O3 execution test
XPASS: libffi.call/cls_multi_uchar.c -O3 execution test
XPASS: libffi.call/cls_multi_ushort.c -O3 execution test
XPASS: libffi.call/cls_multi_ushortchar.c -O3 execution test
XPASS: libffi.call/cls_schar.c -O3 execution test
XPASS: libffi.call/cls_sint.c -O3 execution test
XPASS: libffi.call/cls_sshort.c -O3 execution test
XPASS: libffi.call/cls_uchar.c -O3 execution test
XPASS: libffi.call/cls_uint.c -O3 execution test
XPASS: libffi.call/cls_ulonglong.c -O3 execution test
XPASS: libffi.call/cls_ushort.c -O3 execution test
XPASS: libffi.call/nested_struct.c -O3 execution test
XPASS: libffi.call/nested_struct1.c -O3 execution test
XPASS: libffi.call/nested_struct10.c -O3 execution test
XPASS: libffi.call/nested_struct2.c -O3 execution test
XPASS: libffi.call/nested_struct3.c -O3 execution test
XPASS: libffi.call/nested_struct4.c -O3 execution test
XPASS: libffi.call/nested_struct5.c -O3 execution test
XPASS: libffi.call/nested_struct6.c -O3 execution test
XPASS: libffi.call/nested_struct7.c -O3 execution test
XPASS: libffi.call/nested_struct8.c -O3 execution test
XPASS: libffi.call/nested_struct9.c -O3 execution test
XPASS: libffi.call/problem1.c -O3 execution test
FAIL: libffi.call/struct3.c -O3 execution test
XPASS: libffi.call/closure_fn0.c -Os execution test
XPASS: libffi.call/closure_fn1.c -Os execution test
XPASS: libffi.call/closure_fn2.c -Os execution test
XPASS: libffi.call/closure_fn3.c -Os execution test
XPASS: libffi.call/closure_fn4.c -Os execution test
XPASS: libffi.call/closure_fn5.c -Os execution test
XPASS: libffi.call/closure_fn6.c -Os execution test
XPASS: libffi.call/cls_12byte.c -Os execution test
XPASS: libffi.call/cls_16byte.c -Os execution test
XPASS: libffi.call/cls_18byte.c -Os execution test
XPASS: libffi.call/cls_19byte.c -Os execution test
XPASS: libffi.call/cls_20byte.c -Os execution test
XPASS: libffi.call/cls_20byte1.c -Os execution test
XPASS: libffi.call/cls_24byte.c -Os execution test
XPASS: libffi.call/cls_2byte.c -Os execution test
XPASS: libffi.call/cls_3_1byte.c -Os execution test
XPASS: libffi.call/cls_3byte1.c -Os execution test
XPASS: libffi.call/cls_3byte2.c -Os execution test
XPASS: libffi.call/cls_4_1byte.c -Os execution test
XPASS: libffi.call/cls_4byte.c -Os execution test
XPASS: libffi.call/cls_5_1_byte.c -Os execution test
FAIL: libffi.call/cls_5_1_byte.c -Os output pattern test, is 127 120 1 3 4 3 4 0 0 0: 130 124 1 3 4
XPASS: libffi.call/cls_5byte.c -Os execution test
FAIL: libffi.call/cls_5byte.c -Os output pattern test, is 127 120 1 128 9 0: 255 129 1
XPASS: libffi.call/cls_64byte.c -Os execution test
XPASS: libffi.call/cls_6_1_byte.c -Os execution test
FAIL: libffi.call/cls_6_1_byte.c -Os output pattern test, is 127 120 1 3 4 5 9 3 4 5 0 0: 136 123 5 8 4 5
XPASS: libffi.call/cls_6byte.c -Os execution test
FAIL: libffi.call/cls_6byte.c -Os output pattern test, is 127 120 1 128 128 32521 212 136: 255 32641 213 8
XPASS: libffi.call/cls_7_1_byte.c -Os execution test
FAIL: libffi.call/cls_7_1_byte.c -Os output pattern test, is 127 120 1 3 4 5 6 128 9 3 4 5 6 0: 255 129 4 7 9 11 6
XPASS: libffi.call/cls_7byte.c -Os execution test
XPASS: libffi.call/cls_8byte.c -Os execution test
XPASS: libffi.call/cls_9byte1.c -Os execution test
XPASS: libffi.call/cls_9byte2.c -Os execution test
XPASS: libffi.call/cls_align_double.c -Os execution test
XPASS: libffi.call/cls_align_float.c -Os execution test
XPASS: libffi.call/cls_align_longdouble.c -Os execution test
XPASS: libffi.call/cls_align_pointer.c -Os execution test
XPASS: libffi.call/cls_align_sint16.c -Os execution test
FAIL: libffi.call/cls_align_sint16.c -Os output pattern test, is 12 4951 127 104 13 13: 116 4964 140
XPASS: libffi.call/cls_align_sint32.c -Os execution test
XPASS: libffi.call/cls_align_sint64.c -Os execution test
XPASS: libffi.call/cls_align_uint16.c -Os execution test
FAIL: libffi.call/cls_align_uint16.c -Os output pattern test, is 12 4951 127 104 13 13: 116 4964 140
XPASS: libffi.call/cls_align_uint32.c -Os execution test
XPASS: libffi.call/cls_align_uint64.c -Os execution test
XPASS: libffi.call/cls_double.c -Os execution test
XPASS: libffi.call/cls_float.c -Os execution test
XPASS: libffi.call/cls_multi_schar.c -Os execution test
XPASS: libffi.call/cls_multi_sshort.c -Os execution test
XPASS: libffi.call/cls_multi_sshortchar.c -Os execution test
XPASS: libffi.call/cls_multi_uchar.c -Os execution test
XPASS: libffi.call/cls_multi_ushort.c -Os execution test
XPASS: libffi.call/cls_multi_ushortchar.c -Os execution test
XPASS: libffi.call/cls_schar.c -Os execution test
XPASS: libffi.call/cls_sint.c -Os execution test
XPASS: libffi.call/cls_sshort.c -Os execution test
XPASS: libffi.call/cls_uchar.c -Os execution test
XPASS: libffi.call/cls_uint.c -Os execution test
XPASS: libffi.call/cls_ulonglong.c -Os execution test
XPASS: libffi.call/cls_ushort.c -Os execution test
XPASS: libffi.call/nested_struct.c -Os execution test
XPASS: libffi.call/nested_struct1.c -Os execution test
XPASS: libffi.call/nested_struct10.c -Os execution test
XPASS: libffi.call/nested_struct2.c -Os execution test
XPASS: libffi.call/nested_struct3.c -Os execution test
XPASS: libffi.call/nested_struct4.c -Os execution test
XPASS: libffi.call/nested_struct5.c -Os execution test
XPASS: libffi.call/nested_struct6.c -Os execution test
XPASS: libffi.call/nested_struct7.c -Os execution test
XPASS: libffi.call/nested_struct8.c -Os execution test
XPASS: libffi.call/nested_struct9.c -Os execution test
XPASS: libffi.call/problem1.c -Os execution test
FAIL: libffi.call/struct3.c -Os execution test
XPASS: libffi.special/unwindtest.cc -shared-libgcc -lstdc++ execution test
XPASS: libffi.special/unwindtest.cc -shared-libgcc -lstdc++ execution test
XPASS: libffi.special/unwindtest.cc -shared-libgcc -lstdc++ execution test
XPASS: libffi.special/unwindtest.cc -shared-libgcc -lstdc++ execution test
=== libffi Summary ===
# of expected passes 772
# of unexpected failures 32
# of unexpected successes 272
# of expected failures 4
# of unsupported tests 8
=== libmudflap tests ===
Running target unix
WARNING: program timed out.
FAIL: libmudflap.cth/pass40-frag.c execution test
FAIL: libmudflap.cth/pass40-frag.c output pattern test
WARNING: program timed out.
FAIL: libmudflap.cth/pass40-frag.c (-static -DSTATIC) execution test
FAIL: libmudflap.cth/pass40-frag.c (-static -DSTATIC) output pattern test
WARNING: program timed out.
FAIL: libmudflap.cth/pass40-frag.c (-O2) execution test
FAIL: libmudflap.cth/pass40-frag.c (-O2) output pattern test
WARNING: program timed out.
FAIL: libmudflap.cth/pass40-frag.c (-O3) execution test
FAIL: libmudflap.cth/pass40-frag.c (-O3) output pattern test
=== libmudflap Summary ===
# of expected passes 1791
# of unexpected failures 8
=== libstdc++ tests ===
Running target unix
XPASS: 26_numerics/cmath/c99_classification_macros_c.cc (test for excess errors)
WARNING: program timed out.
FAIL: thread/pthread2.cc execution test
WARNING: program timed out.
FAIL: thread/pthread3.cc execution test
WARNING: program timed out.
FAIL: thread/pthread7-rope.cc execution test
FAIL: tr1/4_metaprogramming/other_transformations/aligned_storage/aligned_storage.cc execution test
FAIL: tr1/4_metaprogramming/type_properties/is_empty/is_empty.cc execution test
FAIL: tr1/4_metaprogramming/type_properties/is_polymorphic/is_polymorphic.cc execution test
=== libstdc++ Summary ===
# of expected passes 3391
# of unexpected failures 6
# of unexpected successes 1
# of expected failures 12
# of unsupported tests 324
=== g++ tests ===
Running target unix
FAIL: tmpdir-g++.dg-struct-layout-1/t001 cp_compat_x_tst.o compile
FAIL: tmpdir-g++.dg-struct-layout-1/t001 cp_compat_y_tst.o compile
UNRESOLVED: tmpdir-g++.dg-struct-layout-1/t001 cp_compat_x_tst.o-cp_compat_y_tst.o link
UNRESOLVED: tmpdir-g++.dg-struct-layout-1/t001 cp_compat_x_tst.o-cp_compat_y_tst.o execute
FAIL: tmpdir-g++.dg-struct-layout-1/t002 cp_compat_x_tst.o compile
FAIL: tmpdir-g++.dg-struct-layout-1/t002 cp_compat_y_tst.o compile
UNRESOLVED: tmpdir-g++.dg-struct-layout-1/t002 cp_compat_x_tst.o-cp_compat_y_tst.o link
UNRESOLVED: tmpdir-g++.dg-struct-layout-1/t002 cp_compat_x_tst.o-cp_compat_y_tst.o execute
FAIL: tmpdir-g++.dg-struct-layout-1/t003 cp_compat_x_tst.o compile
FAIL: tmpdir-g++.dg-struct-layout-1/t003 cp_compat_y_tst.o compile
UNRESOLVED: tmpdir-g++.dg-struct-layout-1/t003 cp_compat_x_tst.o-cp_compat_y_tst.o link
UNRESOLVED: tmpdir-g++.dg-struct-layout-1/t003 cp_compat_x_tst.o-cp_compat_y_tst.o execute
FAIL: tmpdir-g++.dg-struct-layout-1/t004 cp_compat_x_tst.o compile
FAIL: tmpdir-g++.dg-struct-layout-1/t004 cp_compat_y_tst.o compile
UNRESOLVED: tmpdir-g++.dg-struct-layout-1/t004 cp_compat_x_tst.o-cp_compat_y_tst.o link
UNRESOLVED: tmpdir-g++.dg-struct-layout-1/t004 cp_compat_x_tst.o-cp_compat_y_tst.o execute
FAIL: tmpdir-g++.dg-struct-layout-1/t005 cp_compat_x_tst.o compile
FAIL: tmpdir-g++.dg-struct-layout-1/t005 cp_compat_y_tst.o compile
UNRESOLVED: tmpdir-g++.dg-struct-layout-1/t005 cp_compat_x_tst.o-cp_compat_y_tst.o link
UNRESOLVED: tmpdir-g++.dg-struct-layout-1/t005 cp_compat_x_tst.o-cp_compat_y_tst.o execute
FAIL: tmpdir-g++.dg-struct-layout-1/t006 cp_compat_x_tst.o compile
FAIL: tmpdir-g++.dg-struct-layout-1/t006 cp_compat_y_tst.o compile
UNRESOLVED: tmpdir-g++.dg-struct-layout-1/t006 cp_compat_x_tst.o-cp_compat_y_tst.o link
UNRESOLVED: tmpdir-g++.dg-struct-layout-1/t006 cp_compat_x_tst.o-cp_compat_y_tst.o execute
FAIL: tmpdir-g++.dg-struct-layout-1/t007 cp_compat_x_tst.o compile
FAIL: tmpdir-g++.dg-struct-layout-1/t007 cp_compat_y_tst.o compile
UNRESOLVED: tmpdir-g++.dg-struct-layout-1/t007 cp_compat_x_tst.o-cp_compat_y_tst.o link
UNRESOLVED: tmpdir-g++.dg-struct-layout-1/t007 cp_compat_x_tst.o-cp_compat_y_tst.o execute
FAIL: tmpdir-g++.dg-struct-layout-1/t008 cp_compat_x_tst.o compile
FAIL: tmpdir-g++.dg-struct-layout-1/t008 cp_compat_y_tst.o compile
UNRESOLVED: tmpdir-g++.dg-struct-layout-1/t008 cp_compat_x_tst.o-cp_compat_y_tst.o link
UNRESOLVED: tmpdir-g++.dg-struct-layout-1/t008 cp_compat_x_tst.o-cp_compat_y_tst.o execute
FAIL: tmpdir-g++.dg-struct-layout-1/t009 cp_compat_x_tst.o compile
FAIL: tmpdir-g++.dg-struct-layout-1/t009 cp_compat_y_tst.o compile
UNRESOLVED: tmpdir-g++.dg-struct-layout-1/t009 cp_compat_x_tst.o-cp_compat_y_tst.o link
UNRESOLVED: tmpdir-g++.dg-struct-layout-1/t009 cp_compat_x_tst.o-cp_compat_y_tst.o execute
FAIL: tmpdir-g++.dg-struct-layout-1/t010 cp_compat_x_tst.o compile
FAIL: tmpdir-g++.dg-struct-layout-1/t010 cp_compat_y_tst.o compile
UNRESOLVED: tmpdir-g++.dg-struct-layout-1/t010 cp_compat_x_tst.o-cp_compat_y_tst.o link
UNRESOLVED: tmpdir-g++.dg-struct-layout-1/t010 cp_compat_x_tst.o-cp_compat_y_tst.o execute
FAIL: tmpdir-g++.dg-struct-layout-1/t011 cp_compat_x_tst.o compile
FAIL: tmpdir-g++.dg-struct-layout-1/t011 cp_compat_y_tst.o compile
UNRESOLVED: tmpdir-g++.dg-struct-layout-1/t011 cp_compat_x_tst.o-cp_compat_y_tst.o link
UNRESOLVED: tmpdir-g++.dg-struct-layout-1/t011 cp_compat_x_tst.o-cp_compat_y_tst.o execute
FAIL: tmpdir-g++.dg-struct-layout-1/t012 cp_compat_x_tst.o compile
FAIL: tmpdir-g++.dg-struct-layout-1/t012 cp_compat_y_tst.o compile
UNRESOLVED: tmpdir-g++.dg-struct-layout-1/t012 cp_compat_x_tst.o-cp_compat_y_tst.o link
UNRESOLVED: tmpdir-g++.dg-struct-layout-1/t012 cp_compat_x_tst.o-cp_compat_y_tst.o execute
FAIL: tmpdir-g++.dg-struct-layout-1/t013 cp_compat_x_tst.o compile
FAIL: tmpdir-g++.dg-struct-layout-1/t013 cp_compat_y_tst.o compile
UNRESOLVED: tmpdir-g++.dg-struct-layout-1/t013 cp_compat_x_tst.o-cp_compat_y_tst.o link
UNRESOLVED: tmpdir-g++.dg-struct-layout-1/t013 cp_compat_x_tst.o-cp_compat_y_tst.o execute
FAIL: tmpdir-g++.dg-struct-layout-1/t014 cp_compat_x_tst.o compile
FAIL: tmpdir-g++.dg-struct-layout-1/t014 cp_compat_y_tst.o compile
UNRESOLVED: tmpdir-g++.dg-struct-layout-1/t014 cp_compat_x_tst.o-cp_compat_y_tst.o link
UNRESOLVED: tmpdir-g++.dg-struct-layout-1/t014 cp_compat_x_tst.o-cp_compat_y_tst.o execute
FAIL: tmpdir-g++.dg-struct-layout-1/t015 cp_compat_x_tst.o compile
FAIL: tmpdir-g++.dg-struct-layout-1/t015 cp_compat_y_tst.o compile
UNRESOLVED: tmpdir-g++.dg-struct-layout-1/t015 cp_compat_x_tst.o-cp_compat_y_tst.o link
UNRESOLVED: tmpdir-g++.dg-struct-layout-1/t015 cp_compat_x_tst.o-cp_compat_y_tst.o execute
FAIL: tmpdir-g++.dg-struct-layout-1/t016 cp_compat_x_tst.o compile
FAIL: tmpdir-g++.dg-struct-layout-1/t016 cp_compat_y_tst.o compile
UNRESOLVED: tmpdir-g++.dg-struct-layout-1/t016 cp_compat_x_tst.o-cp_compat_y_tst.o link
UNRESOLVED: tmpdir-g++.dg-struct-layout-1/t016 cp_compat_x_tst.o-cp_compat_y_tst.o execute
FAIL: tmpdir-g++.dg-struct-layout-1/t018 cp_compat_x_tst.o compile
FAIL: tmpdir-g++.dg-struct-layout-1/t018 cp_compat_y_tst.o compile
UNRESOLVED: tmpdir-g++.dg-struct-layout-1/t018 cp_compat_x_tst.o-cp_compat_y_tst.o link
UNRESOLVED: tmpdir-g++.dg-struct-layout-1/t018 cp_compat_x_tst.o-cp_compat_y_tst.o execute
FAIL: tmpdir-g++.dg-struct-layout-1/t019 cp_compat_x_tst.o compile
FAIL: tmpdir-g++.dg-struct-layout-1/t019 cp_compat_y_tst.o compile
UNRESOLVED: tmpdir-g++.dg-struct-layout-1/t019 cp_compat_x_tst.o-cp_compat_y_tst.o link
UNRESOLVED: tmpdir-g++.dg-struct-layout-1/t019 cp_compat_x_tst.o-cp_compat_y_tst.o execute
FAIL: tmpdir-g++.dg-struct-layout-1/t020 cp_compat_x_tst.o compile
FAIL: tmpdir-g++.dg-struct-layout-1/t020 cp_compat_y_tst.o compile
UNRESOLVED: tmpdir-g++.dg-struct-layout-1/t020 cp_compat_x_tst.o-cp_compat_y_tst.o link
UNRESOLVED: tmpdir-g++.dg-struct-layout-1/t020 cp_compat_x_tst.o-cp_compat_y_tst.o execute
FAIL: tmpdir-g++.dg-struct-layout-1/t021 cp_compat_x_tst.o compile
FAIL: tmpdir-g++.dg-struct-layout-1/t021 cp_compat_y_tst.o compile
UNRESOLVED: tmpdir-g++.dg-struct-layout-1/t021 cp_compat_x_tst.o-cp_compat_y_tst.o link
UNRESOLVED: tmpdir-g++.dg-struct-layout-1/t021 cp_compat_x_tst.o-cp_compat_y_tst.o execute
FAIL: tmpdir-g++.dg-struct-layout-1/t022 cp_compat_x_tst.o compile
FAIL: tmpdir-g++.dg-struct-layout-1/t022 cp_compat_y_tst.o compile
UNRESOLVED: tmpdir-g++.dg-struct-layout-1/t022 cp_compat_x_tst.o-cp_compat_y_tst.o link
UNRESOLVED: tmpdir-g++.dg-struct-layout-1/t022 cp_compat_x_tst.o-cp_compat_y_tst.o execute
FAIL: tmpdir-g++.dg-struct-layout-1/t023 cp_compat_x_tst.o compile
FAIL: tmpdir-g++.dg-struct-layout-1/t023 cp_compat_y_tst.o compile
UNRESOLVED: tmpdir-g++.dg-struct-layout-1/t023 cp_compat_x_tst.o-cp_compat_y_tst.o link
UNRESOLVED: tmpdir-g++.dg-struct-layout-1/t023 cp_compat_x_tst.o-cp_compat_y_tst.o execute
FAIL: tmpdir-g++.dg-struct-layout-1/t024 cp_compat_x_tst.o compile
FAIL: tmpdir-g++.dg-struct-layout-1/t024 cp_compat_y_tst.o compile
UNRESOLVED: tmpdir-g++.dg-struct-layout-1/t024 cp_compat_x_tst.o-cp_compat_y_tst.o link
UNRESOLVED: tmpdir-g++.dg-struct-layout-1/t024 cp_compat_x_tst.o-cp_compat_y_tst.o execute
FAIL: tmpdir-g++.dg-struct-layout-1/t025 cp_compat_x_tst.o compile
FAIL: tmpdir-g++.dg-struct-layout-1/t025 cp_compat_y_tst.o compile
UNRESOLVED: tmpdir-g++.dg-struct-layout-1/t025 cp_compat_x_tst.o-cp_compat_y_tst.o link
UNRESOLVED: tmpdir-g++.dg-struct-layout-1/t025 cp_compat_x_tst.o-cp_compat_y_tst.o execute
FAIL: tmpdir-g++.dg-struct-layout-1/t026 cp_compat_x_tst.o compile
FAIL: tmpdir-g++.dg-struct-layout-1/t026 cp_compat_y_tst.o compile
UNRESOLVED: tmpdir-g++.dg-struct-layout-1/t026 cp_compat_x_tst.o-cp_compat_y_tst.o link
UNRESOLVED: tmpdir-g++.dg-struct-layout-1/t026 cp_compat_x_tst.o-cp_compat_y_tst.o execute
FAIL: tmpdir-g++.dg-struct-layout-1/t027 cp_compat_x_tst.o compile
FAIL: tmpdir-g++.dg-struct-layout-1/t027 cp_compat_y_tst.o compile
UNRESOLVED: tmpdir-g++.dg-struct-layout-1/t027 cp_compat_x_tst.o-cp_compat_y_tst.o link
UNRESOLVED: tmpdir-g++.dg-struct-layout-1/t027 cp_compat_x_tst.o-cp_compat_y_tst.o execute
FAIL: tmpdir-g++.dg-struct-layout-1/t028 cp_compat_x_tst.o compile
FAIL: tmpdir-g++.dg-struct-layout-1/t028 cp_compat_y_tst.o compile
UNRESOLVED: tmpdir-g++.dg-struct-layout-1/t028 cp_compat_x_tst.o-cp_compat_y_tst.o link
UNRESOLVED: tmpdir-g++.dg-struct-layout-1/t028 cp_compat_x_tst.o-cp_compat_y_tst.o execute
FAIL: tmpdir-g++.dg-struct-layout-1/t029 cp_compat_x_tst.o compile
FAIL: tmpdir-g++.dg-struct-layout-1/t029 cp_compat_y_tst.o compile
UNRESOLVED: tmpdir-g++.dg-struct-layout-1/t029 cp_compat_x_tst.o-cp_compat_y_tst.o link
UNRESOLVED: tmpdir-g++.dg-struct-layout-1/t029 cp_compat_x_tst.o-cp_compat_y_tst.o execute
FAIL: tmpdir-g++.dg-struct-layout-1/t030 cp_compat_x_tst.o compile
FAIL: tmpdir-g++.dg-struct-layout-1/t030 cp_compat_y_tst.o compile
UNRESOLVED: tmpdir-g++.dg-struct-layout-1/t030 cp_compat_x_tst.o-cp_compat_y_tst.o link
UNRESOLVED: tmpdir-g++.dg-struct-layout-1/t030 cp_compat_x_tst.o-cp_compat_y_tst.o execute
FAIL: g++.dg/inherit/access8.C (test for excess errors)
FAIL: g++.dg/lookup/linkage1.C (test for errors, line 3)
FAIL: g++.dg/lookup/linkage1.C (test for errors, line 4)
FAIL: g++.dg/lookup/linkage2.C (test for excess errors)
XPASS: g++.dg/other/packed1.C execution test
XPASS: g++.dg/tree-ssa/pr14814.C scan-tree-dump-times &this 0
XPASS: g++.old-deja/g++.other/init5.C execution test
=== g++ Summary ===
# of expected passes 12160
# of unexpected failures 62
# of unexpected successes 3
# of expected failures 66
# of unresolved testcases 58
# of unsupported tests 108
/build/buildd/gcc-4.1-4.1.1ds2/build/gcc/testsuite/g++/../../g++ version 4.1.2 20061115 (prerelease) (Debian 4.1.1-20)
=== gcc tests ===
Running target unix
FAIL: gcc.c-torture/execute/20050121-1.c compilation, -O0 (internal compiler error)
UNRESOLVED: gcc.c-torture/execute/20050121-1.c execution, -O0
FAIL: gcc.dg/compat/scalar-return-4 c_compat_y_tst.o compile, (internal compiler error)
UNRESOLVED: gcc.dg/compat/scalar-return-4 c_compat_x_tst.o-c_compat_y_tst.o link
UNRESOLVED: gcc.dg/compat/scalar-return-4 c_compat_x_tst.o-c_compat_y_tst.o execute
FAIL: tmpdir-gcc.dg-struct-layout-1/t001 c_compat_x_tst.o compile
FAIL: tmpdir-gcc.dg-struct-layout-1/t001 c_compat_y_tst.o compile
UNRESOLVED: tmpdir-gcc.dg-struct-layout-1/t001 c_compat_x_tst.o-c_compat_y_tst.o link
UNRESOLVED: tmpdir-gcc.dg-struct-layout-1/t001 c_compat_x_tst.o-c_compat_y_tst.o execute
FAIL: tmpdir-gcc.dg-struct-layout-1/t002 c_compat_x_tst.o compile
FAIL: tmpdir-gcc.dg-struct-layout-1/t002 c_compat_y_tst.o compile
UNRESOLVED: tmpdir-gcc.dg-struct-layout-1/t002 c_compat_x_tst.o-c_compat_y_tst.o link
UNRESOLVED: tmpdir-gcc.dg-struct-layout-1/t002 c_compat_x_tst.o-c_compat_y_tst.o execute
FAIL: tmpdir-gcc.dg-struct-layout-1/t003 c_compat_x_tst.o compile
FAIL: tmpdir-gcc.dg-struct-layout-1/t003 c_compat_y_tst.o compile
UNRESOLVED: tmpdir-gcc.dg-struct-layout-1/t003 c_compat_x_tst.o-c_compat_y_tst.o link
UNRESOLVED: tmpdir-gcc.dg-struct-layout-1/t003 c_compat_x_tst.o-c_compat_y_tst.o execute
FAIL: tmpdir-gcc.dg-struct-layout-1/t004 c_compat_x_tst.o compile
FAIL: tmpdir-gcc.dg-struct-layout-1/t004 c_compat_y_tst.o compile
UNRESOLVED: tmpdir-gcc.dg-struct-layout-1/t004 c_compat_x_tst.o-c_compat_y_tst.o link
UNRESOLVED: tmpdir-gcc.dg-struct-layout-1/t004 c_compat_x_tst.o-c_compat_y_tst.o execute
FAIL: tmpdir-gcc.dg-struct-layout-1/t005 c_compat_x_tst.o compile
FAIL: tmpdir-gcc.dg-struct-layout-1/t005 c_compat_y_tst.o compile
UNRESOLVED: tmpdir-gcc.dg-struct-layout-1/t005 c_compat_x_tst.o-c_compat_y_tst.o link
UNRESOLVED: tmpdir-gcc.dg-struct-layout-1/t005 c_compat_x_tst.o-c_compat_y_tst.o execute
FAIL: tmpdir-gcc.dg-struct-layout-1/t006 c_compat_x_tst.o compile
FAIL: tmpdir-gcc.dg-struct-layout-1/t006 c_compat_y_tst.o compile
UNRESOLVED: tmpdir-gcc.dg-struct-layout-1/t006 c_compat_x_tst.o-c_compat_y_tst.o link
UNRESOLVED: tmpdir-gcc.dg-struct-layout-1/t006 c_compat_x_tst.o-c_compat_y_tst.o execute
FAIL: tmpdir-gcc.dg-struct-layout-1/t008 c_compat_x_tst.o compile
FAIL: tmpdir-gcc.dg-struct-layout-1/t008 c_compat_y_tst.o compile
UNRESOLVED: tmpdir-gcc.dg-struct-layout-1/t008 c_compat_x_tst.o-c_compat_y_tst.o link
UNRESOLVED: tmpdir-gcc.dg-struct-layout-1/t008 c_compat_x_tst.o-c_compat_y_tst.o execute
FAIL: tmpdir-gcc.dg-struct-layout-1/t009 c_compat_x_tst.o compile
FAIL: tmpdir-gcc.dg-struct-layout-1/t009 c_compat_y_tst.o compile
UNRESOLVED: tmpdir-gcc.dg-struct-layout-1/t009 c_compat_x_tst.o-c_compat_y_tst.o link
UNRESOLVED: tmpdir-gcc.dg-struct-layout-1/t009 c_compat_x_tst.o-c_compat_y_tst.o execute
FAIL: tmpdir-gcc.dg-struct-layout-1/t010 c_compat_x_tst.o compile
FAIL: tmpdir-gcc.dg-struct-layout-1/t010 c_compat_y_tst.o compile
UNRESOLVED: tmpdir-gcc.dg-struct-layout-1/t010 c_compat_x_tst.o-c_compat_y_tst.o link
UNRESOLVED: tmpdir-gcc.dg-struct-layout-1/t010 c_compat_x_tst.o-c_compat_y_tst.o execute
FAIL: tmpdir-gcc.dg-struct-layout-1/t011 c_compat_x_tst.o compile
FAIL: tmpdir-gcc.dg-struct-layout-1/t011 c_compat_y_tst.o compile
UNRESOLVED: tmpdir-gcc.dg-struct-layout-1/t011 c_compat_x_tst.o-c_compat_y_tst.o link
UNRESOLVED: tmpdir-gcc.dg-struct-layout-1/t011 c_compat_x_tst.o-c_compat_y_tst.o execute
FAIL: tmpdir-gcc.dg-struct-layout-1/t012 c_compat_x_tst.o compile
FAIL: tmpdir-gcc.dg-struct-layout-1/t012 c_compat_y_tst.o compile
UNRESOLVED: tmpdir-gcc.dg-struct-layout-1/t012 c_compat_x_tst.o-c_compat_y_tst.o link
UNRESOLVED: tmpdir-gcc.dg-struct-layout-1/t012 c_compat_x_tst.o-c_compat_y_tst.o execute
FAIL: tmpdir-gcc.dg-struct-layout-1/t013 c_compat_x_tst.o compile
FAIL: tmpdir-gcc.dg-struct-layout-1/t013 c_compat_y_tst.o compile
UNRESOLVED: tmpdir-gcc.dg-struct-layout-1/t013 c_compat_x_tst.o-c_compat_y_tst.o link
UNRESOLVED: tmpdir-gcc.dg-struct-layout-1/t013 c_compat_x_tst.o-c_compat_y_tst.o execute
FAIL: tmpdir-gcc.dg-struct-layout-1/t014 c_compat_x_tst.o compile
FAIL: tmpdir-gcc.dg-struct-layout-1/t014 c_compat_y_tst.o compile
UNRESOLVED: tmpdir-gcc.dg-struct-layout-1/t014 c_compat_x_tst.o-c_compat_y_tst.o link
UNRESOLVED: tmpdir-gcc.dg-struct-layout-1/t014 c_compat_x_tst.o-c_compat_y_tst.o execute
FAIL: tmpdir-gcc.dg-struct-layout-1/t015 c_compat_x_tst.o compile
FAIL: tmpdir-gcc.dg-struct-layout-1/t015 c_compat_y_tst.o compile
UNRESOLVED: tmpdir-gcc.dg-struct-layout-1/t015 c_compat_x_tst.o-c_compat_y_tst.o link
UNRESOLVED: tmpdir-gcc.dg-struct-layout-1/t015 c_compat_x_tst.o-c_compat_y_tst.o execute
FAIL: tmpdir-gcc.dg-struct-layout-1/t016 c_compat_x_tst.o compile
FAIL: tmpdir-gcc.dg-struct-layout-1/t016 c_compat_y_tst.o compile
UNRESOLVED: tmpdir-gcc.dg-struct-layout-1/t016 c_compat_x_tst.o-c_compat_y_tst.o link
UNRESOLVED: tmpdir-gcc.dg-struct-layout-1/t016 c_compat_x_tst.o-c_compat_y_tst.o execute
FAIL: tmpdir-gcc.dg-struct-layout-1/t017 c_compat_x_tst.o compile
FAIL: tmpdir-gcc.dg-struct-layout-1/t017 c_compat_y_tst.o compile
UNRESOLVED: tmpdir-gcc.dg-struct-layout-1/t017 c_compat_x_tst.o-c_compat_y_tst.o link
UNRESOLVED: tmpdir-gcc.dg-struct-layout-1/t017 c_compat_x_tst.o-c_compat_y_tst.o execute
FAIL: tmpdir-gcc.dg-struct-layout-1/t018 c_compat_x_tst.o compile
FAIL: tmpdir-gcc.dg-struct-layout-1/t018 c_compat_y_tst.o compile
UNRESOLVED: tmpdir-gcc.dg-struct-layout-1/t018 c_compat_x_tst.o-c_compat_y_tst.o link
UNRESOLVED: tmpdir-gcc.dg-struct-layout-1/t018 c_compat_x_tst.o-c_compat_y_tst.o execute
FAIL: tmpdir-gcc.dg-struct-layout-1/t019 c_compat_x_tst.o compile
FAIL: tmpdir-gcc.dg-struct-layout-1/t019 c_compat_y_tst.o compile
UNRESOLVED: tmpdir-gcc.dg-struct-layout-1/t019 c_compat_x_tst.o-c_compat_y_tst.o link
UNRESOLVED: tmpdir-gcc.dg-struct-layout-1/t019 c_compat_x_tst.o-c_compat_y_tst.o execute
FAIL: tmpdir-gcc.dg-struct-layout-1/t020 c_compat_x_tst.o compile
FAIL: tmpdir-gcc.dg-struct-layout-1/t020 c_compat_y_tst.o compile
UNRESOLVED: tmpdir-gcc.dg-struct-layout-1/t020 c_compat_x_tst.o-c_compat_y_tst.o link
UNRESOLVED: tmpdir-gcc.dg-struct-layout-1/t020 c_compat_x_tst.o-c_compat_y_tst.o execute
FAIL: tmpdir-gcc.dg-struct-layout-1/t021 c_compat_x_tst.o compile
FAIL: tmpdir-gcc.dg-struct-layout-1/t021 c_compat_y_tst.o compile
UNRESOLVED: tmpdir-gcc.dg-struct-layout-1/t021 c_compat_x_tst.o-c_compat_y_tst.o link
UNRESOLVED: tmpdir-gcc.dg-struct-layout-1/t021 c_compat_x_tst.o-c_compat_y_tst.o execute
FAIL: tmpdir-gcc.dg-struct-layout-1/t022 c_compat_x_tst.o compile
FAIL: tmpdir-gcc.dg-struct-layout-1/t022 c_compat_y_tst.o compile
UNRESOLVED: tmpdir-gcc.dg-struct-layout-1/t022 c_compat_x_tst.o-c_compat_y_tst.o link
UNRESOLVED: tmpdir-gcc.dg-struct-layout-1/t022 c_compat_x_tst.o-c_compat_y_tst.o execute
FAIL: tmpdir-gcc.dg-struct-layout-1/t023 c_compat_x_tst.o compile
FAIL: tmpdir-gcc.dg-struct-layout-1/t023 c_compat_y_tst.o compile
UNRESOLVED: tmpdir-gcc.dg-struct-layout-1/t023 c_compat_x_tst.o-c_compat_y_tst.o link
UNRESOLVED: tmpdir-gcc.dg-struct-layout-1/t023 c_compat_x_tst.o-c_compat_y_tst.o execute
FAIL: tmpdir-gcc.dg-struct-layout-1/t024 c_compat_x_tst.o compile
FAIL: tmpdir-gcc.dg-struct-layout-1/t024 c_compat_y_tst.o compile
UNRESOLVED: tmpdir-gcc.dg-struct-layout-1/t024 c_compat_x_tst.o-c_compat_y_tst.o link
UNRESOLVED: tmpdir-gcc.dg-struct-layout-1/t024 c_compat_x_tst.o-c_compat_y_tst.o execute
FAIL: tmpdir-gcc.dg-struct-layout-1/t025 c_compat_x_tst.o compile
FAIL: tmpdir-gcc.dg-struct-layout-1/t025 c_compat_y_tst.o compile
UNRESOLVED: tmpdir-gcc.dg-struct-layout-1/t025 c_compat_x_tst.o-c_compat_y_tst.o link
UNRESOLVED: tmpdir-gcc.dg-struct-layout-1/t025 c_compat_x_tst.o-c_compat_y_tst.o execute
FAIL: tmpdir-gcc.dg-struct-layout-1/t026 c_compat_x_tst.o compile
FAIL: tmpdir-gcc.dg-struct-layout-1/t026 c_compat_y_tst.o compile
UNRESOLVED: tmpdir-gcc.dg-struct-layout-1/t026 c_compat_x_tst.o-c_compat_y_tst.o link
UNRESOLVED: tmpdir-gcc.dg-struct-layout-1/t026 c_compat_x_tst.o-c_compat_y_tst.o execute
FAIL: tmpdir-gcc.dg-struct-layout-1/t027 c_compat_x_tst.o compile
FAIL: tmpdir-gcc.dg-struct-layout-1/t027 c_compat_y_tst.o compile
UNRESOLVED: tmpdir-gcc.dg-struct-layout-1/t027 c_compat_x_tst.o-c_compat_y_tst.o link
UNRESOLVED: tmpdir-gcc.dg-struct-layout-1/t027 c_compat_x_tst.o-c_compat_y_tst.o execute
FAIL: tmpdir-gcc.dg-struct-layout-1/t028 c_compat_x_tst.o compile
FAIL: tmpdir-gcc.dg-struct-layout-1/t028 c_compat_y_tst.o compile
UNRESOLVED: tmpdir-gcc.dg-struct-layout-1/t028 c_compat_x_tst.o-c_compat_y_tst.o link
UNRESOLVED: tmpdir-gcc.dg-struct-layout-1/t028 c_compat_x_tst.o-c_compat_y_tst.o execute
FAIL: gcc.dg/arm-mmx-1.c (test for excess errors)
ERROR: gcc.dg/arm-mmx-1.c: error executing dg-final: couldn't open "arm-mmx-1.s": no such file or directory
UNRESOLVED: gcc.dg/arm-mmx-1.c: error executing dg-final: couldn't open "arm-mmx-1.s": no such file or directory
FAIL: gcc.dg/tls/alias-1.c (test for excess errors)
FAIL: gcc.dg/tls/opt-2.c (test for excess errors)
=== gcc Summary ===
# of expected passes 37655
# of unexpected failures 59
# of expected failures 77
# of unresolved testcases 58
# of untested testcases 28
# of unsupported tests 312
/build/buildd/gcc-4.1-4.1.1ds2/build/gcc/xgcc version 4.1.2 20061115 (prerelease) (Debian 4.1.1-20)
=== gfortran tests ===
Running target unix
FAIL: gfortran.dg/common_5.f -O (test for warnings, line 6)
XPASS: gfortran.dg/csqrt_2.f -O0 execution test
XPASS: gfortran.dg/csqrt_2.f -O1 execution test
XPASS: gfortran.dg/csqrt_2.f -O2 execution test
XPASS: gfortran.dg/csqrt_2.f -O3 -fomit-frame-pointer execution test
XPASS: gfortran.dg/csqrt_2.f -O3 -fomit-frame-pointer -funroll-loops execution test
XPASS: gfortran.dg/csqrt_2.f -O3 -fomit-frame-pointer -funroll-all-loops -finline-functions execution test
XPASS: gfortran.dg/csqrt_2.f -O3 -g execution test
XPASS: gfortran.dg/csqrt_2.f -Os execution test
FAIL: gfortran.fortran-torture/execute/intrinsic_rrspacing.f90 execution, -O0
FAIL: gfortran.fortran-torture/execute/intrinsic_rrspacing.f90 execution, -O1
FAIL: gfortran.fortran-torture/execute/intrinsic_rrspacing.f90 execution, -O2
FAIL: gfortran.fortran-torture/execute/intrinsic_rrspacing.f90 execution, -O3 -fomit-frame-pointer
FAIL: gfortran.fortran-torture/execute/intrinsic_rrspacing.f90 execution, -O3 -fomit-frame-pointer -funroll-loops
FAIL: gfortran.fortran-torture/execute/intrinsic_rrspacing.f90 execution, -O3 -fomit-frame-pointer -funroll-all-loops -finline-functions
FAIL: gfortran.fortran-torture/execute/intrinsic_rrspacing.f90 execution, -O3 -g
FAIL: gfortran.fortran-torture/execute/intrinsic_rrspacing.f90 execution, -Os
FAIL: gfortran.fortran-torture/execute/intrinsic_set_exponent.f90 execution, -O0
FAIL: gfortran.fortran-torture/execute/intrinsic_set_exponent.f90 execution, -O1
FAIL: gfortran.fortran-torture/execute/intrinsic_set_exponent.f90 execution, -O2
FAIL: gfortran.fortran-torture/execute/intrinsic_set_exponent.f90 execution, -O3 -fomit-frame-pointer
FAIL: gfortran.fortran-torture/execute/intrinsic_set_exponent.f90 execution, -O3 -fomit-frame-pointer -funroll-loops
FAIL: gfortran.fortran-torture/execute/intrinsic_set_exponent.f90 execution, -O3 -fomit-frame-pointer -funroll-all-loops -finline-functions
FAIL: gfortran.fortran-torture/execute/intrinsic_set_exponent.f90 execution, -O3 -g
FAIL: gfortran.fortran-torture/execute/intrinsic_set_exponent.f90 execution, -Os
FAIL: gfortran.fortran-torture/execute/intrinsic_spacing.f90 execution, -O0
FAIL: gfortran.fortran-torture/execute/intrinsic_spacing.f90 execution, -O1
FAIL: gfortran.fortran-torture/execute/intrinsic_spacing.f90 execution, -O2
FAIL: gfortran.fortran-torture/execute/intrinsic_spacing.f90 execution, -O3 -fomit-frame-pointer
FAIL: gfortran.fortran-torture/execute/intrinsic_spacing.f90 execution, -O3 -fomit-frame-pointer -funroll-loops
FAIL: gfortran.fortran-torture/execute/intrinsic_spacing.f90 execution, -O3 -fomit-frame-pointer -funroll-all-loops -finline-functions
FAIL: gfortran.fortran-torture/execute/intrinsic_spacing.f90 execution, -O3 -g
FAIL: gfortran.fortran-torture/execute/intrinsic_spacing.f90 execution, -Os
=== gfortran Summary ===
# of expected passes 13272
# of unexpected failures 25
# of unexpected successes 8
# of expected failures 4
# of unsupported tests 90
/build/buildd/gcc-4.1-4.1.1ds2/build/gcc/testsuite/gfortran/../../gfortran version 4.1.2 20061115 (prerelease) (Debian 4.1.1-20)
=== obj-c++ tests ===
Running target unix
FAIL: obj-c++.dg/cxx-ivars-2.mm execution test
FAIL: obj-c++.dg/encode-8.mm execution test
FAIL: obj-c++.dg/isa-field-1.mm (test for excess errors)
FAIL: obj-c++.dg/lookup-2.mm (test for excess errors)
UNRESOLVED: obj-c++.dg/lookup-2.mm compilation failed to produce executable
FAIL: obj-c++.dg/try-catch-2.mm (test for excess errors)
UNRESOLVED: obj-c++.dg/try-catch-2.mm compilation failed to produce executable
FAIL: obj-c++.dg/try-catch-9.mm (test for excess errors)
UNRESOLVED: obj-c++.dg/try-catch-9.mm compilation failed to produce executable
=== obj-c++ Summary ===
# of expected passes 423
# of unexpected failures 6
# of unresolved testcases 3
# of unsupported tests 13
/build/buildd/gcc-4.1-4.1.1ds2/build/gcc/testsuite/obj-c++/../../g++ version 4.1.2 20061115 (prerelease) (Debian 4.1.1-20)
=== objc tests ===
Running target unix
=== objc Summary ===
# of expected passes 1692
# of unsupported tests 22
/build/buildd/gcc-4.1-4.1.1ds2/build/gcc/xgcc version 4.1.2 20061115 (prerelease) (Debian 4.1.1-20)
=== treelang tests ===
Running target unix
=== treelang Summary ===
# of expected passes 50
Compiler version: 4.1.2 20061115 (prerelease) (Debian 4.1.1-20)
Platform: arm-unknown-linux-gnu
configure flags: -v --prefix=/usr --enable-shared --with-system-zlib --libexecdir=/usr/lib --without-included-gettext --enable-threads=posix --enable-nls --program-suffix=-4.1 --enable-__cxa_atexit --enable-clocale=gnu --enable-libstdcxx-debug --enable-mpfr --enable-checking=release arm-linux-gnu --enable-languages=c,c++,fortran,objc,obj-c++,treelang
BOOT_CFLAGS=-O2
Build Dependencies:
Desired=Unknown/Install/Remove/Purge/Hold
| Status=Not/Installed/Config-files/Unpacked/Failed-config/Half-installed
|/ Err?=(none)/Hold/Reinst-required/X=both-problems (Status,Err: uppercase=bad)
||/ Name Version Description
+++-==============-==============-==============================================
ii binutils 2.17-3 The GNU assembler, linker and binary utilities
Patches that Debian applied in this version:
svn-updates:
SVN updates from the 4.1 branch upto 20061115.
libjava-backport:
gcc/java / libjava backport / classpath-0.92
libjava-backport2:
updates from the redhat/gcc-4_1-branch for the libjava backport
libjava-backport3:
Apply the libjava/net backport from the redhat/gcc-4_1-branch.
gcc-version:
Add package identification to the gcc version string
gcc-textdomain:
Set gettext's domain and textdomain to the versioned package name.
gcc-driver-extra-langs:
Add options and specs for languages that are not built from a source
(but built from separate sources).
libstdc++-pic:
Build and install libstdc++_pic.a library.
libstdc++-doclink:
adjust hrefs to point to the local documentation
gccbug:
Use sensible-editor instead of vi as fallback editor
gccbug-posix:
Make gccbug POSIX compliant (patch by David Weinehall)
http://www.opengroup.org/onlinepubs/009695399/utilities/test.html
boehm-gc-nocheck:
Disable running the boehm-gc testsuite. Hangs the buildd at least on hppa.
fastjar-version:
Append GCC version to the fastjar version string.
fastjar-doc:
fastjar.texi: Directly define the gcctabopt and gccoptlist macros.
libstdc++-doxygen:
libstdc++ doxygen docs: Set SHORT_NAMES to YES
libjava-subdir:
- Set the libjava sublibdir to /usr/lib/gcj-4.1
- Set the default libgcj database dir to /var/lib/gcj-4.1
libjava-lib32subdir:
- When running the i386 binaries on amd64, look in /usr/lib32/gcj-x.y
libjava-jnipath:
- Add /usr/lib/jni to java.library.path.
- When running the i386 binaries on amd64, look in
- /usr/lib32/gcj-x.y and /usr/lib32/jni instead.
libjava-lib32-properties:
- When running the i386 binaries on amd64, adjust the properties
java.home, gnu.classpath.home.url, sun.boot.class.path,
gnu.gcj.precompiled.db.path.
libjava-stacktrace:
libgcj: Lookup source file name and line number in separated
debug files found in /usr/lib/debug
libjava-hppa:
2006-06-13 John David Anglin <dave.anglin@nrc-cnrc.gc.ca>
* configure.host (hppa*-*): Set 'enable_hash_synchronization_default' to
no.
libjava-plugin-binary:
Make the plugin call the versioned gappletviewer.
libjava-soname:
Bump the libgcj soversion.
libjava-disable-static:
Disable building the static libjava.
libffi-configure:
Add --enable-libffi option to toplevel configure script
libffi-backport:
libffi backport
libffi-backport2:
Add missing bits for the libffi backport from the trunk
- parisc chunks
- missing testcases in testsuite/libffi.call
alpha-no-ev4-directive:
arm-libffi:
Add closure support to libffi for arm
arm-gij:
Enable gij interpreter on arm
hppa-cbranch:
Fix for PR target/26743 (hppa)
Backport from gcc trunk 2006-04-12 by tausq@debian.org
hppa-cbranch2:
Fix for PR target/26743 (hppa)
Backport from gcc trunk 2006-04-12 by tausq@debian.org
m68k-fjump:
gcc/config/m68k/m68k.md:
always use as fjcc pseudo op, we rely heavily on as
to generate the right size for the jump instructions
fixes #359281
m68k-gc:
boehm-gc:
the thread suspend handler has to save all registers
reenable MPROTECT_VDB, it should work, otherwise it's probably a kernel bug
change STACKBOTTOM to LINUX_STACKBOTTOM so it works with 2.6 kernel
m68k-save_pic:
gcc/config/m68k/m68k.c:
correctly save the pic register, when not done by reload()
(fixes _Unwind_RaiseException and thus exception handling)
fixes 345574
m68k-libffi:
add closure support to libffi for m68k
m68k-dwarf:
correct the dwarf frame information, but preserve compatibility
m68k-split_shift:
use correct predicates for long long shifts and use more splits
fixes 381572
m68k-prevent-qipush:
prevent combine from creating a byte push on the stack (invalid on m68k)
m68k-jumptable:
Don't force byte offset when accessing the jumptable, gas can
generate the correct offset size instead.
m68k-peephole:
Convert some text peepholes to rtl peepholes, so the correct
DWARF2 information can be generated for stack manipulations.
(Keep a few peepholes temporarily disabled.)
m68k-return:
don't use single return if fp register have to be restored
fixes 386864
m68k-sig-unwind:
add support for unwinding over signal frames
m68k-align-code:
use "move.l %a4,%a4" to advance within code.
m68k-align-stack:
try to keep the stack word aligned
m68k-dwarf3:
emit correct dwarf info for cfa offset and register with -fomit-frame-pointer
m68k-fpcompare:
bring fp compare early to its desired form to relieve reload
m68k-secondary-addr-reload:
add secondary reloads to allow reload to get byte values into addr regs
m68k-notice-move:
don't set cc_status for fp move without fp register
m68k-symbolic-operand:
better recognize symbolic operands in addresses
m68k-bitfield-offset:
only use constant offset for register bitfields
(combine expects shifts, but does a rotate)
pr25524:
Backport PR libstdc++/25524 from the trunk
pr26885:
Proposed patch for PR driver/26885
pr26864:
Backport fix for PR libmudflap/26864 from the trunk.
pr27227:
Revert the patch to fix PR c++/27227.
pr26208:
PR other/26208
pr26208-r111674:
PR other/26208, fix arm pasto
pr11953:
PR libstdc++/11953, extended for all supported linux architectures
pr29362:
Fix PR classpath/29362, taken from the redhat/gcc-4_1-branch.
pr29408-revert:
Revert PR c++/29408.
pr29138-revert:
Revert PR c++/29138
pr25878-revert:
Revert PR c++/25878.
libjava-sjlj:
Don't try to use _Unwind_Backtrace on SJLJ targets.
See bug #387875, #388505, GCC PR 29206.
pr29805:
Fix PR java/29805
deb-protoize:
build protoize/unprotoize binaries
arm-pragma-pack:
Fix #pragma pack on ARM
link-libs:
cpu-default-i486:
set default 32bit ix86 architecture to i486
reporting:
Add Debian URL for bug reporting instructions.
gcc-ice-hack:
2004-01-23 Jakub Jelinek <jakub@redhat.com>
* system.h (ICE_EXIT_CODE): Define.
* gcc.c (execute): Don't free first string early, but at the end
of the function. Call retry_ice if compiler exited with
ICE_EXIT_CODE.
(retry_ice): New function.
* diagnostic.c (diagnostic_count_diagnostic,
diagnostic_action_after_output, error_recursion): Exit with
ICE_EXIT_CODE instead of FATAL_EXIT_CODE.
multiarch-include:
biarch-include.dpatch
Adds biarch include directories
/usr/local/include/<arch>-linux-gnu
/usr/include/<arch>-linux-gnu
to the system include paths, depending on 32/64 bit mode.
Counting all warnings,
there are 31 warnings in stage3 of this bootstrap.
Number of warnings per file:
11 treelang/lex.c
11 gengtype-lex.c
4 gcc/gcc.c
2 gcc/objc/lang-specs.h
2 gcc/config/arm/iwmmxt.md
1 gcc/protoize.c
Number of warning types:
22 no previous prototype for `???'
5 string length `???' is greater than the length `???' ISO C89 compilers are required to support
2 source missing a mode?
1 passing argument 2 of `???' from incompatible pointer type
1 argument `???' might be clobbered by `???' or `???'